The Swift Package Index logo.Swift Package Index

Build Information

Failed to build NIOAsyncWebSockets, reference 1.0.1 (a50f5f), with Swift 6.4 for Wasm on 19 Sep 2026 22:41:16 UTC.

Build Command

bash -c docker run --pull=always --rm -v "checkouts-54344847-1":/host -w "$PWD" -e JAVA_HOME="/root/.sdkman/candidates/java/current" -e SPI_BUILD="1" -e SPI_PROCESSING="1" registry.gitlab.com/saguaro1/spi-images:wasm-6.4-latest swift build --swift-sdk swift-6.4.x-DEVELOPMENT-SNAPSHOT-2026-09-04-a_wasm 2>&1

Build Log

========================================
RunAll
========================================
Builder version: 5.1.0
Interrupt handler set up.
========================================
Checkout
========================================
Clone URL: https://github.com/samalone/nio-async-websockets.git
Reference: 1.0.1
Initialized empty Git repository in /host/spi-builder-workspace/.git/
hint: Using 'master' as the name for the initial branch. This default branch name
hint: is subject to change. To configure the initial branch name to use in all
hint: of your new repositories, which will suppress this warning, call:
hint:
hint: 	git config --global init.defaultBranch <name>
hint:
hint: Names commonly chosen instead of 'master' are 'main', 'trunk' and
hint: 'development'. The just-created branch can be renamed via this command:
hint:
hint: 	git branch -m <name>
From https://github.com/samalone/nio-async-websockets
 * tag               1.0.1      -> FETCH_HEAD
HEAD is now at a50f5f4 Remove @available and @_spi attributes
Cloned https://github.com/samalone/nio-async-websockets.git
Revision (git rev-parse @):
a50f5f4d1c0446d36b2bd3b157f7f845e1f0133e
SUCCESS checkout https://github.com/samalone/nio-async-websockets.git at 1.0.1
========================================
Build
========================================
Selected platform:         wasm
Swift version:             6.4
Building package at path:  $PWD
https://github.com/samalone/nio-async-websockets.git
Running build ...
bash -c docker run --pull=always --rm -v "checkouts-54344847-1":/host -w "$PWD" -e JAVA_HOME="/root/.sdkman/candidates/java/current" -e SPI_BUILD="1" -e SPI_PROCESSING="1" registry.gitlab.com/saguaro1/spi-images:wasm-6.4-latest swift build --swift-sdk swift-6.4.x-DEVELOPMENT-SNAPSHOT-2026-09-04-a_wasm 2>&1
wasm-6.4-latest: Pulling from saguaro1/spi-images
Digest: sha256:4328fdb43c680d205c1d6761b1e3267aa38277eefdda9ddfb17b6a0f1a77857a
Status: Image is up to date for registry.gitlab.com/saguaro1/spi-images:wasm-6.4-latest
Fetching https://github.com/apple/swift-nio.git
Fetching https://github.com/apple/swift-docc-plugin
[1/2345] Fetching swift-docc-plugin
Fetched https://github.com/apple/swift-docc-plugin (0.61s)
[1/86073] Fetching swift-nio
Fetched https://github.com/apple/swift-nio.git (3.51s)
Computing version for https://github.com/apple/swift-docc-plugin
Computed https://github.com/apple/swift-docc-plugin at 1.5.0 (4.60s)
Fetching https://github.com/swiftlang/swift-docc-symbolkit
[1/3824] Fetching swift-docc-symbolkit
Fetched https://github.com/swiftlang/swift-docc-symbolkit (0.62s)
Computing version for https://github.com/swiftlang/swift-docc-symbolkit
Computed https://github.com/swiftlang/swift-docc-symbolkit at 1.0.0 (0.86s)
Computing version for https://github.com/apple/swift-nio.git
Computed https://github.com/apple/swift-nio.git at 2.103.0 (0.36s)
Fetching https://github.com/apple/swift-atomics.git
Fetching https://github.com/apple/swift-collections.git
Fetching https://github.com/apple/swift-system.git
[1/1875] Fetching swift-atomics
[1876/8773] Fetching swift-atomics, swift-system
[8637/36125] Fetching swift-atomics, swift-system, swift-collections
Fetched https://github.com/apple/swift-system.git (0.68s)
[4064/29227] Fetching swift-atomics, swift-collections
Fetched https://github.com/apple/swift-atomics.git (1.23s)
Fetched https://github.com/apple/swift-collections.git (1.24s)
Computing version for https://github.com/apple/swift-atomics.git
Computed https://github.com/apple/swift-atomics.git at 1.3.1 (1.43s)
Computing version for https://github.com/apple/swift-collections.git
Computed https://github.com/apple/swift-collections.git at 1.6.0 (0.30s)
Computing version for https://github.com/apple/swift-system.git
Computed https://github.com/apple/swift-system.git at 1.8.1 (0.21s)
Creating working copy for https://github.com/apple/swift-atomics.git
Working copy of https://github.com/apple/swift-atomics.git resolved at 1.3.1
Creating working copy for https://github.com/apple/swift-nio.git
Working copy of https://github.com/apple/swift-nio.git resolved at 2.103.0
Creating working copy for https://github.com/apple/swift-system.git
Working copy of https://github.com/apple/swift-system.git resolved at 1.8.1
Creating working copy for https://github.com/apple/swift-docc-plugin
Working copy of https://github.com/apple/swift-docc-plugin resolved at 1.5.0
Creating working copy for https://github.com/apple/swift-collections.git
Working copy of https://github.com/apple/swift-collections.git resolved at 1.6.0
Creating working copy for https://github.com/swiftlang/swift-docc-symbolkit
Working copy of https://github.com/swiftlang/swift-docc-symbolkit resolved at 1.0.0
Building for debugging...
[Computing dependencies]
[Constructing description]
[Pre-planning 1 / 779]
[Planning deferred tasks]
[64 / 237] NIOAsyncWebSockets
[126 / 247] _NIOBase64
[131 / 263] InternalCollectionsUtilities
[132 / 263] _NIOBase64
[134 / 263] _NIOBase64
[149 / 263] NIOConcurrencyHelpers
[149 / 263] _NIODataStructures
[156 / 264] _NIOBase64
[158 / 264] _NIOBase64
[161 / 264] _NIOBase64
[163 / 264] InternalCollectionsUtilities
[165 / 264] InternalCollectionsUtilities
[168 / 265] NIOConcurrencyHelpers
[173 / 266] CNIOPosix
[180 / 276] ContainersPreview
[183 / 276] NIOConcurrencyHelpers
[186 / 276] CNIOWindows
[190 / 277] CNIODarwin
[195 / 286] CNIOLinux
[201 / 286] ContainersPreview
[209 / 286] Atomics
[210 / 287] ContainersPreview
[212 / 287] InternalCollectionsUtilities
[215 / 288] InternalCollectionsUtilities
[217 / 288] InternalCollectionsUtilities
[219 / 288] InternalCollectionsUtilities
[220 / 288] InternalCollectionsUtilities
[222 / 289]
[226 / 298] DequeModule
[227 / 298] CNIOAtomics
[228 / 298] Atomics
[230 / 298] DequeModule
[233 / 298] DequeModule
[233 / 298] CNIOLLHTTP
[234 / 298] DequeModule
[234 / 298] Atomics
[234 / 299] Atomics
[242 / 299] DequeModule
[242 / 300] DequeModule
[251 / 301] NIOCore
[260 / 310] NIOCore
[260 / 311] NIOCore
[274 / 317] NIOCore
[274 / 317] NIOPosix
[281 / 326] NIOPosix
error: SwiftCompile normal wasm32 failed with a nonzero exit code. Command line:     cd /host

/host/spi-builder-workspace/.build/checkouts/swift-nio/Sources/NIOPosix/BaseSocketChannel+AccessibleTransport.swift:17:11: error: cannot find type 'BaseSocketChannel' in scope
15 | import NIOCore
16 |
17 | extension BaseSocketChannel where SocketType: BaseSocket {
   |           `- error: cannot find type 'BaseSocketChannel' in scope
18 |     /// The underlying transport type backing this channel.
19 |     typealias Transport = NIOBSDSocket.Handle
/host/spi-builder-workspace/.build/checkouts/swift-nio/Sources/NIOPosix/BaseSocketChannel+AccessibleTransport.swift:27:11: error: cannot find type 'BaseSocketChannel' in scope
25 | }
26 |
27 | extension BaseSocketChannel where SocketType: PipePair {
   |           `- error: cannot find type 'BaseSocketChannel' in scope
28 |     /// The underlying transport type backing this channel.
29 |     typealias Transport = NIOBSDSocket.PipeHandle
/host/spi-builder-workspace/.build/checkouts/swift-nio/Sources/NIOPosix/BaseSocketChannel+AccessibleTransport.swift:42:11: error: cannot find type 'SocketChannel' in scope
40 | }
41 |
42 | extension SocketChannel: NIOTransportAccessibleChannelCore {}
   |           `- error: cannot find type 'SocketChannel' in scope
43 | extension ServerSocketChannel: NIOTransportAccessibleChannelCore {}
44 | extension DatagramChannel: NIOTransportAccessibleChannelCore {}
/host/spi-builder-workspace/.build/checkouts/swift-nio/Sources/NIOPosix/BaseSocketChannel+AccessibleTransport.swift:43:11: error: cannot find type 'ServerSocketChannel' in scope
41 |
42 | extension SocketChannel: NIOTransportAccessibleChannelCore {}
43 | extension ServerSocketChannel: NIOTransportAccessibleChannelCore {}
   |           `- error: cannot find type 'ServerSocketChannel' in scope
44 | extension DatagramChannel: NIOTransportAccessibleChannelCore {}
45 | extension PipeChannel: NIOTransportAccessibleChannelCore {}
/host/spi-builder-workspace/.build/checkouts/swift-nio/Sources/NIOPosix/BaseSocketChannel+AccessibleTransport.swift:44:11: error: cannot find type 'DatagramChannel' in scope
42 | extension SocketChannel: NIOTransportAccessibleChannelCore {}
43 | extension ServerSocketChannel: NIOTransportAccessibleChannelCore {}
44 | extension DatagramChannel: NIOTransportAccessibleChannelCore {}
   |           `- error: cannot find type 'DatagramChannel' in scope
45 | extension PipeChannel: NIOTransportAccessibleChannelCore {}
46 |
/host/spi-builder-workspace/.build/checkouts/swift-nio/Sources/NIOPosix/BaseSocketChannel+AccessibleTransport.swift:45:11: error: cannot find type 'PipeChannel' in scope
43 | extension ServerSocketChannel: NIOTransportAccessibleChannelCore {}
44 | extension DatagramChannel: NIOTransportAccessibleChannelCore {}
45 | extension PipeChannel: NIOTransportAccessibleChannelCore {}
   |           `- error: cannot find type 'PipeChannel' in scope
46 |
Failed frontend command:
/usr/bin/swift-frontend -frontend -emit-module -experimental-skip-non-inlinable-function-bodies-without-types /host/spi-builder-workspace/.build/checkouts/swift-nio/Sources/NIOPosix/BSDSocketAPICommon.swift /host/spi-builder-workspace/.build/checkouts/swift-nio/Sources/NIOPosix/BSDSocketAPIPosix.swift /host/spi-builder-workspace/.build/checkouts/swift-nio/Sources/NIOPosix/BSDSocketAPIWindows.swift /host/spi-builder-workspace/.build/checkouts/swift-nio/Sources/NIOPosix/BaseSocket.swift /host/spi-builder-workspace/.build/checkouts/swift-nio/Sources/NIOPosix/BaseSocketChannel+AccessibleTransport.swift /host/spi-builder-workspace/.build/checkouts/swift-nio/Sources/NIOPosix/BaseSocketChannel+SocketOptionProvider.swift /host/spi-builder-workspace/.build/checkouts/swift-nio/Sources/NIOPosix/BaseSocketChannel.swift /host/spi-builder-workspace/.build/checkouts/swift-nio/Sources/NIOPosix/BaseStreamSocketChannel.swift /host/spi-builder-workspace/.build/checkouts/swift-nio/Sources/NIOPosix/Bootstrap.swift /host/spi-builder-workspace/.build/checkouts/swift-nio/Sources/NIOPosix/ControlMessage.swift /host/spi-builder-workspace/.build/checkouts/swift-nio/Sources/NIOPosix/DatagramVectorReadManager.swift /host/spi-builder-workspace/.build/checkouts/swift-nio/Sources/NIOPosix/Errors+Any.swift /host/spi-builder-workspace/.build/checkouts/swift-nio/Sources/NIOPosix/FileDescriptor.swift /host/spi-builder-workspace/.build/checkouts/swift-nio/Sources/NIOPosix/GetaddrinfoResolver.swift /host/spi-builder-workspace/.build/checkouts/swift-nio/Sources/NIOPosix/HappyEyeballs.swift /host/spi-builder-workspace/.build/checkouts/swift-nio/Sources/NIOPosix/IO.swift /host/spi-builder-workspace/.build/checkouts/swift-nio/Sources/NIOPosix/IntegerBitPacking.swift /host/spi-builder-workspace/.build/checkouts/swift-nio/Sources/NIOPosix/IntegerTypes.swift /host/spi-builder-workspace/.build/checkouts/swift-nio/Sources/NIOPosix/Linux.swift /host/spi-builder-workspace/.build/checkouts/swift-nio/Sources/NIOPosix/LinuxCPUSet.swift /host/spi-builder-workspace/.build/checkouts/swift-nio/Sources/NIOPosix/LinuxUring.swift /host/spi-builder-workspace/.build/checkouts/swift-nio/Sources/NIOPosix/MultiThreadedEventLoopGroup.swift /host/spi-builder-workspace/.build/checkouts/swift-nio/Sources/NIOPosix/NIOPosixSendableMetatype.swift /host/spi-builder-workspace/.build/checkouts/swift-nio/Sources/NIOPosix/NIORandomizedDNSResolver.swift /host/spi-builder-workspace/.build/checkouts/swift-nio/Sources/NIOPosix/NIOThreadPool.swift /host/spi-builder-workspace/.build/checkouts/swift-nio/Sources/NIOPosix/NonBlockingFileIO.swift /host/spi-builder-workspace/.build/checkouts/swift-nio/Sources/NIOPosix/PendingDatagramWritesManager.swift /host/spi-builder-workspace/.build/checkouts/swift-nio/Sources/NIOPosix/PendingWritesManager.swift /host/spi-builder-workspace/.build/checkouts/swift-nio/Sources/NIOPosix/PipeChannel.swift /host/spi-builder-workspace/.build/checkouts/swift-nio/Sources/NIOPosix/PipePair.swift /host/spi-builder-workspace/.build/checkouts/swift-nio/Sources/NIOPosix/Pool.swift /host/spi-builder-workspace/.build/checkouts/swift-nio/Sources/NIOPosix/PosixSingletons+ConcurrencyTakeOver.swift /host/spi-builder-workspace/.build/checkouts/swift-nio/Sources/NIOPosix/PosixSingletons.swift /host/spi-builder-workspace/.build/checkouts/swift-nio/Sources/NIOPosix/RawSocketBootstrap.swift /host/spi-builder-workspace/.build/checkouts/swift-nio/Sources/NIOPosix/Resolver.swift /host/spi-builder-workspace/.build/checkouts/swift-nio/Sources/NIOPosix/Selectable.swift /host/spi-builder-workspace/.build/checkouts/swift-nio/Sources/NIOPosix/SelectableChannel.swift /host/spi-builder-workspace/.build/checkouts/swift-nio/Sources/NIOPosix/SelectableEventLoop.swift /host/spi-builder-workspace/.build/checkouts/swift-nio/Sources/NIOPosix/SelectorEpoll.swift /host/spi-builder-workspace/.build/checkouts/swift-nio/Sources/NIOPosix/SelectorGeneric.swift /host/spi-builder-workspace/.build/checkouts/swift-nio/Sources/NIOPosix/SelectorKqueue.swift /host/spi-builder-workspace/.build/checkouts/swift-nio/Sources/NIOPosix/SelectorUring.swift /host/spi-builder-workspace/.build/checkouts/swift-nio/Sources/NIOPosix/SelectorWSAPoll.swift /host/spi-builder-workspace/.build/checkouts/swift-nio/Sources/NIOPosix/ServerSocket.swift /host/spi-builder-workspace/.build/checkouts/swift-nio/Sources/NIOPosix/Socket.swift /host/spi-builder-workspace/.build/checkouts/swift-nio/Sources/NIOPosix/SocketChannel.swift /host/spi-builder-workspace/.build/checkouts/swift-nio/Sources/NIOPosix/SocketProtocols.swift /host/spi-builder-workspace/.build/checkouts/swift-nio/Sources/NIOPosix/StructuredConcurrencyHelpers.swift /host/spi-builder-workspace/.build/checkouts/swift-nio/Sources/NIOPosix/System.swift /host/spi-builder-workspace/.build/checkouts/swift-nio/Sources/NIOPosix/Thread.swift /host/spi-builder-workspace/.build/checkouts/swift-nio/Sources/NIOPosix/ThreadPosix.swift /host/spi-builder-workspace/.build/checkouts/swift-nio/Sources/NIOPosix/ThreadWindows.swift /host/spi-builder-workspace/.build/checkouts/swift-nio/Sources/NIOPosix/Utilities.swift /host/spi-builder-workspace/.build/checkouts/swift-nio/Sources/NIOPosix/VsockAddress.swift /host/spi-builder-workspace/.build/checkouts/swift-nio/Sources/NIOPosix/VsockChannelEvents.swift /host/spi-builder-workspace/.build/checkouts/swift-nio/Sources/NIOPosix/Windows.swift -target wasm32-unknown-wasip1 -disable-objc-interop -sdk /root/.swiftpm/swift-sdks/swift-6.4.x-DEVELOPMENT-SNAPSHOT-2026-09-04-a_wasm.artifactbundle/swift-6.4.x-DEVELOPMENT-SNAPSHOT-2026-09-04-a_wasm/wasm32-unknown-wasip1/WASI.sdk -sysroot /root/.swiftpm/swift-sdks/swift-6.4.x-DEVELOPMENT-SNAPSHOT-2026-09-04-a_wasm.artifactbundle/swift-6.4.x-DEVELOPMENT-SNAPSHOT-2026-09-04-a_wasm/wasm32-unknown-wasip1/WASI.sdk -I /host/spi-builder-workspace/.build/out/Products/Debug-webassembly-wasm32 -module-cache-path /host/spi-builder-workspace/.build/out/ModuleCache.noindex -color-diagnostics -Xcc -fcolor-diagnostics -enable-testing -g -debug-info-format\=dwarf -dwarf-version\=4 -suppress-warnings -swift-version 6 -Onone -D SWIFT_PACKAGE -D DEBUG -D SWIFT_MODULE_RESOURCE_BUNDLE_UNAVAILABLE -D Xcode -serialize-debugging-options -enable-experimental-feature Lifetimes -enable-upcoming-feature MemberImportVisibility -enable-experimental-feature DebugDescriptionMacro -empty-abi-descriptor -external-plugin-path /usr/lib/swift/host/plugins/testing\#/usr/bin/swift-plugin-server -user-module-version 2.103.0 -validate-clang-modules-once -clang-build-session-file /host/spi-builder-workspace/.build/out/ModuleCache.noindex/Session.modulevalidation -Xcc -working-directory -Xcc /host -resource-dir /root/.swiftpm/swift-sdks/swift-6.4.x-DEVELOPMENT-SNAPSHOT-2026-09-04-a_wasm.artifactbundle/swift-6.4.x-DEVELOPMENT-SNAPSHOT-2026-09-04-a_wasm/wasm32-unknown-wasip1/swift.xctoolchain/usr/lib/swift_static -use-static-resource-dir -enable-anonymous-context-mangled-names -file-compilation-dir /host -Xcc -resource-dir -Xcc /root/.swiftpm/swift-sdks/swift-6.4.x-DEVELOPMENT-SNAPSHOT-2026-09-04-a_wasm.artifactbundle/swift-6.4.x-DEVELOPMENT-SNAPSHOT-2026-09-04-a_wasm/wasm32-unknown-wasip1/swift.xctoolchain/usr/lib/swift_static/clang -Xcc -fmodule-map-file\=/host/spi-builder-workspace/.build/checkouts/swift-atomics/Sources/_AtomicsShims/include/module.modulemap -Xcc -fmodule-map-file\=/host/spi-builder-workspace/.build/out/Intermediates.noindex/GeneratedModuleMaps-webassembly-wasm32/CNIOPosix.modulemap -Xcc -fmodule-map-file\=/host/spi-builder-workspace/.build/out/Intermediates.noindex/GeneratedModuleMaps-webassembly-wasm32/CNIOWASI.modulemap -Xcc -fmodule-map-file\=/host/spi-builder-workspace/.build/out/Intermediates.noindex/GeneratedModuleMaps-webassembly-wasm32/CNIOFreeBSD.modulemap -Xcc -fmodule-map-file\=/host/spi-builder-workspace/.build/out/Intermediates.noindex/GeneratedModuleMaps-webassembly-wasm32/CNIOAtomics.modulemap -Xcc -fmodule-map-file\=/host/spi-builder-workspace/.build/checkouts/swift-nio/Sources/CNIOWindows/include/module.modulemap -Xcc -fmodule-map-file\=/host/spi-builder-workspace/.build/out/Intermediates.noindex/GeneratedModuleMaps-webassembly-wasm32/CNIODarwin.modulemap -Xcc -fmodule-map-file\=/host/spi-builder-workspace/.build/out/Intermediates.noindex/GeneratedModuleMaps-webassembly-wasm32/CNIOLinux.modulemap -Xcc -fmodule-map-file\=/host/spi-builder-workspace/.build/out/Intermediates.noindex/GeneratedModuleMaps-webassembly-wasm32/CNIOOpenBSD.modulemap -Xcc -D_LIBCPP_HARDENING_MODE\=_LIBCPP_HARDENING_MODE_DEBUG -Xcc -fmodules-prune-interval\=86400 -Xcc -fmodules-prune-after\=345600 -Xcc -I/host/spi-builder-workspace/.build/checkouts/swift-atomics/Sources/_AtomicsShims/include -Xcc -I/host/spi-builder-workspace/.build/checkouts/swift-nio/Sources/CNIOPosix/include -Xcc -I/host/spi-builder-workspace/.build/checkouts/swift-nio/Sources/CNIOWASI/include -Xcc -I/host/spi-builder-workspace/.build/checkouts/swift-nio/Sources/CNIOFreeBSD/include -Xcc -I/host/spi-builder-workspace/.build/checkouts/swift-nio/Sources/CNIOAtomics/include -Xcc -I/host/spi-builder-workspace/.build/checkouts/swift-nio/Sources/CNIOWindows/include -Xcc -I/host/spi-builder-workspace/.build/checkouts/swift-nio/Sources/CNIODarwin/include -Xcc -I/host/spi-builder-workspace/.build/checkouts/swift-nio/Sources/CNIOLinux/include -Xcc -I/host/spi-builder-workspace/.build/checkouts/swift-nio/Sources/CNIOOpenBSD/include -Xcc -I/host/spi-builder-workspace/.build/out/Products/Debug-webassembly-wasm32/include -Xcc -I/host/spi-builder-workspace/.build/out/Intermediates.noindex/swift-nio.build/Debug-webassembly-wasm32/NIOPosix-t.build/DerivedSources-normal/wasm32 -Xcc -I/host/spi-builder-workspace/.build/out/Intermediates.noindex/swift-nio.build/Debug-webassembly-wasm32/NIOPosix-t.build/DerivedSources/wasm32 -Xcc -I/host/spi-builder-workspace/.build/out/Intermediates.noindex/swift-nio.build/Debug-webassembly-wasm32/NIOPosix-t.build/DerivedSources -Xcc -DSWIFT_PACKAGE -Xcc -DDEBUG\=1 -no-auto-bridging-header-chaining -module-name NIOPosix -package-name swift_nio -const-gather-protocols-file /host/spi-builder-workspace/.build/out/Intermediates.noindex/swift-nio.build/Debug-webassembly-wasm32/NIOPosix-t.build/Objects-normal/wasm32/NIOPosix_const_extract_protocols.json -in-process-plugin-server-path /usr/lib/swift/host/libSwiftInProcPluginServer.so -plugin-path /usr/lib/swift/host/plugins -plugin-path /usr/local/lib/swift/host/plugins -emit-module-doc-path /host/spi-builder-workspace/.build/out/Intermediates.noindex/swift-nio.build/Debug-webassembly-wasm32/NIOPosix-t.build/Objects-normal/wasm32/Modules/NIOPosix.swiftdoc -emit-module-source-info-path /host/spi-builder-workspace/.build/out/Intermediates.noindex/swift-nio.build/Debug-webassembly-wasm32/NIOPosix-t.build/Objects-normal/wasm32/Modules/NIOPosix.swiftsourceinfo -emit-objc-header-path /host/spi-builder-workspace/.build/out/Intermediates.noindex/swift-nio.build/Debug-webassembly-wasm32/NIOPosix-t.build/Objects-normal/wasm32/NIOPosix-Swift.h -serialize-diagnostics-path /host/spi-builder-workspace/.build/out/Intermediates.noindex/swift-nio.build/Debug-webassembly-wasm32/NIOPosix-t.build/Objects-normal/wasm32/NIOPosix-primary-emit-module.dia -emit-dependencies-path /host/spi-builder-workspace/.build/out/Intermediates.noindex/swift-nio.build/Debug-webassembly-wasm32/NIOPosix-t.build/Objects-normal/wasm32/NIOPosix-primary-emit-module.d -parse-as-library -o /host/spi-builder-workspace/.build/out/Intermediates.noindex/swift-nio.build/Debug-webassembly-wasm32/NIOPosix-t.build/Objects-normal/wasm32/Modules/NIOPosix.swiftmodule
error: Build failed
BUILD FAILURE 6.4 wasm