Build Information
Failed to build SwiftKeys, reference 0.2.0 (42fb37), with Swift 6.4 for tvOS using Xcode 27.0 on 19 Sep 2026 11:48:09 UTC.
Build Command
env DEVELOPER_DIR=/Applications/Xcode-27.0.0-Release.Candidate.app xcrun xcodebuild -IDEClonedSourcePackagesDirPathOverride=$PWD/.dependencies -skipMacroValidation -skipPackagePluginValidation -derivedDataPath $PWD/.derivedData build -scheme SwiftKeys -destination generic/platform=tvOSBuild Log
========================================
RunAll
========================================
Builder version: 5.1.0
Interrupt handler set up.
========================================
Checkout
========================================
Clone URL: https://github.com/jordanbaird/SwiftKeys.git
Reference: 0.2.0
Initialized empty Git repository in /Users/admin/builder/spi-builder-workspace/.git/
From https://github.com/jordanbaird/SwiftKeys
* tag 0.2.0 -> FETCH_HEAD
HEAD is now at 42fb370 Release 0.2.0
Cloned https://github.com/jordanbaird/SwiftKeys.git
Revision (git rev-parse @):
42fb3709f772e80909b55007015744bf2fe81ee8
SPI manifest file found: $PWD/.spi.yml
SUCCESS checkout https://github.com/jordanbaird/SwiftKeys.git at 0.2.0
========================================
Build
========================================
Selected platform: tvOS
Swift version: 6.4
Building package at path: $PWD
https://github.com/jordanbaird/SwiftKeys.git
Command line invocation:
/Applications/Xcode-27.0.0-Release.Candidate.app/Contents/Developer/usr/bin/xcodebuild -IDEClonedSourcePackagesDirPathOverride=/Users/admin/builder/spi-builder-workspace/.dependencies -resolvePackageDependencies
Resolve Package Graph
Resolve Package Graph
Resolved source packages:
SwiftKeys: /Users/admin/builder/spi-builder-workspace
resolved source packages: SwiftKeys
2026-09-19 07:47:18.763 xcodebuild[529:3049] [MT] IDERunDestination: Supported platforms for the buildables in the current scheme is empty.
{
"dependencies" : [
],
"manifest_display_name" : "SwiftKeys",
"name" : "SwiftKeys",
"path" : "/Users/admin/builder/spi-builder-workspace",
"platforms" : [
{
"name" : "macos",
"version" : "10.13"
}
],
"products" : [
{
"name" : "SwiftKeys",
"targets" : [
"SwiftKeys"
],
"type" : {
"library" : [
"automatic"
]
}
}
],
"targets" : [
{
"c99name" : "SwiftKeysTests",
"module_type" : "SwiftTarget",
"name" : "SwiftKeysTests",
"path" : "Tests/SwiftKeysTests",
"sources" : [
"EventTypeTests.swift",
"KeyCommandProxyTests.swift",
"KeyCommandTests.swift",
"KeyRecorderTests.swift",
"Utilities.swift"
],
"target_dependencies" : [
"SwiftKeys"
],
"type" : "test"
},
{
"c99name" : "SwiftKeys",
"module_type" : "SwiftTarget",
"name" : "SwiftKeys",
"path" : "Sources/SwiftKeys",
"product_memberships" : [
"SwiftKeys"
],
"sources" : [
"KeyCommand/Key.swift",
"KeyCommand/KeyCommand.swift",
"KeyCommand/KeyCommandProxy.swift",
"KeyCommand/Modifier.swift",
"KeyCommand/Name.swift",
"KeyCommand/Observation.swift",
"KeyRecorder/BezelStyle.swift",
"KeyRecorder/KeyRecorder.swift",
"KeyRecorder/KeyRecorderView.swift",
"Utilities/NSMenuItem+extensions.swift",
"Utilities/Utilities.swift",
"Utilities/ViewModifiers.swift"
],
"type" : "library"
}
],
"tools_version" : "5.7"
}
{
"workspace" : {
"name" : "SwiftKeys",
"schemes" : [
"SwiftKeys"
]
}
}
2026-09-19 07:48:01.157 xcodebuild[650:4155] [MT] IDERunDestination: Supported platforms for the buildables in the current scheme is empty.
Running build ...
env DEVELOPER_DIR=/Applications/Xcode-27.0.0-Release.Candidate.app xcrun xcodebuild -IDEClonedSourcePackagesDirPathOverride=$PWD/.dependencies -skipMacroValidation -skipPackagePluginValidation -derivedDataPath $PWD/.derivedData build -scheme SwiftKeys -destination generic/platform=tvOS
Command line invocation:
/Applications/Xcode-27.0.0-Release.Candidate.app/Contents/Developer/usr/bin/xcodebuild -IDEClonedSourcePackagesDirPathOverride=/Users/admin/builder/spi-builder-workspace/.dependencies -skipMacroValidation -skipPackagePluginValidation -derivedDataPath /Users/admin/builder/spi-builder-workspace/.derivedData build -scheme SwiftKeys -destination generic/platform=tvOS
Resolve Package Graph
Resolved source packages:
SwiftKeys: /Users/admin/builder/spi-builder-workspace
ComputePackagePrebuildTargetDependencyGraph
Prepare packages
CreateBuildRequest
SendProjectDescription
CreateBuildOperation
ComputeTargetDependencyGraph
note: Building targets in dependency order
note: Target dependency graph (2 targets)
Target 'SwiftKeys-product' in project 'SwiftKeys'
➜ Explicit dependency on target 'SwiftKeys' in project 'SwiftKeys'
Target 'SwiftKeys' in project 'SwiftKeys' (no dependencies)
GatherProvisioningInputs
CreateBuildDescription
ExecuteExternalTool /Applications/Xcode-27.0.0-Release.Candidate.app/Contents/Developer/Toolchains/XcodeDefault.xctoolchain/usr/bin/clang -v -E -dM -isysroot /Applications/Xcode-27.0.0-Release.Candidate.app/Contents/Developer/Platforms/AppleTVOS.platform/Developer/SDKs/AppleTVOS27.0.sdk -x c -c /dev/null
ExecuteExternalTool /Applications/Xcode-27.0.0-Release.Candidate.app/Contents/Developer/Toolchains/XcodeDefault.xctoolchain/usr/bin/swiftc --version
ExecuteExternalTool /Applications/Xcode-27.0.0-Release.Candidate.app/Contents/Developer/Toolchains/XcodeDefault.xctoolchain/usr/bin/ld -version_details
ReadFileContents /Applications/Xcode-27.0.0-Release.Candidate.app/Contents/Developer/Toolchains/XcodeDefault.xctoolchain/usr/share/docc/features.json
Build description signature: 076baf68b773061f51e52c341a4c76ae
Build description path: /Users/admin/builder/spi-builder-workspace/.derivedData/Build/Intermediates.noindex/XCBuildData/076baf68b773061f51e52c341a4c76ae.xcbuilddata
CreateBuildDirectory /Users/admin/builder/spi-builder-workspace/.derivedData/CompilationCache.noindex
cd /Users/admin/builder/spi-builder-workspace/.swiftpm/xcode
builtin-create-build-directory /Users/admin/builder/spi-builder-workspace/.derivedData/CompilationCache.noindex
CreateBuildDirectory /Users/admin/builder/spi-builder-workspace/.derivedData/ModuleCache.noindex
cd /Users/admin/builder/spi-builder-workspace/.swiftpm/xcode
builtin-create-build-directory /Users/admin/builder/spi-builder-workspace/.derivedData/ModuleCache.noindex
CreateBuildDirectory /Users/admin/builder/spi-builder-workspace/.derivedData/SDKExplicitPrecompiledModules
cd /Users/admin/builder/spi-builder-workspace/.swiftpm/xcode
builtin-create-build-directory /Users/admin/builder/spi-builder-workspace/.derivedData/SDKExplicitPrecompiledModules
CreateBuildDirectory /Users/admin/builder/spi-builder-workspace/.derivedData/Build/Products
cd /Users/admin/builder/spi-builder-workspace/.swiftpm/xcode
builtin-create-build-directory /Users/admin/builder/spi-builder-workspace/.derivedData/Build/Products
CreateBuildDirectory /Users/admin/builder/spi-builder-workspace/.derivedData/Build/Intermediates.noindex
cd /Users/admin/builder/spi-builder-workspace/.swiftpm/xcode
builtin-create-build-directory /Users/admin/builder/spi-builder-workspace/.derivedData/Build/Intermediates.noindex
ClangStatCache /Applications/Xcode-27.0.0-Release.Candidate.app/Contents/Developer/Toolchains/XcodeDefault.xctoolchain/usr/bin/clang-stat-cache /Applications/Xcode-27.0.0-Release.Candidate.app/Contents/Developer/Platforms/AppleTVOS.platform/Developer/SDKs/AppleTVOS27.0.sdk /Users/admin/builder/spi-builder-workspace/.derivedData/SDKStatCaches.noindex/appletvos27.0-24J360-e829b21a6f8c9b70876ba0858053c044b32bfd8d43560033f8d89884cdb90028.sdkstatcache
cd /Users/admin/builder/spi-builder-workspace/.swiftpm/xcode
/Applications/Xcode-27.0.0-Release.Candidate.app/Contents/Developer/Toolchains/XcodeDefault.xctoolchain/usr/bin/clang-stat-cache /Applications/Xcode-27.0.0-Release.Candidate.app/Contents/Developer/Platforms/AppleTVOS.platform/Developer/SDKs/AppleTVOS27.0.sdk -o /Users/admin/builder/spi-builder-workspace/.derivedData/SDKStatCaches.noindex/appletvos27.0-24J360-e829b21a6f8c9b70876ba0858053c044b32bfd8d43560033f8d89884cdb90028.sdkstatcache
CreateBuildDirectory /Users/admin/builder/spi-builder-workspace/.derivedData/Build/Intermediates.noindex/SwiftExplicitPrecompiledModules
cd /Users/admin/builder/spi-builder-workspace/.swiftpm/xcode
builtin-create-build-directory /Users/admin/builder/spi-builder-workspace/.derivedData/Build/Intermediates.noindex/SwiftExplicitPrecompiledModules
CreateBuildDirectory /Users/admin/builder/spi-builder-workspace/.derivedData/Build/Products/Debug-appletvos
cd /Users/admin/builder/spi-builder-workspace/.swiftpm/xcode
builtin-create-build-directory /Users/admin/builder/spi-builder-workspace/.derivedData/Build/Products/Debug-appletvos
CreateBuildDirectory /Users/admin/builder/spi-builder-workspace/.derivedData/Build/Intermediates.noindex/ExplicitPrecompiledModules
cd /Users/admin/builder/spi-builder-workspace/.swiftpm/xcode
builtin-create-build-directory /Users/admin/builder/spi-builder-workspace/.derivedData/Build/Intermediates.noindex/ExplicitPrecompiledModules
CreateBuildDirectory /Users/admin/builder/spi-builder-workspace/.derivedData/Build/Intermediates.noindex/PrecompiledHeaders
cd /Users/admin/builder/spi-builder-workspace/.swiftpm/xcode
builtin-create-build-directory /Users/admin/builder/spi-builder-workspace/.derivedData/Build/Intermediates.noindex/PrecompiledHeaders
CreateBuildDirectory /Users/admin/builder/spi-builder-workspace/.derivedData/Build/Intermediates.noindex/EagerLinkingTBDs/Debug-appletvos
cd /Users/admin/builder/spi-builder-workspace/.swiftpm/xcode
builtin-create-build-directory /Users/admin/builder/spi-builder-workspace/.derivedData/Build/Intermediates.noindex/EagerLinkingTBDs/Debug-appletvos
CreateBuildDirectory /Users/admin/builder/spi-builder-workspace/.derivedData/Build/Products/Debug-appletvos/PackageFrameworks
cd /Users/admin/builder/spi-builder-workspace/.swiftpm/xcode
builtin-create-build-directory /Users/admin/builder/spi-builder-workspace/.derivedData/Build/Products/Debug-appletvos/PackageFrameworks
WriteAuxiliaryFile /Users/admin/builder/spi-builder-workspace/.derivedData/Build/Intermediates.noindex/SwiftKeys.build/Debug-appletvos/SwiftKeys-t.build/SwiftKeys.modulemap (in target 'SwiftKeys' from project 'SwiftKeys')
cd /Users/admin/builder/spi-builder-workspace
write-file /Users/admin/builder/spi-builder-workspace/.derivedData/Build/Intermediates.noindex/SwiftKeys.build/Debug-appletvos/SwiftKeys-t.build/SwiftKeys.modulemap
WriteAuxiliaryFile /Users/admin/builder/spi-builder-workspace/.derivedData/Build/Intermediates.noindex/SwiftKeys.build/Debug-appletvos/SwiftKeys-t.build/SwiftKeys.DependencyStaticMetadataFileList (in target 'SwiftKeys' from project 'SwiftKeys')
cd /Users/admin/builder/spi-builder-workspace
write-file /Users/admin/builder/spi-builder-workspace/.derivedData/Build/Intermediates.noindex/SwiftKeys.build/Debug-appletvos/SwiftKeys-t.build/SwiftKeys.DependencyStaticMetadataFileList
WriteAuxiliaryFile /Users/admin/builder/spi-builder-workspace/.derivedData/Build/Intermediates.noindex/SwiftKeys.build/Debug-appletvos/SwiftKeys-t.build/SwiftKeys.DependencyMetadataFileList (in target 'SwiftKeys' from project 'SwiftKeys')
cd /Users/admin/builder/spi-builder-workspace
write-file /Users/admin/builder/spi-builder-workspace/.derivedData/Build/Intermediates.noindex/SwiftKeys.build/Debug-appletvos/SwiftKeys-t.build/SwiftKeys.DependencyMetadataFileList
WriteAuxiliaryFile /Users/admin/builder/spi-builder-workspace/.derivedData/Build/Intermediates.noindex/SwiftKeys.build/Debug-appletvos/SwiftKeys-t.build/Objects-normal/arm64/SwiftKeys-OutputFileMap.json (in target 'SwiftKeys' from project 'SwiftKeys')
cd /Users/admin/builder/spi-builder-workspace
write-file /Users/admin/builder/spi-builder-workspace/.derivedData/Build/Intermediates.noindex/SwiftKeys.build/Debug-appletvos/SwiftKeys-t.build/Objects-normal/arm64/SwiftKeys-OutputFileMap.json
WriteAuxiliaryFile /Users/admin/builder/spi-builder-workspace/.derivedData/Build/Intermediates.noindex/SwiftKeys.build/Debug-appletvos/SwiftKeys-t.build/Objects-normal/arm64/SwiftKeys.SwiftConstValuesFileList (in target 'SwiftKeys' from project 'SwiftKeys')
cd /Users/admin/builder/spi-builder-workspace
write-file /Users/admin/builder/spi-builder-workspace/.derivedData/Build/Intermediates.noindex/SwiftKeys.build/Debug-appletvos/SwiftKeys-t.build/Objects-normal/arm64/SwiftKeys.SwiftConstValuesFileList
WriteAuxiliaryFile /Users/admin/builder/spi-builder-workspace/.derivedData/Build/Intermediates.noindex/SwiftKeys.build/Debug-appletvos/SwiftKeys-t.build/Objects-normal/arm64/SwiftKeys.SwiftFileList (in target 'SwiftKeys' from project 'SwiftKeys')
cd /Users/admin/builder/spi-builder-workspace
write-file /Users/admin/builder/spi-builder-workspace/.derivedData/Build/Intermediates.noindex/SwiftKeys.build/Debug-appletvos/SwiftKeys-t.build/Objects-normal/arm64/SwiftKeys.SwiftFileList
WriteAuxiliaryFile /Users/admin/builder/spi-builder-workspace/.derivedData/Build/Intermediates.noindex/SwiftKeys.build/Debug-appletvos/SwiftKeys-t.build/Objects-normal/arm64/SwiftKeys.LinkFileList (in target 'SwiftKeys' from project 'SwiftKeys')
cd /Users/admin/builder/spi-builder-workspace
write-file /Users/admin/builder/spi-builder-workspace/.derivedData/Build/Intermediates.noindex/SwiftKeys.build/Debug-appletvos/SwiftKeys-t.build/Objects-normal/arm64/SwiftKeys.LinkFileList
WriteAuxiliaryFile /Users/admin/builder/spi-builder-workspace/.derivedData/Build/Intermediates.noindex/SwiftKeys.build/Debug-appletvos/SwiftKeys-t.build/Objects-normal/arm64/SwiftKeys_const_extract_protocols.json (in target 'SwiftKeys' from project 'SwiftKeys')
cd /Users/admin/builder/spi-builder-workspace
write-file /Users/admin/builder/spi-builder-workspace/.derivedData/Build/Intermediates.noindex/SwiftKeys.build/Debug-appletvos/SwiftKeys-t.build/Objects-normal/arm64/SwiftKeys_const_extract_protocols.json
Copy /Users/admin/builder/spi-builder-workspace/.derivedData/Build/Intermediates.noindex/GeneratedModuleMaps-appletvos/SwiftKeys.modulemap /Users/admin/builder/spi-builder-workspace/.derivedData/Build/Intermediates.noindex/SwiftKeys.build/Debug-appletvos/SwiftKeys-t.build/SwiftKeys.modulemap (in target 'SwiftKeys' from project 'SwiftKeys')
cd /Users/admin/builder/spi-builder-workspace
builtin-copy -exclude .DS_Store -exclude CVS -exclude .svn -exclude .git -exclude .hg -resolve-src-symlinks /Users/admin/builder/spi-builder-workspace/.derivedData/Build/Intermediates.noindex/SwiftKeys.build/Debug-appletvos/SwiftKeys-t.build/SwiftKeys.modulemap /Users/admin/builder/spi-builder-workspace/.derivedData/Build/Intermediates.noindex/GeneratedModuleMaps-appletvos
SwiftDriver SwiftKeys normal arm64 com.apple.xcode.tools.swift.compiler (in target 'SwiftKeys' from project 'SwiftKeys')
cd /Users/admin/builder/spi-builder-workspace/.swiftpm/xcode
builtin-SwiftDriver -- /Applications/Xcode-27.0.0-Release.Candidate.app/Contents/Developer/Toolchains/XcodeDefault.xctoolchain/usr/bin/swiftc -parse-as-library -module-name SwiftKeys -Onone @/Users/admin/builder/spi-builder-workspace/.derivedData/Build/Intermediates.noindex/SwiftKeys.build/Debug-appletvos/SwiftKeys-t.build/Objects-normal/arm64/SwiftKeys.SwiftFileList -DSWIFT_PACKAGE -DDEBUG -DSWIFT_MODULE_RESOURCE_BUNDLE_UNAVAILABLE -DXcode -plugin-path /Applications/Xcode-27.0.0-Release.Candidate.app/Contents/Developer/Toolchains/XcodeDefault.xctoolchain/usr/lib/swift/host/plugins/testing -enable-experimental-feature DebugDescriptionMacro -sdk /Applications/Xcode-27.0.0-Release.Candidate.app/Contents/Developer/Platforms/AppleTVOS.platform/Developer/SDKs/AppleTVOS27.0.sdk -target arm64-apple-tvos15.0 -g -module-cache-path /Users/admin/builder/spi-builder-workspace/.derivedData/ModuleCache.noindex -Xfrontend -serialize-debugging-options -profile-coverage-mapping -profile-generate -enable-testing -index-store-path /Users/admin/builder/spi-builder-workspace/.derivedData/Index.noindex/DataStore -Xcc -D_LIBCPP_HARDENING_MODE\=_LIBCPP_HARDENING_MODE_DEBUG -swift-version 5 -I /Users/admin/builder/spi-builder-workspace/.derivedData/Build/Products/Debug-appletvos -Isystem /Applications/Xcode-27.0.0-Release.Candidate.app/Contents/Developer/Platforms/AppleTVOS.platform/Developer/usr/lib -F /Users/admin/builder/spi-builder-workspace/.derivedData/Build/Products/Debug-appletvos -F /Applications/Xcode-27.0.0-Release.Candidate.app/Contents/Developer/Platforms/AppleTVOS.platform/Developer/Library/Frameworks -F /Applications/Xcode-27.0.0-Release.Candidate.app/Contents/Developer/Platforms/AppleTVOS.platform/Developer/SDKs/AppleTVOS27.0.sdk/Developer/Library/Frameworks -c -j10 -enable-batch-mode -incremental -Xcc -ivfsstatcache -Xcc /Users/admin/builder/spi-builder-workspace/.derivedData/SDKStatCaches.noindex/appletvos27.0-24J360-e829b21a6f8c9b70876ba0858053c044b32bfd8d43560033f8d89884cdb90028.sdkstatcache -output-file-map /Users/admin/builder/spi-builder-workspace/.derivedData/Build/Intermediates.noindex/SwiftKeys.build/Debug-appletvos/SwiftKeys-t.build/Objects-normal/arm64/SwiftKeys-OutputFileMap.json -save-temps -no-color-diagnostics -explicit-module-build -module-cache-path /Users/admin/builder/spi-builder-workspace/.derivedData/Build/Intermediates.noindex/SwiftExplicitPrecompiledModules -clang-scanner-module-cache-path /Users/admin/builder/spi-builder-workspace/.derivedData/ModuleCache.noindex -sdk-module-cache-path /Users/admin/builder/spi-builder-workspace/.derivedData/SDKExplicitPrecompiledModules -emit-dependencies -emit-module -emit-module-path /Users/admin/builder/spi-builder-workspace/.derivedData/Build/Intermediates.noindex/SwiftKeys.build/Debug-appletvos/SwiftKeys-t.build/Objects-normal/arm64/SwiftKeys.swiftmodule -serialize-diagnostics -dependency-scan-serialize-diagnostics-path /Users/admin/builder/spi-builder-workspace/.derivedData/Build/Intermediates.noindex/SwiftKeys.build/Debug-appletvos/SwiftKeys-t.build/Objects-normal/arm64/SwiftKeys-dependency-scan.dia -validate-clang-modules-once -clang-build-session-file /Users/admin/builder/spi-builder-workspace/.derivedData/ModuleCache.noindex/Session.modulevalidation -Xcc -fmodules-prune-interval\=86400 -Xcc -fmodules-prune-after\=345600 -emit-const-values -const-gather-protocols-list /Users/admin/builder/spi-builder-workspace/.derivedData/Build/Intermediates.noindex/SwiftKeys.build/Debug-appletvos/SwiftKeys-t.build/Objects-normal/arm64/SwiftKeys_const_extract_protocols.json -Xcc -I/Users/admin/builder/spi-builder-workspace/.derivedData/Build/Products/Debug-appletvos/include -Xcc -I/Users/admin/builder/spi-builder-workspace/.derivedData/Build/Intermediates.noindex/SwiftKeys.build/Debug-appletvos/SwiftKeys-t.build/DerivedSources-normal/arm64 -Xcc -I/Users/admin/builder/spi-builder-workspace/.derivedData/Build/Intermediates.noindex/SwiftKeys.build/Debug-appletvos/SwiftKeys-t.build/DerivedSources/arm64 -Xcc -I/Users/admin/builder/spi-builder-workspace/.derivedData/Build/Intermediates.noindex/SwiftKeys.build/Debug-appletvos/SwiftKeys-t.build/DerivedSources -Xcc -DSWIFT_PACKAGE -Xcc -DDEBUG\=1 -emit-objc-header -emit-objc-header-path /Users/admin/builder/spi-builder-workspace/.derivedData/Build/Intermediates.noindex/SwiftKeys.build/Debug-appletvos/SwiftKeys-t.build/Objects-normal/arm64/SwiftKeys-Swift.h -working-directory /Users/admin/builder/spi-builder-workspace/.swiftpm/xcode -experimental-emit-module-separately -disable-cmo
/Users/admin/builder/spi-builder-workspace/Sources/SwiftKeys/KeyCommand/Key.swift:6:8: error: Unable to resolve module dependency: 'Carbon' (in target 'SwiftKeys' from project 'SwiftKeys')
note: A dependency of main module 'SwiftKeys'
/Users/admin/builder/spi-builder-workspace/Sources/SwiftKeys/KeyCommand/KeyCommand.swift:6:8: note: Also imported here
/Users/admin/builder/spi-builder-workspace/Sources/SwiftKeys/KeyCommand/KeyCommandProxy.swift:6:8: note: Also imported here
/Users/admin/builder/spi-builder-workspace/Sources/SwiftKeys/KeyCommand/Modifier.swift:6:8: note: Also imported here
/Users/admin/builder/spi-builder-workspace/Sources/SwiftKeys/KeyCommand/KeyCommand.swift:7:8: error: Unable to resolve module dependency: 'Cocoa' (in target 'SwiftKeys' from project 'SwiftKeys')
note: A dependency of main module 'SwiftKeys'
/Users/admin/builder/spi-builder-workspace/Sources/SwiftKeys/KeyCommand/Modifier.swift:7:8: note: Also imported here
/Users/admin/builder/spi-builder-workspace/Sources/SwiftKeys/Utilities/Utilities.swift:6:8: note: Also imported here
/Users/admin/builder/spi-builder-workspace/Sources/SwiftKeys/KeyRecorder/BezelStyle.swift:6:8: error: Unable to resolve module dependency: 'AppKit' (in target 'SwiftKeys' from project 'SwiftKeys')
note: A dependency of main module 'SwiftKeys'
/Users/admin/builder/spi-builder-workspace/Sources/SwiftKeys/KeyRecorder/KeyRecorder.swift:6:8: note: Also imported here
/Users/admin/builder/spi-builder-workspace/Sources/SwiftKeys/Utilities/NSMenuItem+extensions.swift:6:8: note: Also imported here
/Users/admin/builder/spi-builder-workspace/Sources/SwiftKeys/KeyCommand/Key.swift:6:8: note: A dependency of main module 'SwiftKeys'
import Carbon.HIToolbox
^ (in target 'SwiftKeys' from project 'SwiftKeys')
/Users/admin/builder/spi-builder-workspace/Sources/SwiftKeys/KeyCommand/KeyCommand.swift:6:8: note: Also imported here
import Carbon.HIToolbox
^ (in target 'SwiftKeys' from project 'SwiftKeys')
/Users/admin/builder/spi-builder-workspace/Sources/SwiftKeys/KeyCommand/KeyCommandProxy.swift:6:8: note: Also imported here
import Carbon.HIToolbox
^ (in target 'SwiftKeys' from project 'SwiftKeys')
/Users/admin/builder/spi-builder-workspace/Sources/SwiftKeys/KeyCommand/Modifier.swift:6:8: note: Also imported here
import Carbon.HIToolbox
^ (in target 'SwiftKeys' from project 'SwiftKeys')
/Users/admin/builder/spi-builder-workspace/Sources/SwiftKeys/KeyCommand/KeyCommand.swift:7:8: note: A dependency of main module 'SwiftKeys'
import Cocoa
^ (in target 'SwiftKeys' from project 'SwiftKeys')
/Users/admin/builder/spi-builder-workspace/Sources/SwiftKeys/KeyCommand/Modifier.swift:7:8: note: Also imported here
import Cocoa
^ (in target 'SwiftKeys' from project 'SwiftKeys')
/Users/admin/builder/spi-builder-workspace/Sources/SwiftKeys/Utilities/Utilities.swift:6:8: note: Also imported here
import Cocoa
^ (in target 'SwiftKeys' from project 'SwiftKeys')
/Users/admin/builder/spi-builder-workspace/Sources/SwiftKeys/KeyRecorder/BezelStyle.swift:6:8: note: A dependency of main module 'SwiftKeys'
import AppKit
^ (in target 'SwiftKeys' from project 'SwiftKeys')
/Users/admin/builder/spi-builder-workspace/Sources/SwiftKeys/KeyRecorder/KeyRecorder.swift:6:8: note: Also imported here
import AppKit
^ (in target 'SwiftKeys' from project 'SwiftKeys')
/Users/admin/builder/spi-builder-workspace/Sources/SwiftKeys/Utilities/NSMenuItem+extensions.swift:6:8: note: Also imported here
import AppKit
^ (in target 'SwiftKeys' from project 'SwiftKeys')
PruneExplicitPrecompiledModules /Users/admin/builder/spi-builder-workspace/.derivedData/Build/Intermediates.noindex/SwiftExplicitPrecompiledModules
PruneExplicitPrecompiledModules /Users/admin/builder/spi-builder-workspace/.derivedData/SDKExplicitPrecompiledModules
PruneExplicitPrecompiledModules /Users/admin/builder/spi-builder-workspace/.derivedData/Build/Intermediates.noindex/ExplicitPrecompiledModules
2026-09-19 07:48:02.757 xcodebuild[651:4194] [MT] IDERunDestination: Supported platforms for the buildables in the current scheme is empty.
** BUILD FAILED **
The following build commands failed:
SwiftDriver SwiftKeys normal arm64 com.apple.xcode.tools.swift.compiler (in target 'SwiftKeys' from project 'SwiftKeys')
Building workspace SwiftKeys with scheme SwiftKeys
(2 failures)
Command line invocation:
/Applications/Xcode-27.0.0-Release.Candidate.app/Contents/Developer/usr/bin/xcodebuild -IDEClonedSourcePackagesDirPathOverride=/Users/admin/builder/spi-builder-workspace/.dependencies -resolvePackageDependencies
Resolve Package Graph
Resolved source packages:
SwiftKeys: /Users/admin/builder/spi-builder-workspace
resolved source packages: SwiftKeys
2026-09-19 07:48:06.148 xcodebuild[666:4393] [MT] IDERunDestination: Supported platforms for the buildables in the current scheme is empty.
{
"dependencies" : [
],
"manifest_display_name" : "SwiftKeys",
"name" : "SwiftKeys",
"path" : "/Users/admin/builder/spi-builder-workspace",
"platforms" : [
{
"name" : "macos",
"version" : "10.13"
}
],
"products" : [
{
"name" : "SwiftKeys",
"targets" : [
"SwiftKeys"
],
"type" : {
"library" : [
"automatic"
]
}
}
],
"targets" : [
{
"c99name" : "SwiftKeysTests",
"module_type" : "SwiftTarget",
"name" : "SwiftKeysTests",
"path" : "Tests/SwiftKeysTests",
"sources" : [
"EventTypeTests.swift",
"KeyCommandProxyTests.swift",
"KeyCommandTests.swift",
"KeyRecorderTests.swift",
"Utilities.swift"
],
"target_dependencies" : [
"SwiftKeys"
],
"type" : "test"
},
{
"c99name" : "SwiftKeys",
"module_type" : "SwiftTarget",
"name" : "SwiftKeys",
"path" : "Sources/SwiftKeys",
"product_memberships" : [
"SwiftKeys"
],
"sources" : [
"KeyCommand/Key.swift",
"KeyCommand/KeyCommand.swift",
"KeyCommand/KeyCommandProxy.swift",
"KeyCommand/Modifier.swift",
"KeyCommand/Name.swift",
"KeyCommand/Observation.swift",
"KeyRecorder/BezelStyle.swift",
"KeyRecorder/KeyRecorder.swift",
"KeyRecorder/KeyRecorderView.swift",
"Utilities/NSMenuItem+extensions.swift",
"Utilities/Utilities.swift",
"Utilities/ViewModifiers.swift"
],
"type" : "library"
}
],
"tools_version" : "5.7"
}
{
"workspace" : {
"name" : "SwiftKeys",
"schemes" : [
"SwiftKeys"
]
}
}
2026-09-19 07:48:07.481 xcodebuild[674:4454] [MT] IDERunDestination: Supported platforms for the buildables in the current scheme is empty.
Running build ...
env DEVELOPER_DIR=/Applications/Xcode-27.0.0-Release.Candidate.app xcrun xcodebuild -IDEClonedSourcePackagesDirPathOverride=$PWD/.dependencies -skipMacroValidation -skipPackagePluginValidation -derivedDataPath $PWD/.derivedData build -scheme SwiftKeys -destination generic/platform=tvOS
Command line invocation:
/Applications/Xcode-27.0.0-Release.Candidate.app/Contents/Developer/usr/bin/xcodebuild -IDEClonedSourcePackagesDirPathOverride=/Users/admin/builder/spi-builder-workspace/.dependencies -skipMacroValidation -skipPackagePluginValidation -derivedDataPath /Users/admin/builder/spi-builder-workspace/.derivedData build -scheme SwiftKeys -destination generic/platform=tvOS
Resolve Package Graph
Resolved source packages:
SwiftKeys: /Users/admin/builder/spi-builder-workspace
ComputePackagePrebuildTargetDependencyGraph
Prepare packages
CreateBuildRequest
SendProjectDescription
CreateBuildOperation
ComputeTargetDependencyGraph
note: Building targets in dependency order
note: Target dependency graph (2 targets)
Target 'SwiftKeys-product' in project 'SwiftKeys'
➜ Explicit dependency on target 'SwiftKeys' in project 'SwiftKeys'
Target 'SwiftKeys' in project 'SwiftKeys' (no dependencies)
GatherProvisioningInputs
CreateBuildDescription
ClangStatCache /Applications/Xcode-27.0.0-Release.Candidate.app/Contents/Developer/Toolchains/XcodeDefault.xctoolchain/usr/bin/clang-stat-cache /Applications/Xcode-27.0.0-Release.Candidate.app/Contents/Developer/Platforms/AppleTVOS.platform/Developer/SDKs/AppleTVOS27.0.sdk /Users/admin/builder/spi-builder-workspace/.derivedData/SDKStatCaches.noindex/appletvos27.0-24J360-e829b21a6f8c9b70876ba0858053c044b32bfd8d43560033f8d89884cdb90028.sdkstatcache
cd /Users/admin/builder/spi-builder-workspace/.swiftpm/xcode
/Applications/Xcode-27.0.0-Release.Candidate.app/Contents/Developer/Toolchains/XcodeDefault.xctoolchain/usr/bin/clang-stat-cache /Applications/Xcode-27.0.0-Release.Candidate.app/Contents/Developer/Platforms/AppleTVOS.platform/Developer/SDKs/AppleTVOS27.0.sdk -o /Users/admin/builder/spi-builder-workspace/.derivedData/SDKStatCaches.noindex/appletvos27.0-24J360-e829b21a6f8c9b70876ba0858053c044b32bfd8d43560033f8d89884cdb90028.sdkstatcache
SwiftDriver SwiftKeys normal arm64 com.apple.xcode.tools.swift.compiler (in target 'SwiftKeys' from project 'SwiftKeys')
cd /Users/admin/builder/spi-builder-workspace/.swiftpm/xcode
builtin-SwiftDriver -- /Applications/Xcode-27.0.0-Release.Candidate.app/Contents/Developer/Toolchains/XcodeDefault.xctoolchain/usr/bin/swiftc -parse-as-library -module-name SwiftKeys -Onone @/Users/admin/builder/spi-builder-workspace/.derivedData/Build/Intermediates.noindex/SwiftKeys.build/Debug-appletvos/SwiftKeys-t.build/Objects-normal/arm64/SwiftKeys.SwiftFileList -DSWIFT_PACKAGE -DDEBUG -DSWIFT_MODULE_RESOURCE_BUNDLE_UNAVAILABLE -DXcode -plugin-path /Applications/Xcode-27.0.0-Release.Candidate.app/Contents/Developer/Toolchains/XcodeDefault.xctoolchain/usr/lib/swift/host/plugins/testing -enable-experimental-feature DebugDescriptionMacro -sdk /Applications/Xcode-27.0.0-Release.Candidate.app/Contents/Developer/Platforms/AppleTVOS.platform/Developer/SDKs/AppleTVOS27.0.sdk -target arm64-apple-tvos15.0 -g -module-cache-path /Users/admin/builder/spi-builder-workspace/.derivedData/ModuleCache.noindex -Xfrontend -serialize-debugging-options -profile-coverage-mapping -profile-generate -enable-testing -index-store-path /Users/admin/builder/spi-builder-workspace/.derivedData/Index.noindex/DataStore -Xcc -D_LIBCPP_HARDENING_MODE\=_LIBCPP_HARDENING_MODE_DEBUG -swift-version 5 -I /Users/admin/builder/spi-builder-workspace/.derivedData/Build/Products/Debug-appletvos -Isystem /Applications/Xcode-27.0.0-Release.Candidate.app/Contents/Developer/Platforms/AppleTVOS.platform/Developer/usr/lib -F /Users/admin/builder/spi-builder-workspace/.derivedData/Build/Products/Debug-appletvos -F /Applications/Xcode-27.0.0-Release.Candidate.app/Contents/Developer/Platforms/AppleTVOS.platform/Developer/Library/Frameworks -F /Applications/Xcode-27.0.0-Release.Candidate.app/Contents/Developer/Platforms/AppleTVOS.platform/Developer/SDKs/AppleTVOS27.0.sdk/Developer/Library/Frameworks -c -j10 -enable-batch-mode -incremental -Xcc -ivfsstatcache -Xcc /Users/admin/builder/spi-builder-workspace/.derivedData/SDKStatCaches.noindex/appletvos27.0-24J360-e829b21a6f8c9b70876ba0858053c044b32bfd8d43560033f8d89884cdb90028.sdkstatcache -output-file-map /Users/admin/builder/spi-builder-workspace/.derivedData/Build/Intermediates.noindex/SwiftKeys.build/Debug-appletvos/SwiftKeys-t.build/Objects-normal/arm64/SwiftKeys-OutputFileMap.json -save-temps -no-color-diagnostics -explicit-module-build -module-cache-path /Users/admin/builder/spi-builder-workspace/.derivedData/Build/Intermediates.noindex/SwiftExplicitPrecompiledModules -clang-scanner-module-cache-path /Users/admin/builder/spi-builder-workspace/.derivedData/ModuleCache.noindex -sdk-module-cache-path /Users/admin/builder/spi-builder-workspace/.derivedData/SDKExplicitPrecompiledModules -emit-dependencies -emit-module -emit-module-path /Users/admin/builder/spi-builder-workspace/.derivedData/Build/Intermediates.noindex/SwiftKeys.build/Debug-appletvos/SwiftKeys-t.build/Objects-normal/arm64/SwiftKeys.swiftmodule -serialize-diagnostics -dependency-scan-serialize-diagnostics-path /Users/admin/builder/spi-builder-workspace/.derivedData/Build/Intermediates.noindex/SwiftKeys.build/Debug-appletvos/SwiftKeys-t.build/Objects-normal/arm64/SwiftKeys-dependency-scan.dia -validate-clang-modules-once -clang-build-session-file /Users/admin/builder/spi-builder-workspace/.derivedData/ModuleCache.noindex/Session.modulevalidation -Xcc -fmodules-prune-interval\=86400 -Xcc -fmodules-prune-after\=345600 -emit-const-values -const-gather-protocols-list /Users/admin/builder/spi-builder-workspace/.derivedData/Build/Intermediates.noindex/SwiftKeys.build/Debug-appletvos/SwiftKeys-t.build/Objects-normal/arm64/SwiftKeys_const_extract_protocols.json -Xcc -I/Users/admin/builder/spi-builder-workspace/.derivedData/Build/Products/Debug-appletvos/include -Xcc -I/Users/admin/builder/spi-builder-workspace/.derivedData/Build/Intermediates.noindex/SwiftKeys.build/Debug-appletvos/SwiftKeys-t.build/DerivedSources-normal/arm64 -Xcc -I/Users/admin/builder/spi-builder-workspace/.derivedData/Build/Intermediates.noindex/SwiftKeys.build/Debug-appletvos/SwiftKeys-t.build/DerivedSources/arm64 -Xcc -I/Users/admin/builder/spi-builder-workspace/.derivedData/Build/Intermediates.noindex/SwiftKeys.build/Debug-appletvos/SwiftKeys-t.build/DerivedSources -Xcc -DSWIFT_PACKAGE -Xcc -DDEBUG\=1 -emit-objc-header -emit-objc-header-path /Users/admin/builder/spi-builder-workspace/.derivedData/Build/Intermediates.noindex/SwiftKeys.build/Debug-appletvos/SwiftKeys-t.build/Objects-normal/arm64/SwiftKeys-Swift.h -working-directory /Users/admin/builder/spi-builder-workspace/.swiftpm/xcode -experimental-emit-module-separately -disable-cmo
/Users/admin/builder/spi-builder-workspace/Sources/SwiftKeys/KeyCommand/Key.swift:6:8: error: Unable to resolve module dependency: 'Carbon' (in target 'SwiftKeys' from project 'SwiftKeys')
note: A dependency of main module 'SwiftKeys'
/Users/admin/builder/spi-builder-workspace/Sources/SwiftKeys/KeyCommand/KeyCommand.swift:6:8: note: Also imported here
/Users/admin/builder/spi-builder-workspace/Sources/SwiftKeys/KeyCommand/KeyCommandProxy.swift:6:8: note: Also imported here
/Users/admin/builder/spi-builder-workspace/Sources/SwiftKeys/KeyCommand/Modifier.swift:6:8: note: Also imported here
/Users/admin/builder/spi-builder-workspace/Sources/SwiftKeys/KeyCommand/KeyCommand.swift:7:8: error: Unable to resolve module dependency: 'Cocoa' (in target 'SwiftKeys' from project 'SwiftKeys')
note: A dependency of main module 'SwiftKeys'
/Users/admin/builder/spi-builder-workspace/Sources/SwiftKeys/KeyCommand/Modifier.swift:7:8: note: Also imported here
/Users/admin/builder/spi-builder-workspace/Sources/SwiftKeys/Utilities/Utilities.swift:6:8: note: Also imported here
/Users/admin/builder/spi-builder-workspace/Sources/SwiftKeys/KeyRecorder/BezelStyle.swift:6:8: error: Unable to resolve module dependency: 'AppKit' (in target 'SwiftKeys' from project 'SwiftKeys')
note: A dependency of main module 'SwiftKeys'
/Users/admin/builder/spi-builder-workspace/Sources/SwiftKeys/KeyRecorder/KeyRecorder.swift:6:8: note: Also imported here
/Users/admin/builder/spi-builder-workspace/Sources/SwiftKeys/Utilities/NSMenuItem+extensions.swift:6:8: note: Also imported here
/Users/admin/builder/spi-builder-workspace/Sources/SwiftKeys/KeyCommand/Key.swift:6:8: note: A dependency of main module 'SwiftKeys'
import Carbon.HIToolbox
^ (in target 'SwiftKeys' from project 'SwiftKeys')
/Users/admin/builder/spi-builder-workspace/Sources/SwiftKeys/KeyCommand/KeyCommand.swift:6:8: note: Also imported here
import Carbon.HIToolbox
^ (in target 'SwiftKeys' from project 'SwiftKeys')
/Users/admin/builder/spi-builder-workspace/Sources/SwiftKeys/KeyCommand/KeyCommandProxy.swift:6:8: note: Also imported here
import Carbon.HIToolbox
^ (in target 'SwiftKeys' from project 'SwiftKeys')
/Users/admin/builder/spi-builder-workspace/Sources/SwiftKeys/KeyCommand/Modifier.swift:6:8: note: Also imported here
import Carbon.HIToolbox
^ (in target 'SwiftKeys' from project 'SwiftKeys')
/Users/admin/builder/spi-builder-workspace/Sources/SwiftKeys/KeyCommand/KeyCommand.swift:7:8: note: A dependency of main module 'SwiftKeys'
import Cocoa
^ (in target 'SwiftKeys' from project 'SwiftKeys')
/Users/admin/builder/spi-builder-workspace/Sources/SwiftKeys/KeyCommand/Modifier.swift:7:8: note: Also imported here
import Cocoa
^ (in target 'SwiftKeys' from project 'SwiftKeys')
/Users/admin/builder/spi-builder-workspace/Sources/SwiftKeys/Utilities/Utilities.swift:6:8: note: Also imported here
import Cocoa
^ (in target 'SwiftKeys' from project 'SwiftKeys')
/Users/admin/builder/spi-builder-workspace/Sources/SwiftKeys/KeyRecorder/BezelStyle.swift:6:8: note: A dependency of main module 'SwiftKeys'
import AppKit
^ (in target 'SwiftKeys' from project 'SwiftKeys')
/Users/admin/builder/spi-builder-workspace/Sources/SwiftKeys/KeyRecorder/KeyRecorder.swift:6:8: note: Also imported here
import AppKit
^ (in target 'SwiftKeys' from project 'SwiftKeys')
/Users/admin/builder/spi-builder-workspace/Sources/SwiftKeys/Utilities/NSMenuItem+extensions.swift:6:8: note: Also imported here
import AppKit
^ (in target 'SwiftKeys' from project 'SwiftKeys')
PruneExplicitPrecompiledModules /Users/admin/builder/spi-builder-workspace/.derivedData/SDKExplicitPrecompiledModules
PruneExplicitPrecompiledModules /Users/admin/builder/spi-builder-workspace/.derivedData/Build/Intermediates.noindex/SwiftExplicitPrecompiledModules
PruneExplicitPrecompiledModules /Users/admin/builder/spi-builder-workspace/.derivedData/Build/Intermediates.noindex/ExplicitPrecompiledModules
2026-09-19 07:48:08.512 xcodebuild[675:4478] [MT] IDERunDestination: Supported platforms for the buildables in the current scheme is empty.
** BUILD FAILED **
The following build commands failed:
SwiftDriver SwiftKeys normal arm64 com.apple.xcode.tools.swift.compiler (in target 'SwiftKeys' from project 'SwiftKeys')
Building workspace SwiftKeys with scheme SwiftKeys
(2 failures)
BUILD FAILURE 6.4 tvOS