Build Information
Failed to build ParserCombinator, reference 0.1.6 (320428), with Swift 6.4 for macOS (Xcode) using Xcode 27.0 on 16 Sep 2026 13:17:13 UTC.
Build Command
env DEVELOPER_DIR=/Applications/Xcode-27.0.0-Release.Candidate.app xcrun xcodebuild -IDEClonedSourcePackagesDirPathOverride=$PWD/.dependencies -skipMacroValidation -skipPackagePluginValidation -derivedDataPath $PWD/.derivedData build -scheme ParserCombinator -destination platform=macOS,arch=arm64Build Log
========================================
RunAll
========================================
Builder version: 5.1.0
Interrupt handler set up.
========================================
Checkout
========================================
Clone URL: https://github.com/stiivi/parsercombinator.git
Reference: 0.1.6
Initialized empty Git repository in /Users/admin/builder/spi-builder-workspace/.git/
From https://github.com/stiivi/parsercombinator
* tag 0.1.6 -> FETCH_HEAD
HEAD is now at 3204281 Minor naming change and removal of self references.
Cloned https://github.com/stiivi/parsercombinator.git
Revision (git rev-parse @):
3204281df7ae77cd0723128fa146a467524fc8c9
SUCCESS checkout https://github.com/stiivi/parsercombinator.git at 0.1.6
========================================
Build
========================================
Selected platform: macosXcodebuild
Swift version: 6.4
Building package at path: $PWD
https://github.com/stiivi/parsercombinator.git
Command line invocation:
/Applications/Xcode-27.0.0-Release.Candidate.app/Contents/Developer/usr/bin/xcodebuild -IDEClonedSourcePackagesDirPathOverride=/Users/admin/builder/spi-builder-workspace/.dependencies -resolvePackageDependencies
resolved source packages:
{
"dependencies" : [
],
"manifest_display_name" : "ParserCombinator",
"name" : "ParserCombinator",
"path" : "/Users/admin/builder/spi-builder-workspace",
"platforms" : [
],
"products" : [
{
"name" : "ParserCombinator",
"targets" : [
"ParserCombinator"
],
"type" : {
"library" : [
"automatic"
]
}
}
],
"targets" : [
{
"c99name" : "ParserCombinatorTests",
"module_type" : "SwiftTarget",
"name" : "ParserCombinatorTests",
"path" : "Tests/ParserCombinatorTests",
"sources" : [
"ParserCombinatorTests.swift"
],
"target_dependencies" : [
"ParserCombinator"
],
"type" : "test"
},
{
"c99name" : "ParserCombinator",
"module_type" : "SwiftTarget",
"name" : "ParserCombinator",
"path" : "Sources/ParserCombinator",
"product_memberships" : [
"ParserCombinator"
],
"sources" : [
"Combinators.swift",
"Empty.swift",
"Functions.swift",
"Operators+Convenience.swift",
"Parser.swift",
"Recognizers.swift",
"Stream.swift"
],
"type" : "library"
}
],
"tools_version" : "4.0"
}
{
"project" : {
"configurations" : [
"Debug",
"Release"
],
"name" : "ParserCombinator",
"schemes" : [
"ParserCombinator"
],
"targets" : [
"ParserCombinator",
"ParserCombinatorTests"
]
}
}
Running build ...
env DEVELOPER_DIR=/Applications/Xcode-27.0.0-Release.Candidate.app xcrun xcodebuild -IDEClonedSourcePackagesDirPathOverride=$PWD/.dependencies -skipMacroValidation -skipPackagePluginValidation -derivedDataPath $PWD/.derivedData build -scheme ParserCombinator -destination platform=macOS,arch=arm64
Command line invocation:
/Applications/Xcode-27.0.0-Release.Candidate.app/Contents/Developer/usr/bin/xcodebuild -IDEClonedSourcePackagesDirPathOverride=/Users/admin/builder/spi-builder-workspace/.dependencies -skipMacroValidation -skipPackagePluginValidation -derivedDataPath /Users/admin/builder/spi-builder-workspace/.derivedData build -scheme ParserCombinator -destination platform=macOS,arch=arm64
ComputePackagePrebuildTargetDependencyGraph
Prepare packages
CreateBuildRequest
SendProjectDescription
CreateBuildOperation
ComputeTargetDependencyGraph
note: Building targets in dependency order
note: Target dependency graph (1 target)
Target 'ParserCombinator' in project 'ParserCombinator' (no dependencies)
GatherProvisioningInputs
CreateBuildDescription
ExecuteExternalTool /Applications/Xcode-27.0.0-Release.Candidate.app/Contents/Developer/Toolchains/XcodeDefault.xctoolchain/usr/bin/clang -v -E -dM -isysroot /Applications/Xcode-27.0.0-Release.Candidate.app/Contents/Developer/Platforms/MacOSX.platform/Developer/SDKs/MacOSX27.0.sdk -x c -c /dev/null
ExecuteExternalTool /Applications/Xcode-27.0.0-Release.Candidate.app/Contents/Developer/Toolchains/XcodeDefault.xctoolchain/usr/bin/clang -v -E -dM -arch arm64 -isysroot /Applications/Xcode-27.0.0-Release.Candidate.app/Contents/Developer/Platforms/MacOSX.platform/Developer/SDKs/MacOSX27.0.sdk -x c -c /dev/null
ExecuteExternalTool /Applications/Xcode-27.0.0-Release.Candidate.app/Contents/Developer/Toolchains/XcodeDefault.xctoolchain/usr/bin/swiftc --version
ExecuteExternalTool /Applications/Xcode-27.0.0-Release.Candidate.app/Contents/Developer/Toolchains/XcodeDefault.xctoolchain/usr/bin/ld -version_details
Build description signature: a4175d60320b29547f7dbeedaee1ffd8
Build description path: /Users/admin/builder/spi-builder-workspace/.derivedData/Build/Intermediates.noindex/XCBuildData/a4175d60320b29547f7dbeedaee1ffd8.xcbuilddata
/Users/admin/builder/spi-builder-workspace/ParserCombinator.xcodeproj: error: The macOS deployment target 'MACOSX_DEPLOYMENT_TARGET' is set to 10.11, but the range of supported deployment target versions is 12.0 to 27.0.x. (in target 'ParserCombinator' from project 'ParserCombinator')
error: SWIFT_VERSION '' is unsupported, supported versions are: 4.0, 4.2, 5.0, 6.0. (in target 'ParserCombinator' from project 'ParserCombinator')
2026-09-16 09:17:09.081 xcodebuild[615:3834] [MT] IDERunDestination: Supported platforms for the buildables in the current scheme is empty.
** BUILD FAILED **
The following build commands failed:
Building project ParserCombinator with scheme ParserCombinator
(1 failure)
Command line invocation:
/Applications/Xcode-27.0.0-Release.Candidate.app/Contents/Developer/usr/bin/xcodebuild -IDEClonedSourcePackagesDirPathOverride=/Users/admin/builder/spi-builder-workspace/.dependencies -resolvePackageDependencies
resolved source packages:
{
"dependencies" : [
],
"manifest_display_name" : "ParserCombinator",
"name" : "ParserCombinator",
"path" : "/Users/admin/builder/spi-builder-workspace",
"platforms" : [
],
"products" : [
{
"name" : "ParserCombinator",
"targets" : [
"ParserCombinator"
],
"type" : {
"library" : [
"automatic"
]
}
}
],
"targets" : [
{
"c99name" : "ParserCombinatorTests",
"module_type" : "SwiftTarget",
"name" : "ParserCombinatorTests",
"path" : "Tests/ParserCombinatorTests",
"sources" : [
"ParserCombinatorTests.swift"
],
"target_dependencies" : [
"ParserCombinator"
],
"type" : "test"
},
{
"c99name" : "ParserCombinator",
"module_type" : "SwiftTarget",
"name" : "ParserCombinator",
"path" : "Sources/ParserCombinator",
"product_memberships" : [
"ParserCombinator"
],
"sources" : [
"Combinators.swift",
"Empty.swift",
"Functions.swift",
"Operators+Convenience.swift",
"Parser.swift",
"Recognizers.swift",
"Stream.swift"
],
"type" : "library"
}
],
"tools_version" : "4.0"
}
{
"project" : {
"configurations" : [
"Debug",
"Release"
],
"name" : "ParserCombinator",
"schemes" : [
"ParserCombinator"
],
"targets" : [
"ParserCombinator",
"ParserCombinatorTests"
]
}
}
Running build ...
env DEVELOPER_DIR=/Applications/Xcode-27.0.0-Release.Candidate.app xcrun xcodebuild -IDEClonedSourcePackagesDirPathOverride=$PWD/.dependencies -skipMacroValidation -skipPackagePluginValidation -derivedDataPath $PWD/.derivedData build -scheme ParserCombinator -destination platform=macOS,arch=arm64
Command line invocation:
/Applications/Xcode-27.0.0-Release.Candidate.app/Contents/Developer/usr/bin/xcodebuild -IDEClonedSourcePackagesDirPathOverride=/Users/admin/builder/spi-builder-workspace/.dependencies -skipMacroValidation -skipPackagePluginValidation -derivedDataPath /Users/admin/builder/spi-builder-workspace/.derivedData build -scheme ParserCombinator -destination platform=macOS,arch=arm64
ComputePackagePrebuildTargetDependencyGraph
Prepare packages
CreateBuildRequest
SendProjectDescription
CreateBuildOperation
ComputeTargetDependencyGraph
note: Building targets in dependency order
note: Target dependency graph (1 target)
Target 'ParserCombinator' in project 'ParserCombinator' (no dependencies)
GatherProvisioningInputs
CreateBuildDescription
error: SWIFT_VERSION '' is unsupported, supported versions are: 4.0, 4.2, 5.0, 6.0. (in target 'ParserCombinator' from project 'ParserCombinator')
/Users/admin/builder/spi-builder-workspace/ParserCombinator.xcodeproj: error: The macOS deployment target 'MACOSX_DEPLOYMENT_TARGET' is set to 10.11, but the range of supported deployment target versions is 12.0 to 27.0.x. (in target 'ParserCombinator' from project 'ParserCombinator')
2026-09-16 09:17:13.543 xcodebuild[633:3991] [MT] IDERunDestination: Supported platforms for the buildables in the current scheme is empty.
** BUILD FAILED **
The following build commands failed:
Building project ParserCombinator with scheme ParserCombinator
(1 failure)
BUILD FAILURE 6.4 macosXcodebuild