Build Information
Failed to build cloud-sdk-ios, reference main (95b3e6), with Swift 6.3 for macOS (Xcode) using Xcode 26.4 on 10 Oct 2026 12:25:19 UTC.
Build Command
No build command. This typically means the build failed at an early stage where we determine the build command.Build Log
========================================
RunAll
========================================
Builder version: 5.1.1
Interrupt handler set up.
========================================
Checkout
========================================
Clone URL: https://github.com/SAP/cloud-sdk-ios.git
Reference: main
Initialized empty Git repository in /Users/admin/builder/spi-builder-workspace/.git/
From https://github.com/SAP/cloud-sdk-ios
* branch main -> FETCH_HEAD
* [new branch] main -> origin/main
HEAD is now at 95b3e63 [update] version 25.8.9 #193
Cloned https://github.com/SAP/cloud-sdk-ios.git
Revision (git rev-parse @):
95b3e63bafb4fa08e940f4f91a20e750d1ef1936
SPI manifest file found: $PWD/.spi.yml
SUCCESS checkout https://github.com/SAP/cloud-sdk-ios.git at main
========================================
Build
========================================
Selected platform: macosXcodebuild
Swift version: 6.3
Building package at path: $PWD
https://github.com/SAP/cloud-sdk-ios.git
Command line invocation:
/Applications/Xcode-26.5.0.app/Contents/Developer/usr/bin/xcodebuild -IDEClonedSourcePackagesDirPathOverride=/Users/admin/builder/spi-builder-workspace/.dependencies -resolvePackageDependencies
Resolve Package Graph
failed downloading 'https://rbsc.repositories.cloud.sap/nexus3/repository/maven73555000100900007915/ios/SAPFoundation/25.8.9/SAPFoundation-25.8.9-Release.xcframework.zip' which is required by binary target 'SAPFoundation': badResponseStatusCode(401)failed downloading 'https://rbsc.repositories.cloud.sap/nexus3/repository/maven73555000100900007915/ios/SAPML/25.8.9/SAPML-25.8.9-Release.xcframework.zip' which is required by binary target 'SAPML': badResponseStatusCode(401)failed downloading 'https://rbsc.repositories.cloud.sap/nexus3/repository/maven73555000100900007915/ios/SAPCommon/25.8.9/SAPCommon-25.8.9-Release.xcframework.zip' which is required by binary target 'SAPCommon': badResponseStatusCode(401)failed downloading 'https://rbsc.repositories.cloud.sap/nexus3/repository/maven73555000100900007915/ios/SAPFioriFlows/25.8.9/SAPFioriFlows-25.8.9-Release.xcframework.zip' which is required by binary target 'SAPFioriFlows': badResponseStatusCode(401)failed downloading 'https://rbsc.repositories.cloud.sap/nexus3/repository/maven73555000100900007915/ios/SAPFiori/25.8.9/SAPFiori-25.8.9-Release.xcframework.zip' which is required by binary target 'SAPFiori': badResponseStatusCode(401)failed downloading 'https://rbsc.repositories.cloud.sap/nexus3/repository/maven73555000100900007915/ios/SAPOfflineOData/25.8.9/SAPOfflineOData-25.8.9-Release.xcframework.zip' which is required by binary target 'SAPOfflineOData': badResponseStatusCode(401)failed downloading 'https://rbsc.repositories.cloud.sap/nexus3/repository/maven73555000100900007915/ios/SAPOData/25.8.9/SAPOData-25.8.9-Release.xcframework.zip' which is required by binary target 'SAPOData': badResponseStatusCode(401)fatalError
Resolve Package Graph
failed downloading 'https://rbsc.repositories.cloud.sap/nexus3/repository/maven73555000100900007915/ios/SAPCommon/25.8.9/SAPCommon-25.8.9-Release.xcframework.zip' which is required by binary target 'SAPCommon': badResponseStatusCode(401)failed downloading 'https://rbsc.repositories.cloud.sap/nexus3/repository/maven73555000100900007915/ios/SAPFiori/25.8.9/SAPFiori-25.8.9-Release.xcframework.zip' which is required by binary target 'SAPFiori': badResponseStatusCode(401)failed downloading 'https://rbsc.repositories.cloud.sap/nexus3/repository/maven73555000100900007915/ios/SAPOData/25.8.9/SAPOData-25.8.9-Release.xcframework.zip' which is required by binary target 'SAPOData': badResponseStatusCode(401)failed downloading 'https://rbsc.repositories.cloud.sap/nexus3/repository/maven73555000100900007915/ios/SAPFioriFlows/25.8.9/SAPFioriFlows-25.8.9-Release.xcframework.zip' which is required by binary target 'SAPFioriFlows': badResponseStatusCode(401)failed downloading 'https://rbsc.repositories.cloud.sap/nexus3/repository/maven73555000100900007915/ios/SAPOfflineOData/25.8.9/SAPOfflineOData-25.8.9-Release.xcframework.zip' which is required by binary target 'SAPOfflineOData': badResponseStatusCode(401)failed downloading 'https://rbsc.repositories.cloud.sap/nexus3/repository/maven73555000100900007915/ios/SAPFoundation/25.8.9/SAPFoundation-25.8.9-Release.xcframework.zip' which is required by binary target 'SAPFoundation': badResponseStatusCode(401)failed downloading 'https://rbsc.repositories.cloud.sap/nexus3/repository/maven73555000100900007915/ios/SAPML/25.8.9/SAPML-25.8.9-Release.xcframework.zip' which is required by binary target 'SAPML': badResponseStatusCode(401)fatalError
Resolved source packages:
spi-builder-workspace: (null)
2026-10-10 08:25:18.076 xcodebuild[541:3112] Writing error result bundle to /var/folders/xq/y_g06wb113726d38xsyx71_h0000gn/T/ResultBundle_2026-10-10_08-25-0018.xcresult
xcodebuild: error: Could not resolve package dependencies:
failed downloading 'https://rbsc.repositories.cloud.sap/nexus3/repository/maven73555000100900007915/ios/SAPCommon/25.8.9/SAPCommon-25.8.9-Release.xcframework.zip' which is required by binary target 'SAPCommon': badResponseStatusCode(401)
failed downloading 'https://rbsc.repositories.cloud.sap/nexus3/repository/maven73555000100900007915/ios/SAPFiori/25.8.9/SAPFiori-25.8.9-Release.xcframework.zip' which is required by binary target 'SAPFiori': badResponseStatusCode(401)
failed downloading 'https://rbsc.repositories.cloud.sap/nexus3/repository/maven73555000100900007915/ios/SAPOData/25.8.9/SAPOData-25.8.9-Release.xcframework.zip' which is required by binary target 'SAPOData': badResponseStatusCode(401)
failed downloading 'https://rbsc.repositories.cloud.sap/nexus3/repository/maven73555000100900007915/ios/SAPFioriFlows/25.8.9/SAPFioriFlows-25.8.9-Release.xcframework.zip' which is required by binary target 'SAPFioriFlows': badResponseStatusCode(401)
failed downloading 'https://rbsc.repositories.cloud.sap/nexus3/repository/maven73555000100900007915/ios/SAPOfflineOData/25.8.9/SAPOfflineOData-25.8.9-Release.xcframework.zip' which is required by binary target 'SAPOfflineOData': badResponseStatusCode(401)
failed downloading 'https://rbsc.repositories.cloud.sap/nexus3/repository/maven73555000100900007915/ios/SAPFoundation/25.8.9/SAPFoundation-25.8.9-Release.xcframework.zip' which is required by binary target 'SAPFoundation': badResponseStatusCode(401)
failed downloading 'https://rbsc.repositories.cloud.sap/nexus3/repository/maven73555000100900007915/ios/SAPML/25.8.9/SAPML-25.8.9-Release.xcframework.zip' which is required by binary target 'SAPML': badResponseStatusCode(401)
fatalError
Command line invocation:
/Applications/Xcode-26.5.0.app/Contents/Developer/usr/bin/xcodebuild -IDEClonedSourcePackagesDirPathOverride=/Users/admin/builder/spi-builder-workspace/.dependencies -resolvePackageDependencies
Resolve Package Graph
failed downloading 'https://rbsc.repositories.cloud.sap/nexus3/repository/maven73555000100900007915/ios/SAPML/25.8.9/SAPML-25.8.9-Release.xcframework.zip' which is required by binary target 'SAPML': badResponseStatusCode(401)failed downloading 'https://rbsc.repositories.cloud.sap/nexus3/repository/maven73555000100900007915/ios/SAPOData/25.8.9/SAPOData-25.8.9-Release.xcframework.zip' which is required by binary target 'SAPOData': badResponseStatusCode(401)failed downloading 'https://rbsc.repositories.cloud.sap/nexus3/repository/maven73555000100900007915/ios/SAPFoundation/25.8.9/SAPFoundation-25.8.9-Release.xcframework.zip' which is required by binary target 'SAPFoundation': badResponseStatusCode(401)failed downloading 'https://rbsc.repositories.cloud.sap/nexus3/repository/maven73555000100900007915/ios/SAPCommon/25.8.9/SAPCommon-25.8.9-Release.xcframework.zip' which is required by binary target 'SAPCommon': badResponseStatusCode(401)failed downloading 'https://rbsc.repositories.cloud.sap/nexus3/repository/maven73555000100900007915/ios/SAPFioriFlows/25.8.9/SAPFioriFlows-25.8.9-Release.xcframework.zip' which is required by binary target 'SAPFioriFlows': badResponseStatusCode(401)failed downloading 'https://rbsc.repositories.cloud.sap/nexus3/repository/maven73555000100900007915/ios/SAPFiori/25.8.9/SAPFiori-25.8.9-Release.xcframework.zip' which is required by binary target 'SAPFiori': badResponseStatusCode(401)failed downloading 'https://rbsc.repositories.cloud.sap/nexus3/repository/maven73555000100900007915/ios/SAPOfflineOData/25.8.9/SAPOfflineOData-25.8.9-Release.xcframework.zip' which is required by binary target 'SAPOfflineOData': badResponseStatusCode(401)fatalError
Resolved source packages:
spi-builder-workspace: (null)
2026-10-10 08:25:19.787 xcodebuild[619:3818] Writing error result bundle to /var/folders/xq/y_g06wb113726d38xsyx71_h0000gn/T/ResultBundle_2026-10-10_08-25-0019.xcresult
xcodebuild: error: Could not resolve package dependencies:
failed downloading 'https://rbsc.repositories.cloud.sap/nexus3/repository/maven73555000100900007915/ios/SAPML/25.8.9/SAPML-25.8.9-Release.xcframework.zip' which is required by binary target 'SAPML': badResponseStatusCode(401)
failed downloading 'https://rbsc.repositories.cloud.sap/nexus3/repository/maven73555000100900007915/ios/SAPOData/25.8.9/SAPOData-25.8.9-Release.xcframework.zip' which is required by binary target 'SAPOData': badResponseStatusCode(401)
failed downloading 'https://rbsc.repositories.cloud.sap/nexus3/repository/maven73555000100900007915/ios/SAPFoundation/25.8.9/SAPFoundation-25.8.9-Release.xcframework.zip' which is required by binary target 'SAPFoundation': badResponseStatusCode(401)
failed downloading 'https://rbsc.repositories.cloud.sap/nexus3/repository/maven73555000100900007915/ios/SAPCommon/25.8.9/SAPCommon-25.8.9-Release.xcframework.zip' which is required by binary target 'SAPCommon': badResponseStatusCode(401)
failed downloading 'https://rbsc.repositories.cloud.sap/nexus3/repository/maven73555000100900007915/ios/SAPFioriFlows/25.8.9/SAPFioriFlows-25.8.9-Release.xcframework.zip' which is required by binary target 'SAPFioriFlows': badResponseStatusCode(401)
failed downloading 'https://rbsc.repositories.cloud.sap/nexus3/repository/maven73555000100900007915/ios/SAPFiori/25.8.9/SAPFiori-25.8.9-Release.xcframework.zip' which is required by binary target 'SAPFiori': badResponseStatusCode(401)
failed downloading 'https://rbsc.repositories.cloud.sap/nexus3/repository/maven73555000100900007915/ios/SAPOfflineOData/25.8.9/SAPOfflineOData-25.8.9-Release.xcframework.zip' which is required by binary target 'SAPOfflineOData': badResponseStatusCode(401)
fatalError
BUILD FAILURE 6.3 macosXcodebuild