The Swift Package Index logo.Swift Package Index

Build Information

Failed to build REPL, reference master (90d95e), with Swift 6.4 for Linux on 18 Sep 2026 18:28:49 UTC.

Build Command

bash -c docker run --pull=always --rm -v "checkouts-54344847-0":/host -w "$PWD" -e JAVA_HOME="/root/.sdkman/candidates/java/current" -e SPI_BUILD="1" -e SPI_PROCESSING="1" registry.gitlab.com/saguaro1/spi-images:basic-6.4-latest swift build --triple x86_64-unknown-linux-gnu 2>&1

Build Log

========================================
RunAll
========================================
Builder version: 5.1.0
Interrupt handler set up.
========================================
Checkout
========================================
Clone URL: https://github.com/Samasaur1/REPL.git
Reference: master
Initialized empty Git repository in /host/spi-builder-workspace/.git/
hint: Using 'master' as the name for the initial branch. This default branch name
hint: is subject to change. To configure the initial branch name to use in all
hint: of your new repositories, which will suppress this warning, call:
hint:
hint: 	git config --global init.defaultBranch <name>
hint:
hint: Names commonly chosen instead of 'master' are 'main', 'trunk' and
hint: 'development'. The just-created branch can be renamed via this command:
hint:
hint: 	git branch -m <name>
From https://github.com/Samasaur1/REPL
 * branch            master     -> FETCH_HEAD
 * [new branch]      master     -> origin/master
HEAD is now at 90d95e4 Support command aliases
Cloned https://github.com/Samasaur1/REPL.git
Revision (git rev-parse @):
90d95e4b116bb8de356c015025af26c95e569e9a
SUCCESS checkout https://github.com/Samasaur1/REPL.git at master
========================================
Build
========================================
Selected platform:         linux
Swift version:             6.4
Building package at path:  $PWD
https://github.com/Samasaur1/REPL.git
Running build ...
bash -c docker run --pull=always --rm -v "checkouts-54344847-0":/host -w "$PWD" -e JAVA_HOME="/root/.sdkman/candidates/java/current" -e SPI_BUILD="1" -e SPI_PROCESSING="1" registry.gitlab.com/saguaro1/spi-images:basic-6.4-latest swift build --triple x86_64-unknown-linux-gnu 2>&1
basic-6.4-latest: Pulling from saguaro1/spi-images
Digest: sha256:c77fcce225e223ac0fafed844619173fc6de8d62dd560eeb28db3182af6a282b
Status: Image is up to date for registry.gitlab.com/saguaro1/spi-images:basic-6.4-latest
Building for debugging...
[Planning deferred tasks]
error: SwiftCompile normal x86_64 failed with a nonzero exit code. Command line:     cd /host

/host/spi-builder-workspace/Sources/REPL/main.swift:16:31: error: cannot convert value of type 'UnsafeMutablePointer<posix_spawn_file_actions_t?>' to expected argument type 'UnsafeMutablePointer<posix_spawn_file_actions_t>'
 14 | //   (via `bash -i -c 'echo "$PS1"'`)
 15 | var action: posix_spawn_file_actions_t? = nil
 16 | posix_spawn_file_actions_init(&action);
    |                               |- error: cannot convert value of type 'UnsafeMutablePointer<posix_spawn_file_actions_t?>' to expected argument type 'UnsafeMutablePointer<posix_spawn_file_actions_t>'
    |                               `- note: arguments to generic parameter 'Pointee' ('posix_spawn_file_actions_t?' and 'posix_spawn_file_actions_t') are expected to be equal
 17 | defer { posix_spawn_file_actions_destroy(&action) }
 18 | let m: mode_t = S_IRWXU | S_IRWXG | S_IRWXO
/host/spi-builder-workspace/Sources/REPL/main.swift:19:34: error: cannot convert value of type 'UnsafeMutablePointer<posix_spawn_file_actions_t?>' to expected argument type 'UnsafeMutablePointer<posix_spawn_file_actions_t>'
 17 | defer { posix_spawn_file_actions_destroy(&action) }
 18 | let m: mode_t = S_IRWXU | S_IRWXG | S_IRWXO
 19 | posix_spawn_file_actions_addopen(&action, 1, "/tmp/ps1", (O_WRONLY | O_CREAT | O_TRUNC), m)
    |                                  |- error: cannot convert value of type 'UnsafeMutablePointer<posix_spawn_file_actions_t?>' to expected argument type 'UnsafeMutablePointer<posix_spawn_file_actions_t>'
    |                                  `- note: arguments to generic parameter 'Pointee' ('posix_spawn_file_actions_t?' and 'posix_spawn_file_actions_t') are expected to be equal
 20 | //posix_spawn_file_actions_adddup2(&action, 1, 2)
 21 |
/host/spi-builder-workspace/Sources/REPL/main.swift:27:39: error: cannot convert value of type 'UnsafePointer<posix_spawn_file_actions_t?>' to expected argument type 'UnsafePointer<posix_spawn_file_actions_t>'
 25 |
 26 | var pid = pid_t()
 27 | let rv = posix_spawn(&pid, c_args[0], &action, nil, c_args + [nil], environ)
    |                                       |- error: cannot convert value of type 'UnsafePointer<posix_spawn_file_actions_t?>' to expected argument type 'UnsafePointer<posix_spawn_file_actions_t>'
    |                                       `- note: arguments to generic parameter 'Pointee' ('posix_spawn_file_actions_t?' and 'posix_spawn_file_actions_t') are expected to be equal
 28 | guard rv == 0 else {
 29 |   // Should get errno
/host/spi-builder-workspace/Sources/REPL/main.swift:204:83: error: missing argument for parameter 'c_line' in call
202 | let c: cc_t = 0
203 | let cct = (c, c, c, c, c, c, c, c, c, c, c, c, c, c, c, c, c, c, c, c) // Set of 20 Special Characters
204 | var originalTerm: termios = termios(c_iflag: 0, c_oflag: 0, c_cflag: 0, c_lflag: 0, c_cc: cct, c_ispeed: 0, c_ospeed: 0)
    |                                                                                   `- error: missing argument for parameter 'c_line' in call
205 | tcgetattr(STDIN_FILENO, &originalTerm) //this gets the current settings
206 | var term = originalTerm
/usr/include/x86_64-linux-gnu/bits/termios-struct.h:24:8: note: 'init(c_iflag:c_oflag:c_cflag:c_lflag:c_line:c_cc:c_ispeed:c_ospeed:)' declared here
22 |
23 | #define NCCS 32
24 | struct termios
   |        `- note: 'init(c_iflag:c_oflag:c_cflag:c_lflag:c_line:c_cc:c_ispeed:c_ospeed:)' declared here
25 |   {
26 |     tcflag_t c_iflag;		/* input mode flags */
/host/spi-builder-workspace/Sources/REPL/main.swift:204:91: error: cannot convert value of type '(cc_t /* ... repeated 20 times ... */)' (aka '(UInt8 /* ... repeated 20 times ... */)') to expected argument type '(cc_t /* ... repeated 32 times ... */)' (aka '(UInt8 /* ... repeated 32 times ... */)')
202 | let c: cc_t = 0
203 | let cct = (c, c, c, c, c, c, c, c, c, c, c, c, c, c, c, c, c, c, c, c) // Set of 20 Special Characters
204 | var originalTerm: termios = termios(c_iflag: 0, c_oflag: 0, c_cflag: 0, c_lflag: 0, c_cc: cct, c_ispeed: 0, c_ospeed: 0)
    |                                                                                           `- error: cannot convert value of type '(cc_t /* ... repeated 20 times ... */)' (aka '(UInt8 /* ... repeated 20 times ... */)') to expected argument type '(cc_t /* ... repeated 32 times ... */)' (aka '(UInt8 /* ... repeated 32 times ... */)')
205 | tcgetattr(STDIN_FILENO, &originalTerm) //this gets the current settings
206 | var term = originalTerm
/host/spi-builder-workspace/Sources/REPL/main.swift:207:24: error: cannot find 'Darwin' in scope
205 | tcgetattr(STDIN_FILENO, &originalTerm) //this gets the current settings
206 | var term = originalTerm
207 | term.c_lflag &= ~(UInt(Darwin.ECHO) | UInt(Darwin.ICANON)) //turn off ECHO and ICANON
    |                        `- error: cannot find 'Darwin' in scope
208 | tcsetattr(STDIN_FILENO, TCSANOW, &term) //set these new settings
209 |
/host/spi-builder-workspace/Sources/REPL/main.swift:207:44: error: cannot find 'Darwin' in scope
205 | tcgetattr(STDIN_FILENO, &originalTerm) //this gets the current settings
206 | var term = originalTerm
207 | term.c_lflag &= ~(UInt(Darwin.ECHO) | UInt(Darwin.ICANON)) //turn off ECHO and ICANON
    |                                            `- error: cannot find 'Darwin' in scope
208 | tcsetattr(STDIN_FILENO, TCSANOW, &term) //set these new settings
209 |
/host/spi-builder-workspace/Sources/REPL/main.swift:207:17: error: cannot convert value of type 'UInt' to expected argument type 'UInt32'
205 | tcgetattr(STDIN_FILENO, &originalTerm) //this gets the current settings
206 | var term = originalTerm
207 | term.c_lflag &= ~(UInt(Darwin.ECHO) | UInt(Darwin.ICANON)) //turn off ECHO and ICANON
    |                 `- error: cannot convert value of type 'UInt' to expected argument type 'UInt32'
208 | tcsetattr(STDIN_FILENO, TCSANOW, &term) //set these new settings
209 |
Failed frontend command:
/usr/bin/swift-frontend -frontend -emit-module -experimental-skip-non-inlinable-function-bodies-without-types /host/spi-builder-workspace/Sources/REPL/main.swift -target x86_64-unknown-linux-gnu -disable-objc-interop -I /host/spi-builder-workspace/.build/out/Products/Debug-linux-x86_64 -module-cache-path /host/spi-builder-workspace/.build/out/ModuleCache.noindex -color-diagnostics -Xcc -fcolor-diagnostics -enable-testing -g -debug-info-format\=dwarf -dwarf-version\=4 -swift-version 5 -Onone -D SWIFT_PACKAGE -D DEBUG -D Xcode -serialize-debugging-options -enable-experimental-feature DebugDescriptionMacro -empty-abi-descriptor -external-plugin-path /usr/lib/swift/host/plugins/testing\#/usr/bin/swift-plugin-server -validate-clang-modules-once -clang-build-session-file /host/spi-builder-workspace/.build/out/ModuleCache.noindex/Session.modulevalidation -Xcc -working-directory -Xcc /host -enable-anonymous-context-mangled-names -file-compilation-dir /host -Xcc -fno-omit-frame-pointer -Xcc -D_LIBCPP_HARDENING_MODE\=_LIBCPP_HARDENING_MODE_DEBUG -Xcc -fmodules-prune-interval\=86400 -Xcc -fmodules-prune-after\=345600 -Xcc -I/host/spi-builder-workspace/.build/out/Products/Debug-linux-x86_64/include -Xcc -I/host/spi-builder-workspace/.build/out/Intermediates.noindex/REPL.build/Debug-linux-x86_64/repl-p.build/DerivedSources-normal/x86_64 -Xcc -I/host/spi-builder-workspace/.build/out/Intermediates.noindex/REPL.build/Debug-linux-x86_64/repl-p.build/DerivedSources/x86_64 -Xcc -I/host/spi-builder-workspace/.build/out/Intermediates.noindex/REPL.build/Debug-linux-x86_64/repl-p.build/DerivedSources -Xcc -DSWIFT_PACKAGE -Xcc -DDEBUG\=1 -no-auto-bridging-header-chaining -module-name REPL -const-gather-protocols-file /host/spi-builder-workspace/.build/out/Intermediates.noindex/REPL.build/Debug-linux-x86_64/repl-p.build/Objects-normal/x86_64/repl_const_extract_protocols.json -in-process-plugin-server-path /usr/lib/swift/host/libSwiftInProcPluginServer.so -plugin-path /usr/lib/swift/host/plugins -plugin-path /usr/local/lib/swift/host/plugins -emit-module-doc-path /host/spi-builder-workspace/.build/out/Intermediates.noindex/REPL.build/Debug-linux-x86_64/repl-p.build/Objects-normal/x86_64/Modules/REPL.swiftdoc -emit-module-source-info-path /host/spi-builder-workspace/.build/out/Intermediates.noindex/REPL.build/Debug-linux-x86_64/repl-p.build/Objects-normal/x86_64/Modules/REPL.swiftsourceinfo -serialize-diagnostics-path /host/spi-builder-workspace/.build/out/Intermediates.noindex/REPL.build/Debug-linux-x86_64/repl-p.build/Objects-normal/x86_64/repl-primary-emit-module.dia -emit-dependencies-path /host/spi-builder-workspace/.build/out/Intermediates.noindex/REPL.build/Debug-linux-x86_64/repl-p.build/Objects-normal/x86_64/repl-primary-emit-module.d -o /host/spi-builder-workspace/.build/out/Intermediates.noindex/REPL.build/Debug-linux-x86_64/repl-p.build/Objects-normal/x86_64/Modules/REPL.swiftmodule
error: Build failed
BUILD FAILURE 6.4 linux