Build Information
Failed to build SwiftDelta, reference main (c2266a), with Swift 6.3 for macOS (SPM) on 13 Aug 2026 00:59:50 UTC.
Build Command
env DEVELOPER_DIR=/Applications/Xcode-26.4.0.app xcrun swift build --arch arm64Build Log
========================================
RunAll
========================================
Builder version: undefined version: run 'make version' to update
Interrupt handler set up.
========================================
Checkout
========================================
Clone URL: https://github.com/Jiaxu-Li/SwiftDelta.git
Reference: main
Initialized empty Git repository in /Users/admin/builder/spi-builder-workspace/.git/
From https://github.com/Jiaxu-Li/SwiftDelta
* branch main -> FETCH_HEAD
* [new branch] main -> origin/main
HEAD is now at c2266a1 build: lower Swift tools version to 6.3
Cloned https://github.com/Jiaxu-Li/SwiftDelta.git
Revision (git rev-parse @):
c2266a157fedb8cc29ae86b237f94d7ace460691
SUCCESS checkout https://github.com/Jiaxu-Li/SwiftDelta.git at main
Fetching https://github.com/swiftlang/swift-syntax.git
[1/76470] Fetching swift-syntax
Fetched https://github.com/swiftlang/swift-syntax.git from cache (4.91s)
Computing version for https://github.com/swiftlang/swift-syntax.git
Computed https://github.com/swiftlang/swift-syntax.git at 603.0.2 (7.90s)
Creating working copy for https://github.com/swiftlang/swift-syntax.git
Working copy of https://github.com/swiftlang/swift-syntax.git resolved at 603.0.2
========================================
ResolveProductDependencies
========================================
Resolving dependencies ...
{
"identity": ".resolve-product-dependencies",
"name": "resolve-dependencies",
"url": "/Users/admin/builder/spi-builder-workspace/.resolve-product-dependencies",
"version": "unspecified",
"path": "/Users/admin/builder/spi-builder-workspace/.resolve-product-dependencies",
"traits": [
"default"
],
"dependencies": [
{
"identity": "swiftdelta",
"name": "SwiftDelta",
"url": "https://github.com/Jiaxu-Li/SwiftDelta.git",
"version": "unspecified",
"path": "/Users/admin/builder/spi-builder-workspace/.resolve-product-dependencies/.build/checkouts/SwiftDelta",
"traits": [
"default"
],
"dependencies": [
{
"identity": "swift-syntax",
"name": "swift-syntax",
"url": "https://github.com/swiftlang/swift-syntax.git",
"version": "603.0.2",
"path": "/Users/admin/builder/spi-builder-workspace/.resolve-product-dependencies/.build/checkouts/swift-syntax",
"traits": [
"default"
],
"dependencies": [
]
}
]
}
]
}
Fetching https://github.com/Jiaxu-Li/SwiftDelta.git
[1/281] Fetching swiftdelta
Fetched https://github.com/Jiaxu-Li/SwiftDelta.git from cache (1.45s)
Fetching https://github.com/swiftlang/swift-syntax.git from cache
Fetched https://github.com/swiftlang/swift-syntax.git from cache (1.01s)
Computing version for https://github.com/swiftlang/swift-syntax.git
Computed https://github.com/swiftlang/swift-syntax.git at 603.0.2 (1.11s)
Creating working copy for https://github.com/Jiaxu-Li/SwiftDelta.git
Working copy of https://github.com/Jiaxu-Li/SwiftDelta.git resolved at main (c2266a1)
Creating working copy for https://github.com/swiftlang/swift-syntax.git
Working copy of https://github.com/swiftlang/swift-syntax.git resolved at 603.0.2
Found 1 product dependencies
- swift-syntax
========================================
Build
========================================
Selected platform: macosSpm
Swift version: 6.3
Building package at path: $PWD
https://github.com/Jiaxu-Li/SwiftDelta.git
Running build ...
env DEVELOPER_DIR=/Applications/Xcode-26.4.0.app xcrun swift build --arch arm64
Building for debugging...
[0/17] Write sources
[1/17] Write swiftdelta-entitlement.plist
[4/17] Write sources
[11/17] Write swift-version--6988338F2F200930.txt
[12/29] Compiling _SwiftSyntaxCShims PlatformMutex.c
[13/29] Compiling CDiagnosticReader CDiagnosticReader.c
[15/29] Compiling SwiftSyntax509 Empty.swift
[16/29] Emitting module SwiftSyntax509
[17/29] Compiling SwiftSyntax601 Empty.swift
[18/29] Emitting module SwiftSyntax601
[19/29] Compiling SwiftSyntax600 Empty.swift
[20/29] Emitting module SwiftSyntax600
[21/29] Compiling SwiftSyntax510 Empty.swift
[22/29] Emitting module SwiftSyntax510
[23/29] Compiling SwiftSyntax602 Empty.swift
[24/29] Emitting module SwiftSyntax602
[25/29] Emitting module SwiftSyntax603
[26/29] Compiling SwiftSyntax603 Empty.swift
[27/93] Compiling SwiftSyntax RawSyntaxLayoutView.swift
[28/93] Compiling SwiftSyntax RawSyntaxNodeProtocol.swift
[29/93] Compiling SwiftSyntax RawSyntaxTokenView.swift
[30/93] Compiling SwiftSyntax SourceEdit.swift
[31/93] Compiling SwiftSyntax SourceLength.swift
[32/93] Compiling SwiftSyntax SourceLocation.swift
[33/93] Compiling SwiftSyntax SourcePresence.swift
[34/100] Compiling SwiftSyntax SyntaxProtocol.swift
[35/100] Compiling SwiftSyntax SyntaxText.swift
[36/100] Compiling SwiftSyntax SyntaxTreeViewMode.swift
[37/100] Compiling SwiftSyntax TokenDiagnostic.swift
[38/100] Compiling SwiftSyntax TokenSequence.swift
[39/100] Compiling SwiftSyntax TokenSyntax.swift
[40/100] Compiling SwiftSyntax Trivia.swift
[41/100] Compiling SwiftSyntax SwiftSyntaxCompatibility.swift
[42/100] Compiling SwiftSyntax Syntax.swift
[43/100] Compiling SwiftSyntax SyntaxChildren.swift
[44/100] Compiling SwiftSyntax SyntaxCollection.swift
[45/100] Compiling SwiftSyntax SyntaxHashable.swift
[46/100] Compiling SwiftSyntax SyntaxIdentifier.swift
[47/100] Compiling SwiftSyntax SyntaxNodeStructure.swift
[48/100] Emitting module SwiftSyntax
[49/100] Compiling SwiftSyntax Tokens.swift
[50/100] Compiling SwiftSyntax TriviaPieces.swift
[51/100] Compiling SwiftSyntax RawSyntaxNodesAB.swift
[52/100] Compiling SwiftSyntax RawSyntaxNodesC.swift
[53/100] Compiling SwiftSyntax RawSyntaxNodesD.swift
[54/100] Compiling SwiftSyntax RawSyntaxNodesEF.swift
[55/100] Compiling SwiftSyntax RawSyntaxNodesGHI.swift
[56/100] Compiling SwiftSyntax AbsolutePosition.swift
[57/100] Compiling SwiftSyntax AbsoluteSyntaxInfo.swift
[58/100] Compiling SwiftSyntax ArenaAllocatedBuffer.swift
[59/100] Compiling SwiftSyntax Assert.swift
[60/100] Compiling SwiftSyntax BumpPtrAllocator.swift
[61/100] Compiling SwiftSyntax CommonAncestor.swift
[62/100] Compiling SwiftSyntax Convenience.swift
[63/100] Compiling SwiftSyntax SyntaxCollections.swift
[64/100] Compiling SwiftSyntax SyntaxEnum.swift
[65/100] Compiling SwiftSyntax SyntaxKind.swift
[66/100] Compiling SwiftSyntax SyntaxRewriter.swift
[67/100] Compiling SwiftSyntax SyntaxTraits.swift
[68/100] Compiling SwiftSyntax SyntaxVisitor.swift
[69/100] Compiling SwiftSyntax TokenKind.swift
[70/100] Compiling SwiftSyntax CustomTraits.swift
[71/100] Compiling SwiftSyntax EditorPlaceholder.swift
[72/100] Compiling SwiftSyntax Identifier.swift
[73/100] Compiling SwiftSyntax MemoryLayout.swift
[74/100] Compiling SwiftSyntax MissingNodeInitializers.swift
[75/100] Compiling SwiftSyntax RawSyntax.swift
[76/100] Compiling SwiftSyntax RawSyntaxArena.swift
[77/100] Compiling SwiftSyntax RawSyntaxNodesJKLMN.swift
[78/100] Compiling SwiftSyntax RawSyntaxNodesOP.swift
[79/100] Compiling SwiftSyntax RawSyntaxNodesQRS.swift
[80/100] Compiling SwiftSyntax RawSyntaxNodesTUVWXYZ.swift
[81/100] Compiling SwiftSyntax RawSyntaxValidation.swift
[82/100] Compiling SwiftSyntax SyntaxNodesAB.swift
[83/100] Compiling SwiftSyntax SyntaxNodesC.swift
[84/100] Compiling SwiftSyntax SyntaxNodesD.swift
[85/100] Compiling SwiftSyntax SyntaxNodesEF.swift
[86/100] Compiling SwiftSyntax SyntaxNodesGHI.swift
[87/100] Compiling SwiftSyntax SyntaxNodesJKLMN.swift
[88/100] Compiling SwiftSyntax SyntaxNodesOP.swift
[89/100] Compiling SwiftSyntax SyntaxNodesQRS.swift
[90/100] Compiling SwiftSyntax SyntaxNodesTUVWXYZ.swift
[91/100] Compiling SwiftSyntax Utils.swift
[92/100] Compiling SwiftSyntax ChildNameForKeyPath.swift
[93/100] Compiling SwiftSyntax Keyword.swift
[94/100] Compiling SwiftSyntax RenamedChildrenCompatibility.swift
[95/100] Compiling SwiftSyntax RenamedNodesCompatibility.swift
[96/100] Compiling SwiftSyntax SyntaxAnyVisitor.swift
[97/100] Compiling SwiftSyntax SyntaxBaseNodes.swift
[98/143] Compiling SwiftParser StringLiterals.swift
[99/143] Compiling SwiftParser SwiftParserCompatibility.swift
[100/143] Compiling SwiftParser SwiftVersion.swift
[101/143] Compiling SwiftParser SyntaxUtils.swift
[102/147] Compiling SwiftParser Attributes.swift
[103/147] Compiling SwiftParser Availability.swift
[104/147] Compiling SwiftParser CharacterInfo.swift
[105/147] Compiling SwiftParser CollectionNodes+Parsable.swift
[106/147] Compiling SwiftParser CompilerFiles.swift
[107/147] Compiling SwiftParser RegexLiteralLexer.swift
[108/147] Compiling SwiftParser UnicodeScalarExtensions.swift
[109/147] Compiling SwiftParser Lookahead.swift
[110/147] Compiling SwiftParser LoopProgressCondition.swift
[111/147] Compiling SwiftParser Modifiers.swift
[112/147] Compiling SwiftParser TokenConsumer.swift
[113/147] Compiling SwiftParser TokenPrecedence.swift
[114/147] Compiling SwiftParser TokenSpec.swift
[115/147] Compiling SwiftParser TokenSpecSet.swift
[116/147] Emitting module SwiftParser
[117/147] Compiling SwiftParser Patterns.swift
[118/147] Compiling SwiftParser Recovery.swift
[119/147] Compiling SwiftParser Specifiers.swift
[120/147] Compiling SwiftParser Statements.swift
[121/147] Compiling SwiftParser StringLiteralRepresentedLiteralValue.swift
[122/147] Compiling SwiftParser Names.swift
[123/147] Compiling SwiftParser Nominals.swift
[124/147] Compiling SwiftParser Parameters.swift
[125/147] Compiling SwiftParser ParseSourceFile.swift
[126/147] Compiling SwiftParser Parser.swift
[127/147] Compiling SwiftParser TopLevel.swift
[128/147] Compiling SwiftParser TriviaParser.swift
[129/147] Compiling SwiftParser Types.swift
[130/147] Compiling SwiftParser ExperimentalFeatures.swift
[131/147] Compiling SwiftParser IsValidIdentifier.swift
[132/147] Compiling SwiftParser Cursor.swift
[133/147] Compiling SwiftParser Lexeme.swift
[134/147] Compiling SwiftParser LexemeSequence.swift
[135/147] Compiling SwiftParser Lexer.swift
[136/147] Compiling SwiftParser Declarations.swift
[137/147] Compiling SwiftParser Directives.swift
[138/147] Compiling SwiftParser ExpressionInterpretedAsVersionTuple.swift
[139/147] Compiling SwiftParser Expressions.swift
[140/147] Compiling SwiftParser IncrementalParseTransition.swift
[141/147] Compiling SwiftParser IsLexerClassified.swift
[142/147] Compiling SwiftParser LayoutNodes+Parsable.swift
[143/147] Compiling SwiftParser Parser+TokenSpecSet.swift
[144/147] Compiling SwiftParser TokenSpecStaticMembers.swift
[145/227] Compiling SwiftDeltaCore SwiftPackageDependencyCacheSeeder.swift
/Users/admin/builder/spi-builder-workspace/Sources/SwiftDeltaCore/Build/XcodeInstallation.swift:251:51: error: generic parameter 'ElementOfResult' could not be inferred
249 | in output: String
250 | ) -> String? {
251 | output.split(whereSeparator: \.isNewline).compactMap { line in
| `- error: generic parameter 'ElementOfResult' could not be inferred
252 | let prefix = key + "="
253 | guard line.hasPrefix(prefix) else { return nil }
Swift.Sequence.compactMap:2:24: note: in call to function 'compactMap'
1 | protocol Sequence {
2 | @inlinable public func compactMap<ElementOfResult>(_ transform: (Self.Element) throws -> ElementOfResult?) rethrows -> [ElementOfResult]}
| `- note: in call to function 'compactMap'
3 |
[146/227] Compiling SwiftDeltaCore XcodeBuildSettingsProvider.swift
/Users/admin/builder/spi-builder-workspace/Sources/SwiftDeltaCore/Build/XcodeInstallation.swift:251:51: error: generic parameter 'ElementOfResult' could not be inferred
249 | in output: String
250 | ) -> String? {
251 | output.split(whereSeparator: \.isNewline).compactMap { line in
| `- error: generic parameter 'ElementOfResult' could not be inferred
252 | let prefix = key + "="
253 | guard line.hasPrefix(prefix) else { return nil }
Swift.Sequence.compactMap:2:24: note: in call to function 'compactMap'
1 | protocol Sequence {
2 | @inlinable public func compactMap<ElementOfResult>(_ transform: (Self.Element) throws -> ElementOfResult?) rethrows -> [ElementOfResult]}
| `- note: in call to function 'compactMap'
3 |
[147/227] Compiling SwiftDeltaCore XcodeInstallation.swift
/Users/admin/builder/spi-builder-workspace/Sources/SwiftDeltaCore/Build/XcodeInstallation.swift:251:51: error: generic parameter 'ElementOfResult' could not be inferred
249 | in output: String
250 | ) -> String? {
251 | output.split(whereSeparator: \.isNewline).compactMap { line in
| `- error: generic parameter 'ElementOfResult' could not be inferred
252 | let prefix = key + "="
253 | guard line.hasPrefix(prefix) else { return nil }
Swift.Sequence.compactMap:2:24: note: in call to function 'compactMap'
1 | protocol Sequence {
2 | @inlinable public func compactMap<ElementOfResult>(_ transform: (Self.Element) throws -> ElementOfResult?) rethrows -> [ElementOfResult]}
| `- note: in call to function 'compactMap'
3 |
[148/227] Compiling SwiftDeltaCore XcodeProjectBuilder.swift
/Users/admin/builder/spi-builder-workspace/Sources/SwiftDeltaCore/Build/XcodeInstallation.swift:251:51: error: generic parameter 'ElementOfResult' could not be inferred
249 | in output: String
250 | ) -> String? {
251 | output.split(whereSeparator: \.isNewline).compactMap { line in
| `- error: generic parameter 'ElementOfResult' could not be inferred
252 | let prefix = key + "="
253 | guard line.hasPrefix(prefix) else { return nil }
Swift.Sequence.compactMap:2:24: note: in call to function 'compactMap'
1 | protocol Sequence {
2 | @inlinable public func compactMap<ElementOfResult>(_ transform: (Self.Element) throws -> ElementOfResult?) rethrows -> [ElementOfResult]}
| `- note: in call to function 'compactMap'
3 |
[149/227] Compiling SwiftDeltaCore ConfigurationLoader.swift
/Users/admin/builder/spi-builder-workspace/Sources/SwiftDeltaCore/Build/XcodeInstallation.swift:251:51: error: generic parameter 'ElementOfResult' could not be inferred
249 | in output: String
250 | ) -> String? {
251 | output.split(whereSeparator: \.isNewline).compactMap { line in
| `- error: generic parameter 'ElementOfResult' could not be inferred
252 | let prefix = key + "="
253 | guard line.hasPrefix(prefix) else { return nil }
Swift.Sequence.compactMap:2:24: note: in call to function 'compactMap'
1 | protocol Sequence {
2 | @inlinable public func compactMap<ElementOfResult>(_ transform: (Self.Element) throws -> ElementOfResult?) rethrows -> [ElementOfResult]}
| `- note: in call to function 'compactMap'
3 |
[150/227] Compiling SwiftDeltaCore ConfigurationOverrides.swift
/Users/admin/builder/spi-builder-workspace/Sources/SwiftDeltaCore/Build/XcodeInstallation.swift:251:51: error: generic parameter 'ElementOfResult' could not be inferred
249 | in output: String
250 | ) -> String? {
251 | output.split(whereSeparator: \.isNewline).compactMap { line in
| `- error: generic parameter 'ElementOfResult' could not be inferred
252 | let prefix = key + "="
253 | guard line.hasPrefix(prefix) else { return nil }
Swift.Sequence.compactMap:2:24: note: in call to function 'compactMap'
1 | protocol Sequence {
2 | @inlinable public func compactMap<ElementOfResult>(_ transform: (Self.Element) throws -> ElementOfResult?) rethrows -> [ElementOfResult]}
| `- note: in call to function 'compactMap'
3 |
[151/227] Compiling SwiftDeltaCore SwiftDeltaConfiguration.swift
/Users/admin/builder/spi-builder-workspace/Sources/SwiftDeltaCore/Build/XcodeInstallation.swift:251:51: error: generic parameter 'ElementOfResult' could not be inferred
249 | in output: String
250 | ) -> String? {
251 | output.split(whereSeparator: \.isNewline).compactMap { line in
| `- error: generic parameter 'ElementOfResult' could not be inferred
252 | let prefix = key + "="
253 | guard line.hasPrefix(prefix) else { return nil }
Swift.Sequence.compactMap:2:24: note: in call to function 'compactMap'
1 | protocol Sequence {
2 | @inlinable public func compactMap<ElementOfResult>(_ transform: (Self.Element) throws -> ElementOfResult?) rethrows -> [ElementOfResult]}
| `- note: in call to function 'compactMap'
3 |
[152/227] Compiling SwiftDeltaCore CompilerDiagnosticParser.swift
/Users/admin/builder/spi-builder-workspace/Sources/SwiftDeltaCore/Build/XcodeInstallation.swift:251:51: error: generic parameter 'ElementOfResult' could not be inferred
249 | in output: String
250 | ) -> String? {
251 | output.split(whereSeparator: \.isNewline).compactMap { line in
| `- error: generic parameter 'ElementOfResult' could not be inferred
252 | let prefix = key + "="
253 | guard line.hasPrefix(prefix) else { return nil }
Swift.Sequence.compactMap:2:24: note: in call to function 'compactMap'
1 | protocol Sequence {
2 | @inlinable public func compactMap<ElementOfResult>(_ transform: (Self.Element) throws -> ElementOfResult?) rethrows -> [ElementOfResult]}
| `- note: in call to function 'compactMap'
3 |
[153/227] Compiling SwiftDeltaCore DiagnosticComparison.swift
/Users/admin/builder/spi-builder-workspace/Sources/SwiftDeltaCore/Build/XcodeInstallation.swift:251:51: error: generic parameter 'ElementOfResult' could not be inferred
249 | in output: String
250 | ) -> String? {
251 | output.split(whereSeparator: \.isNewline).compactMap { line in
| `- error: generic parameter 'ElementOfResult' could not be inferred
252 | let prefix = key + "="
253 | guard line.hasPrefix(prefix) else { return nil }
Swift.Sequence.compactMap:2:24: note: in call to function 'compactMap'
1 | protocol Sequence {
2 | @inlinable public func compactMap<ElementOfResult>(_ transform: (Self.Element) throws -> ElementOfResult?) rethrows -> [ElementOfResult]}
| `- note: in call to function 'compactMap'
3 |
error: emit-module command failed with exit code 1 (use -v to see invocation)
[154/235] Compiling SwiftDeltaCore ScanEngine.swift
[155/235] Compiling SwiftDeltaCore BuildComparator.swift
[156/235] Compiling SwiftDeltaCore BuildContextSelectionValidator.swift
[157/235] Compiling SwiftDeltaCore BuildFailureClassifier.swift
[158/235] Compiling SwiftDeltaCore BuildModels.swift
[159/235] Compiling SwiftDeltaCore BuildSettingsAnalyzer.swift
[160/235] Compiling SwiftDeltaCore BuildSettingsParser.swift
[161/235] Compiling SwiftDeltaCore EnvironmentInspector.swift
[162/235] Compiling SwiftDeltaCore SwiftPackageBuilder.swift
[163/235] Compiling SwiftDeltaCore RepairDraft.swift
[164/235] Compiling SwiftDeltaCore CompilerFixItRepairBuilder.swift
[165/235] Compiling SwiftDeltaCore RepairCandidatePresentation.swift
[166/235] Compiling SwiftDeltaCore RepairFindingDisposition.swift
[167/235] Compiling SwiftDeltaCore RepairPathPolicy.swift
[168/235] Compiling SwiftDeltaCore RepairPlanBuilder.swift
[169/235] Compiling SwiftDeltaCore RepairPlanPreflight.swift
[170/235] Compiling SwiftDeltaCore RepairPlanningEngine.swift
[171/235] Compiling SwiftDeltaCore RepairSourceDiscovery.swift
[172/235] Emitting module SwiftDeltaCore
/Users/admin/builder/spi-builder-workspace/Sources/SwiftDeltaCore/Repair/Model/AppleFoundationModelRepairProvider.swift:319:10: error: cannot find type 'ContextOptions' in scope
317 | private func reasoning(
318 | _ value: String
319 | ) -> ContextOptions.ReasoningLevel {
| `- error: cannot find type 'ContextOptions' in scope
320 | switch value {
321 | case FoundationModelReasoningLevel.light.rawValue:
[173/235] Compiling SwiftDeltaCore XCResultReader.swift
[174/235] Compiling SwiftDeltaCore ProjectDiscovery.swift
[175/235] Compiling SwiftDeltaCore XcodeContainerInspector.swift
[176/235] Compiling SwiftDeltaCore XcodeTargetSourceMembership.swift
[177/235] Compiling SwiftDeltaCore AnalysisReport.swift
[178/235] Compiling SwiftDeltaCore DiagnosticModels.swift
[179/235] Compiling SwiftDeltaCore FindingModels.swift
[180/235] Compiling SwiftDeltaCore ProjectModels.swift
[181/235] Compiling SwiftDeltaCore ReportModels.swift
[182/235] Compiling SwiftDeltaCore RepairSourceDocument.swift
[183/235] Compiling SwiftDeltaCore SDKRepairEvidenceBuilder.swift
[184/235] Compiling SwiftDeltaCore RepairError.swift
[185/235] Compiling SwiftDeltaCore RepairModels.swift
[186/235] Compiling SwiftDeltaCore RepairPlanJSON.swift
[187/235] Compiling SwiftDeltaCore RepairPlanRenderer.swift
[188/235] Compiling SwiftDeltaCore RepairVerification.swift
[189/235] Compiling SwiftDeltaCore ExitStatusEvaluator.swift
[190/235] Compiling SwiftDeltaCore SDKChangeModels.swift
[191/235] Compiling SwiftDeltaCore SDKMetadata.swift
[192/235] Compiling SwiftDeltaCore SDKReferenceModels.swift
[193/235] Compiling SwiftDeltaCore SDKSnapshotModels.swift
[194/235] Compiling SwiftDeltaCore SDKSymbol.swift
[195/235] Compiling SwiftDeltaCore TargetBuildContext.swift
[196/235] Compiling SwiftDeltaCore TemporaryDirectory.swift
[197/235] Compiling SwiftDeltaCore URLContainment.swift
[198/235] Compiling SwiftDeltaCore ProcessRunner.swift
[199/235] Compiling SwiftDeltaCore SecretRedactor.swift
/Users/admin/builder/spi-builder-workspace/Sources/SwiftDeltaCore/Repair/Model/AppleFoundationModelRepairProvider.swift:319:10: error: cannot find type 'ContextOptions' in scope
317 | private func reasoning(
318 | _ value: String
319 | ) -> ContextOptions.ReasoningLevel {
| `- error: cannot find type 'ContextOptions' in scope
320 | switch value {
321 | case FoundationModelReasoningLevel.light.rawValue:
/Users/admin/builder/spi-builder-workspace/Sources/SwiftDeltaCore/Repair/Model/AppleFoundationModelRepairProvider.swift:231:25: error: value of type 'SystemLanguageModel' has no member 'capabilities'
229 | }
230 | if #available(macOS 27.0, *), generation == .macOS27 {
231 | guard model.capabilities.contains(.guidedGeneration) else {
| `- error: value of type 'SystemLanguageModel' has no member 'capabilities'
232 | return FoundationModelProviderStatus(
233 | availability: .unsupportedCapability("guided generation"),
/Users/admin/builder/spi-builder-workspace/Sources/SwiftDeltaCore/Repair/Model/AppleFoundationModelRepairProvider.swift:231:48: error: cannot infer contextual base in reference to member 'guidedGeneration'
229 | }
230 | if #available(macOS 27.0, *), generation == .macOS27 {
231 | guard model.capabilities.contains(.guidedGeneration) else {
| `- error: cannot infer contextual base in reference to member 'guidedGeneration'
232 | return FoundationModelProviderStatus(
233 | availability: .unsupportedCapability("guided generation"),
/Users/admin/builder/spi-builder-workspace/Sources/SwiftDeltaCore/Repair/Model/AppleFoundationModelRepairProvider.swift:239:43: error: value of type 'SystemLanguageModel' has no member 'capabilities'
237 | )
238 | }
239 | let supportsReasoning = model.capabilities.contains(.reasoning)
| `- error: value of type 'SystemLanguageModel' has no member 'capabilities'
240 | let reasoning: String
241 | do {
/Users/admin/builder/spi-builder-workspace/Sources/SwiftDeltaCore/Repair/Model/AppleFoundationModelRepairProvider.swift:239:66: error: cannot infer contextual base in reference to member 'reasoning'
237 | )
238 | }
239 | let supportsReasoning = model.capabilities.contains(.reasoning)
| `- error: cannot infer contextual base in reference to member 'reasoning'
240 | let reasoning: String
241 | do {
/Users/admin/builder/spi-builder-workspace/Sources/SwiftDeltaCore/Repair/Model/AppleFoundationModelRepairProvider.swift:290:40: error: incorrect argument label in call (have 'samplingMode:maximumResponseTokens:', expected 'sampling:maximumResponseTokens:')
288 | instructions: instructions
289 | )
290 | let options = GenerationOptions(
| `- error: incorrect argument label in call (have 'samplingMode:maximumResponseTokens:', expected 'sampling:maximumResponseTokens:')
291 | samplingMode: .greedy,
292 | maximumResponseTokens:
/Users/admin/builder/spi-builder-workspace/Sources/SwiftDeltaCore/Repair/Model/AppleFoundationModelRepairProvider.swift:300:33: error: cannot find 'ContextOptions' in scope
298 | generating: AppleGeneratedRepairProposal.self,
299 | options: options,
300 | contextOptions: ContextOptions(
| `- error: cannot find 'ContextOptions' in scope
301 | includeSchemaInPrompt: true,
302 | reasoningLevel: reasoning(reasoningLevel)
/Users/admin/builder/spi-builder-workspace/Sources/SwiftDeltaCore/Repair/Model/AppleFoundationModelRepairProvider.swift:300:33: error: extra argument 'contextOptions' in call
298 | generating: AppleGeneratedRepairProposal.self,
299 | options: options,
300 | contextOptions: ContextOptions(
| `- error: extra argument 'contextOptions' in call
301 | includeSchemaInPrompt: true,
302 | reasoningLevel: reasoning(reasoningLevel)
/Users/admin/builder/spi-builder-workspace/Sources/SwiftDeltaCore/Repair/Model/AppleFoundationModelRepairProvider.swift:446:39: error: cannot find type 'LanguageModelError' in scope
444 | }
445 | if #available(macOS 27.0, *),
446 | let modelError = error as? LanguageModelError
| `- error: cannot find type 'LanguageModelError' in scope
447 | {
448 | switch modelError {
/Users/admin/builder/spi-builder-workspace/Sources/SwiftDeltaCore/Repair/Model/AppleFoundationModelRepairProvider.swift:470:62: error: 'Error' is not a member type of class 'FoundationModels.LanguageModelSession'
468 | }
469 | if #available(macOS 27.0, *),
470 | let sessionError = error as? LanguageModelSession.Error
| `- error: 'Error' is not a member type of class 'FoundationModels.LanguageModelSession'
471 | {
472 | switch sessionError {
FoundationModels.LanguageModelSession:4:20: note: 'LanguageModelSession' declared here
2 | @available(tvOS, unavailable)
3 | @available(watchOS, unavailable)
4 | final public class LanguageModelSession {
| `- note: 'LanguageModelSession' declared here
5 | final public var transcript: Transcript { get }
6 | @objc deinit
[200/235] Compiling SwiftDeltaCore RepairTransaction.swift
/Users/admin/builder/spi-builder-workspace/Sources/SwiftDeltaCore/Repair/Model/AppleFoundationModelRepairProvider.swift:319:10: error: cannot find type 'ContextOptions' in scope
317 | private func reasoning(
318 | _ value: String
319 | ) -> ContextOptions.ReasoningLevel {
| `- error: cannot find type 'ContextOptions' in scope
320 | switch value {
321 | case FoundationModelReasoningLevel.light.rawValue:
/Users/admin/builder/spi-builder-workspace/Sources/SwiftDeltaCore/Repair/Model/AppleFoundationModelRepairProvider.swift:231:25: error: value of type 'SystemLanguageModel' has no member 'capabilities'
229 | }
230 | if #available(macOS 27.0, *), generation == .macOS27 {
231 | guard model.capabilities.contains(.guidedGeneration) else {
| `- error: value of type 'SystemLanguageModel' has no member 'capabilities'
232 | return FoundationModelProviderStatus(
233 | availability: .unsupportedCapability("guided generation"),
/Users/admin/builder/spi-builder-workspace/Sources/SwiftDeltaCore/Repair/Model/AppleFoundationModelRepairProvider.swift:231:48: error: cannot infer contextual base in reference to member 'guidedGeneration'
229 | }
230 | if #available(macOS 27.0, *), generation == .macOS27 {
231 | guard model.capabilities.contains(.guidedGeneration) else {
| `- error: cannot infer contextual base in reference to member 'guidedGeneration'
232 | return FoundationModelProviderStatus(
233 | availability: .unsupportedCapability("guided generation"),
/Users/admin/builder/spi-builder-workspace/Sources/SwiftDeltaCore/Repair/Model/AppleFoundationModelRepairProvider.swift:239:43: error: value of type 'SystemLanguageModel' has no member 'capabilities'
237 | )
238 | }
239 | let supportsReasoning = model.capabilities.contains(.reasoning)
| `- error: value of type 'SystemLanguageModel' has no member 'capabilities'
240 | let reasoning: String
241 | do {
/Users/admin/builder/spi-builder-workspace/Sources/SwiftDeltaCore/Repair/Model/AppleFoundationModelRepairProvider.swift:239:66: error: cannot infer contextual base in reference to member 'reasoning'
237 | )
238 | }
239 | let supportsReasoning = model.capabilities.contains(.reasoning)
| `- error: cannot infer contextual base in reference to member 'reasoning'
240 | let reasoning: String
241 | do {
/Users/admin/builder/spi-builder-workspace/Sources/SwiftDeltaCore/Repair/Model/AppleFoundationModelRepairProvider.swift:290:40: error: incorrect argument label in call (have 'samplingMode:maximumResponseTokens:', expected 'sampling:maximumResponseTokens:')
288 | instructions: instructions
289 | )
290 | let options = GenerationOptions(
| `- error: incorrect argument label in call (have 'samplingMode:maximumResponseTokens:', expected 'sampling:maximumResponseTokens:')
291 | samplingMode: .greedy,
292 | maximumResponseTokens:
/Users/admin/builder/spi-builder-workspace/Sources/SwiftDeltaCore/Repair/Model/AppleFoundationModelRepairProvider.swift:300:33: error: cannot find 'ContextOptions' in scope
298 | generating: AppleGeneratedRepairProposal.self,
299 | options: options,
300 | contextOptions: ContextOptions(
| `- error: cannot find 'ContextOptions' in scope
301 | includeSchemaInPrompt: true,
302 | reasoningLevel: reasoning(reasoningLevel)
/Users/admin/builder/spi-builder-workspace/Sources/SwiftDeltaCore/Repair/Model/AppleFoundationModelRepairProvider.swift:300:33: error: extra argument 'contextOptions' in call
298 | generating: AppleGeneratedRepairProposal.self,
299 | options: options,
300 | contextOptions: ContextOptions(
| `- error: extra argument 'contextOptions' in call
301 | includeSchemaInPrompt: true,
302 | reasoningLevel: reasoning(reasoningLevel)
/Users/admin/builder/spi-builder-workspace/Sources/SwiftDeltaCore/Repair/Model/AppleFoundationModelRepairProvider.swift:446:39: error: cannot find type 'LanguageModelError' in scope
444 | }
445 | if #available(macOS 27.0, *),
446 | let modelError = error as? LanguageModelError
| `- error: cannot find type 'LanguageModelError' in scope
447 | {
448 | switch modelError {
/Users/admin/builder/spi-builder-workspace/Sources/SwiftDeltaCore/Repair/Model/AppleFoundationModelRepairProvider.swift:470:62: error: 'Error' is not a member type of class 'FoundationModels.LanguageModelSession'
468 | }
469 | if #available(macOS 27.0, *),
470 | let sessionError = error as? LanguageModelSession.Error
| `- error: 'Error' is not a member type of class 'FoundationModels.LanguageModelSession'
471 | {
472 | switch sessionError {
FoundationModels.LanguageModelSession:4:20: note: 'LanguageModelSession' declared here
2 | @available(tvOS, unavailable)
3 | @available(watchOS, unavailable)
4 | final public class LanguageModelSession {
| `- note: 'LanguageModelSession' declared here
5 | final public var transcript: Transcript { get }
6 | @objc deinit
[201/235] Compiling SwiftDeltaCore CompilerFixItExtractor.swift
/Users/admin/builder/spi-builder-workspace/Sources/SwiftDeltaCore/Repair/Model/AppleFoundationModelRepairProvider.swift:319:10: error: cannot find type 'ContextOptions' in scope
317 | private func reasoning(
318 | _ value: String
319 | ) -> ContextOptions.ReasoningLevel {
| `- error: cannot find type 'ContextOptions' in scope
320 | switch value {
321 | case FoundationModelReasoningLevel.light.rawValue:
/Users/admin/builder/spi-builder-workspace/Sources/SwiftDeltaCore/Repair/Model/AppleFoundationModelRepairProvider.swift:231:25: error: value of type 'SystemLanguageModel' has no member 'capabilities'
229 | }
230 | if #available(macOS 27.0, *), generation == .macOS27 {
231 | guard model.capabilities.contains(.guidedGeneration) else {
| `- error: value of type 'SystemLanguageModel' has no member 'capabilities'
232 | return FoundationModelProviderStatus(
233 | availability: .unsupportedCapability("guided generation"),
/Users/admin/builder/spi-builder-workspace/Sources/SwiftDeltaCore/Repair/Model/AppleFoundationModelRepairProvider.swift:231:48: error: cannot infer contextual base in reference to member 'guidedGeneration'
229 | }
230 | if #available(macOS 27.0, *), generation == .macOS27 {
231 | guard model.capabilities.contains(.guidedGeneration) else {
| `- error: cannot infer contextual base in reference to member 'guidedGeneration'
232 | return FoundationModelProviderStatus(
233 | availability: .unsupportedCapability("guided generation"),
/Users/admin/builder/spi-builder-workspace/Sources/SwiftDeltaCore/Repair/Model/AppleFoundationModelRepairProvider.swift:239:43: error: value of type 'SystemLanguageModel' has no member 'capabilities'
237 | )
238 | }
239 | let supportsReasoning = model.capabilities.contains(.reasoning)
| `- error: value of type 'SystemLanguageModel' has no member 'capabilities'
240 | let reasoning: String
241 | do {
/Users/admin/builder/spi-builder-workspace/Sources/SwiftDeltaCore/Repair/Model/AppleFoundationModelRepairProvider.swift:239:66: error: cannot infer contextual base in reference to member 'reasoning'
237 | )
238 | }
239 | let supportsReasoning = model.capabilities.contains(.reasoning)
| `- error: cannot infer contextual base in reference to member 'reasoning'
240 | let reasoning: String
241 | do {
/Users/admin/builder/spi-builder-workspace/Sources/SwiftDeltaCore/Repair/Model/AppleFoundationModelRepairProvider.swift:290:40: error: incorrect argument label in call (have 'samplingMode:maximumResponseTokens:', expected 'sampling:maximumResponseTokens:')
288 | instructions: instructions
289 | )
290 | let options = GenerationOptions(
| `- error: incorrect argument label in call (have 'samplingMode:maximumResponseTokens:', expected 'sampling:maximumResponseTokens:')
291 | samplingMode: .greedy,
292 | maximumResponseTokens:
/Users/admin/builder/spi-builder-workspace/Sources/SwiftDeltaCore/Repair/Model/AppleFoundationModelRepairProvider.swift:300:33: error: cannot find 'ContextOptions' in scope
298 | generating: AppleGeneratedRepairProposal.self,
299 | options: options,
300 | contextOptions: ContextOptions(
| `- error: cannot find 'ContextOptions' in scope
301 | includeSchemaInPrompt: true,
302 | reasoningLevel: reasoning(reasoningLevel)
/Users/admin/builder/spi-builder-workspace/Sources/SwiftDeltaCore/Repair/Model/AppleFoundationModelRepairProvider.swift:300:33: error: extra argument 'contextOptions' in call
298 | generating: AppleGeneratedRepairProposal.self,
299 | options: options,
300 | contextOptions: ContextOptions(
| `- error: extra argument 'contextOptions' in call
301 | includeSchemaInPrompt: true,
302 | reasoningLevel: reasoning(reasoningLevel)
/Users/admin/builder/spi-builder-workspace/Sources/SwiftDeltaCore/Repair/Model/AppleFoundationModelRepairProvider.swift:446:39: error: cannot find type 'LanguageModelError' in scope
444 | }
445 | if #available(macOS 27.0, *),
446 | let modelError = error as? LanguageModelError
| `- error: cannot find type 'LanguageModelError' in scope
447 | {
448 | switch modelError {
/Users/admin/builder/spi-builder-workspace/Sources/SwiftDeltaCore/Repair/Model/AppleFoundationModelRepairProvider.swift:470:62: error: 'Error' is not a member type of class 'FoundationModels.LanguageModelSession'
468 | }
469 | if #available(macOS 27.0, *),
470 | let sessionError = error as? LanguageModelSession.Error
| `- error: 'Error' is not a member type of class 'FoundationModels.LanguageModelSession'
471 | {
472 | switch sessionError {
FoundationModels.LanguageModelSession:4:20: note: 'LanguageModelSession' declared here
2 | @available(tvOS, unavailable)
3 | @available(watchOS, unavailable)
4 | final public class LanguageModelSession {
| `- note: 'LanguageModelSession' declared here
5 | final public var transcript: Transcript { get }
6 | @objc deinit
[202/235] Compiling SwiftDeltaCore SerializedDiagnosticReader.swift
/Users/admin/builder/spi-builder-workspace/Sources/SwiftDeltaCore/Repair/Model/AppleFoundationModelRepairProvider.swift:319:10: error: cannot find type 'ContextOptions' in scope
317 | private func reasoning(
318 | _ value: String
319 | ) -> ContextOptions.ReasoningLevel {
| `- error: cannot find type 'ContextOptions' in scope
320 | switch value {
321 | case FoundationModelReasoningLevel.light.rawValue:
/Users/admin/builder/spi-builder-workspace/Sources/SwiftDeltaCore/Repair/Model/AppleFoundationModelRepairProvider.swift:231:25: error: value of type 'SystemLanguageModel' has no member 'capabilities'
229 | }
230 | if #available(macOS 27.0, *), generation == .macOS27 {
231 | guard model.capabilities.contains(.guidedGeneration) else {
| `- error: value of type 'SystemLanguageModel' has no member 'capabilities'
232 | return FoundationModelProviderStatus(
233 | availability: .unsupportedCapability("guided generation"),
/Users/admin/builder/spi-builder-workspace/Sources/SwiftDeltaCore/Repair/Model/AppleFoundationModelRepairProvider.swift:231:48: error: cannot infer contextual base in reference to member 'guidedGeneration'
229 | }
230 | if #available(macOS 27.0, *), generation == .macOS27 {
231 | guard model.capabilities.contains(.guidedGeneration) else {
| `- error: cannot infer contextual base in reference to member 'guidedGeneration'
232 | return FoundationModelProviderStatus(
233 | availability: .unsupportedCapability("guided generation"),
/Users/admin/builder/spi-builder-workspace/Sources/SwiftDeltaCore/Repair/Model/AppleFoundationModelRepairProvider.swift:239:43: error: value of type 'SystemLanguageModel' has no member 'capabilities'
237 | )
238 | }
239 | let supportsReasoning = model.capabilities.contains(.reasoning)
| `- error: value of type 'SystemLanguageModel' has no member 'capabilities'
240 | let reasoning: String
241 | do {
/Users/admin/builder/spi-builder-workspace/Sources/SwiftDeltaCore/Repair/Model/AppleFoundationModelRepairProvider.swift:239:66: error: cannot infer contextual base in reference to member 'reasoning'
237 | )
238 | }
239 | let supportsReasoning = model.capabilities.contains(.reasoning)
| `- error: cannot infer contextual base in reference to member 'reasoning'
240 | let reasoning: String
241 | do {
/Users/admin/builder/spi-builder-workspace/Sources/SwiftDeltaCore/Repair/Model/AppleFoundationModelRepairProvider.swift:290:40: error: incorrect argument label in call (have 'samplingMode:maximumResponseTokens:', expected 'sampling:maximumResponseTokens:')
288 | instructions: instructions
289 | )
290 | let options = GenerationOptions(
| `- error: incorrect argument label in call (have 'samplingMode:maximumResponseTokens:', expected 'sampling:maximumResponseTokens:')
291 | samplingMode: .greedy,
292 | maximumResponseTokens:
/Users/admin/builder/spi-builder-workspace/Sources/SwiftDeltaCore/Repair/Model/AppleFoundationModelRepairProvider.swift:300:33: error: cannot find 'ContextOptions' in scope
298 | generating: AppleGeneratedRepairProposal.self,
299 | options: options,
300 | contextOptions: ContextOptions(
| `- error: cannot find 'ContextOptions' in scope
301 | includeSchemaInPrompt: true,
302 | reasoningLevel: reasoning(reasoningLevel)
/Users/admin/builder/spi-builder-workspace/Sources/SwiftDeltaCore/Repair/Model/AppleFoundationModelRepairProvider.swift:300:33: error: extra argument 'contextOptions' in call
298 | generating: AppleGeneratedRepairProposal.self,
299 | options: options,
300 | contextOptions: ContextOptions(
| `- error: extra argument 'contextOptions' in call
301 | includeSchemaInPrompt: true,
302 | reasoningLevel: reasoning(reasoningLevel)
/Users/admin/builder/spi-builder-workspace/Sources/SwiftDeltaCore/Repair/Model/AppleFoundationModelRepairProvider.swift:446:39: error: cannot find type 'LanguageModelError' in scope
444 | }
445 | if #available(macOS 27.0, *),
446 | let modelError = error as? LanguageModelError
| `- error: cannot find type 'LanguageModelError' in scope
447 | {
448 | switch modelError {
/Users/admin/builder/spi-builder-workspace/Sources/SwiftDeltaCore/Repair/Model/AppleFoundationModelRepairProvider.swift:470:62: error: 'Error' is not a member type of class 'FoundationModels.LanguageModelSession'
468 | }
469 | if #available(macOS 27.0, *),
470 | let sessionError = error as? LanguageModelSession.Error
| `- error: 'Error' is not a member type of class 'FoundationModels.LanguageModelSession'
471 | {
472 | switch sessionError {
FoundationModels.LanguageModelSession:4:20: note: 'LanguageModelSession' declared here
2 | @available(tvOS, unavailable)
3 | @available(watchOS, unavailable)
4 | final public class LanguageModelSession {
| `- note: 'LanguageModelSession' declared here
5 | final public var transcript: Transcript { get }
6 | @objc deinit
[203/235] Compiling SwiftDeltaCore AppleFoundationModelRepairProvider.swift
/Users/admin/builder/spi-builder-workspace/Sources/SwiftDeltaCore/Repair/Model/AppleFoundationModelRepairProvider.swift:319:10: error: cannot find type 'ContextOptions' in scope
317 | private func reasoning(
318 | _ value: String
319 | ) -> ContextOptions.ReasoningLevel {
| `- error: cannot find type 'ContextOptions' in scope
320 | switch value {
321 | case FoundationModelReasoningLevel.light.rawValue:
/Users/admin/builder/spi-builder-workspace/Sources/SwiftDeltaCore/Repair/Model/AppleFoundationModelRepairProvider.swift:231:25: error: value of type 'SystemLanguageModel' has no member 'capabilities'
229 | }
230 | if #available(macOS 27.0, *), generation == .macOS27 {
231 | guard model.capabilities.contains(.guidedGeneration) else {
| `- error: value of type 'SystemLanguageModel' has no member 'capabilities'
232 | return FoundationModelProviderStatus(
233 | availability: .unsupportedCapability("guided generation"),
/Users/admin/builder/spi-builder-workspace/Sources/SwiftDeltaCore/Repair/Model/AppleFoundationModelRepairProvider.swift:231:48: error: cannot infer contextual base in reference to member 'guidedGeneration'
229 | }
230 | if #available(macOS 27.0, *), generation == .macOS27 {
231 | guard model.capabilities.contains(.guidedGeneration) else {
| `- error: cannot infer contextual base in reference to member 'guidedGeneration'
232 | return FoundationModelProviderStatus(
233 | availability: .unsupportedCapability("guided generation"),
/Users/admin/builder/spi-builder-workspace/Sources/SwiftDeltaCore/Repair/Model/AppleFoundationModelRepairProvider.swift:239:43: error: value of type 'SystemLanguageModel' has no member 'capabilities'
237 | )
238 | }
239 | let supportsReasoning = model.capabilities.contains(.reasoning)
| `- error: value of type 'SystemLanguageModel' has no member 'capabilities'
240 | let reasoning: String
241 | do {
/Users/admin/builder/spi-builder-workspace/Sources/SwiftDeltaCore/Repair/Model/AppleFoundationModelRepairProvider.swift:239:66: error: cannot infer contextual base in reference to member 'reasoning'
237 | )
238 | }
239 | let supportsReasoning = model.capabilities.contains(.reasoning)
| `- error: cannot infer contextual base in reference to member 'reasoning'
240 | let reasoning: String
241 | do {
/Users/admin/builder/spi-builder-workspace/Sources/SwiftDeltaCore/Repair/Model/AppleFoundationModelRepairProvider.swift:290:40: error: incorrect argument label in call (have 'samplingMode:maximumResponseTokens:', expected 'sampling:maximumResponseTokens:')
288 | instructions: instructions
289 | )
290 | let options = GenerationOptions(
| `- error: incorrect argument label in call (have 'samplingMode:maximumResponseTokens:', expected 'sampling:maximumResponseTokens:')
291 | samplingMode: .greedy,
292 | maximumResponseTokens:
/Users/admin/builder/spi-builder-workspace/Sources/SwiftDeltaCore/Repair/Model/AppleFoundationModelRepairProvider.swift:300:33: error: cannot find 'ContextOptions' in scope
298 | generating: AppleGeneratedRepairProposal.self,
299 | options: options,
300 | contextOptions: ContextOptions(
| `- error: cannot find 'ContextOptions' in scope
301 | includeSchemaInPrompt: true,
302 | reasoningLevel: reasoning(reasoningLevel)
/Users/admin/builder/spi-builder-workspace/Sources/SwiftDeltaCore/Repair/Model/AppleFoundationModelRepairProvider.swift:300:33: error: extra argument 'contextOptions' in call
298 | generating: AppleGeneratedRepairProposal.self,
299 | options: options,
300 | contextOptions: ContextOptions(
| `- error: extra argument 'contextOptions' in call
301 | includeSchemaInPrompt: true,
302 | reasoningLevel: reasoning(reasoningLevel)
/Users/admin/builder/spi-builder-workspace/Sources/SwiftDeltaCore/Repair/Model/AppleFoundationModelRepairProvider.swift:446:39: error: cannot find type 'LanguageModelError' in scope
444 | }
445 | if #available(macOS 27.0, *),
446 | let modelError = error as? LanguageModelError
| `- error: cannot find type 'LanguageModelError' in scope
447 | {
448 | switch modelError {
/Users/admin/builder/spi-builder-workspace/Sources/SwiftDeltaCore/Repair/Model/AppleFoundationModelRepairProvider.swift:470:62: error: 'Error' is not a member type of class 'FoundationModels.LanguageModelSession'
468 | }
469 | if #available(macOS 27.0, *),
470 | let sessionError = error as? LanguageModelSession.Error
| `- error: 'Error' is not a member type of class 'FoundationModels.LanguageModelSession'
471 | {
472 | switch sessionError {
FoundationModels.LanguageModelSession:4:20: note: 'LanguageModelSession' declared here
2 | @available(tvOS, unavailable)
3 | @available(watchOS, unavailable)
4 | final public class LanguageModelSession {
| `- note: 'LanguageModelSession' declared here
5 | final public var transcript: Transcript { get }
6 | @objc deinit
[204/235] Compiling SwiftDeltaCore FoundationModelPrompts.swift
/Users/admin/builder/spi-builder-workspace/Sources/SwiftDeltaCore/Repair/Model/AppleFoundationModelRepairProvider.swift:319:10: error: cannot find type 'ContextOptions' in scope
317 | private func reasoning(
318 | _ value: String
319 | ) -> ContextOptions.ReasoningLevel {
| `- error: cannot find type 'ContextOptions' in scope
320 | switch value {
321 | case FoundationModelReasoningLevel.light.rawValue:
/Users/admin/builder/spi-builder-workspace/Sources/SwiftDeltaCore/Repair/Model/AppleFoundationModelRepairProvider.swift:231:25: error: value of type 'SystemLanguageModel' has no member 'capabilities'
229 | }
230 | if #available(macOS 27.0, *), generation == .macOS27 {
231 | guard model.capabilities.contains(.guidedGeneration) else {
| `- error: value of type 'SystemLanguageModel' has no member 'capabilities'
232 | return FoundationModelProviderStatus(
233 | availability: .unsupportedCapability("guided generation"),
/Users/admin/builder/spi-builder-workspace/Sources/SwiftDeltaCore/Repair/Model/AppleFoundationModelRepairProvider.swift:231:48: error: cannot infer contextual base in reference to member 'guidedGeneration'
229 | }
230 | if #available(macOS 27.0, *), generation == .macOS27 {
231 | guard model.capabilities.contains(.guidedGeneration) else {
| `- error: cannot infer contextual base in reference to member 'guidedGeneration'
232 | return FoundationModelProviderStatus(
233 | availability: .unsupportedCapability("guided generation"),
/Users/admin/builder/spi-builder-workspace/Sources/SwiftDeltaCore/Repair/Model/AppleFoundationModelRepairProvider.swift:239:43: error: value of type 'SystemLanguageModel' has no member 'capabilities'
237 | )
238 | }
239 | let supportsReasoning = model.capabilities.contains(.reasoning)
| `- error: value of type 'SystemLanguageModel' has no member 'capabilities'
240 | let reasoning: String
241 | do {
/Users/admin/builder/spi-builder-workspace/Sources/SwiftDeltaCore/Repair/Model/AppleFoundationModelRepairProvider.swift:239:66: error: cannot infer contextual base in reference to member 'reasoning'
237 | )
238 | }
239 | let supportsReasoning = model.capabilities.contains(.reasoning)
| `- error: cannot infer contextual base in reference to member 'reasoning'
240 | let reasoning: String
241 | do {
/Users/admin/builder/spi-builder-workspace/Sources/SwiftDeltaCore/Repair/Model/AppleFoundationModelRepairProvider.swift:290:40: error: incorrect argument label in call (have 'samplingMode:maximumResponseTokens:', expected 'sampling:maximumResponseTokens:')
288 | instructions: instructions
289 | )
290 | let options = GenerationOptions(
| `- error: incorrect argument label in call (have 'samplingMode:maximumResponseTokens:', expected 'sampling:maximumResponseTokens:')
291 | samplingMode: .greedy,
292 | maximumResponseTokens:
/Users/admin/builder/spi-builder-workspace/Sources/SwiftDeltaCore/Repair/Model/AppleFoundationModelRepairProvider.swift:300:33: error: cannot find 'ContextOptions' in scope
298 | generating: AppleGeneratedRepairProposal.self,
299 | options: options,
300 | contextOptions: ContextOptions(
| `- error: cannot find 'ContextOptions' in scope
301 | includeSchemaInPrompt: true,
302 | reasoningLevel: reasoning(reasoningLevel)
/Users/admin/builder/spi-builder-workspace/Sources/SwiftDeltaCore/Repair/Model/AppleFoundationModelRepairProvider.swift:300:33: error: extra argument 'contextOptions' in call
298 | generating: AppleGeneratedRepairProposal.self,
299 | options: options,
300 | contextOptions: ContextOptions(
| `- error: extra argument 'contextOptions' in call
301 | includeSchemaInPrompt: true,
302 | reasoningLevel: reasoning(reasoningLevel)
/Users/admin/builder/spi-builder-workspace/Sources/SwiftDeltaCore/Repair/Model/AppleFoundationModelRepairProvider.swift:446:39: error: cannot find type 'LanguageModelError' in scope
444 | }
445 | if #available(macOS 27.0, *),
446 | let modelError = error as? LanguageModelError
| `- error: cannot find type 'LanguageModelError' in scope
447 | {
448 | switch modelError {
/Users/admin/builder/spi-builder-workspace/Sources/SwiftDeltaCore/Repair/Model/AppleFoundationModelRepairProvider.swift:470:62: error: 'Error' is not a member type of class 'FoundationModels.LanguageModelSession'
468 | }
469 | if #available(macOS 27.0, *),
470 | let sessionError = error as? LanguageModelSession.Error
| `- error: 'Error' is not a member type of class 'FoundationModels.LanguageModelSession'
471 | {
472 | switch sessionError {
FoundationModels.LanguageModelSession:4:20: note: 'LanguageModelSession' declared here
2 | @available(tvOS, unavailable)
3 | @available(watchOS, unavailable)
4 | final public class LanguageModelSession {
| `- note: 'LanguageModelSession' declared here
5 | final public var transcript: Transcript { get }
6 | @objc deinit
[205/235] Compiling SwiftDeltaCore FoundationModelRepairContext.swift
/Users/admin/builder/spi-builder-workspace/Sources/SwiftDeltaCore/Repair/Model/AppleFoundationModelRepairProvider.swift:319:10: error: cannot find type 'ContextOptions' in scope
317 | private func reasoning(
318 | _ value: String
319 | ) -> ContextOptions.ReasoningLevel {
| `- error: cannot find type 'ContextOptions' in scope
320 | switch value {
321 | case FoundationModelReasoningLevel.light.rawValue:
/Users/admin/builder/spi-builder-workspace/Sources/SwiftDeltaCore/Repair/Model/AppleFoundationModelRepairProvider.swift:231:25: error: value of type 'SystemLanguageModel' has no member 'capabilities'
229 | }
230 | if #available(macOS 27.0, *), generation == .macOS27 {
231 | guard model.capabilities.contains(.guidedGeneration) else {
| `- error: value of type 'SystemLanguageModel' has no member 'capabilities'
232 | return FoundationModelProviderStatus(
233 | availability: .unsupportedCapability("guided generation"),
/Users/admin/builder/spi-builder-workspace/Sources/SwiftDeltaCore/Repair/Model/AppleFoundationModelRepairProvider.swift:231:48: error: cannot infer contextual base in reference to member 'guidedGeneration'
229 | }
230 | if #available(macOS 27.0, *), generation == .macOS27 {
231 | guard model.capabilities.contains(.guidedGeneration) else {
| `- error: cannot infer contextual base in reference to member 'guidedGeneration'
232 | return FoundationModelProviderStatus(
233 | availability: .unsupportedCapability("guided generation"),
/Users/admin/builder/spi-builder-workspace/Sources/SwiftDeltaCore/Repair/Model/AppleFoundationModelRepairProvider.swift:239:43: error: value of type 'SystemLanguageModel' has no member 'capabilities'
237 | )
238 | }
239 | let supportsReasoning = model.capabilities.contains(.reasoning)
| `- error: value of type 'SystemLanguageModel' has no member 'capabilities'
240 | let reasoning: String
241 | do {
/Users/admin/builder/spi-builder-workspace/Sources/SwiftDeltaCore/Repair/Model/AppleFoundationModelRepairProvider.swift:239:66: error: cannot infer contextual base in reference to member 'reasoning'
237 | )
238 | }
239 | let supportsReasoning = model.capabilities.contains(.reasoning)
| `- error: cannot infer contextual base in reference to member 'reasoning'
240 | let reasoning: String
241 | do {
/Users/admin/builder/spi-builder-workspace/Sources/SwiftDeltaCore/Repair/Model/AppleFoundationModelRepairProvider.swift:290:40: error: incorrect argument label in call (have 'samplingMode:maximumResponseTokens:', expected 'sampling:maximumResponseTokens:')
288 | instructions: instructions
289 | )
290 | let options = GenerationOptions(
| `- error: incorrect argument label in call (have 'samplingMode:maximumResponseTokens:', expected 'sampling:maximumResponseTokens:')
291 | samplingMode: .greedy,
292 | maximumResponseTokens:
/Users/admin/builder/spi-builder-workspace/Sources/SwiftDeltaCore/Repair/Model/AppleFoundationModelRepairProvider.swift:300:33: error: cannot find 'ContextOptions' in scope
298 | generating: AppleGeneratedRepairProposal.self,
299 | options: options,
300 | contextOptions: ContextOptions(
| `- error: cannot find 'ContextOptions' in scope
301 | includeSchemaInPrompt: true,
302 | reasoningLevel: reasoning(reasoningLevel)
/Users/admin/builder/spi-builder-workspace/Sources/SwiftDeltaCore/Repair/Model/AppleFoundationModelRepairProvider.swift:300:33: error: extra argument 'contextOptions' in call
298 | generating: AppleGeneratedRepairProposal.self,
299 | options: options,
300 | contextOptions: ContextOptions(
| `- error: extra argument 'contextOptions' in call
301 | includeSchemaInPrompt: true,
302 | reasoningLevel: reasoning(reasoningLevel)
/Users/admin/builder/spi-builder-workspace/Sources/SwiftDeltaCore/Repair/Model/AppleFoundationModelRepairProvider.swift:446:39: error: cannot find type 'LanguageModelError' in scope
444 | }
445 | if #available(macOS 27.0, *),
446 | let modelError = error as? LanguageModelError
| `- error: cannot find type 'LanguageModelError' in scope
447 | {
448 | switch modelError {
/Users/admin/builder/spi-builder-workspace/Sources/SwiftDeltaCore/Repair/Model/AppleFoundationModelRepairProvider.swift:470:62: error: 'Error' is not a member type of class 'FoundationModels.LanguageModelSession'
468 | }
469 | if #available(macOS 27.0, *),
470 | let sessionError = error as? LanguageModelSession.Error
| `- error: 'Error' is not a member type of class 'FoundationModels.LanguageModelSession'
471 | {
472 | switch sessionError {
FoundationModels.LanguageModelSession:4:20: note: 'LanguageModelSession' declared here
2 | @available(tvOS, unavailable)
3 | @available(watchOS, unavailable)
4 | final public class LanguageModelSession {
| `- note: 'LanguageModelSession' declared here
5 | final public var transcript: Transcript { get }
6 | @objc deinit
[206/235] Compiling SwiftDeltaCore FoundationModelRepairModels.swift
/Users/admin/builder/spi-builder-workspace/Sources/SwiftDeltaCore/Repair/Model/AppleFoundationModelRepairProvider.swift:319:10: error: cannot find type 'ContextOptions' in scope
317 | private func reasoning(
318 | _ value: String
319 | ) -> ContextOptions.ReasoningLevel {
| `- error: cannot find type 'ContextOptions' in scope
320 | switch value {
321 | case FoundationModelReasoningLevel.light.rawValue:
/Users/admin/builder/spi-builder-workspace/Sources/SwiftDeltaCore/Repair/Model/AppleFoundationModelRepairProvider.swift:231:25: error: value of type 'SystemLanguageModel' has no member 'capabilities'
229 | }
230 | if #available(macOS 27.0, *), generation == .macOS27 {
231 | guard model.capabilities.contains(.guidedGeneration) else {
| `- error: value of type 'SystemLanguageModel' has no member 'capabilities'
232 | return FoundationModelProviderStatus(
233 | availability: .unsupportedCapability("guided generation"),
/Users/admin/builder/spi-builder-workspace/Sources/SwiftDeltaCore/Repair/Model/AppleFoundationModelRepairProvider.swift:231:48: error: cannot infer contextual base in reference to member 'guidedGeneration'
229 | }
230 | if #available(macOS 27.0, *), generation == .macOS27 {
231 | guard model.capabilities.contains(.guidedGeneration) else {
| `- error: cannot infer contextual base in reference to member 'guidedGeneration'
232 | return FoundationModelProviderStatus(
233 | availability: .unsupportedCapability("guided generation"),
/Users/admin/builder/spi-builder-workspace/Sources/SwiftDeltaCore/Repair/Model/AppleFoundationModelRepairProvider.swift:239:43: error: value of type 'SystemLanguageModel' has no member 'capabilities'
237 | )
238 | }
239 | let supportsReasoning = model.capabilities.contains(.reasoning)
| `- error: value of type 'SystemLanguageModel' has no member 'capabilities'
240 | let reasoning: String
241 | do {
/Users/admin/builder/spi-builder-workspace/Sources/SwiftDeltaCore/Repair/Model/AppleFoundationModelRepairProvider.swift:239:66: error: cannot infer contextual base in reference to member 'reasoning'
237 | )
238 | }
239 | let supportsReasoning = model.capabilities.contains(.reasoning)
| `- error: cannot infer contextual base in reference to member 'reasoning'
240 | let reasoning: String
241 | do {
/Users/admin/builder/spi-builder-workspace/Sources/SwiftDeltaCore/Repair/Model/AppleFoundationModelRepairProvider.swift:290:40: error: incorrect argument label in call (have 'samplingMode:maximumResponseTokens:', expected 'sampling:maximumResponseTokens:')
288 | instructions: instructions
289 | )
290 | let options = GenerationOptions(
| `- error: incorrect argument label in call (have 'samplingMode:maximumResponseTokens:', expected 'sampling:maximumResponseTokens:')
291 | samplingMode: .greedy,
292 | maximumResponseTokens:
/Users/admin/builder/spi-builder-workspace/Sources/SwiftDeltaCore/Repair/Model/AppleFoundationModelRepairProvider.swift:300:33: error: cannot find 'ContextOptions' in scope
298 | generating: AppleGeneratedRepairProposal.self,
299 | options: options,
300 | contextOptions: ContextOptions(
| `- error: cannot find 'ContextOptions' in scope
301 | includeSchemaInPrompt: true,
302 | reasoningLevel: reasoning(reasoningLevel)
/Users/admin/builder/spi-builder-workspace/Sources/SwiftDeltaCore/Repair/Model/AppleFoundationModelRepairProvider.swift:300:33: error: extra argument 'contextOptions' in call
298 | generating: AppleGeneratedRepairProposal.self,
299 | options: options,
300 | contextOptions: ContextOptions(
| `- error: extra argument 'contextOptions' in call
301 | includeSchemaInPrompt: true,
302 | reasoningLevel: reasoning(reasoningLevel)
/Users/admin/builder/spi-builder-workspace/Sources/SwiftDeltaCore/Repair/Model/AppleFoundationModelRepairProvider.swift:446:39: error: cannot find type 'LanguageModelError' in scope
444 | }
445 | if #available(macOS 27.0, *),
446 | let modelError = error as? LanguageModelError
| `- error: cannot find type 'LanguageModelError' in scope
447 | {
448 | switch modelError {
/Users/admin/builder/spi-builder-workspace/Sources/SwiftDeltaCore/Repair/Model/AppleFoundationModelRepairProvider.swift:470:62: error: 'Error' is not a member type of class 'FoundationModels.LanguageModelSession'
468 | }
469 | if #available(macOS 27.0, *),
470 | let sessionError = error as? LanguageModelSession.Error
| `- error: 'Error' is not a member type of class 'FoundationModels.LanguageModelSession'
471 | {
472 | switch sessionError {
FoundationModels.LanguageModelSession:4:20: note: 'LanguageModelSession' declared here
2 | @available(tvOS, unavailable)
3 | @available(watchOS, unavailable)
4 | final public class LanguageModelSession {
| `- note: 'LanguageModelSession' declared here
5 | final public var transcript: Transcript { get }
6 | @objc deinit
[207/235] Compiling SwiftDeltaCore FoundationModelRepairPlanner.swift
/Users/admin/builder/spi-builder-workspace/Sources/SwiftDeltaCore/Repair/Model/AppleFoundationModelRepairProvider.swift:319:10: error: cannot find type 'ContextOptions' in scope
317 | private func reasoning(
318 | _ value: String
319 | ) -> ContextOptions.ReasoningLevel {
| `- error: cannot find type 'ContextOptions' in scope
320 | switch value {
321 | case FoundationModelReasoningLevel.light.rawValue:
/Users/admin/builder/spi-builder-workspace/Sources/SwiftDeltaCore/Repair/Model/AppleFoundationModelRepairProvider.swift:231:25: error: value of type 'SystemLanguageModel' has no member 'capabilities'
229 | }
230 | if #available(macOS 27.0, *), generation == .macOS27 {
231 | guard model.capabilities.contains(.guidedGeneration) else {
| `- error: value of type 'SystemLanguageModel' has no member 'capabilities'
232 | return FoundationModelProviderStatus(
233 | availability: .unsupportedCapability("guided generation"),
/Users/admin/builder/spi-builder-workspace/Sources/SwiftDeltaCore/Repair/Model/AppleFoundationModelRepairProvider.swift:231:48: error: cannot infer contextual base in reference to member 'guidedGeneration'
229 | }
230 | if #available(macOS 27.0, *), generation == .macOS27 {
231 | guard model.capabilities.contains(.guidedGeneration) else {
| `- error: cannot infer contextual base in reference to member 'guidedGeneration'
232 | return FoundationModelProviderStatus(
233 | availability: .unsupportedCapability("guided generation"),
/Users/admin/builder/spi-builder-workspace/Sources/SwiftDeltaCore/Repair/Model/AppleFoundationModelRepairProvider.swift:239:43: error: value of type 'SystemLanguageModel' has no member 'capabilities'
237 | )
238 | }
239 | let supportsReasoning = model.capabilities.contains(.reasoning)
| `- error: value of type 'SystemLanguageModel' has no member 'capabilities'
240 | let reasoning: String
241 | do {
/Users/admin/builder/spi-builder-workspace/Sources/SwiftDeltaCore/Repair/Model/AppleFoundationModelRepairProvider.swift:239:66: error: cannot infer contextual base in reference to member 'reasoning'
237 | )
238 | }
239 | let supportsReasoning = model.capabilities.contains(.reasoning)
| `- error: cannot infer contextual base in reference to member 'reasoning'
240 | let reasoning: String
241 | do {
/Users/admin/builder/spi-builder-workspace/Sources/SwiftDeltaCore/Repair/Model/AppleFoundationModelRepairProvider.swift:290:40: error: incorrect argument label in call (have 'samplingMode:maximumResponseTokens:', expected 'sampling:maximumResponseTokens:')
288 | instructions: instructions
289 | )
290 | let options = GenerationOptions(
| `- error: incorrect argument label in call (have 'samplingMode:maximumResponseTokens:', expected 'sampling:maximumResponseTokens:')
291 | samplingMode: .greedy,
292 | maximumResponseTokens:
/Users/admin/builder/spi-builder-workspace/Sources/SwiftDeltaCore/Repair/Model/AppleFoundationModelRepairProvider.swift:300:33: error: cannot find 'ContextOptions' in scope
298 | generating: AppleGeneratedRepairProposal.self,
299 | options: options,
300 | contextOptions: ContextOptions(
| `- error: cannot find 'ContextOptions' in scope
301 | includeSchemaInPrompt: true,
302 | reasoningLevel: reasoning(reasoningLevel)
/Users/admin/builder/spi-builder-workspace/Sources/SwiftDeltaCore/Repair/Model/AppleFoundationModelRepairProvider.swift:300:33: error: extra argument 'contextOptions' in call
298 | generating: AppleGeneratedRepairProposal.self,
299 | options: options,
300 | contextOptions: ContextOptions(
| `- error: extra argument 'contextOptions' in call
301 | includeSchemaInPrompt: true,
302 | reasoningLevel: reasoning(reasoningLevel)
/Users/admin/builder/spi-builder-workspace/Sources/SwiftDeltaCore/Repair/Model/AppleFoundationModelRepairProvider.swift:446:39: error: cannot find type 'LanguageModelError' in scope
444 | }
445 | if #available(macOS 27.0, *),
446 | let modelError = error as? LanguageModelError
| `- error: cannot find type 'LanguageModelError' in scope
447 | {
448 | switch modelError {
/Users/admin/builder/spi-builder-workspace/Sources/SwiftDeltaCore/Repair/Model/AppleFoundationModelRepairProvider.swift:470:62: error: 'Error' is not a member type of class 'FoundationModels.LanguageModelSession'
468 | }
469 | if #available(macOS 27.0, *),
470 | let sessionError = error as? LanguageModelSession.Error
| `- error: 'Error' is not a member type of class 'FoundationModels.LanguageModelSession'
471 | {
472 | switch sessionError {
FoundationModels.LanguageModelSession:4:20: note: 'LanguageModelSession' declared here
2 | @available(tvOS, unavailable)
3 | @available(watchOS, unavailable)
4 | final public class LanguageModelSession {
| `- note: 'LanguageModelSession' declared here
5 | final public var transcript: Transcript { get }
6 | @objc deinit
[208/235] Compiling SwiftDeltaCore JSONReportRenderer.swift
[209/235] Compiling SwiftDeltaCore ReportRenderer.swift
[210/235] Compiling SwiftDeltaCore SARIFReportRenderer.swift
[211/235] Compiling SwiftDeltaCore SwiftDeltaVersion.swift
[212/235] Compiling SwiftDeltaCore TerminalReportRenderer.swift
[213/235] Compiling SwiftDeltaCore SDKInterfaceScanner.swift
[214/235] Compiling SwiftDeltaCore SDKProjectMatcher.swift
[215/235] Compiling SwiftDeltaCore SDKRenameResolver.swift
[216/235] Compiling SwiftDeltaCore PackageAnalyzer.swift
[217/235] Compiling SwiftDeltaCore PackageManifestVisitor.swift
[218/235] Compiling SwiftDeltaCore PackageModels.swift
[219/235] Compiling SwiftDeltaCore CompilerASTDocumentScanner.swift
[220/235] Compiling SwiftDeltaCore CompilerASTReferenceParser.swift
[221/235] Compiling SwiftDeltaCore CompilerInvocationCapture.swift
[222/235] Compiling SwiftDeltaCore CompilerReferenceResolver.swift
[223/235] Compiling SwiftDeltaCore TargetBuildContextProvider.swift
[224/235] Compiling SwiftDeltaCore SDKAnalysisEngine.swift
[225/235] Compiling SwiftDeltaCore SDKSnapshotCache.swift
[226/235] Compiling SwiftDeltaCore SDKSnapshotDiffer.swift
[227/235] Compiling SwiftDeltaCore SDKSnapshotExtractor.swift
[228/235] Compiling SwiftDeltaCore SDKSourceCompatibility.swift
[229/235] Compiling SwiftDeltaCore SymbolGraphNormalizer.swift
[230/235] Compiling SwiftDeltaCore FindingMerger.swift
[231/235] Compiling SwiftDeltaCore OperationProgress.swift
[232/235] Compiling SwiftDeltaCore SwiftDeltaError.swift
BUILD FAILURE 6.3 macosSpm