Build Information
Failed to build FaunaDB, reference main (708b6c), with Swift 6.4 for watchOS using Xcode 27.0 on 17 Sep 2026 00:09:50 UTC.
Build Command
env DEVELOPER_DIR=/Applications/Xcode-27.0.0-Release.Candidate.app xcrun xcodebuild -IDEClonedSourcePackagesDirPathOverride=$PWD/.dependencies -skipMacroValidation -skipPackagePluginValidation -derivedDataPath $PWD/.derivedData build -scheme FaunaDB -destination generic/platform=watchOSBuild Log
========================================
RunAll
========================================
Builder version: 5.1.0
Interrupt handler set up.
========================================
Checkout
========================================
Clone URL: https://github.com/fauna/faunadb-swift.git
Reference: main
Initialized empty Git repository in /Users/admin/builder/spi-builder-workspace/.git/
From https://github.com/fauna/faunadb-swift
* branch main -> FETCH_HEAD
* [new branch] main -> origin/main
HEAD is now at 708b6cd Move from master to main
Cloned https://github.com/fauna/faunadb-swift.git
Revision (git rev-parse @):
708b6cd64a6bdbf5c4ccc4be4480d9769625cd1f
SUCCESS checkout https://github.com/fauna/faunadb-swift.git at main
========================================
Build
========================================
Selected platform: watchOS
Swift version: 6.4
Building package at path: $PWD
https://github.com/fauna/faunadb-swift.git
Command line invocation:
/Applications/Xcode-27.0.0-Release.Candidate.app/Contents/Developer/usr/bin/xcodebuild -IDEClonedSourcePackagesDirPathOverride=/Users/admin/builder/spi-builder-workspace/.dependencies -resolvePackageDependencies
resolved source packages:
{
"dependencies" : [
],
"manifest_display_name" : "FaunaDB",
"name" : "FaunaDB",
"path" : "/Users/admin/builder/spi-builder-workspace",
"platforms" : [
],
"products" : [
{
"name" : "FaunaDB",
"targets" : [
"FaunaDB"
],
"type" : {
"library" : [
"automatic"
]
}
}
],
"targets" : [
{
"c99name" : "FaunaDBTests",
"module_type" : "SwiftTarget",
"name" : "FaunaDBTests",
"path" : "Tests/FaunaDBTests",
"sources" : [
"AtomicIntTests.swift",
"ClientTests.swift",
"DescriptionTests.swift",
"DeserializationTests.swift",
"ErrorsTests.swift",
"FieldTests.swift",
"QueryResultTests.swift",
"SerializationTests.swift",
"TestUtils.swift"
],
"target_dependencies" : [
"FaunaDB"
],
"type" : "test"
},
{
"c99name" : "FaunaDB",
"module_type" : "SwiftTarget",
"name" : "FaunaDB",
"path" : "Sources/FaunaDB",
"product_memberships" : [
"FaunaDB"
],
"sources" : [
"AtomicInt.swift",
"Client.swift",
"Codec.swift",
"Errors.swift",
"Expr.swift",
"Field.swift",
"HighPrecisionTime.swift",
"ISO8601.swift",
"JSON.swift",
"LanguageExtensions.swift",
"Latch.swift",
"Path.swift",
"Query.swift",
"QueryResult.swift",
"Try.swift",
"Value+Traversal.swift",
"Value.swift"
],
"type" : "library"
}
],
"tools_version" : "4.2"
}
{
"project" : {
"configurations" : [
"Debug",
"Release"
],
"name" : "FaunaDB",
"schemes" : [
"FaunaDB"
],
"targets" : [
"FaunaDB",
"FaunaDBTests"
]
}
}
Running build ...
env DEVELOPER_DIR=/Applications/Xcode-27.0.0-Release.Candidate.app xcrun xcodebuild -IDEClonedSourcePackagesDirPathOverride=$PWD/.dependencies -skipMacroValidation -skipPackagePluginValidation -derivedDataPath $PWD/.derivedData build -scheme FaunaDB -destination generic/platform=watchOS
Command line invocation:
/Applications/Xcode-27.0.0-Release.Candidate.app/Contents/Developer/usr/bin/xcodebuild -IDEClonedSourcePackagesDirPathOverride=/Users/admin/builder/spi-builder-workspace/.dependencies -skipMacroValidation -skipPackagePluginValidation -derivedDataPath /Users/admin/builder/spi-builder-workspace/.derivedData build -scheme FaunaDB -destination generic/platform=watchOS
ComputePackagePrebuildTargetDependencyGraph
Prepare packages
CreateBuildRequest
SendProjectDescription
CreateBuildOperation
ComputeTargetDependencyGraph
note: Building targets in dependency order
note: Target dependency graph (1 target)
Target 'FaunaDB' in project 'FaunaDB' (no dependencies)
GatherProvisioningInputs
CreateBuildDescription
ExecuteExternalTool /Applications/Xcode-27.0.0-Release.Candidate.app/Contents/Developer/Toolchains/XcodeDefault.xctoolchain/usr/bin/clang -v -E -dM -isysroot /Applications/Xcode-27.0.0-Release.Candidate.app/Contents/Developer/Platforms/WatchOS.platform/Developer/SDKs/WatchOS27.0.sdk -x c -c /dev/null
ExecuteExternalTool /Applications/Xcode-27.0.0-Release.Candidate.app/Contents/Developer/Toolchains/XcodeDefault.xctoolchain/usr/bin/swiftc --version
ExecuteExternalTool /Applications/Xcode-27.0.0-Release.Candidate.app/Contents/Developer/Toolchains/XcodeDefault.xctoolchain/usr/bin/ld -version_details
Build description signature: 3c84e33ac80114718381fed483bff6dc
Build description path: /Users/admin/builder/spi-builder-workspace/.derivedData/Build/Intermediates.noindex/XCBuildData/3c84e33ac80114718381fed483bff6dc.xcbuilddata
/Users/admin/builder/spi-builder-workspace/FaunaDB.xcodeproj: error: The watchOS deployment target 'WATCHOS_DEPLOYMENT_TARGET' is set to 2.0, but the range of supported deployment target versions is 9.0 to 27.0.x. (in target 'FaunaDB' from project 'FaunaDB')
error: The armv7k architecture is deprecated. You should update your ARCHS build setting to remove the armv7k architecture. (in target 'FaunaDB' from project 'FaunaDB')
warning: Run script build phase 'Run Script' will be run during every build because it does not specify any outputs. To address this issue, either add output dependencies to the script phase, or configure it to run in every build by unchecking "Based on dependency analysis" in the script phase. (in target 'FaunaDB' from project 'FaunaDB')
** BUILD FAILED **
The following build commands failed:
Building project FaunaDB with scheme FaunaDB
(1 failure)
Command line invocation:
/Applications/Xcode-27.0.0-Release.Candidate.app/Contents/Developer/usr/bin/xcodebuild -IDEClonedSourcePackagesDirPathOverride=/Users/admin/builder/spi-builder-workspace/.dependencies -resolvePackageDependencies
resolved source packages:
{
"dependencies" : [
],
"manifest_display_name" : "FaunaDB",
"name" : "FaunaDB",
"path" : "/Users/admin/builder/spi-builder-workspace",
"platforms" : [
],
"products" : [
{
"name" : "FaunaDB",
"targets" : [
"FaunaDB"
],
"type" : {
"library" : [
"automatic"
]
}
}
],
"targets" : [
{
"c99name" : "FaunaDBTests",
"module_type" : "SwiftTarget",
"name" : "FaunaDBTests",
"path" : "Tests/FaunaDBTests",
"sources" : [
"AtomicIntTests.swift",
"ClientTests.swift",
"DescriptionTests.swift",
"DeserializationTests.swift",
"ErrorsTests.swift",
"FieldTests.swift",
"QueryResultTests.swift",
"SerializationTests.swift",
"TestUtils.swift"
],
"target_dependencies" : [
"FaunaDB"
],
"type" : "test"
},
{
"c99name" : "FaunaDB",
"module_type" : "SwiftTarget",
"name" : "FaunaDB",
"path" : "Sources/FaunaDB",
"product_memberships" : [
"FaunaDB"
],
"sources" : [
"AtomicInt.swift",
"Client.swift",
"Codec.swift",
"Errors.swift",
"Expr.swift",
"Field.swift",
"HighPrecisionTime.swift",
"ISO8601.swift",
"JSON.swift",
"LanguageExtensions.swift",
"Latch.swift",
"Path.swift",
"Query.swift",
"QueryResult.swift",
"Try.swift",
"Value+Traversal.swift",
"Value.swift"
],
"type" : "library"
}
],
"tools_version" : "4.2"
}
{
"project" : {
"configurations" : [
"Debug",
"Release"
],
"name" : "FaunaDB",
"schemes" : [
"FaunaDB"
],
"targets" : [
"FaunaDB",
"FaunaDBTests"
]
}
}
Running build ...
env DEVELOPER_DIR=/Applications/Xcode-27.0.0-Release.Candidate.app xcrun xcodebuild -IDEClonedSourcePackagesDirPathOverride=$PWD/.dependencies -skipMacroValidation -skipPackagePluginValidation -derivedDataPath $PWD/.derivedData build -scheme FaunaDB -destination generic/platform=watchOS
Command line invocation:
/Applications/Xcode-27.0.0-Release.Candidate.app/Contents/Developer/usr/bin/xcodebuild -IDEClonedSourcePackagesDirPathOverride=/Users/admin/builder/spi-builder-workspace/.dependencies -skipMacroValidation -skipPackagePluginValidation -derivedDataPath /Users/admin/builder/spi-builder-workspace/.derivedData build -scheme FaunaDB -destination generic/platform=watchOS
ComputePackagePrebuildTargetDependencyGraph
Prepare packages
CreateBuildRequest
SendProjectDescription
CreateBuildOperation
ComputeTargetDependencyGraph
note: Building targets in dependency order
note: Target dependency graph (1 target)
Target 'FaunaDB' in project 'FaunaDB' (no dependencies)
GatherProvisioningInputs
CreateBuildDescription
error: The armv7k architecture is deprecated. You should update your ARCHS build setting to remove the armv7k architecture. (in target 'FaunaDB' from project 'FaunaDB')
/Users/admin/builder/spi-builder-workspace/FaunaDB.xcodeproj: error: The watchOS deployment target 'WATCHOS_DEPLOYMENT_TARGET' is set to 2.0, but the range of supported deployment target versions is 9.0 to 27.0.x. (in target 'FaunaDB' from project 'FaunaDB')
warning: Run script build phase 'Run Script' will be run during every build because it does not specify any outputs. To address this issue, either add output dependencies to the script phase, or configure it to run in every build by unchecking "Based on dependency analysis" in the script phase. (in target 'FaunaDB' from project 'FaunaDB')
** BUILD FAILED **
The following build commands failed:
Building project FaunaDB with scheme FaunaDB
(1 failure)
BUILD FAILURE 6.4 watchOS