The Swift Package Index logo.Swift Package Index

Build Information

Failed to build PrayerTimePlus, reference 0.3.0 (e34e6b), with Swift 6.1 for watchOS using Xcode 16.3 on 31 Aug 2026 14:49:24 UTC.

Build Command

No build command. This typically means the build failed at an early stage where we determine the build command.

Build Log

========================================
RunAll
========================================
Builder version: 5.0.2
Interrupt handler set up.
========================================
Checkout
========================================
Clone URL: https://github.com/abdulwahed-s/prayer-time-plus-swift.git
Reference: 0.3.0
Initialized empty Git repository in /Users/admin/builder/spi-builder-workspace/.git/
From https://github.com/abdulwahed-s/prayer-time-plus-swift
 * tag               0.3.0      -> FETCH_HEAD
HEAD is now at e34e6be chore: prepare 0.3.0 release
Cloned https://github.com/abdulwahed-s/prayer-time-plus-swift.git
Revision (git rev-parse @):
e34e6be70da82a874a7bb14e303e3482b343adc8
SUCCESS checkout https://github.com/abdulwahed-s/prayer-time-plus-swift.git at 0.3.0
========================================
Build
========================================
Selected platform:         watchOS
Swift version:             6.1
Building package at path:  $PWD
https://github.com/abdulwahed-s/prayer-time-plus-swift.git
https://github.com/abdulwahed-s/prayer-time-plus-swift.git
error: 'spi-builder-workspace': package 'spi-builder-workspace' is using Swift tools version 6.3.0 but the installed version is 6.1.0
error: fatalError
Command line invocation:
    /Applications/Xcode-16.3.0.app/Contents/Developer/usr/bin/xcodebuild -IDEClonedSourcePackagesDirPathOverride=/Users/admin/builder/spi-builder-workspace/.dependencies -resolvePackageDependencies
Resolve Package Graph
package 'spi-builder-workspace' is using Swift tools version 6.3.0 but the installed version is 6.1.0
Resolved source packages:
  spi-builder-workspace: (null)
2026-08-31 07:49:23.428 xcodebuild[504:2894] Writing error result bundle to /var/folders/5k/5yc19ymj0jqd5v0zvgfqz0xw0000gn/T/ResultBundle_2026-31-08_07-49-0023.xcresult
xcodebuild: error: Could not resolve package dependencies:
  package 'spi-builder-workspace' is using Swift tools version 6.3.0 but the installed version is 6.1.0
Command line invocation:
    /Applications/Xcode-16.3.0.app/Contents/Developer/usr/bin/xcodebuild -IDEClonedSourcePackagesDirPathOverride=/Users/admin/builder/spi-builder-workspace/.dependencies -resolvePackageDependencies
Resolve Package Graph
package 'spi-builder-workspace' is using Swift tools version 6.3.0 but the installed version is 6.1.0
Resolved source packages:
  spi-builder-workspace: (null)
2026-08-31 07:49:24.143 xcodebuild[513:3004] Writing error result bundle to /var/folders/5k/5yc19ymj0jqd5v0zvgfqz0xw0000gn/T/ResultBundle_2026-31-08_07-49-0024.xcresult
xcodebuild: error: Could not resolve package dependencies:
  package 'spi-builder-workspace' is using Swift tools version 6.3.0 but the installed version is 6.1.0
BUILD FAILURE 6.1 watchOS