The Swift Package Index logo.Swift Package Index

Build Information

Failed to build VariableBlurImageView, reference main (74d9fc), with Swift 6.4 for watchOS using Xcode 27.0 on 20 Sep 2026 08:16:50 UTC.

Build Command

env DEVELOPER_DIR=/Applications/Xcode-27.0.0-Release.Candidate.app xcrun xcodebuild -IDEClonedSourcePackagesDirPathOverride=$PWD/.dependencies -skipMacroValidation -skipPackagePluginValidation -derivedDataPath $PWD/.derivedData build -scheme VariableBlurImageView-Package -destination generic/platform=watchOS

Build Log

========================================
RunAll
========================================
Builder version: 5.1.0
Interrupt handler set up.
========================================
Checkout
========================================
Clone URL: https://github.com/Eskils/VariableBlurImageView.git
Reference: main
Initialized empty Git repository in /Users/admin/builder/spi-builder-workspace/.git/
From https://github.com/Eskils/VariableBlurImageView
 * branch            main       -> FETCH_HEAD
 * [new branch]      main       -> origin/main
HEAD is now at 74d9fcb Merge pull request #3 from Eskils/develop
Cloned https://github.com/Eskils/VariableBlurImageView.git
Revision (git rev-parse @):
74d9fcbf9a519c565412e3e6b38b4a2bb356df6c
SPI manifest file found: $PWD/.spi.yml
SUCCESS checkout https://github.com/Eskils/VariableBlurImageView.git at main
========================================
Build
========================================
Selected platform:         watchOS
Swift version:             6.4
Building package at path:  $PWD
https://github.com/Eskils/VariableBlurImageView.git
Command line invocation:
    /Applications/Xcode-27.0.0-Release.Candidate.app/Contents/Developer/usr/bin/xcodebuild -IDEClonedSourcePackagesDirPathOverride=/Users/admin/builder/spi-builder-workspace/.dependencies -resolvePackageDependencies
Resolve Package Graph
Resolve Package Graph
Resolved source packages:
  VariableBlurImageView: /Users/admin/builder/spi-builder-workspace
resolved source packages: VariableBlurImageView
2026-09-20 04:16:03.991 xcodebuild[528:3071] [MT] IDERunDestination: Supported platforms for the buildables in the current scheme is empty.
2026-09-20 04:16:04.140 xcodebuild[528:3071] [MT] IDERunDestination: Supported platforms for the buildables in the current scheme is empty.
2026-09-20 04:16:05.726 xcodebuild[528:3071] [MT] IDERunDestination: Supported platforms for the buildables in the current scheme is empty.
{
  "dependencies" : [
  ],
  "manifest_display_name" : "VariableBlurImageView",
  "name" : "VariableBlurImageView",
  "path" : "/Users/admin/builder/spi-builder-workspace",
  "platforms" : [
    {
      "name" : "ios",
      "version" : "13.0"
    },
    {
      "name" : "macos",
      "version" : "11.0"
    },
    {
      "name" : "maccatalyst",
      "version" : "13.0"
    },
    {
      "name" : "tvos",
      "version" : "13.0"
    },
    {
      "name" : "visionos",
      "version" : "1.0"
    }
  ],
  "products" : [
    {
      "name" : "VariableBlurImageView",
      "targets" : [
        "VariableBlurImageView"
      ],
      "type" : {
        "library" : [
          "automatic"
        ]
      }
    },
    {
      "name" : "GenerateTestImages",
      "targets" : [
        "GenerateTestImages"
      ],
      "type" : {
        "executable" : null
      }
    }
  ],
  "targets" : [
    {
      "c99name" : "VariableBlurImageViewTests",
      "module_type" : "SwiftTarget",
      "name" : "VariableBlurImageViewTests",
      "path" : "Tests/VariableBlurImageViewTests",
      "sources" : [
        "ImageTilerTests.swift",
        "TestingHelpers.swift",
        "TestsError.swift",
        "VariableBlurImageViewTests.swift"
      ],
      "target_dependencies" : [
        "VariableBlurImageView"
      ],
      "type" : "test"
    },
    {
      "c99name" : "VariableBlurImageView",
      "module_type" : "SwiftTarget",
      "name" : "VariableBlurImageView",
      "path" : "Sources/VariableBlurImageView",
      "product_memberships" : [
        "VariableBlurImageView",
        "GenerateTestImages"
      ],
      "sources" : [
        "CrossPlatform.swift",
        "ImageTiler.swift",
        "MetalFunction.swift",
        "SwiftUI/Image+Extension.swift",
        "SwiftUI/VariableBlurImage.swift",
        "SwiftUI/VariableBlurImageImpl.swift",
        "VariableBlurDescription.swift",
        "VariableBlurEngine.swift",
        "VariableBlurImageView.swift",
        "VariableBlurMetal.swift",
        "VariableBlurOperation.swift"
      ],
      "type" : "library"
    },
    {
      "c99name" : "GenerateTestImages",
      "module_type" : "SwiftTarget",
      "name" : "GenerateTestImages",
      "path" : "Sources/GenerateTestImages",
      "product_memberships" : [
        "GenerateTestImages"
      ],
      "sources" : [
        "GenerateImages.swift",
        "GenerateTestImages.swift",
        "OutputImage.swift",
        "main.swift"
      ],
      "target_dependencies" : [
        "VariableBlurImageView"
      ],
      "type" : "executable"
    }
  ],
  "tools_version" : "5.9"
}
{
  "workspace" : {
    "name" : "VariableBlurImageView",
    "schemes" : [
      "GenerateTestImages",
      "VariableBlurImageView",
      "VariableBlurImageView-Package"
    ]
  }
}
2026-09-20 04:16:41.204 xcodebuild[625:3879] [MT] IDERunDestination: Supported platforms for the buildables in the current scheme is empty.
Running build ...
env DEVELOPER_DIR=/Applications/Xcode-27.0.0-Release.Candidate.app xcrun xcodebuild -IDEClonedSourcePackagesDirPathOverride=$PWD/.dependencies -skipMacroValidation -skipPackagePluginValidation -derivedDataPath $PWD/.derivedData build -scheme VariableBlurImageView-Package -destination generic/platform=watchOS
Command line invocation:
    /Applications/Xcode-27.0.0-Release.Candidate.app/Contents/Developer/usr/bin/xcodebuild -IDEClonedSourcePackagesDirPathOverride=/Users/admin/builder/spi-builder-workspace/.dependencies -skipMacroValidation -skipPackagePluginValidation -derivedDataPath /Users/admin/builder/spi-builder-workspace/.derivedData build -scheme VariableBlurImageView-Package -destination generic/platform=watchOS
Resolve Package Graph
Resolved source packages:
  VariableBlurImageView: /Users/admin/builder/spi-builder-workspace
ComputePackagePrebuildTargetDependencyGraph
Prepare packages
CreateBuildRequest
SendProjectDescription
CreateBuildOperation
ComputeTargetDependencyGraph
note: Building targets in dependency order
note: Target dependency graph (5 targets)
    Target 'VariableBlurImageViewTests-product' in project 'VariableBlurImageView'
        ➜ Explicit dependency on target 'VariableBlurImageView' in project 'VariableBlurImageView'
    Target 'GenerateTestImages-product' in project 'VariableBlurImageView'
        ➜ Explicit dependency on target 'VariableBlurImageView' in project 'VariableBlurImageView'
    Target 'VariableBlurImageView-product' in project 'VariableBlurImageView'
        ➜ Explicit dependency on target 'VariableBlurImageView' in project 'VariableBlurImageView'
        ➜ Explicit dependency on target 'VariableBlurImageView_VariableBlurImageView' in project 'VariableBlurImageView'
    Target 'VariableBlurImageView' in project 'VariableBlurImageView'
        ➜ Explicit dependency on target 'VariableBlurImageView_VariableBlurImageView' in project 'VariableBlurImageView'
    Target 'VariableBlurImageView_VariableBlurImageView' in project 'VariableBlurImageView' (no dependencies)
GatherProvisioningInputs
CreateBuildDescription
ExecuteExternalTool /Applications/Xcode-27.0.0-Release.Candidate.app/Contents/Developer/Toolchains/XcodeDefault.xctoolchain/usr/bin/swiftc --version
ExecuteExternalTool /Applications/Xcode-27.0.0-Release.Candidate.app/Contents/Developer/Toolchains/XcodeDefault.xctoolchain/usr/bin/clang -v -E -dM -isysroot /Applications/Xcode-27.0.0-Release.Candidate.app/Contents/Developer/Platforms/WatchOS.platform/Developer/SDKs/WatchOS27.0.sdk -x c -c /dev/null
ExecuteExternalTool /Applications/Xcode-27.0.0-Release.Candidate.app/Contents/Developer/Toolchains/XcodeDefault.xctoolchain/usr/bin/ld -version_details
ReadFileContents /Applications/Xcode-27.0.0-Release.Candidate.app/Contents/Developer/Toolchains/XcodeDefault.xctoolchain/usr/share/docc/features.json
Build description signature: a8855fe9145ae4ffb7cbfe1966023757
Build description path: /Users/admin/builder/spi-builder-workspace/.derivedData/Build/Intermediates.noindex/XCBuildData/a8855fe9145ae4ffb7cbfe1966023757.xcbuilddata
CreateBuildDirectory /Users/admin/builder/spi-builder-workspace/.derivedData/SDKExplicitPrecompiledModules
    cd /Users/admin/builder/spi-builder-workspace/.swiftpm/xcode
    builtin-create-build-directory /Users/admin/builder/spi-builder-workspace/.derivedData/SDKExplicitPrecompiledModules
CreateBuildDirectory /Users/admin/builder/spi-builder-workspace/.derivedData/CompilationCache.noindex
    cd /Users/admin/builder/spi-builder-workspace/.swiftpm/xcode
    builtin-create-build-directory /Users/admin/builder/spi-builder-workspace/.derivedData/CompilationCache.noindex
CreateBuildDirectory /Users/admin/builder/spi-builder-workspace/.derivedData/ModuleCache.noindex
    cd /Users/admin/builder/spi-builder-workspace/.swiftpm/xcode
    builtin-create-build-directory /Users/admin/builder/spi-builder-workspace/.derivedData/ModuleCache.noindex
CreateBuildDirectory /Users/admin/builder/spi-builder-workspace/.derivedData/Build/Products
    cd /Users/admin/builder/spi-builder-workspace/.swiftpm/xcode
    builtin-create-build-directory /Users/admin/builder/spi-builder-workspace/.derivedData/Build/Products
CreateBuildDirectory /Users/admin/builder/spi-builder-workspace/.derivedData/Build/Intermediates.noindex
    cd /Users/admin/builder/spi-builder-workspace/.swiftpm/xcode
    builtin-create-build-directory /Users/admin/builder/spi-builder-workspace/.derivedData/Build/Intermediates.noindex
ClangStatCache /Applications/Xcode-27.0.0-Release.Candidate.app/Contents/Developer/Toolchains/XcodeDefault.xctoolchain/usr/bin/clang-stat-cache /Applications/Xcode-27.0.0-Release.Candidate.app/Contents/Developer/Platforms/WatchOS.platform/Developer/SDKs/WatchOS27.0.sdk /Users/admin/builder/spi-builder-workspace/.derivedData/SDKStatCaches.noindex/watchos27.0-24R360-e829b21a6f8c9b70876ba0858053c04477534ef55a1706bf4c1112bbb242f0a2.sdkstatcache
    cd /Users/admin/builder/spi-builder-workspace/.swiftpm/xcode
    /Applications/Xcode-27.0.0-Release.Candidate.app/Contents/Developer/Toolchains/XcodeDefault.xctoolchain/usr/bin/clang-stat-cache /Applications/Xcode-27.0.0-Release.Candidate.app/Contents/Developer/Platforms/WatchOS.platform/Developer/SDKs/WatchOS27.0.sdk -o /Users/admin/builder/spi-builder-workspace/.derivedData/SDKStatCaches.noindex/watchos27.0-24R360-e829b21a6f8c9b70876ba0858053c04477534ef55a1706bf4c1112bbb242f0a2.sdkstatcache
CreateBuildDirectory /Users/admin/builder/spi-builder-workspace/.derivedData/Build/Intermediates.noindex/SwiftExplicitPrecompiledModules
    cd /Users/admin/builder/spi-builder-workspace/.swiftpm/xcode
    builtin-create-build-directory /Users/admin/builder/spi-builder-workspace/.derivedData/Build/Intermediates.noindex/SwiftExplicitPrecompiledModules
CreateBuildDirectory /Users/admin/builder/spi-builder-workspace/.derivedData/Build/Intermediates.noindex/PrecompiledHeaders
    cd /Users/admin/builder/spi-builder-workspace/.swiftpm/xcode
    builtin-create-build-directory /Users/admin/builder/spi-builder-workspace/.derivedData/Build/Intermediates.noindex/PrecompiledHeaders
CreateBuildDirectory /Users/admin/builder/spi-builder-workspace/.derivedData/Build/Intermediates.noindex/ExplicitPrecompiledModules
    cd /Users/admin/builder/spi-builder-workspace/.swiftpm/xcode
    builtin-create-build-directory /Users/admin/builder/spi-builder-workspace/.derivedData/Build/Intermediates.noindex/ExplicitPrecompiledModules
CreateBuildDirectory /Users/admin/builder/spi-builder-workspace/.derivedData/Build/Products/Debug-watchos
    cd /Users/admin/builder/spi-builder-workspace/.swiftpm/xcode
    builtin-create-build-directory /Users/admin/builder/spi-builder-workspace/.derivedData/Build/Products/Debug-watchos
CreateBuildDirectory /Users/admin/builder/spi-builder-workspace/.derivedData/Build/Intermediates.noindex/EagerLinkingTBDs/Debug-watchos
    cd /Users/admin/builder/spi-builder-workspace/.swiftpm/xcode
    builtin-create-build-directory /Users/admin/builder/spi-builder-workspace/.derivedData/Build/Intermediates.noindex/EagerLinkingTBDs/Debug-watchos
CreateBuildDirectory /Users/admin/builder/spi-builder-workspace/.derivedData/Build/Products/Debug-watchos/PackageFrameworks
    cd /Users/admin/builder/spi-builder-workspace/.swiftpm/xcode
    builtin-create-build-directory /Users/admin/builder/spi-builder-workspace/.derivedData/Build/Products/Debug-watchos/PackageFrameworks
WriteAuxiliaryFile /Users/admin/builder/spi-builder-workspace/.derivedData/Build/Intermediates.noindex/VariableBlurImageView.build/Debug-watchos/VariableBlurImageView_VariableBlurImageView-b.build/VariableBlurImageView_VariableBlurImageView.DependencyMetadataFileList (in target 'VariableBlurImageView_VariableBlurImageView' from project 'VariableBlurImageView')
    cd /Users/admin/builder/spi-builder-workspace
    write-file /Users/admin/builder/spi-builder-workspace/.derivedData/Build/Intermediates.noindex/VariableBlurImageView.build/Debug-watchos/VariableBlurImageView_VariableBlurImageView-b.build/VariableBlurImageView_VariableBlurImageView.DependencyMetadataFileList
WriteAuxiliaryFile /Users/admin/builder/spi-builder-workspace/.derivedData/Build/Intermediates.noindex/VariableBlurImageView.build/Debug-watchos/VariableBlurImageView_VariableBlurImageView-b.build/empty-VariableBlurImageView_VariableBlurImageView.plist (in target 'VariableBlurImageView_VariableBlurImageView' from project 'VariableBlurImageView')
    cd /Users/admin/builder/spi-builder-workspace
    write-file /Users/admin/builder/spi-builder-workspace/.derivedData/Build/Intermediates.noindex/VariableBlurImageView.build/Debug-watchos/VariableBlurImageView_VariableBlurImageView-b.build/empty-VariableBlurImageView_VariableBlurImageView.plist
WriteAuxiliaryFile /Users/admin/builder/spi-builder-workspace/.derivedData/Build/Intermediates.noindex/VariableBlurImageView.build/Debug-watchos/VariableBlurImageView_VariableBlurImageView-b.build/VariableBlurImageView_VariableBlurImageView.DependencyStaticMetadataFileList (in target 'VariableBlurImageView_VariableBlurImageView' from project 'VariableBlurImageView')
    cd /Users/admin/builder/spi-builder-workspace
    write-file /Users/admin/builder/spi-builder-workspace/.derivedData/Build/Intermediates.noindex/VariableBlurImageView.build/Debug-watchos/VariableBlurImageView_VariableBlurImageView-b.build/VariableBlurImageView_VariableBlurImageView.DependencyStaticMetadataFileList
WriteAuxiliaryFile /Users/admin/builder/spi-builder-workspace/.derivedData/Build/Intermediates.noindex/VariableBlurImageView.build/Debug-watchos/GenerateTestImages-p.build/Objects-normal/arm64_32/GenerateTestImages-OutputFileMap.json (in target 'GenerateTestImages-product' from project 'VariableBlurImageView')
    cd /Users/admin/builder/spi-builder-workspace
    write-file /Users/admin/builder/spi-builder-workspace/.derivedData/Build/Intermediates.noindex/VariableBlurImageView.build/Debug-watchos/GenerateTestImages-p.build/Objects-normal/arm64_32/GenerateTestImages-OutputFileMap.json
WriteAuxiliaryFile /Users/admin/builder/spi-builder-workspace/.derivedData/Build/Intermediates.noindex/VariableBlurImageView.build/Debug-watchos/GenerateTestImages-p.build/Objects-normal/arm64_32/GenerateTestImages.LinkFileList (in target 'GenerateTestImages-product' from project 'VariableBlurImageView')
    cd /Users/admin/builder/spi-builder-workspace
    write-file /Users/admin/builder/spi-builder-workspace/.derivedData/Build/Intermediates.noindex/VariableBlurImageView.build/Debug-watchos/GenerateTestImages-p.build/Objects-normal/arm64_32/GenerateTestImages.LinkFileList
WriteAuxiliaryFile /Users/admin/builder/spi-builder-workspace/.derivedData/Build/Intermediates.noindex/VariableBlurImageView.build/Debug-watchos/GenerateTestImages-p.build/Objects-normal/arm64_32/GenerateTestImages_const_extract_protocols.json (in target 'GenerateTestImages-product' from project 'VariableBlurImageView')
    cd /Users/admin/builder/spi-builder-workspace
    write-file /Users/admin/builder/spi-builder-workspace/.derivedData/Build/Intermediates.noindex/VariableBlurImageView.build/Debug-watchos/GenerateTestImages-p.build/Objects-normal/arm64_32/GenerateTestImages_const_extract_protocols.json
WriteAuxiliaryFile /Users/admin/builder/spi-builder-workspace/.derivedData/Build/Intermediates.noindex/VariableBlurImageView.build/Debug-watchos/GenerateTestImages-p.build/Objects-normal/arm64_32/GenerateTestImages.SwiftFileList (in target 'GenerateTestImages-product' from project 'VariableBlurImageView')
    cd /Users/admin/builder/spi-builder-workspace
    write-file /Users/admin/builder/spi-builder-workspace/.derivedData/Build/Intermediates.noindex/VariableBlurImageView.build/Debug-watchos/GenerateTestImages-p.build/Objects-normal/arm64_32/GenerateTestImages.SwiftFileList
WriteAuxiliaryFile /Users/admin/builder/spi-builder-workspace/.derivedData/Build/Intermediates.noindex/VariableBlurImageView.build/Debug-watchos/GenerateTestImages-p.build/Objects-normal/arm64/GenerateTestImages_const_extract_protocols.json (in target 'GenerateTestImages-product' from project 'VariableBlurImageView')
    cd /Users/admin/builder/spi-builder-workspace
    write-file /Users/admin/builder/spi-builder-workspace/.derivedData/Build/Intermediates.noindex/VariableBlurImageView.build/Debug-watchos/GenerateTestImages-p.build/Objects-normal/arm64/GenerateTestImages_const_extract_protocols.json
WriteAuxiliaryFile /Users/admin/builder/spi-builder-workspace/.derivedData/Build/Intermediates.noindex/VariableBlurImageView.build/Debug-watchos/VariableBlurImageViewTests-p.build/VariableBlurImageViewTests.DependencyStaticMetadataFileList (in target 'VariableBlurImageViewTests-product' from project 'VariableBlurImageView')
    cd /Users/admin/builder/spi-builder-workspace
    write-file /Users/admin/builder/spi-builder-workspace/.derivedData/Build/Intermediates.noindex/VariableBlurImageView.build/Debug-watchos/VariableBlurImageViewTests-p.build/VariableBlurImageViewTests.DependencyStaticMetadataFileList
WriteAuxiliaryFile /Users/admin/builder/spi-builder-workspace/.derivedData/Build/Intermediates.noindex/VariableBlurImageView.build/Debug-watchos/VariableBlurImageViewTests-p.build/VariableBlurImageViewTests.DependencyMetadataFileList (in target 'VariableBlurImageViewTests-product' from project 'VariableBlurImageView')
    cd /Users/admin/builder/spi-builder-workspace
    write-file /Users/admin/builder/spi-builder-workspace/.derivedData/Build/Intermediates.noindex/VariableBlurImageView.build/Debug-watchos/VariableBlurImageViewTests-p.build/VariableBlurImageViewTests.DependencyMetadataFileList
WriteAuxiliaryFile /Users/admin/builder/spi-builder-workspace/.derivedData/Build/Intermediates.noindex/VariableBlurImageView.build/Debug-watchos/VariableBlurImageViewTests-p.build/empty-VariableBlurImageViewTests.plist (in target 'VariableBlurImageViewTests-product' from project 'VariableBlurImageView')
    cd /Users/admin/builder/spi-builder-workspace
    write-file /Users/admin/builder/spi-builder-workspace/.derivedData/Build/Intermediates.noindex/VariableBlurImageView.build/Debug-watchos/VariableBlurImageViewTests-p.build/empty-VariableBlurImageViewTests.plist
WriteAuxiliaryFile /Users/admin/builder/spi-builder-workspace/.derivedData/Build/Intermediates.noindex/VariableBlurImageView.build/Debug-watchos/VariableBlurImageViewTests-p.build/Objects-normal/arm64_32/VariableBlurImageViewTests_const_extract_protocols.json (in target 'VariableBlurImageViewTests-product' from project 'VariableBlurImageView')
    cd /Users/admin/builder/spi-builder-workspace
    write-file /Users/admin/builder/spi-builder-workspace/.derivedData/Build/Intermediates.noindex/VariableBlurImageView.build/Debug-watchos/VariableBlurImageViewTests-p.build/Objects-normal/arm64_32/VariableBlurImageViewTests_const_extract_protocols.json
WriteAuxiliaryFile /Users/admin/builder/spi-builder-workspace/.derivedData/Build/Intermediates.noindex/VariableBlurImageView.build/Debug-watchos/VariableBlurImageViewTests-p.build/Objects-normal/arm64_32/VariableBlurImageViewTests.SwiftFileList (in target 'VariableBlurImageViewTests-product' from project 'VariableBlurImageView')
    cd /Users/admin/builder/spi-builder-workspace
    write-file /Users/admin/builder/spi-builder-workspace/.derivedData/Build/Intermediates.noindex/VariableBlurImageView.build/Debug-watchos/VariableBlurImageViewTests-p.build/Objects-normal/arm64_32/VariableBlurImageViewTests.SwiftFileList
WriteAuxiliaryFile /Users/admin/builder/spi-builder-workspace/.derivedData/Build/Intermediates.noindex/VariableBlurImageView.build/Debug-watchos/VariableBlurImageViewTests-p.build/Objects-normal/arm64_32/VariableBlurImageViewTests.SwiftConstValuesFileList (in target 'VariableBlurImageViewTests-product' from project 'VariableBlurImageView')
    cd /Users/admin/builder/spi-builder-workspace
    write-file /Users/admin/builder/spi-builder-workspace/.derivedData/Build/Intermediates.noindex/VariableBlurImageView.build/Debug-watchos/VariableBlurImageViewTests-p.build/Objects-normal/arm64_32/VariableBlurImageViewTests.SwiftConstValuesFileList
WriteAuxiliaryFile /Users/admin/builder/spi-builder-workspace/.derivedData/Build/Intermediates.noindex/VariableBlurImageView.build/Debug-watchos/VariableBlurImageViewTests-p.build/Objects-normal/arm64_32/VariableBlurImageViewTests.LinkFileList (in target 'VariableBlurImageViewTests-product' from project 'VariableBlurImageView')
    cd /Users/admin/builder/spi-builder-workspace
    write-file /Users/admin/builder/spi-builder-workspace/.derivedData/Build/Intermediates.noindex/VariableBlurImageView.build/Debug-watchos/VariableBlurImageViewTests-p.build/Objects-normal/arm64_32/VariableBlurImageViewTests.LinkFileList
WriteAuxiliaryFile /Users/admin/builder/spi-builder-workspace/.derivedData/Build/Intermediates.noindex/VariableBlurImageView.build/Debug-watchos/VariableBlurImageViewTests-p.build/Objects-normal/arm64_32/VariableBlurImageViewTests-OutputFileMap.json (in target 'VariableBlurImageViewTests-product' from project 'VariableBlurImageView')
    cd /Users/admin/builder/spi-builder-workspace
    write-file /Users/admin/builder/spi-builder-workspace/.derivedData/Build/Intermediates.noindex/VariableBlurImageView.build/Debug-watchos/VariableBlurImageViewTests-p.build/Objects-normal/arm64_32/VariableBlurImageViewTests-OutputFileMap.json
WriteAuxiliaryFile /Users/admin/builder/spi-builder-workspace/.derivedData/Build/Intermediates.noindex/VariableBlurImageView.build/Debug-watchos/VariableBlurImageViewTests-p.build/Objects-normal/arm64/VariableBlurImageViewTests_const_extract_protocols.json (in target 'VariableBlurImageViewTests-product' from project 'VariableBlurImageView')
    cd /Users/admin/builder/spi-builder-workspace
    write-file /Users/admin/builder/spi-builder-workspace/.derivedData/Build/Intermediates.noindex/VariableBlurImageView.build/Debug-watchos/VariableBlurImageViewTests-p.build/Objects-normal/arm64/VariableBlurImageViewTests_const_extract_protocols.json
WriteAuxiliaryFile /Users/admin/builder/spi-builder-workspace/.derivedData/Build/Intermediates.noindex/VariableBlurImageView.build/Debug-watchos/VariableBlurImageViewTests-p.build/Objects-normal/arm64/VariableBlurImageViewTests.SwiftFileList (in target 'VariableBlurImageViewTests-product' from project 'VariableBlurImageView')
    cd /Users/admin/builder/spi-builder-workspace
    write-file /Users/admin/builder/spi-builder-workspace/.derivedData/Build/Intermediates.noindex/VariableBlurImageView.build/Debug-watchos/VariableBlurImageViewTests-p.build/Objects-normal/arm64/VariableBlurImageViewTests.SwiftFileList
WriteAuxiliaryFile /Users/admin/builder/spi-builder-workspace/.derivedData/Build/Intermediates.noindex/VariableBlurImageView.build/Debug-watchos/VariableBlurImageViewTests-p.build/Objects-normal/arm64/VariableBlurImageViewTests.SwiftConstValuesFileList (in target 'VariableBlurImageViewTests-product' from project 'VariableBlurImageView')
    cd /Users/admin/builder/spi-builder-workspace
    write-file /Users/admin/builder/spi-builder-workspace/.derivedData/Build/Intermediates.noindex/VariableBlurImageView.build/Debug-watchos/VariableBlurImageViewTests-p.build/Objects-normal/arm64/VariableBlurImageViewTests.SwiftConstValuesFileList
WriteAuxiliaryFile /Users/admin/builder/spi-builder-workspace/.derivedData/Build/Intermediates.noindex/VariableBlurImageView.build/Debug-watchos/VariableBlurImageViewTests-p.build/Objects-normal/arm64/VariableBlurImageViewTests.LinkFileList (in target 'VariableBlurImageViewTests-product' from project 'VariableBlurImageView')
    cd /Users/admin/builder/spi-builder-workspace
    write-file /Users/admin/builder/spi-builder-workspace/.derivedData/Build/Intermediates.noindex/VariableBlurImageView.build/Debug-watchos/VariableBlurImageViewTests-p.build/Objects-normal/arm64/VariableBlurImageViewTests.LinkFileList
WriteAuxiliaryFile /Users/admin/builder/spi-builder-workspace/.derivedData/Build/Intermediates.noindex/VariableBlurImageView.build/Debug-watchos/VariableBlurImageViewTests-p.build/Objects-normal/arm64/VariableBlurImageViewTests-OutputFileMap.json (in target 'VariableBlurImageViewTests-product' from project 'VariableBlurImageView')
    cd /Users/admin/builder/spi-builder-workspace
    write-file /Users/admin/builder/spi-builder-workspace/.derivedData/Build/Intermediates.noindex/VariableBlurImageView.build/Debug-watchos/VariableBlurImageViewTests-p.build/Objects-normal/arm64/VariableBlurImageViewTests-OutputFileMap.json
WriteAuxiliaryFile /Users/admin/builder/spi-builder-workspace/.derivedData/Build/Intermediates.noindex/VariableBlurImageView.build/Debug-watchos/VariableBlurImageView-t.build/VariableBlurImageView.modulemap (in target 'VariableBlurImageView' from project 'VariableBlurImageView')
    cd /Users/admin/builder/spi-builder-workspace
    write-file /Users/admin/builder/spi-builder-workspace/.derivedData/Build/Intermediates.noindex/VariableBlurImageView.build/Debug-watchos/VariableBlurImageView-t.build/VariableBlurImageView.modulemap
WriteAuxiliaryFile /Users/admin/builder/spi-builder-workspace/.derivedData/Build/Intermediates.noindex/VariableBlurImageView.build/Debug-watchos/VariableBlurImageView-t.build/VariableBlurImageView.DependencyStaticMetadataFileList (in target 'VariableBlurImageView' from project 'VariableBlurImageView')
    cd /Users/admin/builder/spi-builder-workspace
    write-file /Users/admin/builder/spi-builder-workspace/.derivedData/Build/Intermediates.noindex/VariableBlurImageView.build/Debug-watchos/VariableBlurImageView-t.build/VariableBlurImageView.DependencyStaticMetadataFileList
WriteAuxiliaryFile /Users/admin/builder/spi-builder-workspace/.derivedData/Build/Intermediates.noindex/VariableBlurImageView.build/Debug-watchos/VariableBlurImageView-t.build/VariableBlurImageView.DependencyMetadataFileList (in target 'VariableBlurImageView' from project 'VariableBlurImageView')
    cd /Users/admin/builder/spi-builder-workspace
    write-file /Users/admin/builder/spi-builder-workspace/.derivedData/Build/Intermediates.noindex/VariableBlurImageView.build/Debug-watchos/VariableBlurImageView-t.build/VariableBlurImageView.DependencyMetadataFileList
WriteAuxiliaryFile /Users/admin/builder/spi-builder-workspace/.derivedData/Build/Intermediates.noindex/VariableBlurImageView.build/Debug-watchos/VariableBlurImageView-t.build/Objects-normal/arm64_32/VariableBlurImageView.SwiftFileList (in target 'VariableBlurImageView' from project 'VariableBlurImageView')
    cd /Users/admin/builder/spi-builder-workspace
    write-file /Users/admin/builder/spi-builder-workspace/.derivedData/Build/Intermediates.noindex/VariableBlurImageView.build/Debug-watchos/VariableBlurImageView-t.build/Objects-normal/arm64_32/VariableBlurImageView.SwiftFileList
WriteAuxiliaryFile /Users/admin/builder/spi-builder-workspace/.derivedData/Build/Intermediates.noindex/VariableBlurImageView.build/Debug-watchos/VariableBlurImageView-t.build/Objects-normal/arm64_32/VariableBlurImageView_const_extract_protocols.json (in target 'VariableBlurImageView' from project 'VariableBlurImageView')
    cd /Users/admin/builder/spi-builder-workspace
    write-file /Users/admin/builder/spi-builder-workspace/.derivedData/Build/Intermediates.noindex/VariableBlurImageView.build/Debug-watchos/VariableBlurImageView-t.build/Objects-normal/arm64_32/VariableBlurImageView_const_extract_protocols.json
WriteAuxiliaryFile /Users/admin/builder/spi-builder-workspace/.derivedData/Build/Intermediates.noindex/VariableBlurImageView.build/Debug-watchos/VariableBlurImageView-t.build/Objects-normal/arm64_32/VariableBlurImageView.SwiftConstValuesFileList (in target 'VariableBlurImageView' from project 'VariableBlurImageView')
    cd /Users/admin/builder/spi-builder-workspace
    write-file /Users/admin/builder/spi-builder-workspace/.derivedData/Build/Intermediates.noindex/VariableBlurImageView.build/Debug-watchos/VariableBlurImageView-t.build/Objects-normal/arm64_32/VariableBlurImageView.SwiftConstValuesFileList
WriteAuxiliaryFile /Users/admin/builder/spi-builder-workspace/.derivedData/Build/Intermediates.noindex/VariableBlurImageView.build/Debug-watchos/VariableBlurImageView-t.build/Objects-normal/arm64_32/VariableBlurImageView.LinkFileList (in target 'VariableBlurImageView' from project 'VariableBlurImageView')
    cd /Users/admin/builder/spi-builder-workspace
    write-file /Users/admin/builder/spi-builder-workspace/.derivedData/Build/Intermediates.noindex/VariableBlurImageView.build/Debug-watchos/VariableBlurImageView-t.build/Objects-normal/arm64_32/VariableBlurImageView.LinkFileList
WriteAuxiliaryFile /Users/admin/builder/spi-builder-workspace/.derivedData/Build/Intermediates.noindex/VariableBlurImageView.build/Debug-watchos/VariableBlurImageView-t.build/Objects-normal/arm64_32/VariableBlurImageView-OutputFileMap.json (in target 'VariableBlurImageView' from project 'VariableBlurImageView')
    cd /Users/admin/builder/spi-builder-workspace
    write-file /Users/admin/builder/spi-builder-workspace/.derivedData/Build/Intermediates.noindex/VariableBlurImageView.build/Debug-watchos/VariableBlurImageView-t.build/Objects-normal/arm64_32/VariableBlurImageView-OutputFileMap.json
WriteAuxiliaryFile /Users/admin/builder/spi-builder-workspace/.derivedData/Build/Intermediates.noindex/VariableBlurImageView.build/Debug-watchos/VariableBlurImageView-t.build/Objects-normal/arm64/VariableBlurImageView_const_extract_protocols.json (in target 'VariableBlurImageView' from project 'VariableBlurImageView')
    cd /Users/admin/builder/spi-builder-workspace
    write-file /Users/admin/builder/spi-builder-workspace/.derivedData/Build/Intermediates.noindex/VariableBlurImageView.build/Debug-watchos/VariableBlurImageView-t.build/Objects-normal/arm64/VariableBlurImageView_const_extract_protocols.json
WriteAuxiliaryFile /Users/admin/builder/spi-builder-workspace/.derivedData/Build/Intermediates.noindex/VariableBlurImageView.build/Debug-watchos/VariableBlurImageView-t.build/Objects-normal/arm64/VariableBlurImageView.SwiftFileList (in target 'VariableBlurImageView' from project 'VariableBlurImageView')
    cd /Users/admin/builder/spi-builder-workspace
    write-file /Users/admin/builder/spi-builder-workspace/.derivedData/Build/Intermediates.noindex/VariableBlurImageView.build/Debug-watchos/VariableBlurImageView-t.build/Objects-normal/arm64/VariableBlurImageView.SwiftFileList
WriteAuxiliaryFile /Users/admin/builder/spi-builder-workspace/.derivedData/Build/Intermediates.noindex/VariableBlurImageView.build/Debug-watchos/VariableBlurImageView-t.build/Objects-normal/arm64/VariableBlurImageView.SwiftConstValuesFileList (in target 'VariableBlurImageView' from project 'VariableBlurImageView')
    cd /Users/admin/builder/spi-builder-workspace
    write-file /Users/admin/builder/spi-builder-workspace/.derivedData/Build/Intermediates.noindex/VariableBlurImageView.build/Debug-watchos/VariableBlurImageView-t.build/Objects-normal/arm64/VariableBlurImageView.SwiftConstValuesFileList
WriteAuxiliaryFile /Users/admin/builder/spi-builder-workspace/.derivedData/Build/Intermediates.noindex/VariableBlurImageView.build/Debug-watchos/VariableBlurImageView-t.build/Objects-normal/arm64/VariableBlurImageView.LinkFileList (in target 'VariableBlurImageView' from project 'VariableBlurImageView')
    cd /Users/admin/builder/spi-builder-workspace
    write-file /Users/admin/builder/spi-builder-workspace/.derivedData/Build/Intermediates.noindex/VariableBlurImageView.build/Debug-watchos/VariableBlurImageView-t.build/Objects-normal/arm64/VariableBlurImageView.LinkFileList
WriteAuxiliaryFile /Users/admin/builder/spi-builder-workspace/.derivedData/Build/Intermediates.noindex/VariableBlurImageView.build/Debug-watchos/VariableBlurImageView-t.build/Objects-normal/arm64/VariableBlurImageView-OutputFileMap.json (in target 'VariableBlurImageView' from project 'VariableBlurImageView')
    cd /Users/admin/builder/spi-builder-workspace
    write-file /Users/admin/builder/spi-builder-workspace/.derivedData/Build/Intermediates.noindex/VariableBlurImageView.build/Debug-watchos/VariableBlurImageView-t.build/Objects-normal/arm64/VariableBlurImageView-OutputFileMap.json
WriteAuxiliaryFile /Users/admin/builder/spi-builder-workspace/.derivedData/Build/Intermediates.noindex/VariableBlurImageView.build/Debug-watchos/VariableBlurImageView-t.build/DerivedSources/resource_bundle_accessor.swift (in target 'VariableBlurImageView' from project 'VariableBlurImageView')
    cd /Users/admin/builder/spi-builder-workspace
    write-file /Users/admin/builder/spi-builder-workspace/.derivedData/Build/Intermediates.noindex/VariableBlurImageView.build/Debug-watchos/VariableBlurImageView-t.build/DerivedSources/resource_bundle_accessor.swift
Copy /Users/admin/builder/spi-builder-workspace/.derivedData/Build/Intermediates.noindex/GeneratedModuleMaps-watchos/VariableBlurImageView.modulemap /Users/admin/builder/spi-builder-workspace/.derivedData/Build/Intermediates.noindex/VariableBlurImageView.build/Debug-watchos/VariableBlurImageView-t.build/VariableBlurImageView.modulemap (in target 'VariableBlurImageView' from project 'VariableBlurImageView')
    cd /Users/admin/builder/spi-builder-workspace
    builtin-copy -exclude .DS_Store -exclude CVS -exclude .svn -exclude .git -exclude .hg -resolve-src-symlinks /Users/admin/builder/spi-builder-workspace/.derivedData/Build/Intermediates.noindex/VariableBlurImageView.build/Debug-watchos/VariableBlurImageView-t.build/VariableBlurImageView.modulemap /Users/admin/builder/spi-builder-workspace/.derivedData/Build/Intermediates.noindex/GeneratedModuleMaps-watchos
WriteAuxiliaryFile /Users/admin/builder/spi-builder-workspace/.derivedData/Build/Intermediates.noindex/VariableBlurImageView.build/Debug-watchos/GenerateTestImages-p.build/Objects-normal/arm64/GenerateTestImages.SwiftFileList (in target 'GenerateTestImages-product' from project 'VariableBlurImageView')
    cd /Users/admin/builder/spi-builder-workspace
    write-file /Users/admin/builder/spi-builder-workspace/.derivedData/Build/Intermediates.noindex/VariableBlurImageView.build/Debug-watchos/GenerateTestImages-p.build/Objects-normal/arm64/GenerateTestImages.SwiftFileList
WriteAuxiliaryFile /Users/admin/builder/spi-builder-workspace/.derivedData/Build/Intermediates.noindex/VariableBlurImageView.build/Debug-watchos/GenerateTestImages-p.build/Objects-normal/arm64/GenerateTestImages.LinkFileList (in target 'GenerateTestImages-product' from project 'VariableBlurImageView')
    cd /Users/admin/builder/spi-builder-workspace
    write-file /Users/admin/builder/spi-builder-workspace/.derivedData/Build/Intermediates.noindex/VariableBlurImageView.build/Debug-watchos/GenerateTestImages-p.build/Objects-normal/arm64/GenerateTestImages.LinkFileList
WriteAuxiliaryFile /Users/admin/builder/spi-builder-workspace/.derivedData/Build/Intermediates.noindex/VariableBlurImageView.build/Debug-watchos/GenerateTestImages-p.build/Objects-normal/arm64/GenerateTestImages-OutputFileMap.json (in target 'GenerateTestImages-product' from project 'VariableBlurImageView')
    cd /Users/admin/builder/spi-builder-workspace
    write-file /Users/admin/builder/spi-builder-workspace/.derivedData/Build/Intermediates.noindex/VariableBlurImageView.build/Debug-watchos/GenerateTestImages-p.build/Objects-normal/arm64/GenerateTestImages-OutputFileMap.json
WriteAuxiliaryFile /Users/admin/builder/spi-builder-workspace/.derivedData/Build/Intermediates.noindex/VariableBlurImageView.build/Debug-watchos/GenerateTestImages-p.build/GenerateTestImages.DependencyStaticMetadataFileList (in target 'GenerateTestImages-product' from project 'VariableBlurImageView')
    cd /Users/admin/builder/spi-builder-workspace
    write-file /Users/admin/builder/spi-builder-workspace/.derivedData/Build/Intermediates.noindex/VariableBlurImageView.build/Debug-watchos/GenerateTestImages-p.build/GenerateTestImages.DependencyStaticMetadataFileList
WriteAuxiliaryFile /Users/admin/builder/spi-builder-workspace/.derivedData/Build/Intermediates.noindex/VariableBlurImageView.build/Debug-watchos/GenerateTestImages-p.build/GenerateTestImages.DependencyMetadataFileList (in target 'GenerateTestImages-product' from project 'VariableBlurImageView')
    cd /Users/admin/builder/spi-builder-workspace
    write-file /Users/admin/builder/spi-builder-workspace/.derivedData/Build/Intermediates.noindex/VariableBlurImageView.build/Debug-watchos/GenerateTestImages-p.build/GenerateTestImages.DependencyMetadataFileList
MkDir /Users/admin/builder/spi-builder-workspace/.derivedData/Build/Products/Debug-watchos/VariableBlurImageView_VariableBlurImageView.bundle (in target 'VariableBlurImageView_VariableBlurImageView' from project 'VariableBlurImageView')
    cd /Users/admin/builder/spi-builder-workspace
    /bin/mkdir -p /Users/admin/builder/spi-builder-workspace/.derivedData/Build/Products/Debug-watchos/VariableBlurImageView_VariableBlurImageView.bundle
MkDir /Users/admin/builder/spi-builder-workspace/.derivedData/Build/Products/Debug-watchos/VariableBlurImageViewTests.xctest (in target 'VariableBlurImageViewTests-product' from project 'VariableBlurImageView')
    cd /Users/admin/builder/spi-builder-workspace
    /bin/mkdir -p /Users/admin/builder/spi-builder-workspace/.derivedData/Build/Products/Debug-watchos/VariableBlurImageViewTests.xctest
ProcessInfoPlistFile /Users/admin/builder/spi-builder-workspace/.derivedData/Build/Products/Debug-watchos/VariableBlurImageView_VariableBlurImageView.bundle/Info.plist /Users/admin/builder/spi-builder-workspace/.derivedData/Build/Intermediates.noindex/VariableBlurImageView.build/Debug-watchos/VariableBlurImageView_VariableBlurImageView-b.build/empty-VariableBlurImageView_VariableBlurImageView.plist (in target 'VariableBlurImageView_VariableBlurImageView' from project 'VariableBlurImageView')
    cd /Users/admin/builder/spi-builder-workspace
    builtin-infoPlistUtility /Users/admin/builder/spi-builder-workspace/.derivedData/Build/Intermediates.noindex/VariableBlurImageView.build/Debug-watchos/VariableBlurImageView_VariableBlurImageView-b.build/empty-VariableBlurImageView_VariableBlurImageView.plist -producttype com.apple.product-type.bundle -expandbuildsettings -format binary -platform watchos -o /Users/admin/builder/spi-builder-workspace/.derivedData/Build/Products/Debug-watchos/VariableBlurImageView_VariableBlurImageView.bundle/Info.plist
CompileMetalFile /Users/admin/builder/spi-builder-workspace/Sources/VariableBlurImageView/VariableBlur.metal (in target 'VariableBlurImageView_VariableBlurImageView' from project 'VariableBlurImageView')
    cd /Users/admin/builder/spi-builder-workspace
    /var/run/com.apple.security.cryptexd/mnt/com.apple.MobileAsset.MetalToolchain-v27.1.266.1.B87SQc/Metal.xctoolchain/usr/bin/metal -c -target air64-apple-watchos9.0 -I/Users/admin/builder/spi-builder-workspace/.derivedData/Build/Products/Debug-watchos/include -F/Users/admin/builder/spi-builder-workspace/.derivedData/Build/Products/Debug-watchos -isysroot /Applications/Xcode-27.0.0-Release.Candidate.app/Contents/Developer/Platforms/WatchOS.platform/Developer/SDKs/WatchOS27.0.sdk -fmetal-math-mode\=fast -fmetal-math-fp32-functions\=fast -serialize-diagnostics /Users/admin/builder/spi-builder-workspace/.derivedData/Build/Intermediates.noindex/VariableBlurImageView.build/Debug-watchos/VariableBlurImageView_VariableBlurImageView-b.build/Metal/VariableBlur.dia -o /Users/admin/builder/spi-builder-workspace/.derivedData/Build/Intermediates.noindex/VariableBlurImageView.build/Debug-watchos/VariableBlurImageView_VariableBlurImageView-b.build/Metal/VariableBlur.air -MMD -MT dependencies -MF /Users/admin/builder/spi-builder-workspace/.derivedData/Build/Intermediates.noindex/VariableBlurImageView.build/Debug-watchos/VariableBlurImageView_VariableBlurImageView-b.build/Metal/VariableBlur.dat /Users/admin/builder/spi-builder-workspace/Sources/VariableBlurImageView/VariableBlur.metal
SwiftDriver VariableBlurImageView normal arm64 com.apple.xcode.tools.swift.compiler (in target 'VariableBlurImageView' from project 'VariableBlurImageView')
    cd /Users/admin/builder/spi-builder-workspace/.swiftpm/xcode
    builtin-SwiftDriver -- /Applications/Xcode-27.0.0-Release.Candidate.app/Contents/Developer/Toolchains/XcodeDefault.xctoolchain/usr/bin/swiftc -parse-as-library -module-name VariableBlurImageView -Onone @/Users/admin/builder/spi-builder-workspace/.derivedData/Build/Intermediates.noindex/VariableBlurImageView.build/Debug-watchos/VariableBlurImageView-t.build/Objects-normal/arm64/VariableBlurImageView.SwiftFileList -DSWIFT_PACKAGE -DDEBUG -DSWIFT_MODULE_RESOURCE_BUNDLE_AVAILABLE -DXcode -plugin-path /Applications/Xcode-27.0.0-Release.Candidate.app/Contents/Developer/Toolchains/XcodeDefault.xctoolchain/usr/lib/swift/host/plugins/testing -enable-experimental-feature DebugDescriptionMacro -sdk /Applications/Xcode-27.0.0-Release.Candidate.app/Contents/Developer/Platforms/WatchOS.platform/Developer/SDKs/WatchOS27.0.sdk -target arm64-apple-watchos9.0 -g -module-cache-path /Users/admin/builder/spi-builder-workspace/.derivedData/ModuleCache.noindex -Xfrontend -serialize-debugging-options -profile-coverage-mapping -profile-generate -enable-testing -index-store-path /Users/admin/builder/spi-builder-workspace/.derivedData/Index.noindex/DataStore -Xcc -D_LIBCPP_HARDENING_MODE\=_LIBCPP_HARDENING_MODE_DEBUG -swift-version 5 -I /Users/admin/builder/spi-builder-workspace/.derivedData/Build/Products/Debug-watchos -Isystem /Applications/Xcode-27.0.0-Release.Candidate.app/Contents/Developer/Platforms/WatchOS.platform/Developer/usr/lib -F /Users/admin/builder/spi-builder-workspace/.derivedData/Build/Products/Debug-watchos -F /Applications/Xcode-27.0.0-Release.Candidate.app/Contents/Developer/Platforms/WatchOS.platform/Developer/Library/Frameworks -F /Applications/Xcode-27.0.0-Release.Candidate.app/Contents/Developer/Platforms/WatchOS.platform/Developer/SDKs/WatchOS27.0.sdk/Developer/Library/Frameworks -c -j10 -enable-batch-mode -incremental -Xcc -ivfsstatcache -Xcc /Users/admin/builder/spi-builder-workspace/.derivedData/SDKStatCaches.noindex/watchos27.0-24R360-e829b21a6f8c9b70876ba0858053c04477534ef55a1706bf4c1112bbb242f0a2.sdkstatcache -output-file-map /Users/admin/builder/spi-builder-workspace/.derivedData/Build/Intermediates.noindex/VariableBlurImageView.build/Debug-watchos/VariableBlurImageView-t.build/Objects-normal/arm64/VariableBlurImageView-OutputFileMap.json -save-temps -no-color-diagnostics -explicit-module-build -module-cache-path /Users/admin/builder/spi-builder-workspace/.derivedData/Build/Intermediates.noindex/SwiftExplicitPrecompiledModules -clang-scanner-module-cache-path /Users/admin/builder/spi-builder-workspace/.derivedData/ModuleCache.noindex -sdk-module-cache-path /Users/admin/builder/spi-builder-workspace/.derivedData/SDKExplicitPrecompiledModules -emit-dependencies -emit-module -emit-module-path /Users/admin/builder/spi-builder-workspace/.derivedData/Build/Intermediates.noindex/VariableBlurImageView.build/Debug-watchos/VariableBlurImageView-t.build/Objects-normal/arm64/VariableBlurImageView.swiftmodule -serialize-diagnostics -dependency-scan-serialize-diagnostics-path /Users/admin/builder/spi-builder-workspace/.derivedData/Build/Intermediates.noindex/VariableBlurImageView.build/Debug-watchos/VariableBlurImageView-t.build/Objects-normal/arm64/VariableBlurImageView-dependency-scan.dia -validate-clang-modules-once -clang-build-session-file /Users/admin/builder/spi-builder-workspace/.derivedData/ModuleCache.noindex/Session.modulevalidation -Xcc -fmodules-prune-interval\=86400 -Xcc -fmodules-prune-after\=345600 -package-name spi_builder_workspace -emit-const-values -const-gather-protocols-list /Users/admin/builder/spi-builder-workspace/.derivedData/Build/Intermediates.noindex/VariableBlurImageView.build/Debug-watchos/VariableBlurImageView-t.build/Objects-normal/arm64/VariableBlurImageView_const_extract_protocols.json -Xcc -I/Users/admin/builder/spi-builder-workspace/.derivedData/Build/Products/Debug-watchos/include -Xcc -I/Users/admin/builder/spi-builder-workspace/.derivedData/Build/Intermediates.noindex/VariableBlurImageView.build/Debug-watchos/VariableBlurImageView-t.build/DerivedSources-normal/arm64 -Xcc -I/Users/admin/builder/spi-builder-workspace/.derivedData/Build/Intermediates.noindex/VariableBlurImageView.build/Debug-watchos/VariableBlurImageView-t.build/DerivedSources/arm64 -Xcc -I/Users/admin/builder/spi-builder-workspace/.derivedData/Build/Intermediates.noindex/VariableBlurImageView.build/Debug-watchos/VariableBlurImageView-t.build/DerivedSources -Xcc -DSWIFT_PACKAGE -Xcc -DDEBUG\=1 -emit-objc-header -emit-objc-header-path /Users/admin/builder/spi-builder-workspace/.derivedData/Build/Intermediates.noindex/VariableBlurImageView.build/Debug-watchos/VariableBlurImageView-t.build/Objects-normal/arm64/VariableBlurImageView-Swift.h -working-directory /Users/admin/builder/spi-builder-workspace/.swiftpm/xcode -experimental-emit-module-separately -disable-cmo
/Users/admin/builder/spi-builder-workspace/Sources/VariableBlurImageView/MetalFunction.swift:8:8: error: Unable to resolve module dependency: 'Metal' (in target 'VariableBlurImageView' from project 'VariableBlurImageView')
    note: A dependency of main module 'VariableBlurImageView'
    /Users/admin/builder/spi-builder-workspace/Sources/VariableBlurImageView/VariableBlurMetal.swift:9:8: note: Also imported here
/Users/admin/builder/spi-builder-workspace/Sources/VariableBlurImageView/MetalFunction.swift:8:8: note: A dependency of main module 'VariableBlurImageView'
import Metal
       ^ (in target 'VariableBlurImageView' from project 'VariableBlurImageView')
/Users/admin/builder/spi-builder-workspace/Sources/VariableBlurImageView/VariableBlurMetal.swift:9:8: note: Also imported here
import Metal
       ^ (in target 'VariableBlurImageView' from project 'VariableBlurImageView')
SwiftDriver VariableBlurImageView normal arm64_32 com.apple.xcode.tools.swift.compiler (in target 'VariableBlurImageView' from project 'VariableBlurImageView')
    cd /Users/admin/builder/spi-builder-workspace/.swiftpm/xcode
    builtin-SwiftDriver -- /Applications/Xcode-27.0.0-Release.Candidate.app/Contents/Developer/Toolchains/XcodeDefault.xctoolchain/usr/bin/swiftc -parse-as-library -module-name VariableBlurImageView -Onone @/Users/admin/builder/spi-builder-workspace/.derivedData/Build/Intermediates.noindex/VariableBlurImageView.build/Debug-watchos/VariableBlurImageView-t.build/Objects-normal/arm64_32/VariableBlurImageView.SwiftFileList -DSWIFT_PACKAGE -DDEBUG -DSWIFT_MODULE_RESOURCE_BUNDLE_AVAILABLE -DXcode -plugin-path /Applications/Xcode-27.0.0-Release.Candidate.app/Contents/Developer/Toolchains/XcodeDefault.xctoolchain/usr/lib/swift/host/plugins/testing -enable-experimental-feature DebugDescriptionMacro -sdk /Applications/Xcode-27.0.0-Release.Candidate.app/Contents/Developer/Platforms/WatchOS.platform/Developer/SDKs/WatchOS27.0.sdk -target arm64_32-apple-watchos9.0 -g -module-cache-path /Users/admin/builder/spi-builder-workspace/.derivedData/ModuleCache.noindex -Xfrontend -serialize-debugging-options -profile-coverage-mapping -profile-generate -enable-testing -index-store-path /Users/admin/builder/spi-builder-workspace/.derivedData/Index.noindex/DataStore -Xcc -D_LIBCPP_HARDENING_MODE\=_LIBCPP_HARDENING_MODE_DEBUG -swift-version 5 -I /Users/admin/builder/spi-builder-workspace/.derivedData/Build/Products/Debug-watchos -Isystem /Applications/Xcode-27.0.0-Release.Candidate.app/Contents/Developer/Platforms/WatchOS.platform/Developer/usr/lib -F /Users/admin/builder/spi-builder-workspace/.derivedData/Build/Products/Debug-watchos -F /Applications/Xcode-27.0.0-Release.Candidate.app/Contents/Developer/Platforms/WatchOS.platform/Developer/Library/Frameworks -F /Applications/Xcode-27.0.0-Release.Candidate.app/Contents/Developer/Platforms/WatchOS.platform/Developer/SDKs/WatchOS27.0.sdk/Developer/Library/Frameworks -c -j10 -enable-batch-mode -incremental -Xcc -ivfsstatcache -Xcc /Users/admin/builder/spi-builder-workspace/.derivedData/SDKStatCaches.noindex/watchos27.0-24R360-e829b21a6f8c9b70876ba0858053c04477534ef55a1706bf4c1112bbb242f0a2.sdkstatcache -output-file-map /Users/admin/builder/spi-builder-workspace/.derivedData/Build/Intermediates.noindex/VariableBlurImageView.build/Debug-watchos/VariableBlurImageView-t.build/Objects-normal/arm64_32/VariableBlurImageView-OutputFileMap.json -save-temps -no-color-diagnostics -explicit-module-build -module-cache-path /Users/admin/builder/spi-builder-workspace/.derivedData/Build/Intermediates.noindex/SwiftExplicitPrecompiledModules -clang-scanner-module-cache-path /Users/admin/builder/spi-builder-workspace/.derivedData/ModuleCache.noindex -sdk-module-cache-path /Users/admin/builder/spi-builder-workspace/.derivedData/SDKExplicitPrecompiledModules -emit-dependencies -emit-module -emit-module-path /Users/admin/builder/spi-builder-workspace/.derivedData/Build/Intermediates.noindex/VariableBlurImageView.build/Debug-watchos/VariableBlurImageView-t.build/Objects-normal/arm64_32/VariableBlurImageView.swiftmodule -serialize-diagnostics -dependency-scan-serialize-diagnostics-path /Users/admin/builder/spi-builder-workspace/.derivedData/Build/Intermediates.noindex/VariableBlurImageView.build/Debug-watchos/VariableBlurImageView-t.build/Objects-normal/arm64_32/VariableBlurImageView-dependency-scan.dia -validate-clang-modules-once -clang-build-session-file /Users/admin/builder/spi-builder-workspace/.derivedData/ModuleCache.noindex/Session.modulevalidation -Xcc -fmodules-prune-interval\=86400 -Xcc -fmodules-prune-after\=345600 -package-name spi_builder_workspace -emit-const-values -const-gather-protocols-list /Users/admin/builder/spi-builder-workspace/.derivedData/Build/Intermediates.noindex/VariableBlurImageView.build/Debug-watchos/VariableBlurImageView-t.build/Objects-normal/arm64_32/VariableBlurImageView_const_extract_protocols.json -Xcc -I/Users/admin/builder/spi-builder-workspace/.derivedData/Build/Products/Debug-watchos/include -Xcc -I/Users/admin/builder/spi-builder-workspace/.derivedData/Build/Intermediates.noindex/VariableBlurImageView.build/Debug-watchos/VariableBlurImageView-t.build/DerivedSources-normal/arm64_32 -Xcc -I/Users/admin/builder/spi-builder-workspace/.derivedData/Build/Intermediates.noindex/VariableBlurImageView.build/Debug-watchos/VariableBlurImageView-t.build/DerivedSources/arm64_32 -Xcc -I/Users/admin/builder/spi-builder-workspace/.derivedData/Build/Intermediates.noindex/VariableBlurImageView.build/Debug-watchos/VariableBlurImageView-t.build/DerivedSources -Xcc -DSWIFT_PACKAGE -Xcc -DDEBUG\=1 -emit-objc-header -emit-objc-header-path /Users/admin/builder/spi-builder-workspace/.derivedData/Build/Intermediates.noindex/VariableBlurImageView.build/Debug-watchos/VariableBlurImageView-t.build/Objects-normal/arm64_32/VariableBlurImageView-Swift.h -working-directory /Users/admin/builder/spi-builder-workspace/.swiftpm/xcode -experimental-emit-module-separately -disable-cmo
/Users/admin/builder/spi-builder-workspace/Sources/VariableBlurImageView/MetalFunction.swift:8:8: error: Unable to resolve module dependency: 'Metal' (in target 'VariableBlurImageView' from project 'VariableBlurImageView')
    note: A dependency of main module 'VariableBlurImageView'
    /Users/admin/builder/spi-builder-workspace/Sources/VariableBlurImageView/VariableBlurMetal.swift:9:8: note: Also imported here
/Users/admin/builder/spi-builder-workspace/Sources/VariableBlurImageView/MetalFunction.swift:8:8: note: A dependency of main module 'VariableBlurImageView'
import Metal
       ^ (in target 'VariableBlurImageView' from project 'VariableBlurImageView')
/Users/admin/builder/spi-builder-workspace/Sources/VariableBlurImageView/VariableBlurMetal.swift:9:8: note: Also imported here
import Metal
       ^ (in target 'VariableBlurImageView' from project 'VariableBlurImageView')
PruneExplicitPrecompiledModules /Users/admin/builder/spi-builder-workspace/.derivedData/Build/Intermediates.noindex/ExplicitPrecompiledModules
PruneExplicitPrecompiledModules /Users/admin/builder/spi-builder-workspace/.derivedData/Build/Intermediates.noindex/SwiftExplicitPrecompiledModules
PruneExplicitPrecompiledModules /Users/admin/builder/spi-builder-workspace/.derivedData/SDKExplicitPrecompiledModules
2026-09-20 04:16:42.333 xcodebuild[627:3953] [MT] IDERunDestination: Supported platforms for the buildables in the current scheme is empty.
2026-09-20 04:16:42.432 xcodebuild[627:3953] [MT] IDERunDestination: Supported platforms for the buildables in the current scheme is empty.
** BUILD FAILED **
The following build commands failed:
	SwiftDriver VariableBlurImageView normal arm64 com.apple.xcode.tools.swift.compiler (in target 'VariableBlurImageView' from project 'VariableBlurImageView')
	SwiftDriver VariableBlurImageView normal arm64_32 com.apple.xcode.tools.swift.compiler (in target 'VariableBlurImageView' from project 'VariableBlurImageView')
	Building workspace VariableBlurImageView with scheme VariableBlurImageView-Package
(3 failures)
Command line invocation:
    /Applications/Xcode-27.0.0-Release.Candidate.app/Contents/Developer/usr/bin/xcodebuild -IDEClonedSourcePackagesDirPathOverride=/Users/admin/builder/spi-builder-workspace/.dependencies -resolvePackageDependencies
Resolve Package Graph
Resolved source packages:
  VariableBlurImageView: /Users/admin/builder/spi-builder-workspace
resolved source packages: VariableBlurImageView
2026-09-20 04:16:46.587 xcodebuild[702:4637] [MT] IDERunDestination: Supported platforms for the buildables in the current scheme is empty.
2026-09-20 04:16:46.729 xcodebuild[702:4637] [MT] IDERunDestination: Supported platforms for the buildables in the current scheme is empty.
{
  "dependencies" : [
  ],
  "manifest_display_name" : "VariableBlurImageView",
  "name" : "VariableBlurImageView",
  "path" : "/Users/admin/builder/spi-builder-workspace",
  "platforms" : [
    {
      "name" : "ios",
      "version" : "13.0"
    },
    {
      "name" : "macos",
      "version" : "11.0"
    },
    {
      "name" : "maccatalyst",
      "version" : "13.0"
    },
    {
      "name" : "tvos",
      "version" : "13.0"
    },
    {
      "name" : "visionos",
      "version" : "1.0"
    }
  ],
  "products" : [
    {
      "name" : "VariableBlurImageView",
      "targets" : [
        "VariableBlurImageView"
      ],
      "type" : {
        "library" : [
          "automatic"
        ]
      }
    },
    {
      "name" : "GenerateTestImages",
      "targets" : [
        "GenerateTestImages"
      ],
      "type" : {
        "executable" : null
      }
    }
  ],
  "targets" : [
    {
      "c99name" : "VariableBlurImageViewTests",
      "module_type" : "SwiftTarget",
      "name" : "VariableBlurImageViewTests",
      "path" : "Tests/VariableBlurImageViewTests",
      "sources" : [
        "ImageTilerTests.swift",
        "TestingHelpers.swift",
        "TestsError.swift",
        "VariableBlurImageViewTests.swift"
      ],
      "target_dependencies" : [
        "VariableBlurImageView"
      ],
      "type" : "test"
    },
    {
      "c99name" : "VariableBlurImageView",
      "module_type" : "SwiftTarget",
      "name" : "VariableBlurImageView",
      "path" : "Sources/VariableBlurImageView",
      "product_memberships" : [
        "VariableBlurImageView",
        "GenerateTestImages"
      ],
      "sources" : [
        "CrossPlatform.swift",
        "ImageTiler.swift",
        "MetalFunction.swift",
        "SwiftUI/Image+Extension.swift",
        "SwiftUI/VariableBlurImage.swift",
        "SwiftUI/VariableBlurImageImpl.swift",
        "VariableBlurDescription.swift",
        "VariableBlurEngine.swift",
        "VariableBlurImageView.swift",
        "VariableBlurMetal.swift",
        "VariableBlurOperation.swift"
      ],
      "type" : "library"
    },
    {
      "c99name" : "GenerateTestImages",
      "module_type" : "SwiftTarget",
      "name" : "GenerateTestImages",
      "path" : "Sources/GenerateTestImages",
      "product_memberships" : [
        "GenerateTestImages"
      ],
      "sources" : [
        "GenerateImages.swift",
        "GenerateTestImages.swift",
        "OutputImage.swift",
        "main.swift"
      ],
      "target_dependencies" : [
        "VariableBlurImageView"
      ],
      "type" : "executable"
    }
  ],
  "tools_version" : "5.9"
}
{
  "workspace" : {
    "name" : "VariableBlurImageView",
    "schemes" : [
      "GenerateTestImages",
      "VariableBlurImageView",
      "VariableBlurImageView-Package"
    ]
  }
}
2026-09-20 04:16:47.825 xcodebuild[710:4693] [MT] IDERunDestination: Supported platforms for the buildables in the current scheme is empty.
2026-09-20 04:16:47.925 xcodebuild[710:4693] [MT] IDERunDestination: Supported platforms for the buildables in the current scheme is empty.
Running build ...
env DEVELOPER_DIR=/Applications/Xcode-27.0.0-Release.Candidate.app xcrun xcodebuild -IDEClonedSourcePackagesDirPathOverride=$PWD/.dependencies -skipMacroValidation -skipPackagePluginValidation -derivedDataPath $PWD/.derivedData build -scheme VariableBlurImageView-Package -destination generic/platform=watchOS
Command line invocation:
    /Applications/Xcode-27.0.0-Release.Candidate.app/Contents/Developer/usr/bin/xcodebuild -IDEClonedSourcePackagesDirPathOverride=/Users/admin/builder/spi-builder-workspace/.dependencies -skipMacroValidation -skipPackagePluginValidation -derivedDataPath /Users/admin/builder/spi-builder-workspace/.derivedData build -scheme VariableBlurImageView-Package -destination generic/platform=watchOS
Resolve Package Graph
Resolved source packages:
  VariableBlurImageView: /Users/admin/builder/spi-builder-workspace
ComputePackagePrebuildTargetDependencyGraph
Prepare packages
CreateBuildRequest
SendProjectDescription
CreateBuildOperation
ComputeTargetDependencyGraph
note: Building targets in dependency order
note: Target dependency graph (5 targets)
    Target 'VariableBlurImageViewTests-product' in project 'VariableBlurImageView'
        ➜ Explicit dependency on target 'VariableBlurImageView' in project 'VariableBlurImageView'
    Target 'GenerateTestImages-product' in project 'VariableBlurImageView'
        ➜ Explicit dependency on target 'VariableBlurImageView' in project 'VariableBlurImageView'
    Target 'VariableBlurImageView-product' in project 'VariableBlurImageView'
        ➜ Explicit dependency on target 'VariableBlurImageView' in project 'VariableBlurImageView'
        ➜ Explicit dependency on target 'VariableBlurImageView_VariableBlurImageView' in project 'VariableBlurImageView'
    Target 'VariableBlurImageView' in project 'VariableBlurImageView'
        ➜ Explicit dependency on target 'VariableBlurImageView_VariableBlurImageView' in project 'VariableBlurImageView'
    Target 'VariableBlurImageView_VariableBlurImageView' in project 'VariableBlurImageView' (no dependencies)
GatherProvisioningInputs
CreateBuildDescription
ClangStatCache /Applications/Xcode-27.0.0-Release.Candidate.app/Contents/Developer/Toolchains/XcodeDefault.xctoolchain/usr/bin/clang-stat-cache /Applications/Xcode-27.0.0-Release.Candidate.app/Contents/Developer/Platforms/WatchOS.platform/Developer/SDKs/WatchOS27.0.sdk /Users/admin/builder/spi-builder-workspace/.derivedData/SDKStatCaches.noindex/watchos27.0-24R360-e829b21a6f8c9b70876ba0858053c04477534ef55a1706bf4c1112bbb242f0a2.sdkstatcache
    cd /Users/admin/builder/spi-builder-workspace/.swiftpm/xcode
    /Applications/Xcode-27.0.0-Release.Candidate.app/Contents/Developer/Toolchains/XcodeDefault.xctoolchain/usr/bin/clang-stat-cache /Applications/Xcode-27.0.0-Release.Candidate.app/Contents/Developer/Platforms/WatchOS.platform/Developer/SDKs/WatchOS27.0.sdk -o /Users/admin/builder/spi-builder-workspace/.derivedData/SDKStatCaches.noindex/watchos27.0-24R360-e829b21a6f8c9b70876ba0858053c04477534ef55a1706bf4c1112bbb242f0a2.sdkstatcache
CompileMetalFile /Users/admin/builder/spi-builder-workspace/Sources/VariableBlurImageView/VariableBlur.metal (in target 'VariableBlurImageView_VariableBlurImageView' from project 'VariableBlurImageView')
    cd /Users/admin/builder/spi-builder-workspace
    /var/run/com.apple.security.cryptexd/mnt/com.apple.MobileAsset.MetalToolchain-v27.1.266.1.B87SQc/Metal.xctoolchain/usr/bin/metal -c -target air64-apple-watchos9.0 -I/Users/admin/builder/spi-builder-workspace/.derivedData/Build/Products/Debug-watchos/include -F/Users/admin/builder/spi-builder-workspace/.derivedData/Build/Products/Debug-watchos -isysroot /Applications/Xcode-27.0.0-Release.Candidate.app/Contents/Developer/Platforms/WatchOS.platform/Developer/SDKs/WatchOS27.0.sdk -fmetal-math-mode\=fast -fmetal-math-fp32-functions\=fast -serialize-diagnostics /Users/admin/builder/spi-builder-workspace/.derivedData/Build/Intermediates.noindex/VariableBlurImageView.build/Debug-watchos/VariableBlurImageView_VariableBlurImageView-b.build/Metal/VariableBlur.dia -o /Users/admin/builder/spi-builder-workspace/.derivedData/Build/Intermediates.noindex/VariableBlurImageView.build/Debug-watchos/VariableBlurImageView_VariableBlurImageView-b.build/Metal/VariableBlur.air -MMD -MT dependencies -MF /Users/admin/builder/spi-builder-workspace/.derivedData/Build/Intermediates.noindex/VariableBlurImageView.build/Debug-watchos/VariableBlurImageView_VariableBlurImageView-b.build/Metal/VariableBlur.dat /Users/admin/builder/spi-builder-workspace/Sources/VariableBlurImageView/VariableBlur.metal
SwiftDriver VariableBlurImageView normal arm64 com.apple.xcode.tools.swift.compiler (in target 'VariableBlurImageView' from project 'VariableBlurImageView')
    cd /Users/admin/builder/spi-builder-workspace/.swiftpm/xcode
    builtin-SwiftDriver -- /Applications/Xcode-27.0.0-Release.Candidate.app/Contents/Developer/Toolchains/XcodeDefault.xctoolchain/usr/bin/swiftc -parse-as-library -module-name VariableBlurImageView -Onone @/Users/admin/builder/spi-builder-workspace/.derivedData/Build/Intermediates.noindex/VariableBlurImageView.build/Debug-watchos/VariableBlurImageView-t.build/Objects-normal/arm64/VariableBlurImageView.SwiftFileList -DSWIFT_PACKAGE -DDEBUG -DSWIFT_MODULE_RESOURCE_BUNDLE_AVAILABLE -DXcode -plugin-path /Applications/Xcode-27.0.0-Release.Candidate.app/Contents/Developer/Toolchains/XcodeDefault.xctoolchain/usr/lib/swift/host/plugins/testing -enable-experimental-feature DebugDescriptionMacro -sdk /Applications/Xcode-27.0.0-Release.Candidate.app/Contents/Developer/Platforms/WatchOS.platform/Developer/SDKs/WatchOS27.0.sdk -target arm64-apple-watchos9.0 -g -module-cache-path /Users/admin/builder/spi-builder-workspace/.derivedData/ModuleCache.noindex -Xfrontend -serialize-debugging-options -profile-coverage-mapping -profile-generate -enable-testing -index-store-path /Users/admin/builder/spi-builder-workspace/.derivedData/Index.noindex/DataStore -Xcc -D_LIBCPP_HARDENING_MODE\=_LIBCPP_HARDENING_MODE_DEBUG -swift-version 5 -I /Users/admin/builder/spi-builder-workspace/.derivedData/Build/Products/Debug-watchos -Isystem /Applications/Xcode-27.0.0-Release.Candidate.app/Contents/Developer/Platforms/WatchOS.platform/Developer/usr/lib -F /Users/admin/builder/spi-builder-workspace/.derivedData/Build/Products/Debug-watchos -F /Applications/Xcode-27.0.0-Release.Candidate.app/Contents/Developer/Platforms/WatchOS.platform/Developer/Library/Frameworks -F /Applications/Xcode-27.0.0-Release.Candidate.app/Contents/Developer/Platforms/WatchOS.platform/Developer/SDKs/WatchOS27.0.sdk/Developer/Library/Frameworks -c -j10 -enable-batch-mode -incremental -Xcc -ivfsstatcache -Xcc /Users/admin/builder/spi-builder-workspace/.derivedData/SDKStatCaches.noindex/watchos27.0-24R360-e829b21a6f8c9b70876ba0858053c04477534ef55a1706bf4c1112bbb242f0a2.sdkstatcache -output-file-map /Users/admin/builder/spi-builder-workspace/.derivedData/Build/Intermediates.noindex/VariableBlurImageView.build/Debug-watchos/VariableBlurImageView-t.build/Objects-normal/arm64/VariableBlurImageView-OutputFileMap.json -save-temps -no-color-diagnostics -explicit-module-build -module-cache-path /Users/admin/builder/spi-builder-workspace/.derivedData/Build/Intermediates.noindex/SwiftExplicitPrecompiledModules -clang-scanner-module-cache-path /Users/admin/builder/spi-builder-workspace/.derivedData/ModuleCache.noindex -sdk-module-cache-path /Users/admin/builder/spi-builder-workspace/.derivedData/SDKExplicitPrecompiledModules -emit-dependencies -emit-module -emit-module-path /Users/admin/builder/spi-builder-workspace/.derivedData/Build/Intermediates.noindex/VariableBlurImageView.build/Debug-watchos/VariableBlurImageView-t.build/Objects-normal/arm64/VariableBlurImageView.swiftmodule -serialize-diagnostics -dependency-scan-serialize-diagnostics-path /Users/admin/builder/spi-builder-workspace/.derivedData/Build/Intermediates.noindex/VariableBlurImageView.build/Debug-watchos/VariableBlurImageView-t.build/Objects-normal/arm64/VariableBlurImageView-dependency-scan.dia -validate-clang-modules-once -clang-build-session-file /Users/admin/builder/spi-builder-workspace/.derivedData/ModuleCache.noindex/Session.modulevalidation -Xcc -fmodules-prune-interval\=86400 -Xcc -fmodules-prune-after\=345600 -package-name spi_builder_workspace -emit-const-values -const-gather-protocols-list /Users/admin/builder/spi-builder-workspace/.derivedData/Build/Intermediates.noindex/VariableBlurImageView.build/Debug-watchos/VariableBlurImageView-t.build/Objects-normal/arm64/VariableBlurImageView_const_extract_protocols.json -Xcc -I/Users/admin/builder/spi-builder-workspace/.derivedData/Build/Products/Debug-watchos/include -Xcc -I/Users/admin/builder/spi-builder-workspace/.derivedData/Build/Intermediates.noindex/VariableBlurImageView.build/Debug-watchos/VariableBlurImageView-t.build/DerivedSources-normal/arm64 -Xcc -I/Users/admin/builder/spi-builder-workspace/.derivedData/Build/Intermediates.noindex/VariableBlurImageView.build/Debug-watchos/VariableBlurImageView-t.build/DerivedSources/arm64 -Xcc -I/Users/admin/builder/spi-builder-workspace/.derivedData/Build/Intermediates.noindex/VariableBlurImageView.build/Debug-watchos/VariableBlurImageView-t.build/DerivedSources -Xcc -DSWIFT_PACKAGE -Xcc -DDEBUG\=1 -emit-objc-header -emit-objc-header-path /Users/admin/builder/spi-builder-workspace/.derivedData/Build/Intermediates.noindex/VariableBlurImageView.build/Debug-watchos/VariableBlurImageView-t.build/Objects-normal/arm64/VariableBlurImageView-Swift.h -working-directory /Users/admin/builder/spi-builder-workspace/.swiftpm/xcode -experimental-emit-module-separately -disable-cmo
/Users/admin/builder/spi-builder-workspace/Sources/VariableBlurImageView/MetalFunction.swift:8:8: error: Unable to resolve module dependency: 'Metal' (in target 'VariableBlurImageView' from project 'VariableBlurImageView')
    note: A dependency of main module 'VariableBlurImageView'
    /Users/admin/builder/spi-builder-workspace/Sources/VariableBlurImageView/VariableBlurMetal.swift:9:8: note: Also imported here
/Users/admin/builder/spi-builder-workspace/Sources/VariableBlurImageView/MetalFunction.swift:8:8: note: A dependency of main module 'VariableBlurImageView'
import Metal
       ^ (in target 'VariableBlurImageView' from project 'VariableBlurImageView')
/Users/admin/builder/spi-builder-workspace/Sources/VariableBlurImageView/VariableBlurMetal.swift:9:8: note: Also imported here
import Metal
       ^ (in target 'VariableBlurImageView' from project 'VariableBlurImageView')
SwiftDriver VariableBlurImageView normal arm64_32 com.apple.xcode.tools.swift.compiler (in target 'VariableBlurImageView' from project 'VariableBlurImageView')
    cd /Users/admin/builder/spi-builder-workspace/.swiftpm/xcode
    builtin-SwiftDriver -- /Applications/Xcode-27.0.0-Release.Candidate.app/Contents/Developer/Toolchains/XcodeDefault.xctoolchain/usr/bin/swiftc -parse-as-library -module-name VariableBlurImageView -Onone @/Users/admin/builder/spi-builder-workspace/.derivedData/Build/Intermediates.noindex/VariableBlurImageView.build/Debug-watchos/VariableBlurImageView-t.build/Objects-normal/arm64_32/VariableBlurImageView.SwiftFileList -DSWIFT_PACKAGE -DDEBUG -DSWIFT_MODULE_RESOURCE_BUNDLE_AVAILABLE -DXcode -plugin-path /Applications/Xcode-27.0.0-Release.Candidate.app/Contents/Developer/Toolchains/XcodeDefault.xctoolchain/usr/lib/swift/host/plugins/testing -enable-experimental-feature DebugDescriptionMacro -sdk /Applications/Xcode-27.0.0-Release.Candidate.app/Contents/Developer/Platforms/WatchOS.platform/Developer/SDKs/WatchOS27.0.sdk -target arm64_32-apple-watchos9.0 -g -module-cache-path /Users/admin/builder/spi-builder-workspace/.derivedData/ModuleCache.noindex -Xfrontend -serialize-debugging-options -profile-coverage-mapping -profile-generate -enable-testing -index-store-path /Users/admin/builder/spi-builder-workspace/.derivedData/Index.noindex/DataStore -Xcc -D_LIBCPP_HARDENING_MODE\=_LIBCPP_HARDENING_MODE_DEBUG -swift-version 5 -I /Users/admin/builder/spi-builder-workspace/.derivedData/Build/Products/Debug-watchos -Isystem /Applications/Xcode-27.0.0-Release.Candidate.app/Contents/Developer/Platforms/WatchOS.platform/Developer/usr/lib -F /Users/admin/builder/spi-builder-workspace/.derivedData/Build/Products/Debug-watchos -F /Applications/Xcode-27.0.0-Release.Candidate.app/Contents/Developer/Platforms/WatchOS.platform/Developer/Library/Frameworks -F /Applications/Xcode-27.0.0-Release.Candidate.app/Contents/Developer/Platforms/WatchOS.platform/Developer/SDKs/WatchOS27.0.sdk/Developer/Library/Frameworks -c -j10 -enable-batch-mode -incremental -Xcc -ivfsstatcache -Xcc /Users/admin/builder/spi-builder-workspace/.derivedData/SDKStatCaches.noindex/watchos27.0-24R360-e829b21a6f8c9b70876ba0858053c04477534ef55a1706bf4c1112bbb242f0a2.sdkstatcache -output-file-map /Users/admin/builder/spi-builder-workspace/.derivedData/Build/Intermediates.noindex/VariableBlurImageView.build/Debug-watchos/VariableBlurImageView-t.build/Objects-normal/arm64_32/VariableBlurImageView-OutputFileMap.json -save-temps -no-color-diagnostics -explicit-module-build -module-cache-path /Users/admin/builder/spi-builder-workspace/.derivedData/Build/Intermediates.noindex/SwiftExplicitPrecompiledModules -clang-scanner-module-cache-path /Users/admin/builder/spi-builder-workspace/.derivedData/ModuleCache.noindex -sdk-module-cache-path /Users/admin/builder/spi-builder-workspace/.derivedData/SDKExplicitPrecompiledModules -emit-dependencies -emit-module -emit-module-path /Users/admin/builder/spi-builder-workspace/.derivedData/Build/Intermediates.noindex/VariableBlurImageView.build/Debug-watchos/VariableBlurImageView-t.build/Objects-normal/arm64_32/VariableBlurImageView.swiftmodule -serialize-diagnostics -dependency-scan-serialize-diagnostics-path /Users/admin/builder/spi-builder-workspace/.derivedData/Build/Intermediates.noindex/VariableBlurImageView.build/Debug-watchos/VariableBlurImageView-t.build/Objects-normal/arm64_32/VariableBlurImageView-dependency-scan.dia -validate-clang-modules-once -clang-build-session-file /Users/admin/builder/spi-builder-workspace/.derivedData/ModuleCache.noindex/Session.modulevalidation -Xcc -fmodules-prune-interval\=86400 -Xcc -fmodules-prune-after\=345600 -package-name spi_builder_workspace -emit-const-values -const-gather-protocols-list /Users/admin/builder/spi-builder-workspace/.derivedData/Build/Intermediates.noindex/VariableBlurImageView.build/Debug-watchos/VariableBlurImageView-t.build/Objects-normal/arm64_32/VariableBlurImageView_const_extract_protocols.json -Xcc -I/Users/admin/builder/spi-builder-workspace/.derivedData/Build/Products/Debug-watchos/include -Xcc -I/Users/admin/builder/spi-builder-workspace/.derivedData/Build/Intermediates.noindex/VariableBlurImageView.build/Debug-watchos/VariableBlurImageView-t.build/DerivedSources-normal/arm64_32 -Xcc -I/Users/admin/builder/spi-builder-workspace/.derivedData/Build/Intermediates.noindex/VariableBlurImageView.build/Debug-watchos/VariableBlurImageView-t.build/DerivedSources/arm64_32 -Xcc -I/Users/admin/builder/spi-builder-workspace/.derivedData/Build/Intermediates.noindex/VariableBlurImageView.build/Debug-watchos/VariableBlurImageView-t.build/DerivedSources -Xcc -DSWIFT_PACKAGE -Xcc -DDEBUG\=1 -emit-objc-header -emit-objc-header-path /Users/admin/builder/spi-builder-workspace/.derivedData/Build/Intermediates.noindex/VariableBlurImageView.build/Debug-watchos/VariableBlurImageView-t.build/Objects-normal/arm64_32/VariableBlurImageView-Swift.h -working-directory /Users/admin/builder/spi-builder-workspace/.swiftpm/xcode -experimental-emit-module-separately -disable-cmo
/Users/admin/builder/spi-builder-workspace/Sources/VariableBlurImageView/MetalFunction.swift:8:8: error: Unable to resolve module dependency: 'Metal' (in target 'VariableBlurImageView' from project 'VariableBlurImageView')
    note: A dependency of main module 'VariableBlurImageView'
    /Users/admin/builder/spi-builder-workspace/Sources/VariableBlurImageView/VariableBlurMetal.swift:9:8: note: Also imported here
/Users/admin/builder/spi-builder-workspace/Sources/VariableBlurImageView/MetalFunction.swift:8:8: note: A dependency of main module 'VariableBlurImageView'
import Metal
       ^ (in target 'VariableBlurImageView' from project 'VariableBlurImageView')
/Users/admin/builder/spi-builder-workspace/Sources/VariableBlurImageView/VariableBlurMetal.swift:9:8: note: Also imported here
import Metal
       ^ (in target 'VariableBlurImageView' from project 'VariableBlurImageView')
MetalLink /Users/admin/builder/spi-builder-workspace/.derivedData/Build/Products/Debug-watchos/VariableBlurImageView_VariableBlurImageView.bundle/default.metallib (in target 'VariableBlurImageView_VariableBlurImageView' from project 'VariableBlurImageView')
    cd /Users/admin/builder/spi-builder-workspace
    /var/run/com.apple.security.cryptexd/mnt/com.apple.MobileAsset.MetalToolchain-v27.1.266.1.B87SQc/Metal.xctoolchain/usr/bin/metal -target air64-apple-watchos9.0 -o /Users/admin/builder/spi-builder-workspace/.derivedData/Build/Products/Debug-watchos/VariableBlurImageView_VariableBlurImageView.bundle/default.metallib /Users/admin/builder/spi-builder-workspace/.derivedData/Build/Intermediates.noindex/VariableBlurImageView.build/Debug-watchos/VariableBlurImageView_VariableBlurImageView-b.build/Metal/VariableBlur.air
PruneExplicitPrecompiledModules /Users/admin/builder/spi-builder-workspace/.derivedData/Build/Intermediates.noindex/ExplicitPrecompiledModules
PruneExplicitPrecompiledModules /Users/admin/builder/spi-builder-workspace/.derivedData/SDKExplicitPrecompiledModules
PruneExplicitPrecompiledModules /Users/admin/builder/spi-builder-workspace/.derivedData/Build/Intermediates.noindex/SwiftExplicitPrecompiledModules
2026-09-20 04:16:48.741 xcodebuild[711:4717] [MT] IDERunDestination: Supported platforms for the buildables in the current scheme is empty.
2026-09-20 04:16:48.880 xcodebuild[711:4717] [MT] IDERunDestination: Supported platforms for the buildables in the current scheme is empty.
** BUILD FAILED **
The following build commands failed:
	SwiftDriver VariableBlurImageView normal arm64 com.apple.xcode.tools.swift.compiler (in target 'VariableBlurImageView' from project 'VariableBlurImageView')
	SwiftDriver VariableBlurImageView normal arm64_32 com.apple.xcode.tools.swift.compiler (in target 'VariableBlurImageView' from project 'VariableBlurImageView')
	Building workspace VariableBlurImageView with scheme VariableBlurImageView-Package
(3 failures)
BUILD FAILURE 6.4 watchOS