Build Information
Failed to build makata, reference 0.0.11 (17bf6a), with Swift 6.4 for tvOS using Xcode 27.0 on 19 Sep 2026 22:04:57 UTC.
Build Command
env DEVELOPER_DIR=/Applications/Xcode-27.0.0-Release.Candidate.app xcrun xcodebuild -IDEClonedSourcePackagesDirPathOverride=$PWD/.dependencies -skipMacroValidation -skipPackagePluginValidation -derivedDataPath $PWD/.derivedData build -scheme makata -destination generic/platform=tvOSBuild Log
cd /Users/admin/builder/spi-builder-workspace/.swiftpm/xcode
builtin-SwiftPerFileCompile ConstraintLayoutSupport.swift
SwiftCompile normal arm64 Compiling\ LayoutConstraintItem.swift,\ Typealiases.swift,\ UILayoutSupport+Extensions.swift /Users/admin/builder/spi-builder-workspace/.dependencies/checkouts/snapkit/Sources/LayoutConstraintItem.swift /Users/admin/builder/spi-builder-workspace/.dependencies/checkouts/snapkit/Sources/Typealiases.swift /Users/admin/builder/spi-builder-workspace/.dependencies/checkouts/snapkit/Sources/UILayoutSupport+Extensions.swift (in target 'SnapKit' from project 'SnapKit')
SwiftCompile normal arm64 /Users/admin/builder/spi-builder-workspace/.dependencies/checkouts/snapkit/Sources/LayoutConstraintItem.swift (in target 'SnapKit' from project 'SnapKit')
cd /Users/admin/builder/spi-builder-workspace/.swiftpm/xcode
builtin-SwiftPerFileCompile LayoutConstraintItem.swift
SwiftCompile normal arm64 /Users/admin/builder/spi-builder-workspace/.dependencies/checkouts/snapkit/Sources/Typealiases.swift (in target 'SnapKit' from project 'SnapKit')
cd /Users/admin/builder/spi-builder-workspace/.swiftpm/xcode
builtin-SwiftPerFileCompile Typealiases.swift
SwiftCompile normal arm64 /Users/admin/builder/spi-builder-workspace/.dependencies/checkouts/snapkit/Sources/UILayoutSupport+Extensions.swift (in target 'SnapKit' from project 'SnapKit')
cd /Users/admin/builder/spi-builder-workspace/.swiftpm/xcode
builtin-SwiftPerFileCompile UILayoutSupport+Extensions.swift
SwiftEmitModule normal arm64 Emitting\ module\ for\ makataInteraction (in target 'makataInteraction' from project 'makata')
/Users/admin/builder/spi-builder-workspace/Sources/makata-interaction/protocol/protocol-stateable.swift:97:9: warning: stored property 'provider' of 'Sendable'-conforming generic class 'StateHandler' is mutable; this is an error in the Swift 6 language mode
95 | public typealias Provider = @MainActor (State) async -> Void
96 |
97 | var provider: Provider = { _ in }
| `- warning: stored property 'provider' of 'Sendable'-conforming generic class 'StateHandler' is mutable; this is an error in the Swift 6 language mode
98 |
99 | @Published public internal(set) var current: State
SwiftCompile normal arm64 (in target 'makataInteraction' from project 'makata')
cd /Users/admin/builder/spi-builder-workspace/.swiftpm/xcode
SwiftDriverJobDiscovery normal arm64 Emitting module for SnapKit (in target 'SnapKit' from project 'SnapKit')
SwiftEmitModule normal arm64 Emitting\ module\ for\ makataForm (in target 'makataForm' from project 'makata')
/Users/admin/builder/spi-builder-workspace/Sources/makata-form/form-binding+swiftui.swift:71:6: warning: unexpected version number for *
69 |
70 | public extension Formable {
71 | @available(*, deprecated: 0.0.6, renamed: "formBinding(for:)")
| `- warning: unexpected version number for *
72 | func binding<Value>(
73 | for field: WritableKeyPath<FormData, Value>
/Users/admin/builder/spi-builder-workspace/Sources/makata-form/form-binding+swiftui.swift:78:6: warning: unexpected version number for *
76 | }
77 |
78 | @available(*, deprecated: 0.0.6, renamed: "formBinding(for:transform:)")
| `- warning: unexpected version number for *
79 | func binding<Value, Transform: FieldTransformable>(
80 | for field: WritableKeyPath<FormData, Transform.Output>,
/Users/admin/builder/spi-builder-workspace/Sources/makata-form/form-binding+swiftui.swift:86:6: warning: unexpected version number for *
84 | }
85 |
86 | @available(*, deprecated: 0.0.6, renamed: "formBinding(for:transform:)")
| `- warning: unexpected version number for *
87 | func binding<Value, CompleteValue, Transform: FieldTransformable>(
88 | for field: WritableKeyPath<FormData, FieldPartialValue<CompleteValue, Value>>,
SwiftCompile normal arm64 (in target 'makataForm' from project 'makata')
cd /Users/admin/builder/spi-builder-workspace/.swiftpm/xcode
SwiftDriverJobDiscovery normal arm64 Emitting module for makataInteraction (in target 'makataInteraction' from project 'makata')
SwiftDriver\ Compilation\ Requirements makataInteraction normal arm64 com.apple.xcode.tools.swift.compiler (in target 'makataInteraction' from project 'makata')
cd /Users/admin/builder/spi-builder-workspace/.swiftpm/xcode
builtin-Swift-Compilation-Requirements -- /Applications/Xcode-27.0.0-Release.Candidate.app/Contents/Developer/Toolchains/XcodeDefault.xctoolchain/usr/bin/swiftc -parse-as-library -module-name makataInteraction -Onone @/Users/admin/builder/spi-builder-workspace/.derivedData/Build/Intermediates.noindex/makata.build/Debug-appletvos/makataInteraction-t.build/Objects-normal/arm64/makataInteraction.SwiftFileList -DSWIFT_PACKAGE -DDEBUG -DSWIFT_MODULE_RESOURCE_BUNDLE_UNAVAILABLE -DXcode -plugin-path /Applications/Xcode-27.0.0-Release.Candidate.app/Contents/Developer/Toolchains/XcodeDefault.xctoolchain/usr/lib/swift/host/plugins/testing -enable-experimental-feature DebugDescriptionMacro -sdk /Applications/Xcode-27.0.0-Release.Candidate.app/Contents/Developer/Platforms/AppleTVOS.platform/Developer/SDKs/AppleTVOS27.0.sdk -target arm64-apple-tvos15.0 -g -module-cache-path /Users/admin/builder/spi-builder-workspace/.derivedData/ModuleCache.noindex -Xfrontend -serialize-debugging-options -enable-testing -index-store-path /Users/admin/builder/spi-builder-workspace/.derivedData/Index.noindex/DataStore -Xcc -D_LIBCPP_HARDENING_MODE\=_LIBCPP_HARDENING_MODE_DEBUG -swift-version 5 -I /Users/admin/builder/spi-builder-workspace/.derivedData/Build/Products/Debug-appletvos -Isystem /Applications/Xcode-27.0.0-Release.Candidate.app/Contents/Developer/Platforms/AppleTVOS.platform/Developer/usr/lib -F /Users/admin/builder/spi-builder-workspace/.derivedData/Build/Products/Debug-appletvos -F /Applications/Xcode-27.0.0-Release.Candidate.app/Contents/Developer/Platforms/AppleTVOS.platform/Developer/Library/Frameworks -F /Applications/Xcode-27.0.0-Release.Candidate.app/Contents/Developer/Platforms/AppleTVOS.platform/Developer/SDKs/AppleTVOS27.0.sdk/Developer/Library/Frameworks -c -j10 -enable-batch-mode -incremental -Xcc -ivfsstatcache -Xcc /Users/admin/builder/spi-builder-workspace/.derivedData/SDKStatCaches.noindex/appletvos27.0-24J360-e829b21a6f8c9b70876ba0858053c044b32bfd8d43560033f8d89884cdb90028.sdkstatcache -output-file-map /Users/admin/builder/spi-builder-workspace/.derivedData/Build/Intermediates.noindex/makata.build/Debug-appletvos/makataInteraction-t.build/Objects-normal/arm64/makataInteraction-OutputFileMap.json -save-temps -no-color-diagnostics -explicit-module-build -module-cache-path /Users/admin/builder/spi-builder-workspace/.derivedData/Build/Intermediates.noindex/SwiftExplicitPrecompiledModules -clang-scanner-module-cache-path /Users/admin/builder/spi-builder-workspace/.derivedData/ModuleCache.noindex -sdk-module-cache-path /Users/admin/builder/spi-builder-workspace/.derivedData/SDKExplicitPrecompiledModules -emit-dependencies -emit-module -emit-module-path /Users/admin/builder/spi-builder-workspace/.derivedData/Build/Intermediates.noindex/makata.build/Debug-appletvos/makataInteraction-t.build/Objects-normal/arm64/makataInteraction.swiftmodule -serialize-diagnostics -dependency-scan-serialize-diagnostics-path /Users/admin/builder/spi-builder-workspace/.derivedData/Build/Intermediates.noindex/makata.build/Debug-appletvos/makataInteraction-t.build/Objects-normal/arm64/makataInteraction-dependency-scan.dia -validate-clang-modules-once -clang-build-session-file /Users/admin/builder/spi-builder-workspace/.derivedData/ModuleCache.noindex/Session.modulevalidation -Xcc -fmodules-prune-interval\=86400 -Xcc -fmodules-prune-after\=345600 -emit-const-values -const-gather-protocols-list /Users/admin/builder/spi-builder-workspace/.derivedData/Build/Intermediates.noindex/makata.build/Debug-appletvos/makataInteraction-t.build/Objects-normal/arm64/makataInteraction_const_extract_protocols.json -Xcc -I/Users/admin/builder/spi-builder-workspace/.derivedData/Build/Products/Debug-appletvos/include -Xcc -I/Users/admin/builder/spi-builder-workspace/.derivedData/Build/Intermediates.noindex/makata.build/Debug-appletvos/makataInteraction-t.build/DerivedSources-normal/arm64 -Xcc -I/Users/admin/builder/spi-builder-workspace/.derivedData/Build/Intermediates.noindex/makata.build/Debug-appletvos/makataInteraction-t.build/DerivedSources/arm64 -Xcc -I/Users/admin/builder/spi-builder-workspace/.derivedData/Build/Intermediates.noindex/makata.build/Debug-appletvos/makataInteraction-t.build/DerivedSources -Xcc -DSWIFT_PACKAGE -Xcc -DDEBUG\=1 -emit-objc-header -emit-objc-header-path /Users/admin/builder/spi-builder-workspace/.derivedData/Build/Intermediates.noindex/makata.build/Debug-appletvos/makataInteraction-t.build/Objects-normal/arm64/makataInteraction-Swift.h -working-directory /Users/admin/builder/spi-builder-workspace/.swiftpm/xcode -experimental-emit-module-separately -disable-cmo
SwiftDriverJobDiscovery normal arm64 Emitting module for makataForm (in target 'makataForm' from project 'makata')
SwiftDriver\ Compilation\ Requirements makataForm normal arm64 com.apple.xcode.tools.swift.compiler (in target 'makataForm' from project 'makata')
cd /Users/admin/builder/spi-builder-workspace/.swiftpm/xcode
builtin-Swift-Compilation-Requirements -- /Applications/Xcode-27.0.0-Release.Candidate.app/Contents/Developer/Toolchains/XcodeDefault.xctoolchain/usr/bin/swiftc -parse-as-library -module-name makataForm -Onone @/Users/admin/builder/spi-builder-workspace/.derivedData/Build/Intermediates.noindex/makata.build/Debug-appletvos/makataForm-t.build/Objects-normal/arm64/makataForm.SwiftFileList -DSWIFT_PACKAGE -DDEBUG -DSWIFT_MODULE_RESOURCE_BUNDLE_UNAVAILABLE -DXcode -plugin-path /Applications/Xcode-27.0.0-Release.Candidate.app/Contents/Developer/Toolchains/XcodeDefault.xctoolchain/usr/lib/swift/host/plugins/testing -enable-experimental-feature DebugDescriptionMacro -sdk /Applications/Xcode-27.0.0-Release.Candidate.app/Contents/Developer/Platforms/AppleTVOS.platform/Developer/SDKs/AppleTVOS27.0.sdk -target arm64-apple-tvos15.0 -g -module-cache-path /Users/admin/builder/spi-builder-workspace/.derivedData/ModuleCache.noindex -Xfrontend -serialize-debugging-options -enable-testing -index-store-path /Users/admin/builder/spi-builder-workspace/.derivedData/Index.noindex/DataStore -Xcc -D_LIBCPP_HARDENING_MODE\=_LIBCPP_HARDENING_MODE_DEBUG -swift-version 5 -I /Users/admin/builder/spi-builder-workspace/.derivedData/Build/Products/Debug-appletvos -Isystem /Applications/Xcode-27.0.0-Release.Candidate.app/Contents/Developer/Platforms/AppleTVOS.platform/Developer/usr/lib -F /Users/admin/builder/spi-builder-workspace/.derivedData/Build/Products/Debug-appletvos -F /Applications/Xcode-27.0.0-Release.Candidate.app/Contents/Developer/Platforms/AppleTVOS.platform/Developer/Library/Frameworks -F /Applications/Xcode-27.0.0-Release.Candidate.app/Contents/Developer/Platforms/AppleTVOS.platform/Developer/SDKs/AppleTVOS27.0.sdk/Developer/Library/Frameworks -c -j10 -enable-batch-mode -incremental -Xcc -ivfsstatcache -Xcc /Users/admin/builder/spi-builder-workspace/.derivedData/SDKStatCaches.noindex/appletvos27.0-24J360-e829b21a6f8c9b70876ba0858053c044b32bfd8d43560033f8d89884cdb90028.sdkstatcache -output-file-map /Users/admin/builder/spi-builder-workspace/.derivedData/Build/Intermediates.noindex/makata.build/Debug-appletvos/makataForm-t.build/Objects-normal/arm64/makataForm-OutputFileMap.json -save-temps -no-color-diagnostics -explicit-module-build -module-cache-path /Users/admin/builder/spi-builder-workspace/.derivedData/Build/Intermediates.noindex/SwiftExplicitPrecompiledModules -clang-scanner-module-cache-path /Users/admin/builder/spi-builder-workspace/.derivedData/ModuleCache.noindex -sdk-module-cache-path /Users/admin/builder/spi-builder-workspace/.derivedData/SDKExplicitPrecompiledModules -emit-dependencies -emit-module -emit-module-path /Users/admin/builder/spi-builder-workspace/.derivedData/Build/Intermediates.noindex/makata.build/Debug-appletvos/makataForm-t.build/Objects-normal/arm64/makataForm.swiftmodule -serialize-diagnostics -dependency-scan-serialize-diagnostics-path /Users/admin/builder/spi-builder-workspace/.derivedData/Build/Intermediates.noindex/makata.build/Debug-appletvos/makataForm-t.build/Objects-normal/arm64/makataForm-dependency-scan.dia -validate-clang-modules-once -clang-build-session-file /Users/admin/builder/spi-builder-workspace/.derivedData/ModuleCache.noindex/Session.modulevalidation -Xcc -fmodules-prune-interval\=86400 -Xcc -fmodules-prune-after\=345600 -emit-const-values -const-gather-protocols-list /Users/admin/builder/spi-builder-workspace/.derivedData/Build/Intermediates.noindex/makata.build/Debug-appletvos/makataForm-t.build/Objects-normal/arm64/makataForm_const_extract_protocols.json -Xcc -I/Users/admin/builder/spi-builder-workspace/.derivedData/Build/Products/Debug-appletvos/include -Xcc -I/Users/admin/builder/spi-builder-workspace/.derivedData/Build/Intermediates.noindex/makata.build/Debug-appletvos/makataForm-t.build/DerivedSources-normal/arm64 -Xcc -I/Users/admin/builder/spi-builder-workspace/.derivedData/Build/Intermediates.noindex/makata.build/Debug-appletvos/makataForm-t.build/DerivedSources/arm64 -Xcc -I/Users/admin/builder/spi-builder-workspace/.derivedData/Build/Intermediates.noindex/makata.build/Debug-appletvos/makataForm-t.build/DerivedSources -Xcc -DSWIFT_PACKAGE -Xcc -DDEBUG\=1 -emit-objc-header -emit-objc-header-path /Users/admin/builder/spi-builder-workspace/.derivedData/Build/Intermediates.noindex/makata.build/Debug-appletvos/makataForm-t.build/Objects-normal/arm64/makataForm-Swift.h -working-directory /Users/admin/builder/spi-builder-workspace/.swiftpm/xcode -experimental-emit-module-separately -disable-cmo
SwiftMergeGeneratedHeaders /Users/admin/builder/spi-builder-workspace/.derivedData/Build/Intermediates.noindex/GeneratedModuleMaps-appletvos/makataInteraction-Swift.h /Users/admin/builder/spi-builder-workspace/.derivedData/Build/Intermediates.noindex/makata.build/Debug-appletvos/makataInteraction-t.build/Objects-normal/arm64/makataInteraction-Swift.h (in target 'makataInteraction' from project 'makata')
cd /Users/admin/builder/spi-builder-workspace
builtin-swiftHeaderTool -arch arm64 /Users/admin/builder/spi-builder-workspace/.derivedData/Build/Intermediates.noindex/makata.build/Debug-appletvos/makataInteraction-t.build/Objects-normal/arm64/makataInteraction-Swift.h -o /Users/admin/builder/spi-builder-workspace/.derivedData/Build/Intermediates.noindex/GeneratedModuleMaps-appletvos/makataInteraction-Swift.h
Copy /Users/admin/builder/spi-builder-workspace/.derivedData/Build/Products/Debug-appletvos/makataInteraction.swiftmodule/arm64-apple-tvos.swiftmodule /Users/admin/builder/spi-builder-workspace/.derivedData/Build/Intermediates.noindex/makata.build/Debug-appletvos/makataInteraction-t.build/Objects-normal/arm64/makataInteraction.swiftmodule (in target 'makataInteraction' from project 'makata')
cd /Users/admin/builder/spi-builder-workspace
builtin-copy -exclude .DS_Store -exclude CVS -exclude .svn -exclude .git -exclude .hg -resolve-src-symlinks -rename /Users/admin/builder/spi-builder-workspace/.derivedData/Build/Intermediates.noindex/makata.build/Debug-appletvos/makataInteraction-t.build/Objects-normal/arm64/makataInteraction.swiftmodule /Users/admin/builder/spi-builder-workspace/.derivedData/Build/Products/Debug-appletvos/makataInteraction.swiftmodule/arm64-apple-tvos.swiftmodule
Copy /Users/admin/builder/spi-builder-workspace/.derivedData/Build/Products/Debug-appletvos/makataInteraction.swiftmodule/arm64-apple-tvos.swiftdoc /Users/admin/builder/spi-builder-workspace/.derivedData/Build/Intermediates.noindex/makata.build/Debug-appletvos/makataInteraction-t.build/Objects-normal/arm64/makataInteraction.swiftdoc (in target 'makataInteraction' from project 'makata')
cd /Users/admin/builder/spi-builder-workspace
builtin-copy -exclude .DS_Store -exclude CVS -exclude .svn -exclude .git -exclude .hg -resolve-src-symlinks -rename /Users/admin/builder/spi-builder-workspace/.derivedData/Build/Intermediates.noindex/makata.build/Debug-appletvos/makataInteraction-t.build/Objects-normal/arm64/makataInteraction.swiftdoc /Users/admin/builder/spi-builder-workspace/.derivedData/Build/Products/Debug-appletvos/makataInteraction.swiftmodule/arm64-apple-tvos.swiftdoc
Copy /Users/admin/builder/spi-builder-workspace/.derivedData/Build/Products/Debug-appletvos/makataInteraction.swiftmodule/arm64-apple-tvos.abi.json /Users/admin/builder/spi-builder-workspace/.derivedData/Build/Intermediates.noindex/makata.build/Debug-appletvos/makataInteraction-t.build/Objects-normal/arm64/makataInteraction.abi.json (in target 'makataInteraction' from project 'makata')
cd /Users/admin/builder/spi-builder-workspace
builtin-copy -exclude .DS_Store -exclude CVS -exclude .svn -exclude .git -exclude .hg -resolve-src-symlinks -rename /Users/admin/builder/spi-builder-workspace/.derivedData/Build/Intermediates.noindex/makata.build/Debug-appletvos/makataInteraction-t.build/Objects-normal/arm64/makataInteraction.abi.json /Users/admin/builder/spi-builder-workspace/.derivedData/Build/Products/Debug-appletvos/makataInteraction.swiftmodule/arm64-apple-tvos.abi.json
Copy /Users/admin/builder/spi-builder-workspace/.derivedData/Build/Products/Debug-appletvos/makataInteraction.swiftmodule/Project/arm64-apple-tvos.swiftsourceinfo /Users/admin/builder/spi-builder-workspace/.derivedData/Build/Intermediates.noindex/makata.build/Debug-appletvos/makataInteraction-t.build/Objects-normal/arm64/makataInteraction.swiftsourceinfo (in target 'makataInteraction' from project 'makata')
cd /Users/admin/builder/spi-builder-workspace
builtin-copy -exclude .DS_Store -exclude CVS -exclude .svn -exclude .git -exclude .hg -resolve-src-symlinks -rename /Users/admin/builder/spi-builder-workspace/.derivedData/Build/Intermediates.noindex/makata.build/Debug-appletvos/makataInteraction-t.build/Objects-normal/arm64/makataInteraction.swiftsourceinfo /Users/admin/builder/spi-builder-workspace/.derivedData/Build/Products/Debug-appletvos/makataInteraction.swiftmodule/Project/arm64-apple-tvos.swiftsourceinfo
SwiftMergeGeneratedHeaders /Users/admin/builder/spi-builder-workspace/.derivedData/Build/Intermediates.noindex/GeneratedModuleMaps-appletvos/makataForm-Swift.h /Users/admin/builder/spi-builder-workspace/.derivedData/Build/Intermediates.noindex/makata.build/Debug-appletvos/makataForm-t.build/Objects-normal/arm64/makataForm-Swift.h (in target 'makataForm' from project 'makata')
cd /Users/admin/builder/spi-builder-workspace
builtin-swiftHeaderTool -arch arm64 /Users/admin/builder/spi-builder-workspace/.derivedData/Build/Intermediates.noindex/makata.build/Debug-appletvos/makataForm-t.build/Objects-normal/arm64/makataForm-Swift.h -o /Users/admin/builder/spi-builder-workspace/.derivedData/Build/Intermediates.noindex/GeneratedModuleMaps-appletvos/makataForm-Swift.h
Copy /Users/admin/builder/spi-builder-workspace/.derivedData/Build/Products/Debug-appletvos/makataForm.swiftmodule/arm64-apple-tvos.swiftmodule /Users/admin/builder/spi-builder-workspace/.derivedData/Build/Intermediates.noindex/makata.build/Debug-appletvos/makataForm-t.build/Objects-normal/arm64/makataForm.swiftmodule (in target 'makataForm' from project 'makata')
cd /Users/admin/builder/spi-builder-workspace
builtin-copy -exclude .DS_Store -exclude CVS -exclude .svn -exclude .git -exclude .hg -resolve-src-symlinks -rename /Users/admin/builder/spi-builder-workspace/.derivedData/Build/Intermediates.noindex/makata.build/Debug-appletvos/makataForm-t.build/Objects-normal/arm64/makataForm.swiftmodule /Users/admin/builder/spi-builder-workspace/.derivedData/Build/Products/Debug-appletvos/makataForm.swiftmodule/arm64-apple-tvos.swiftmodule
Copy /Users/admin/builder/spi-builder-workspace/.derivedData/Build/Products/Debug-appletvos/makataForm.swiftmodule/arm64-apple-tvos.swiftdoc /Users/admin/builder/spi-builder-workspace/.derivedData/Build/Intermediates.noindex/makata.build/Debug-appletvos/makataForm-t.build/Objects-normal/arm64/makataForm.swiftdoc (in target 'makataForm' from project 'makata')
cd /Users/admin/builder/spi-builder-workspace
builtin-copy -exclude .DS_Store -exclude CVS -exclude .svn -exclude .git -exclude .hg -resolve-src-symlinks -rename /Users/admin/builder/spi-builder-workspace/.derivedData/Build/Intermediates.noindex/makata.build/Debug-appletvos/makataForm-t.build/Objects-normal/arm64/makataForm.swiftdoc /Users/admin/builder/spi-builder-workspace/.derivedData/Build/Products/Debug-appletvos/makataForm.swiftmodule/arm64-apple-tvos.swiftdoc
Copy /Users/admin/builder/spi-builder-workspace/.derivedData/Build/Products/Debug-appletvos/makataForm.swiftmodule/arm64-apple-tvos.abi.json /Users/admin/builder/spi-builder-workspace/.derivedData/Build/Intermediates.noindex/makata.build/Debug-appletvos/makataForm-t.build/Objects-normal/arm64/makataForm.abi.json (in target 'makataForm' from project 'makata')
cd /Users/admin/builder/spi-builder-workspace
builtin-copy -exclude .DS_Store -exclude CVS -exclude .svn -exclude .git -exclude .hg -resolve-src-symlinks -rename /Users/admin/builder/spi-builder-workspace/.derivedData/Build/Intermediates.noindex/makata.build/Debug-appletvos/makataForm-t.build/Objects-normal/arm64/makataForm.abi.json /Users/admin/builder/spi-builder-workspace/.derivedData/Build/Products/Debug-appletvos/makataForm.swiftmodule/arm64-apple-tvos.abi.json
Copy /Users/admin/builder/spi-builder-workspace/.derivedData/Build/Products/Debug-appletvos/makataForm.swiftmodule/Project/arm64-apple-tvos.swiftsourceinfo /Users/admin/builder/spi-builder-workspace/.derivedData/Build/Intermediates.noindex/makata.build/Debug-appletvos/makataForm-t.build/Objects-normal/arm64/makataForm.swiftsourceinfo (in target 'makataForm' from project 'makata')
cd /Users/admin/builder/spi-builder-workspace
builtin-copy -exclude .DS_Store -exclude CVS -exclude .svn -exclude .git -exclude .hg -resolve-src-symlinks -rename /Users/admin/builder/spi-builder-workspace/.derivedData/Build/Intermediates.noindex/makata.build/Debug-appletvos/makataForm-t.build/Objects-normal/arm64/makataForm.swiftsourceinfo /Users/admin/builder/spi-builder-workspace/.derivedData/Build/Products/Debug-appletvos/makataForm.swiftmodule/Project/arm64-apple-tvos.swiftsourceinfo
SwiftDriver\ Compilation\ Requirements SnapKit normal arm64 com.apple.xcode.tools.swift.compiler (in target 'SnapKit' from project 'SnapKit')
cd /Users/admin/builder/spi-builder-workspace/.swiftpm/xcode
builtin-Swift-Compilation-Requirements -- /Applications/Xcode-27.0.0-Release.Candidate.app/Contents/Developer/Toolchains/XcodeDefault.xctoolchain/usr/bin/swiftc -parse-as-library -module-name SnapKit -Onone @/Users/admin/builder/spi-builder-workspace/.derivedData/Build/Intermediates.noindex/SnapKit.build/Debug-appletvos/SnapKit-t.build/Objects-normal/arm64/SnapKit.SwiftFileList -DSWIFT_PACKAGE -DDEBUG -DSWIFT_MODULE_RESOURCE_BUNDLE_AVAILABLE -DXcode -plugin-path /Applications/Xcode-27.0.0-Release.Candidate.app/Contents/Developer/Toolchains/XcodeDefault.xctoolchain/usr/lib/swift/host/plugins/testing -enable-experimental-feature DebugDescriptionMacro -sdk /Applications/Xcode-27.0.0-Release.Candidate.app/Contents/Developer/Platforms/AppleTVOS.platform/Developer/SDKs/AppleTVOS27.0.sdk -target arm64-apple-tvos15.0 -g -module-cache-path /Users/admin/builder/spi-builder-workspace/.derivedData/ModuleCache.noindex -Xfrontend -serialize-debugging-options -enable-testing -suppress-warnings -index-store-path /Users/admin/builder/spi-builder-workspace/.derivedData/Index.noindex/DataStore -Xcc -D_LIBCPP_HARDENING_MODE\=_LIBCPP_HARDENING_MODE_DEBUG -swift-version 5 -I /Users/admin/builder/spi-builder-workspace/.derivedData/Build/Products/Debug-appletvos -Isystem /Applications/Xcode-27.0.0-Release.Candidate.app/Contents/Developer/Platforms/AppleTVOS.platform/Developer/usr/lib -F /Users/admin/builder/spi-builder-workspace/.derivedData/Build/Products/Debug-appletvos -F /Applications/Xcode-27.0.0-Release.Candidate.app/Contents/Developer/Platforms/AppleTVOS.platform/Developer/Library/Frameworks -F /Applications/Xcode-27.0.0-Release.Candidate.app/Contents/Developer/Platforms/AppleTVOS.platform/Developer/SDKs/AppleTVOS27.0.sdk/Developer/Library/Frameworks -c -j10 -enable-batch-mode -incremental -Xcc -ivfsstatcache -Xcc /Users/admin/builder/spi-builder-workspace/.derivedData/SDKStatCaches.noindex/appletvos27.0-24J360-e829b21a6f8c9b70876ba0858053c044b32bfd8d43560033f8d89884cdb90028.sdkstatcache -output-file-map /Users/admin/builder/spi-builder-workspace/.derivedData/Build/Intermediates.noindex/SnapKit.build/Debug-appletvos/SnapKit-t.build/Objects-normal/arm64/SnapKit-OutputFileMap.json -save-temps -no-color-diagnostics -explicit-module-build -module-cache-path /Users/admin/builder/spi-builder-workspace/.derivedData/Build/Intermediates.noindex/SwiftExplicitPrecompiledModules -clang-scanner-module-cache-path /Users/admin/builder/spi-builder-workspace/.derivedData/ModuleCache.noindex -sdk-module-cache-path /Users/admin/builder/spi-builder-workspace/.derivedData/SDKExplicitPrecompiledModules -emit-dependencies -emit-module -emit-module-path /Users/admin/builder/spi-builder-workspace/.derivedData/Build/Intermediates.noindex/SnapKit.build/Debug-appletvos/SnapKit-t.build/Objects-normal/arm64/SnapKit.swiftmodule -serialize-diagnostics -dependency-scan-serialize-diagnostics-path /Users/admin/builder/spi-builder-workspace/.derivedData/Build/Intermediates.noindex/SnapKit.build/Debug-appletvos/SnapKit-t.build/Objects-normal/arm64/SnapKit-dependency-scan.dia -validate-clang-modules-once -clang-build-session-file /Users/admin/builder/spi-builder-workspace/.derivedData/ModuleCache.noindex/Session.modulevalidation -Xcc -fmodules-prune-interval\=86400 -Xcc -fmodules-prune-after\=345600 -emit-const-values -const-gather-protocols-list /Users/admin/builder/spi-builder-workspace/.derivedData/Build/Intermediates.noindex/SnapKit.build/Debug-appletvos/SnapKit-t.build/Objects-normal/arm64/SnapKit_const_extract_protocols.json -Xcc -I/Users/admin/builder/spi-builder-workspace/.derivedData/Build/Products/Debug-appletvos/include -Xcc -I/Users/admin/builder/spi-builder-workspace/.derivedData/Build/Intermediates.noindex/SnapKit.build/Debug-appletvos/SnapKit-t.build/DerivedSources-normal/arm64 -Xcc -I/Users/admin/builder/spi-builder-workspace/.derivedData/Build/Intermediates.noindex/SnapKit.build/Debug-appletvos/SnapKit-t.build/DerivedSources/arm64 -Xcc -I/Users/admin/builder/spi-builder-workspace/.derivedData/Build/Intermediates.noindex/SnapKit.build/Debug-appletvos/SnapKit-t.build/DerivedSources -Xcc -DSWIFT_PACKAGE -Xcc -DDEBUG\=1 -emit-objc-header -emit-objc-header-path /Users/admin/builder/spi-builder-workspace/.derivedData/Build/Intermediates.noindex/SnapKit.build/Debug-appletvos/SnapKit-t.build/Objects-normal/arm64/SnapKit-Swift.h -working-directory /Users/admin/builder/spi-builder-workspace/.swiftpm/xcode -experimental-emit-module-separately -disable-cmo
SwiftCompile normal arm64 Compiling\ protocol-lifetimeable.swift /Users/admin/builder/spi-builder-workspace/Sources/makata-interaction/protocol/protocol-lifetimeable.swift (in target 'makataInteraction' from project 'makata')
SwiftCompile normal arm64 /Users/admin/builder/spi-builder-workspace/Sources/makata-interaction/protocol/protocol-lifetimeable.swift (in target 'makataInteraction' from project 'makata')
cd /Users/admin/builder/spi-builder-workspace/.swiftpm/xcode
builtin-SwiftPerFileCompile protocol-lifetimeable.swift
SwiftMergeGeneratedHeaders /Users/admin/builder/spi-builder-workspace/.derivedData/Build/Intermediates.noindex/GeneratedModuleMaps-appletvos/SnapKit-Swift.h /Users/admin/builder/spi-builder-workspace/.derivedData/Build/Intermediates.noindex/SnapKit.build/Debug-appletvos/SnapKit-t.build/Objects-normal/arm64/SnapKit-Swift.h (in target 'SnapKit' from project 'SnapKit')
cd /Users/admin/builder/spi-builder-workspace/.dependencies/checkouts/snapkit
builtin-swiftHeaderTool -arch arm64 /Users/admin/builder/spi-builder-workspace/.derivedData/Build/Intermediates.noindex/SnapKit.build/Debug-appletvos/SnapKit-t.build/Objects-normal/arm64/SnapKit-Swift.h -o /Users/admin/builder/spi-builder-workspace/.derivedData/Build/Intermediates.noindex/GeneratedModuleMaps-appletvos/SnapKit-Swift.h
SwiftDriverJobDiscovery normal arm64 Compiling protocol-lifetimeable.swift (in target 'makataInteraction' from project 'makata')
Copy /Users/admin/builder/spi-builder-workspace/.derivedData/Build/Products/Debug-appletvos/SnapKit.swiftmodule/arm64-apple-tvos.swiftmodule /Users/admin/builder/spi-builder-workspace/.derivedData/Build/Intermediates.noindex/SnapKit.build/Debug-appletvos/SnapKit-t.build/Objects-normal/arm64/SnapKit.swiftmodule (in target 'SnapKit' from project 'SnapKit')
cd /Users/admin/builder/spi-builder-workspace/.dependencies/checkouts/snapkit
builtin-copy -exclude .DS_Store -exclude CVS -exclude .svn -exclude .git -exclude .hg -resolve-src-symlinks -rename /Users/admin/builder/spi-builder-workspace/.derivedData/Build/Intermediates.noindex/SnapKit.build/Debug-appletvos/SnapKit-t.build/Objects-normal/arm64/SnapKit.swiftmodule /Users/admin/builder/spi-builder-workspace/.derivedData/Build/Products/Debug-appletvos/SnapKit.swiftmodule/arm64-apple-tvos.swiftmodule
Copy /Users/admin/builder/spi-builder-workspace/.derivedData/Build/Products/Debug-appletvos/SnapKit.swiftmodule/arm64-apple-tvos.swiftdoc /Users/admin/builder/spi-builder-workspace/.derivedData/Build/Intermediates.noindex/SnapKit.build/Debug-appletvos/SnapKit-t.build/Objects-normal/arm64/SnapKit.swiftdoc (in target 'SnapKit' from project 'SnapKit')
cd /Users/admin/builder/spi-builder-workspace/.dependencies/checkouts/snapkit
builtin-copy -exclude .DS_Store -exclude CVS -exclude .svn -exclude .git -exclude .hg -resolve-src-symlinks -rename /Users/admin/builder/spi-builder-workspace/.derivedData/Build/Intermediates.noindex/SnapKit.build/Debug-appletvos/SnapKit-t.build/Objects-normal/arm64/SnapKit.swiftdoc /Users/admin/builder/spi-builder-workspace/.derivedData/Build/Products/Debug-appletvos/SnapKit.swiftmodule/arm64-apple-tvos.swiftdoc
Copy /Users/admin/builder/spi-builder-workspace/.derivedData/Build/Products/Debug-appletvos/SnapKit.swiftmodule/arm64-apple-tvos.abi.json /Users/admin/builder/spi-builder-workspace/.derivedData/Build/Intermediates.noindex/SnapKit.build/Debug-appletvos/SnapKit-t.build/Objects-normal/arm64/SnapKit.abi.json (in target 'SnapKit' from project 'SnapKit')
cd /Users/admin/builder/spi-builder-workspace/.dependencies/checkouts/snapkit
builtin-copy -exclude .DS_Store -exclude CVS -exclude .svn -exclude .git -exclude .hg -resolve-src-symlinks -rename /Users/admin/builder/spi-builder-workspace/.derivedData/Build/Intermediates.noindex/SnapKit.build/Debug-appletvos/SnapKit-t.build/Objects-normal/arm64/SnapKit.abi.json /Users/admin/builder/spi-builder-workspace/.derivedData/Build/Products/Debug-appletvos/SnapKit.swiftmodule/arm64-apple-tvos.abi.json
Copy /Users/admin/builder/spi-builder-workspace/.derivedData/Build/Products/Debug-appletvos/SnapKit.swiftmodule/Project/arm64-apple-tvos.swiftsourceinfo /Users/admin/builder/spi-builder-workspace/.derivedData/Build/Intermediates.noindex/SnapKit.build/Debug-appletvos/SnapKit-t.build/Objects-normal/arm64/SnapKit.swiftsourceinfo (in target 'SnapKit' from project 'SnapKit')
cd /Users/admin/builder/spi-builder-workspace/.dependencies/checkouts/snapkit
builtin-copy -exclude .DS_Store -exclude CVS -exclude .svn -exclude .git -exclude .hg -resolve-src-symlinks -rename /Users/admin/builder/spi-builder-workspace/.derivedData/Build/Intermediates.noindex/SnapKit.build/Debug-appletvos/SnapKit-t.build/Objects-normal/arm64/SnapKit.swiftsourceinfo /Users/admin/builder/spi-builder-workspace/.derivedData/Build/Products/Debug-appletvos/SnapKit.swiftmodule/Project/arm64-apple-tvos.swiftsourceinfo
SwiftCompile normal arm64 Compiling\ protocol-withable.swift /Users/admin/builder/spi-builder-workspace/Sources/makata-interaction/protocol/protocol-withable.swift (in target 'makataInteraction' from project 'makata')
SwiftCompile normal arm64 /Users/admin/builder/spi-builder-workspace/Sources/makata-interaction/protocol/protocol-withable.swift (in target 'makataInteraction' from project 'makata')
cd /Users/admin/builder/spi-builder-workspace/.swiftpm/xcode
builtin-SwiftPerFileCompile protocol-withable.swift
SwiftCompile normal arm64 Compiling\ protocol-hookable+routeable.swift /Users/admin/builder/spi-builder-workspace/Sources/makata-interaction/protocol/protocol-hookable+routeable.swift (in target 'makataInteraction' from project 'makata')
SwiftCompile normal arm64 /Users/admin/builder/spi-builder-workspace/Sources/makata-interaction/protocol/protocol-hookable+routeable.swift (in target 'makataInteraction' from project 'makata')
cd /Users/admin/builder/spi-builder-workspace/.swiftpm/xcode
builtin-SwiftPerFileCompile protocol-hookable+routeable.swift
SwiftDriverJobDiscovery normal arm64 Compiling protocol-withable.swift (in target 'makataInteraction' from project 'makata')
SwiftDriverJobDiscovery normal arm64 Compiling protocol-hookable+routeable.swift (in target 'makataInteraction' from project 'makata')
SwiftCompile normal arm64 Compiling\ protocol-stateable+swiftui.swift /Users/admin/builder/spi-builder-workspace/Sources/makata-interaction/protocol/protocol-stateable+swiftui.swift (in target 'makataInteraction' from project 'makata')
SwiftCompile normal arm64 /Users/admin/builder/spi-builder-workspace/Sources/makata-interaction/protocol/protocol-stateable+swiftui.swift (in target 'makataInteraction' from project 'makata')
cd /Users/admin/builder/spi-builder-workspace/.swiftpm/xcode
builtin-SwiftPerFileCompile protocol-stateable+swiftui.swift
SwiftCompile normal arm64 Compiling\ protocol-routeable.swift /Users/admin/builder/spi-builder-workspace/Sources/makata-interaction/protocol/protocol-routeable.swift (in target 'makataInteraction' from project 'makata')
SwiftCompile normal arm64 /Users/admin/builder/spi-builder-workspace/Sources/makata-interaction/protocol/protocol-routeable.swift (in target 'makataInteraction' from project 'makata')
cd /Users/admin/builder/spi-builder-workspace/.swiftpm/xcode
builtin-SwiftPerFileCompile protocol-routeable.swift
SwiftDriverJobDiscovery normal arm64 Compiling LayoutConstraintItem.swift, Typealiases.swift, UILayoutSupport+Extensions.swift (in target 'SnapKit' from project 'SnapKit')
SwiftCompile normal arm64 Compiling\ protocol-assignable.swift /Users/admin/builder/spi-builder-workspace/Sources/makata-interaction/protocol/protocol-assignable.swift (in target 'makataInteraction' from project 'makata')
SwiftCompile normal arm64 /Users/admin/builder/spi-builder-workspace/Sources/makata-interaction/protocol/protocol-assignable.swift (in target 'makataInteraction' from project 'makata')
cd /Users/admin/builder/spi-builder-workspace/.swiftpm/xcode
builtin-SwiftPerFileCompile protocol-assignable.swift
SwiftCompile normal arm64 Compiling\ protocol-loadable.swift /Users/admin/builder/spi-builder-workspace/Sources/makata-interaction/protocol/protocol-loadable.swift (in target 'makataInteraction' from project 'makata')
SwiftCompile normal arm64 /Users/admin/builder/spi-builder-workspace/Sources/makata-interaction/protocol/protocol-loadable.swift (in target 'makataInteraction' from project 'makata')
cd /Users/admin/builder/spi-builder-workspace/.swiftpm/xcode
builtin-SwiftPerFileCompile protocol-loadable.swift
SwiftDriverJobDiscovery normal arm64 Compiling ConstraintMultiplierTarget.swift, ConstraintOffsetTarget.swift, ConstraintPriority.swift, ConstraintPriorityTarget.swift (in target 'SnapKit' from project 'SnapKit')
SwiftDriverJobDiscovery normal arm64 Compiling ConstraintLayoutGuide+Extensions.swift, ConstraintLayoutGuide.swift, ConstraintLayoutGuideDSL.swift, ConstraintLayoutSupport.swift (in target 'SnapKit' from project 'SnapKit')
SwiftCompile normal arm64 Compiling\ protocol-stateable.swift /Users/admin/builder/spi-builder-workspace/Sources/makata-interaction/protocol/protocol-stateable.swift (in target 'makataInteraction' from project 'makata')
SwiftCompile normal arm64 /Users/admin/builder/spi-builder-workspace/Sources/makata-interaction/protocol/protocol-stateable.swift (in target 'makataInteraction' from project 'makata')
cd /Users/admin/builder/spi-builder-workspace/.swiftpm/xcode
builtin-SwiftPerFileCompile protocol-stateable.swift
/Users/admin/builder/spi-builder-workspace/Sources/makata-interaction/protocol/protocol-stateable.swift:97:9: warning: stored property 'provider' of 'Sendable'-conforming generic class 'StateHandler' is mutable; this is an error in the Swift 6 language mode
95 | public typealias Provider = @MainActor (State) async -> Void
96 |
97 | var provider: Provider = { _ in }
| `- warning: stored property 'provider' of 'Sendable'-conforming generic class 'StateHandler' is mutable; this is an error in the Swift 6 language mode
98 |
99 | @Published public internal(set) var current: State
SwiftCompile normal arm64 Compiling\ protocol-hookable.swift /Users/admin/builder/spi-builder-workspace/Sources/makata-interaction/protocol/protocol-hookable.swift (in target 'makataInteraction' from project 'makata')
SwiftCompile normal arm64 /Users/admin/builder/spi-builder-workspace/Sources/makata-interaction/protocol/protocol-hookable.swift (in target 'makataInteraction' from project 'makata')
cd /Users/admin/builder/spi-builder-workspace/.swiftpm/xcode
builtin-SwiftPerFileCompile protocol-hookable.swift
SwiftCompile normal arm64 Compiling\ interaction.swift,\ observable.swift /Users/admin/builder/spi-builder-workspace/Sources/makata-interaction/interaction.swift /Users/admin/builder/spi-builder-workspace/Sources/makata-interaction/protocol/observable.swift (in target 'makataInteraction' from project 'makata')
SwiftCompile normal arm64 /Users/admin/builder/spi-builder-workspace/Sources/makata-interaction/interaction.swift (in target 'makataInteraction' from project 'makata')
cd /Users/admin/builder/spi-builder-workspace/.swiftpm/xcode
builtin-SwiftPerFileCompile interaction.swift
SwiftCompile normal arm64 /Users/admin/builder/spi-builder-workspace/Sources/makata-interaction/protocol/observable.swift (in target 'makataInteraction' from project 'makata')
cd /Users/admin/builder/spi-builder-workspace/.swiftpm/xcode
builtin-SwiftPerFileCompile observable.swift
SwiftCompile normal arm64 Compiling\ form-handler.swift /Users/admin/builder/spi-builder-workspace/Sources/makata-form/form-handler.swift (in target 'makataForm' from project 'makata')
SwiftCompile normal arm64 /Users/admin/builder/spi-builder-workspace/Sources/makata-form/form-handler.swift (in target 'makataForm' from project 'makata')
cd /Users/admin/builder/spi-builder-workspace/.swiftpm/xcode
builtin-SwiftPerFileCompile form-handler.swift
/Users/admin/builder/spi-builder-workspace/Sources/makata-form/form-handler.swift:140:26: warning: extraneous whitespace between attribute name and '('; this is an error in the Swift 6 language mode
138 | updateHandler = callback
139 |
140 | Task { @MainActor () in await pushUpdates() }
| `- warning: extraneous whitespace between attribute name and '('; this is an error in the Swift 6 language mode
141 |
142 | return self
/Users/admin/builder/spi-builder-workspace/Sources/makata-form/form-handler.swift:164:26: warning: extraneous whitespace between attribute name and '('; this is an error in the Swift 6 language mode
162 | validations = handler
163 |
164 | Task { @MainActor () in await pushUpdates() }
| `- warning: extraneous whitespace between attribute name and '('; this is an error in the Swift 6 language mode
165 |
166 | return self
/Users/admin/builder/spi-builder-workspace/Sources/makata-form/form-handler.swift:217:30: warning: extraneous whitespace between attribute name and '('; this is an error in the Swift 6 language mode
215 | }
216 |
217 | Task { @MainActor () in await pushUpdates() }
| `- warning: extraneous whitespace between attribute name and '('; this is an error in the Swift 6 language mode
218 | }
219 | }
SwiftDriverJobDiscovery normal arm64 Compiling ConstraintViewDSL.swift, Debugging.swift, LayoutConstraint.swift (in target 'SnapKit' from project 'SnapKit')
SwiftCompile normal arm64 Compiling\ protocol-formable.swift /Users/admin/builder/spi-builder-workspace/Sources/makata-form/protocol/protocol-formable.swift (in target 'makataForm' from project 'makata')
SwiftCompile normal arm64 /Users/admin/builder/spi-builder-workspace/Sources/makata-form/protocol/protocol-formable.swift (in target 'makataForm' from project 'makata')
cd /Users/admin/builder/spi-builder-workspace/.swiftpm/xcode
builtin-SwiftPerFileCompile protocol-formable.swift
SwiftCompile normal arm64 Compiling\ form-binding.swift /Users/admin/builder/spi-builder-workspace/Sources/makata-form/form-binding.swift (in target 'makataForm' from project 'makata')
SwiftCompile normal arm64 /Users/admin/builder/spi-builder-workspace/Sources/makata-form/form-binding.swift (in target 'makataForm' from project 'makata')
cd /Users/admin/builder/spi-builder-workspace/.swiftpm/xcode
builtin-SwiftPerFileCompile form-binding.swift
SwiftDriverJobDiscovery normal arm64 Compiling ConstraintConstantTarget.swift, ConstraintDSL.swift, ConstraintDescription.swift, ConstraintDirectionalInsetTarget.swift (in target 'SnapKit' from project 'SnapKit')
SwiftDriverJobDiscovery normal arm64 Compiling resource_bundle_accessor.swift, Constraint.swift, ConstraintAttributes.swift, ConstraintConfig.swift (in target 'SnapKit' from project 'SnapKit')
SwiftDriverJobDiscovery normal arm64 Compiling ConstraintRelatableTarget.swift, ConstraintRelation.swift, ConstraintView+Extensions.swift, ConstraintView.swift (in target 'SnapKit' from project 'SnapKit')
SwiftDriverJobDiscovery normal arm64 Compiling ConstraintLayoutSupportDSL.swift, ConstraintMaker.swift, ConstraintMakerEditable.swift, ConstraintMakerExtendable.swift (in target 'SnapKit' from project 'SnapKit')
SwiftDriverJobDiscovery normal arm64 Compiling ConstraintMakerFinalizable.swift, ConstraintMakerPrioritizable.swift, ConstraintMakerRelatable+Extensions.swift, ConstraintMakerRelatable.swift (in target 'SnapKit' from project 'SnapKit')
SwiftCompile normal arm64 Compiling\ form-validation.swift /Users/admin/builder/spi-builder-workspace/Sources/makata-form/form-validation.swift (in target 'makataForm' from project 'makata')
SwiftCompile normal arm64 /Users/admin/builder/spi-builder-workspace/Sources/makata-form/form-validation.swift (in target 'makataForm' from project 'makata')
cd /Users/admin/builder/spi-builder-workspace/.swiftpm/xcode
builtin-SwiftPerFileCompile form-validation.swift
SwiftDriverJobDiscovery normal arm64 Compiling protocol-stateable+swiftui.swift (in target 'makataInteraction' from project 'makata')
SwiftCompile normal arm64 Compiling\ protocol-field-transformable.swift /Users/admin/builder/spi-builder-workspace/Sources/makata-form/protocol/protocol-field-transformable.swift (in target 'makataForm' from project 'makata')
SwiftCompile normal arm64 /Users/admin/builder/spi-builder-workspace/Sources/makata-form/protocol/protocol-field-transformable.swift (in target 'makataForm' from project 'makata')
cd /Users/admin/builder/spi-builder-workspace/.swiftpm/xcode
builtin-SwiftPerFileCompile protocol-field-transformable.swift
SwiftDriverJobDiscovery normal arm64 Compiling protocol-assignable.swift (in target 'makataInteraction' from project 'makata')
SwiftCompile normal arm64 Compiling\ protocol-field-formattable.swift /Users/admin/builder/spi-builder-workspace/Sources/makata-form/protocol/protocol-field-formattable.swift (in target 'makataForm' from project 'makata')
SwiftCompile normal arm64 /Users/admin/builder/spi-builder-workspace/Sources/makata-form/protocol/protocol-field-formattable.swift (in target 'makataForm' from project 'makata')
cd /Users/admin/builder/spi-builder-workspace/.swiftpm/xcode
builtin-SwiftPerFileCompile protocol-field-formattable.swift
SwiftDriverJobDiscovery normal arm64 Compiling protocol-hookable.swift (in target 'makataInteraction' from project 'makata')
SwiftCompile normal arm64 Compiling\ form-binding+swiftui.swift /Users/admin/builder/spi-builder-workspace/Sources/makata-form/form-binding+swiftui.swift (in target 'makataForm' from project 'makata')
SwiftCompile normal arm64 /Users/admin/builder/spi-builder-workspace/Sources/makata-form/form-binding+swiftui.swift (in target 'makataForm' from project 'makata')
cd /Users/admin/builder/spi-builder-workspace/.swiftpm/xcode
builtin-SwiftPerFileCompile form-binding+swiftui.swift
/Users/admin/builder/spi-builder-workspace/Sources/makata-form/form-binding+swiftui.swift:71:6: warning: unexpected version number for *
69 |
70 | public extension Formable {
71 | @available(*, deprecated: 0.0.6, renamed: "formBinding(for:)")
| `- warning: unexpected version number for *
72 | func binding<Value>(
73 | for field: WritableKeyPath<FormData, Value>
/Users/admin/builder/spi-builder-workspace/Sources/makata-form/form-binding+swiftui.swift:78:6: warning: unexpected version number for *
76 | }
77 |
78 | @available(*, deprecated: 0.0.6, renamed: "formBinding(for:transform:)")
| `- warning: unexpected version number for *
79 | func binding<Value, Transform: FieldTransformable>(
80 | for field: WritableKeyPath<FormData, Transform.Output>,
/Users/admin/builder/spi-builder-workspace/Sources/makata-form/form-binding+swiftui.swift:86:6: warning: unexpected version number for *
84 | }
85 |
86 | @available(*, deprecated: 0.0.6, renamed: "formBinding(for:transform:)")
| `- warning: unexpected version number for *
87 | func binding<Value, CompleteValue, Transform: FieldTransformable>(
88 | for field: WritableKeyPath<FormData, FieldPartialValue<CompleteValue, Value>>,
SwiftDriverJobDiscovery normal arm64 Compiling protocol-routeable.swift (in target 'makataInteraction' from project 'makata')
SwiftCompile normal arm64 Compiling\ field-partial-value.swift,\ field-validator.swift /Users/admin/builder/spi-builder-workspace/Sources/makata-form/field/field-partial-value.swift /Users/admin/builder/spi-builder-workspace/Sources/makata-form/field/field-validator.swift (in target 'makataForm' from project 'makata')
SwiftCompile normal arm64 /Users/admin/builder/spi-builder-workspace/Sources/makata-form/field/field-partial-value.swift (in target 'makataForm' from project 'makata')
cd /Users/admin/builder/spi-builder-workspace/.swiftpm/xcode
builtin-SwiftPerFileCompile field-partial-value.swift
SwiftCompile normal arm64 /Users/admin/builder/spi-builder-workspace/Sources/makata-form/field/field-validator.swift (in target 'makataForm' from project 'makata')
cd /Users/admin/builder/spi-builder-workspace/.swiftpm/xcode
builtin-SwiftPerFileCompile field-validator.swift
SwiftDriverJobDiscovery normal arm64 Compiling protocol-loadable.swift (in target 'makataInteraction' from project 'makata')
SwiftCompile normal arm64 Compiling\ form-observer.swift /Users/admin/builder/spi-builder-workspace/Sources/makata-form/form-observer.swift (in target 'makataForm' from project 'makata')
SwiftCompile normal arm64 /Users/admin/builder/spi-builder-workspace/Sources/makata-form/form-observer.swift (in target 'makataForm' from project 'makata')
cd /Users/admin/builder/spi-builder-workspace/.swiftpm/xcode
builtin-SwiftPerFileCompile form-observer.swift
SwiftDriverJobDiscovery normal arm64 Compiling interaction.swift, observable.swift (in target 'makataInteraction' from project 'makata')
SwiftCompile normal arm64 Compiling\ error+formatting.swift,\ field-error.swift /Users/admin/builder/spi-builder-workspace/Sources/makata-form/error+formatting.swift /Users/admin/builder/spi-builder-workspace/Sources/makata-form/field/field-error.swift (in target 'makataForm' from project 'makata')
SwiftCompile normal arm64 /Users/admin/builder/spi-builder-workspace/Sources/makata-form/error+formatting.swift (in target 'makataForm' from project 'makata')
cd /Users/admin/builder/spi-builder-workspace/.swiftpm/xcode
builtin-SwiftPerFileCompile error+formatting.swift
SwiftCompile normal arm64 /Users/admin/builder/spi-builder-workspace/Sources/makata-form/field/field-error.swift (in target 'makataForm' from project 'makata')
cd /Users/admin/builder/spi-builder-workspace/.swiftpm/xcode
builtin-SwiftPerFileCompile field-error.swift
SwiftDriverJobDiscovery normal arm64 Compiling protocol-stateable.swift (in target 'makataInteraction' from project 'makata')
SwiftDriverJobDiscovery normal arm64 Compiling form-binding.swift (in target 'makataForm' from project 'makata')
SwiftDriver\ Compilation makataInteraction normal arm64 com.apple.xcode.tools.swift.compiler (in target 'makataInteraction' from project 'makata')
cd /Users/admin/builder/spi-builder-workspace/.swiftpm/xcode
builtin-Swift-Compilation -- /Applications/Xcode-27.0.0-Release.Candidate.app/Contents/Developer/Toolchains/XcodeDefault.xctoolchain/usr/bin/swiftc -parse-as-library -module-name makataInteraction -Onone @/Users/admin/builder/spi-builder-workspace/.derivedData/Build/Intermediates.noindex/makata.build/Debug-appletvos/makataInteraction-t.build/Objects-normal/arm64/makataInteraction.SwiftFileList -DSWIFT_PACKAGE -DDEBUG -DSWIFT_MODULE_RESOURCE_BUNDLE_UNAVAILABLE -DXcode -plugin-path /Applications/Xcode-27.0.0-Release.Candidate.app/Contents/Developer/Toolchains/XcodeDefault.xctoolchain/usr/lib/swift/host/plugins/testing -enable-experimental-feature DebugDescriptionMacro -sdk /Applications/Xcode-27.0.0-Release.Candidate.app/Contents/Developer/Platforms/AppleTVOS.platform/Developer/SDKs/AppleTVOS27.0.sdk -target arm64-apple-tvos15.0 -g -module-cache-path /Users/admin/builder/spi-builder-workspace/.derivedData/ModuleCache.noindex -Xfrontend -serialize-debugging-options -enable-testing -index-store-path /Users/admin/builder/spi-builder-workspace/.derivedData/Index.noindex/DataStore -Xcc -D_LIBCPP_HARDENING_MODE\=_LIBCPP_HARDENING_MODE_DEBUG -swift-version 5 -I /Users/admin/builder/spi-builder-workspace/.derivedData/Build/Products/Debug-appletvos -Isystem /Applications/Xcode-27.0.0-Release.Candidate.app/Contents/Developer/Platforms/AppleTVOS.platform/Developer/usr/lib -F /Users/admin/builder/spi-builder-workspace/.derivedData/Build/Products/Debug-appletvos -F /Applications/Xcode-27.0.0-Release.Candidate.app/Contents/Developer/Platforms/AppleTVOS.platform/Developer/Library/Frameworks -F /Applications/Xcode-27.0.0-Release.Candidate.app/Contents/Developer/Platforms/AppleTVOS.platform/Developer/SDKs/AppleTVOS27.0.sdk/Developer/Library/Frameworks -c -j10 -enable-batch-mode -incremental -Xcc -ivfsstatcache -Xcc /Users/admin/builder/spi-builder-workspace/.derivedData/SDKStatCaches.noindex/appletvos27.0-24J360-e829b21a6f8c9b70876ba0858053c044b32bfd8d43560033f8d89884cdb90028.sdkstatcache -output-file-map /Users/admin/builder/spi-builder-workspace/.derivedData/Build/Intermediates.noindex/makata.build/Debug-appletvos/makataInteraction-t.build/Objects-normal/arm64/makataInteraction-OutputFileMap.json -save-temps -no-color-diagnostics -explicit-module-build -module-cache-path /Users/admin/builder/spi-builder-workspace/.derivedData/Build/Intermediates.noindex/SwiftExplicitPrecompiledModules -clang-scanner-module-cache-path /Users/admin/builder/spi-builder-workspace/.derivedData/ModuleCache.noindex -sdk-module-cache-path /Users/admin/builder/spi-builder-workspace/.derivedData/SDKExplicitPrecompiledModules -emit-dependencies -emit-module -emit-module-path /Users/admin/builder/spi-builder-workspace/.derivedData/Build/Intermediates.noindex/makata.build/Debug-appletvos/makataInteraction-t.build/Objects-normal/arm64/makataInteraction.swiftmodule -serialize-diagnostics -dependency-scan-serialize-diagnostics-path /Users/admin/builder/spi-builder-workspace/.derivedData/Build/Intermediates.noindex/makata.build/Debug-appletvos/makataInteraction-t.build/Objects-normal/arm64/makataInteraction-dependency-scan.dia -validate-clang-modules-once -clang-build-session-file /Users/admin/builder/spi-builder-workspace/.derivedData/ModuleCache.noindex/Session.modulevalidation -Xcc -fmodules-prune-interval\=86400 -Xcc -fmodules-prune-after\=345600 -emit-const-values -const-gather-protocols-list /Users/admin/builder/spi-builder-workspace/.derivedData/Build/Intermediates.noindex/makata.build/Debug-appletvos/makataInteraction-t.build/Objects-normal/arm64/makataInteraction_const_extract_protocols.json -Xcc -I/Users/admin/builder/spi-builder-workspace/.derivedData/Build/Products/Debug-appletvos/include -Xcc -I/Users/admin/builder/spi-builder-workspace/.derivedData/Build/Intermediates.noindex/makata.build/Debug-appletvos/makataInteraction-t.build/DerivedSources-normal/arm64 -Xcc -I/Users/admin/builder/spi-builder-workspace/.derivedData/Build/Intermediates.noindex/makata.build/Debug-appletvos/makataInteraction-t.build/DerivedSources/arm64 -Xcc -I/Users/admin/builder/spi-builder-workspace/.derivedData/Build/Intermediates.noindex/makata.build/Debug-appletvos/makataInteraction-t.build/DerivedSources -Xcc -DSWIFT_PACKAGE -Xcc -DDEBUG\=1 -emit-objc-header -emit-objc-header-path /Users/admin/builder/spi-builder-workspace/.derivedData/Build/Intermediates.noindex/makata.build/Debug-appletvos/makataInteraction-t.build/Objects-normal/arm64/makataInteraction-Swift.h -working-directory /Users/admin/builder/spi-builder-workspace/.swiftpm/xcode -experimental-emit-module-separately -disable-cmo
SwiftCompile normal arm64 Compiling\ ConstraintDirectionalInsets.swift,\ ConstraintInsetTarget.swift,\ ConstraintInsets.swift,\ ConstraintItem.swift /Users/admin/builder/spi-builder-workspace/.dependencies/checkouts/snapkit/Sources/ConstraintDirectionalInsets.swift /Users/admin/builder/spi-builder-workspace/.dependencies/checkouts/snapkit/Sources/ConstraintInsetTarget.swift /Users/admin/builder/spi-builder-workspace/.dependencies/checkouts/snapkit/Sources/ConstraintInsets.swift /Users/admin/builder/spi-builder-workspace/.dependencies/checkouts/snapkit/Sources/ConstraintItem.swift (in target 'SnapKit' from project 'SnapKit')
SwiftCompile normal arm64 /Users/admin/builder/spi-builder-workspace/.dependencies/checkouts/snapkit/Sources/ConstraintDirectionalInsets.swift (in target 'SnapKit' from project 'SnapKit')
cd /Users/admin/builder/spi-builder-workspace/.swiftpm/xcode
builtin-SwiftPerFileCompile ConstraintDirectionalInsets.swift
SwiftCompile normal arm64 /Users/admin/builder/spi-builder-workspace/.dependencies/checkouts/snapkit/Sources/ConstraintInsetTarget.swift (in target 'SnapKit' from project 'SnapKit')
cd /Users/admin/builder/spi-builder-workspace/.swiftpm/xcode
builtin-SwiftPerFileCompile ConstraintInsetTarget.swift
SwiftCompile normal arm64 /Users/admin/builder/spi-builder-workspace/.dependencies/checkouts/snapkit/Sources/ConstraintInsets.swift (in target 'SnapKit' from project 'SnapKit')
cd /Users/admin/builder/spi-builder-workspace/.swiftpm/xcode
builtin-SwiftPerFileCompile ConstraintInsets.swift
SwiftCompile normal arm64 /Users/admin/builder/spi-builder-workspace/.dependencies/checkouts/snapkit/Sources/ConstraintItem.swift (in target 'SnapKit' from project 'SnapKit')
cd /Users/admin/builder/spi-builder-workspace/.swiftpm/xcode
builtin-SwiftPerFileCompile ConstraintItem.swift
SwiftDriverJobDiscovery normal arm64 Compiling protocol-formable.swift (in target 'makataForm' from project 'makata')
Ld /Users/admin/builder/spi-builder-workspace/.derivedData/Build/Products/Debug-appletvos/makataInteraction.o normal (in target 'makataInteraction' from project 'makata')
cd /Users/admin/builder/spi-builder-workspace
/Applications/Xcode-27.0.0-Release.Candidate.app/Contents/Developer/Toolchains/XcodeDefault.xctoolchain/usr/bin/clang -Xlinker -reproducible -target arm64-apple-tvos15.0 -r -isysroot /Applications/Xcode-27.0.0-Release.Candidate.app/Contents/Developer/Platforms/AppleTVOS.platform/Developer/SDKs/AppleTVOS27.0.sdk -O0 -Xlinker -no_warn_duplicate_libraries -F/Users/admin/builder/spi-builder-workspace/.derivedData/Build/Intermediates.noindex/EagerLinkingTBDs/Debug-appletvos -F/Users/admin/builder/spi-builder-workspace/.derivedData/Build/Products/Debug-appletvos -iframework /Applications/Xcode-27.0.0-Release.Candidate.app/Contents/Developer/Platforms/AppleTVOS.platform/Developer/Library/Frameworks -iframework /Applications/Xcode-27.0.0-Release.Candidate.app/Contents/Developer/Platforms/AppleTVOS.platform/Developer/SDKs/AppleTVOS27.0.sdk/Developer/Library/Frameworks -filelist /Users/admin/builder/spi-builder-workspace/.derivedData/Build/Intermediates.noindex/makata.build/Debug-appletvos/makataInteraction-t.build/Objects-normal/arm64/makataInteraction.LinkFileList -nostdlib -Xlinker -object_path_lto -Xlinker /Users/admin/builder/spi-builder-workspace/.derivedData/Build/Intermediates.noindex/makata.build/Debug-appletvos/makataInteraction-t.build/Objects-normal/arm64/makataInteraction_lto.o -Xlinker -no_deduplicate -Xlinker -dependency_info -Xlinker /Users/admin/builder/spi-builder-workspace/.derivedData/Build/Intermediates.noindex/makata.build/Debug-appletvos/makataInteraction-t.build/Objects-normal/arm64/makataInteraction_dependency_info.dat -fobjc-link-runtime -L/Applications/Xcode-27.0.0-Release.Candidate.app/Contents/Developer/Toolchains/XcodeDefault.xctoolchain/usr/lib/swift/appletvos -L/usr/lib/swift -Xlinker -add_ast_path -Xlinker /Users/admin/builder/spi-builder-workspace/.derivedData/Build/Intermediates.noindex/makata.build/Debug-appletvos/makataInteraction-t.build/Objects-normal/arm64/makataInteraction.swiftmodule -o /Users/admin/builder/spi-builder-workspace/.derivedData/Build/Products/Debug-appletvos/makataInteraction.o
ExtractAppIntentsMetadata (in target 'makataInteraction' from project 'makata')
cd /Users/admin/builder/spi-builder-workspace
/Applications/Xcode-27.0.0-Release.Candidate.app/Contents/Developer/Toolchains/XcodeDefault.xctoolchain/usr/bin/appintentsmetadataprocessor --toolchain-dir /var/run/com.apple.security.cryptexd/mnt/com.apple.MobileAsset.MetalToolchain-v27.1.266.1.umfx7Z/Metal.xctoolchain --module-name makataInteraction --sdk-root /Applications/Xcode-27.0.0-Release.Candidate.app/Contents/Developer/Platforms/AppleTVOS.platform/Developer/SDKs/AppleTVOS27.0.sdk --xcode-version 27A266a --platform-family tvOS --deployment-target 15.0 --bundle-identifier spi-builder-workspace.makataInteraction --output /Users/admin/builder/spi-builder-workspace/.derivedData/Build/Products/Debug-appletvos/makataInteraction.appintents --target-triple arm64-apple-tvos15.0 --binary-file /Users/admin/builder/spi-builder-workspace/.derivedData/Build/Products/Debug-appletvos/makataInteraction.o --dependency-file /Users/admin/builder/spi-builder-workspace/.derivedData/Build/Intermediates.noindex/makata.build/Debug-appletvos/makataInteraction-t.build/Objects-normal/arm64/makataInteraction_dependency_info.dat --stringsdata-file /Users/admin/builder/spi-builder-workspace/.derivedData/Build/Intermediates.noindex/makata.build/Debug-appletvos/makataInteraction-t.build/Objects-normal/arm64/ExtractedAppShortcutsMetadata.stringsdata --source-file-list /Users/admin/builder/spi-builder-workspace/.derivedData/Build/Intermediates.noindex/makata.build/Debug-appletvos/makataInteraction-t.build/Objects-normal/arm64/makataInteraction.SwiftFileList --metadata-file-list /Users/admin/builder/spi-builder-workspace/.derivedData/Build/Intermediates.noindex/makata.build/Debug-appletvos/makataInteraction-t.build/makataInteraction.DependencyMetadataFileList --static-metadata-file-list /Users/admin/builder/spi-builder-workspace/.derivedData/Build/Intermediates.noindex/makata.build/Debug-appletvos/makataInteraction-t.build/makataInteraction.DependencyStaticMetadataFileList --swift-const-vals-list /Users/admin/builder/spi-builder-workspace/.derivedData/Build/Intermediates.noindex/makata.build/Debug-appletvos/makataInteraction-t.build/Objects-normal/arm64/makataInteraction.SwiftConstValuesFileList --force --compile-time-extraction --deployment-aware-processing --no-app-shortcuts-localization
2026-09-19 18:04:50.383 appintentsmetadataprocessor[875:5567] Starting appintentsmetadataprocessor export
2026-09-19 18:04:50.482 appintentsmetadataprocessor[875:5567] Extracted no relevant App Intents symbols, skipping writing output
SwiftDriverJobDiscovery normal arm64 Compiling form-validation.swift (in target 'makataForm' from project 'makata')
SwiftDriverJobDiscovery normal arm64 Compiling protocol-field-formattable.swift (in target 'makataForm' from project 'makata')
SwiftDriverJobDiscovery normal arm64 Compiling protocol-field-transformable.swift (in target 'makataForm' from project 'makata')
SwiftDriver makataUserInterface normal arm64 com.apple.xcode.tools.swift.compiler (in target 'makataUserInterface' from project 'makata')
cd /Users/admin/builder/spi-builder-workspace/.swiftpm/xcode
builtin-SwiftDriver -- /Applications/Xcode-27.0.0-Release.Candidate.app/Contents/Developer/Toolchains/XcodeDefault.xctoolchain/usr/bin/swiftc -parse-as-library -module-name makataUserInterface -Onone @/Users/admin/builder/spi-builder-workspace/.derivedData/Build/Intermediates.noindex/makata.build/Debug-appletvos/makataUserInterface-t.build/Objects-normal/arm64/makataUserInterface.SwiftFileList -DSWIFT_PACKAGE -DDEBUG -DSWIFT_MODULE_RESOURCE_BUNDLE_UNAVAILABLE -DXcode -plugin-path /Applications/Xcode-27.0.0-Release.Candidate.app/Contents/Developer/Toolchains/XcodeDefault.xctoolchain/usr/lib/swift/host/plugins/testing -enable-experimental-feature DebugDescriptionMacro -sdk /Applications/Xcode-27.0.0-Release.Candidate.app/Contents/Developer/Platforms/AppleTVOS.platform/Developer/SDKs/AppleTVOS27.0.sdk -target arm64-apple-tvos15.0 -g -module-cache-path /Users/admin/builder/spi-builder-workspace/.derivedData/ModuleCache.noindex -Xfrontend -serialize-debugging-options -enable-testing -index-store-path /Users/admin/builder/spi-builder-workspace/.derivedData/Index.noindex/DataStore -Xcc -D_LIBCPP_HARDENING_MODE\=_LIBCPP_HARDENING_MODE_DEBUG -swift-version 5 -I /Users/admin/builder/spi-builder-workspace/.derivedData/Build/Products/Debug-appletvos -Isystem /Applications/Xcode-27.0.0-Release.Candidate.app/Contents/Developer/Platforms/AppleTVOS.platform/Developer/usr/lib -F /Users/admin/builder/spi-builder-workspace/.derivedData/Build/Products/Debug-appletvos/PackageFrameworks -F /Users/admin/builder/spi-builder-workspace/.derivedData/Build/Products/Debug-appletvos -F /Applications/Xcode-27.0.0-Release.Candidate.app/Contents/Developer/Platforms/AppleTVOS.platform/Developer/Library/Frameworks -F /Applications/Xcode-27.0.0-Release.Candidate.app/Contents/Developer/Platforms/AppleTVOS.platform/Developer/SDKs/AppleTVOS27.0.sdk/Developer/Library/Frameworks -c -j10 -enable-batch-mode -incremental -Xcc -ivfsstatcache -Xcc /Users/admin/builder/spi-builder-workspace/.derivedData/SDKStatCaches.noindex/appletvos27.0-24J360-e829b21a6f8c9b70876ba0858053c044b32bfd8d43560033f8d89884cdb90028.sdkstatcache -output-file-map /Users/admin/builder/spi-builder-workspace/.derivedData/Build/Intermediates.noindex/makata.build/Debug-appletvos/makataUserInterface-t.build/Objects-normal/arm64/makataUserInterface-OutputFileMap.json -save-temps -no-color-diagnostics -explicit-module-build -module-cache-path /Users/admin/builder/spi-builder-workspace/.derivedData/Build/Intermediates.noindex/SwiftExplicitPrecompiledModules -clang-scanner-module-cache-path /Users/admin/builder/spi-builder-workspace/.derivedData/ModuleCache.noindex -sdk-module-cache-path /Users/admin/builder/spi-builder-workspace/.derivedData/SDKExplicitPrecompiledModules -emit-dependencies -emit-module -emit-module-path /Users/admin/builder/spi-builder-workspace/.derivedData/Build/Intermediates.noindex/makata.build/Debug-appletvos/makataUserInterface-t.build/Objects-normal/arm64/makataUserInterface.swiftmodule -serialize-diagnostics -dependency-scan-serialize-diagnostics-path /Users/admin/builder/spi-builder-workspace/.derivedData/Build/Intermediates.noindex/makata.build/Debug-appletvos/makataUserInterface-t.build/Objects-normal/arm64/makataUserInterface-dependency-scan.dia -validate-clang-modules-once -clang-build-session-file /Users/admin/builder/spi-builder-workspace/.derivedData/ModuleCache.noindex/Session.modulevalidation -Xcc -fmodules-prune-interval\=86400 -Xcc -fmodules-prune-after\=345600 -emit-const-values -const-gather-protocols-list /Users/admin/builder/spi-builder-workspace/.derivedData/Build/Intermediates.noindex/makata.build/Debug-appletvos/makataUserInterface-t.build/Objects-normal/arm64/makataUserInterface_const_extract_protocols.json -Xcc -I/Users/admin/builder/spi-builder-workspace/.derivedData/Build/Products/Debug-appletvos/include -Xcc -I/Users/admin/builder/spi-builder-workspace/.derivedData/Build/Intermediates.noindex/makata.build/Debug-appletvos/makataUserInterface-t.build/DerivedSources-normal/arm64 -Xcc -I/Users/admin/builder/spi-builder-workspace/.derivedData/Build/Intermediates.noindex/makata.build/Debug-appletvos/makataUserInterface-t.build/DerivedSources/arm64 -Xcc -I/Users/admin/builder/spi-builder-workspace/.derivedData/Build/Intermediates.noindex/makata.build/Debug-appletvos/makataUserInterface-t.build/DerivedSources -Xcc -DSWIFT_PACKAGE -Xcc -DDEBUG\=1 -emit-objc-header -emit-objc-header-path /Users/admin/builder/spi-builder-workspace/.derivedData/Build/Intermediates.noindex/makata.build/Debug-appletvos/makataUserInterface-t.build/Objects-normal/arm64/makataUserInterface-Swift.h -working-directory /Users/admin/builder/spi-builder-workspace/.swiftpm/xcode -experimental-emit-module-separately -disable-cmo
SwiftDriverJobDiscovery normal arm64 Compiling form-handler.swift (in target 'makataForm' from project 'makata')
SwiftDriverJobDiscovery normal arm64 Compiling field-partial-value.swift, field-validator.swift (in target 'makataForm' from project 'makata')
SwiftDriverJobDiscovery normal arm64 Compiling form-observer.swift (in target 'makataForm' from project 'makata')
SwiftDriverJobDiscovery normal arm64 Compiling form-binding+swiftui.swift (in target 'makataForm' from project 'makata')
SwiftDriverJobDiscovery normal arm64 Compiling error+formatting.swift, field-error.swift (in target 'makataForm' from project 'makata')
SwiftDriver\ Compilation makataForm normal arm64 com.apple.xcode.tools.swift.compiler (in target 'makataForm' from project 'makata')
cd /Users/admin/builder/spi-builder-workspace/.swiftpm/xcode
builtin-Swift-Compilation -- /Applications/Xcode-27.0.0-Release.Candidate.app/Contents/Developer/Toolchains/XcodeDefault.xctoolchain/usr/bin/swiftc -parse-as-library -module-name makataForm -Onone @/Users/admin/builder/spi-builder-workspace/.derivedData/Build/Intermediates.noindex/makata.build/Debug-appletvos/makataForm-t.build/Objects-normal/arm64/makataForm.SwiftFileList -DSWIFT_PACKAGE -DDEBUG -DSWIFT_MODULE_RESOURCE_BUNDLE_UNAVAILABLE -DXcode -plugin-path /Applications/Xcode-27.0.0-Release.Candidate.app/Contents/Developer/Toolchains/XcodeDefault.xctoolchain/usr/lib/swift/host/plugins/testing -enable-experimental-feature DebugDescriptionMacro -sdk /Applications/Xcode-27.0.0-Release.Candidate.app/Contents/Developer/Platforms/AppleTVOS.platform/Developer/SDKs/AppleTVOS27.0.sdk -target arm64-apple-tvos15.0 -g -module-cache-path /Users/admin/builder/spi-builder-workspace/.derivedData/ModuleCache.noindex -Xfrontend -serialize-debugging-options -enable-testing -index-store-path /Users/admin/builder/spi-builder-workspace/.derivedData/Index.noindex/DataStore -Xcc -D_LIBCPP_HARDENING_MODE\=_LIBCPP_HARDENING_MODE_DEBUG -swift-version 5 -I /Users/admin/builder/spi-builder-workspace/.derivedData/Build/Products/Debug-appletvos -Isystem /Applications/Xcode-27.0.0-Release.Candidate.app/Contents/Developer/Platforms/AppleTVOS.platform/Developer/usr/lib -F /Users/admin/builder/spi-builder-workspace/.derivedData/Build/Products/Debug-appletvos -F /Applications/Xcode-27.0.0-Release.Candidate.app/Contents/Developer/Platforms/AppleTVOS.platform/Developer/Library/Frameworks -F /Applications/Xcode-27.0.0-Release.Candidate.app/Contents/Developer/Platforms/AppleTVOS.platform/Developer/SDKs/AppleTVOS27.0.sdk/Developer/Library/Frameworks -c -j10 -enable-batch-mode -incremental -Xcc -ivfsstatcache -Xcc /Users/admin/builder/spi-builder-workspace/.derivedData/SDKStatCaches.noindex/appletvos27.0-24J360-e829b21a6f8c9b70876ba0858053c044b32bfd8d43560033f8d89884cdb90028.sdkstatcache -output-file-map /Users/admin/builder/spi-builder-workspace/.derivedData/Build/Intermediates.noindex/makata.build/Debug-appletvos/makataForm-t.build/Objects-normal/arm64/makataForm-OutputFileMap.json -save-temps -no-color-diagnostics -explicit-module-build -module-cache-path /Users/admin/builder/spi-builder-workspace/.derivedData/Build/Intermediates.noindex/SwiftExplicitPrecompiledModules -clang-scanner-module-cache-path /Users/admin/builder/spi-builder-workspace/.derivedData/ModuleCache.noindex -sdk-module-cache-path /Users/admin/builder/spi-builder-workspace/.derivedData/SDKExplicitPrecompiledModules -emit-dependencies -emit-module -emit-module-path /Users/admin/builder/spi-builder-workspace/.derivedData/Build/Intermediates.noindex/makata.build/Debug-appletvos/makataForm-t.build/Objects-normal/arm64/makataForm.swiftmodule -serialize-diagnostics -dependency-scan-serialize-diagnostics-path /Users/admin/builder/spi-builder-workspace/.derivedData/Build/Intermediates.noindex/makata.build/Debug-appletvos/makataForm-t.build/Objects-normal/arm64/makataForm-dependency-scan.dia -validate-clang-modules-once -clang-build-session-file /Users/admin/builder/spi-builder-workspace/.derivedData/ModuleCache.noindex/Session.modulevalidation -Xcc -fmodules-prune-interval\=86400 -Xcc -fmodules-prune-after\=345600 -emit-const-values -const-gather-protocols-list /Users/admin/builder/spi-builder-workspace/.derivedData/Build/Intermediates.noindex/makata.build/Debug-appletvos/makataForm-t.build/Objects-normal/arm64/makataForm_const_extract_protocols.json -Xcc -I/Users/admin/builder/spi-builder-workspace/.derivedData/Build/Products/Debug-appletvos/include -Xcc -I/Users/admin/builder/spi-builder-workspace/.derivedData/Build/Intermediates.noindex/makata.build/Debug-appletvos/makataForm-t.build/DerivedSources-normal/arm64 -Xcc -I/Users/admin/builder/spi-builder-workspace/.derivedData/Build/Intermediates.noindex/makata.build/Debug-appletvos/makataForm-t.build/DerivedSources/arm64 -Xcc -I/Users/admin/builder/spi-builder-workspace/.derivedData/Build/Intermediates.noindex/makata.build/Debug-appletvos/makataForm-t.build/DerivedSources -Xcc -DSWIFT_PACKAGE -Xcc -DDEBUG\=1 -emit-objc-header -emit-objc-header-path /Users/admin/builder/spi-builder-workspace/.derivedData/Build/Intermediates.noindex/makata.build/Debug-appletvos/makataForm-t.build/Objects-normal/arm64/makataForm-Swift.h -working-directory /Users/admin/builder/spi-builder-workspace/.swiftpm/xcode -experimental-emit-module-separately -disable-cmo
Ld /Users/admin/builder/spi-builder-workspace/.derivedData/Build/Products/Debug-appletvos/makataForm.o normal (in target 'makataForm' from project 'makata')
cd /Users/admin/builder/spi-builder-workspace
/Applications/Xcode-27.0.0-Release.Candidate.app/Contents/Developer/Toolchains/XcodeDefault.xctoolchain/usr/bin/clang -Xlinker -reproducible -target arm64-apple-tvos15.0 -r -isysroot /Applications/Xcode-27.0.0-Release.Candidate.app/Contents/Developer/Platforms/AppleTVOS.platform/Developer/SDKs/AppleTVOS27.0.sdk -O0 -Xlinker -no_warn_duplicate_libraries -F/Users/admin/builder/spi-builder-workspace/.derivedData/Build/Intermediates.noindex/EagerLinkingTBDs/Debug-appletvos -F/Users/admin/builder/spi-builder-workspace/.derivedData/Build/Products/Debug-appletvos -iframework /Applications/Xcode-27.0.0-Release.Candidate.app/Contents/Developer/Platforms/AppleTVOS.platform/Developer/Library/Frameworks -iframework /Applications/Xcode-27.0.0-Release.Candidate.app/Contents/Developer/Platforms/AppleTVOS.platform/Developer/SDKs/AppleTVOS27.0.sdk/Developer/Library/Frameworks -filelist /Users/admin/builder/spi-builder-workspace/.derivedData/Build/Intermediates.noindex/makata.build/Debug-appletvos/makataForm-t.build/Objects-normal/arm64/makataForm.LinkFileList -nostdlib -Xlinker -object_path_lto -Xlinker /Users/admin/builder/spi-builder-workspace/.derivedData/Build/Intermediates.noindex/makata.build/Debug-appletvos/makataForm-t.build/Objects-normal/arm64/makataForm_lto.o -Xlinker -no_deduplicate -Xlinker -dependency_info -Xlinker /Users/admin/builder/spi-builder-workspace/.derivedData/Build/Intermediates.noindex/makata.build/Debug-appletvos/makataForm-t.build/Objects-normal/arm64/makataForm_dependency_info.dat -fobjc-link-runtime -L/Applications/Xcode-27.0.0-Release.Candidate.app/Contents/Developer/Toolchains/XcodeDefault.xctoolchain/usr/lib/swift/appletvos -L/usr/lib/swift -Xlinker -add_ast_path -Xlinker /Users/admin/builder/spi-builder-workspace/.derivedData/Build/Intermediates.noindex/makata.build/Debug-appletvos/makataForm-t.build/Objects-normal/arm64/makataForm.swiftmodule -o /Users/admin/builder/spi-builder-workspace/.derivedData/Build/Products/Debug-appletvos/makataForm.o
ExtractAppIntentsMetadata (in target 'makataForm' from project 'makata')
cd /Users/admin/builder/spi-builder-workspace
/Applications/Xcode-27.0.0-Release.Candidate.app/Contents/Developer/Toolchains/XcodeDefault.xctoolchain/usr/bin/appintentsmetadataprocessor --toolchain-dir /var/run/com.apple.security.cryptexd/mnt/com.apple.MobileAsset.MetalToolchain-v27.1.266.1.umfx7Z/Metal.xctoolchain --module-name makataForm --sdk-root /Applications/Xcode-27.0.0-Release.Candidate.app/Contents/Developer/Platforms/AppleTVOS.platform/Developer/SDKs/AppleTVOS27.0.sdk --xcode-version 27A266a --platform-family tvOS --deployment-target 15.0 --bundle-identifier spi-builder-workspace.makataForm --output /Users/admin/builder/spi-builder-workspace/.derivedData/Build/Products/Debug-appletvos/makataForm.appintents --target-triple arm64-apple-tvos15.0 --binary-file /Users/admin/builder/spi-builder-workspace/.derivedData/Build/Products/Debug-appletvos/makataForm.o --dependency-file /Users/admin/builder/spi-builder-workspace/.derivedData/Build/Intermediates.noindex/makata.build/Debug-appletvos/makataForm-t.build/Objects-normal/arm64/makataForm_dependency_info.dat --stringsdata-file /Users/admin/builder/spi-builder-workspace/.derivedData/Build/Intermediates.noindex/makata.build/Debug-appletvos/makataForm-t.build/Objects-normal/arm64/ExtractedAppShortcutsMetadata.stringsdata --source-file-list /Users/admin/builder/spi-builder-workspace/.derivedData/Build/Intermediates.noindex/makata.build/Debug-appletvos/makataForm-t.build/Objects-normal/arm64/makataForm.SwiftFileList --metadata-file-list /Users/admin/builder/spi-builder-workspace/.derivedData/Build/Intermediates.noindex/makata.build/Debug-appletvos/makataForm-t.build/makataForm.DependencyMetadataFileList --static-metadata-file-list /Users/admin/builder/spi-builder-workspace/.derivedData/Build/Intermediates.noindex/makata.build/Debug-appletvos/makataForm-t.build/makataForm.DependencyStaticMetadataFileList --swift-const-vals-list /Users/admin/builder/spi-builder-workspace/.derivedData/Build/Intermediates.noindex/makata.build/Debug-appletvos/makataForm-t.build/Objects-normal/arm64/makataForm.SwiftConstValuesFileList --force --compile-time-extraction --deployment-aware-processing --no-app-shortcuts-localization
2026-09-19 18:04:50.462 appintentsmetadataprocessor[878:5633] Starting appintentsmetadataprocessor export
2026-09-19 18:04:50.527 appintentsmetadataprocessor[878:5633] Extracted no relevant App Intents symbols, skipping writing output
SwiftDriverJobDiscovery normal arm64 Compiling ConstraintDirectionalInsets.swift, ConstraintInsetTarget.swift, ConstraintInsets.swift, ConstraintItem.swift (in target 'SnapKit' from project 'SnapKit')
SwiftDriver\ Compilation SnapKit normal arm64 com.apple.xcode.tools.swift.compiler (in target 'SnapKit' from project 'SnapKit')
cd /Users/admin/builder/spi-builder-workspace/.swiftpm/xcode
builtin-Swift-Compilation -- /Applications/Xcode-27.0.0-Release.Candidate.app/Contents/Developer/Toolchains/XcodeDefault.xctoolchain/usr/bin/swiftc -parse-as-library -module-name SnapKit -Onone @/Users/admin/builder/spi-builder-workspace/.derivedData/Build/Intermediates.noindex/SnapKit.build/Debug-appletvos/SnapKit-t.build/Objects-normal/arm64/SnapKit.SwiftFileList -DSWIFT_PACKAGE -DDEBUG -DSWIFT_MODULE_RESOURCE_BUNDLE_AVAILABLE -DXcode -plugin-path /Applications/Xcode-27.0.0-Release.Candidate.app/Contents/Developer/Toolchains/XcodeDefault.xctoolchain/usr/lib/swift/host/plugins/testing -enable-experimental-feature DebugDescriptionMacro -sdk /Applications/Xcode-27.0.0-Release.Candidate.app/Contents/Developer/Platforms/AppleTVOS.platform/Developer/SDKs/AppleTVOS27.0.sdk -target arm64-apple-tvos15.0 -g -module-cache-path /Users/admin/builder/spi-builder-workspace/.derivedData/ModuleCache.noindex -Xfrontend -serialize-debugging-options -enable-testing -suppress-warnings -index-store-path /Users/admin/builder/spi-builder-workspace/.derivedData/Index.noindex/DataStore -Xcc -D_LIBCPP_HARDENING_MODE\=_LIBCPP_HARDENING_MODE_DEBUG -swift-version 5 -I /Users/admin/builder/spi-builder-workspace/.derivedData/Build/Products/Debug-appletvos -Isystem /Applications/Xcode-27.0.0-Release.Candidate.app/Contents/Developer/Platforms/AppleTVOS.platform/Developer/usr/lib -F /Users/admin/builder/spi-builder-workspace/.derivedData/Build/Products/Debug-appletvos -F /Applications/Xcode-27.0.0-Release.Candidate.app/Contents/Developer/Platforms/AppleTVOS.platform/Developer/Library/Frameworks -F /Applications/Xcode-27.0.0-Release.Candidate.app/Contents/Developer/Platforms/AppleTVOS.platform/Developer/SDKs/AppleTVOS27.0.sdk/Developer/Library/Frameworks -c -j10 -enable-batch-mode -incremental -Xcc -ivfsstatcache -Xcc /Users/admin/builder/spi-builder-workspace/.derivedData/SDKStatCaches.noindex/appletvos27.0-24J360-e829b21a6f8c9b70876ba0858053c044b32bfd8d43560033f8d89884cdb90028.sdkstatcache -output-file-map /Users/admin/builder/spi-builder-workspace/.derivedData/Build/Intermediates.noindex/SnapKit.build/Debug-appletvos/SnapKit-t.build/Objects-normal/arm64/SnapKit-OutputFileMap.json -save-temps -no-color-diagnostics -explicit-module-build -module-cache-path /Users/admin/builder/spi-builder-workspace/.derivedData/Build/Intermediates.noindex/SwiftExplicitPrecompiledModules -clang-scanner-module-cache-path /Users/admin/builder/spi-builder-workspace/.derivedData/ModuleCache.noindex -sdk-module-cache-path /Users/admin/builder/spi-builder-workspace/.derivedData/SDKExplicitPrecompiledModules -emit-dependencies -emit-module -emit-module-path /Users/admin/builder/spi-builder-workspace/.derivedData/Build/Intermediates.noindex/SnapKit.build/Debug-appletvos/SnapKit-t.build/Objects-normal/arm64/SnapKit.swiftmodule -serialize-diagnostics -dependency-scan-serialize-diagnostics-path /Users/admin/builder/spi-builder-workspace/.derivedData/Build/Intermediates.noindex/SnapKit.build/Debug-appletvos/SnapKit-t.build/Objects-normal/arm64/SnapKit-dependency-scan.dia -validate-clang-modules-once -clang-build-session-file /Users/admin/builder/spi-builder-workspace/.derivedData/ModuleCache.noindex/Session.modulevalidation -Xcc -fmodules-prune-interval\=86400 -Xcc -fmodules-prune-after\=345600 -emit-const-values -const-gather-protocols-list /Users/admin/builder/spi-builder-workspace/.derivedData/Build/Intermediates.noindex/SnapKit.build/Debug-appletvos/SnapKit-t.build/Objects-normal/arm64/SnapKit_const_extract_protocols.json -Xcc -I/Users/admin/builder/spi-builder-workspace/.derivedData/Build/Products/Debug-appletvos/include -Xcc -I/Users/admin/builder/spi-builder-workspace/.derivedData/Build/Intermediates.noindex/SnapKit.build/Debug-appletvos/SnapKit-t.build/DerivedSources-normal/arm64 -Xcc -I/Users/admin/builder/spi-builder-workspace/.derivedData/Build/Intermediates.noindex/SnapKit.build/Debug-appletvos/SnapKit-t.build/DerivedSources/arm64 -Xcc -I/Users/admin/builder/spi-builder-workspace/.derivedData/Build/Intermediates.noindex/SnapKit.build/Debug-appletvos/SnapKit-t.build/DerivedSources -Xcc -DSWIFT_PACKAGE -Xcc -DDEBUG\=1 -emit-objc-header -emit-objc-header-path /Users/admin/builder/spi-builder-workspace/.derivedData/Build/Intermediates.noindex/SnapKit.build/Debug-appletvos/SnapKit-t.build/Objects-normal/arm64/SnapKit-Swift.h -working-directory /Users/admin/builder/spi-builder-workspace/.swiftpm/xcode -experimental-emit-module-separately -disable-cmo
Ld /Users/admin/builder/spi-builder-workspace/.derivedData/Build/Products/Debug-appletvos/SnapKit.o normal (in target 'SnapKit' from project 'SnapKit')
cd /Users/admin/builder/spi-builder-workspace/.dependencies/checkouts/snapkit
/Applications/Xcode-27.0.0-Release.Candidate.app/Contents/Developer/Toolchains/XcodeDefault.xctoolchain/usr/bin/clang -Xlinker -reproducible -target arm64-apple-tvos15.0 -r -isysroot /Applications/Xcode-27.0.0-Release.Candidate.app/Contents/Developer/Platforms/AppleTVOS.platform/Developer/SDKs/AppleTVOS27.0.sdk -O0 -w -Xlinker -no_warn_duplicate_libraries -F/Users/admin/builder/spi-builder-workspace/.derivedData/Build/Intermediates.noindex/EagerLinkingTBDs/Debug-appletvos -F/Users/admin/builder/spi-builder-workspace/.derivedData/Build/Products/Debug-appletvos -iframework /Applications/Xcode-27.0.0-Release.Candidate.app/Contents/Developer/Platforms/AppleTVOS.platform/Developer/Library/Frameworks -iframework /Applications/Xcode-27.0.0-Release.Candidate.app/Contents/Developer/Platforms/AppleTVOS.platform/Developer/SDKs/AppleTVOS27.0.sdk/Developer/Library/Frameworks -filelist /Users/admin/builder/spi-builder-workspace/.derivedData/Build/Intermediates.noindex/SnapKit.build/Debug-appletvos/SnapKit-t.build/Objects-normal/arm64/SnapKit.LinkFileList -nostdlib -Xlinker -object_path_lto -Xlinker /Users/admin/builder/spi-builder-workspace/.derivedData/Build/Intermediates.noindex/SnapKit.build/Debug-appletvos/SnapKit-t.build/Objects-normal/arm64/SnapKit_lto.o -Xlinker -no_deduplicate -Xlinker -dependency_info -Xlinker /Users/admin/builder/spi-builder-workspace/.derivedData/Build/Intermediates.noindex/SnapKit.build/Debug-appletvos/SnapKit-t.build/Objects-normal/arm64/SnapKit_dependency_info.dat -fobjc-link-runtime -L/Applications/Xcode-27.0.0-Release.Candidate.app/Contents/Developer/Toolchains/XcodeDefault.xctoolchain/usr/lib/swift/appletvos -L/usr/lib/swift -Xlinker -add_ast_path -Xlinker /Users/admin/builder/spi-builder-workspace/.derivedData/Build/Intermediates.noindex/SnapKit.build/Debug-appletvos/SnapKit-t.build/Objects-normal/arm64/SnapKit.swiftmodule -o /Users/admin/builder/spi-builder-workspace/.derivedData/Build/Products/Debug-appletvos/SnapKit.o
ExtractAppIntentsMetadata (in target 'SnapKit' from project 'SnapKit')
cd /Users/admin/builder/spi-builder-workspace/.dependencies/checkouts/snapkit
/Applications/Xcode-27.0.0-Release.Candidate.app/Contents/Developer/Toolchains/XcodeDefault.xctoolchain/usr/bin/appintentsmetadataprocessor --toolchain-dir /var/run/com.apple.security.cryptexd/mnt/com.apple.MobileAsset.MetalToolchain-v27.1.266.1.umfx7Z/Metal.xctoolchain --module-name SnapKit --sdk-root /Applications/Xcode-27.0.0-Release.Candidate.app/Contents/Developer/Platforms/AppleTVOS.platform/Developer/SDKs/AppleTVOS27.0.sdk --xcode-version 27A266a --platform-family tvOS --deployment-target 15.0 --bundle-identifier snapkit.SnapKit --output /Users/admin/builder/spi-builder-workspace/.derivedData/Build/Products/Debug-appletvos/SnapKit.appintents --target-triple arm64-apple-tvos15.0 --binary-file /Users/admin/builder/spi-builder-workspace/.derivedData/Build/Products/Debug-appletvos/SnapKit.o --dependency-file /Users/admin/builder/spi-builder-workspace/.derivedData/Build/Intermediates.noindex/SnapKit.build/Debug-appletvos/SnapKit-t.build/Objects-normal/arm64/SnapKit_dependency_info.dat --stringsdata-file /Users/admin/builder/spi-builder-workspace/.derivedData/Build/Intermediates.noindex/SnapKit.build/Debug-appletvos/SnapKit-t.build/Objects-normal/arm64/ExtractedAppShortcutsMetadata.stringsdata --source-file-list /Users/admin/builder/spi-builder-workspace/.derivedData/Build/Intermediates.noindex/SnapKit.build/Debug-appletvos/SnapKit-t.build/Objects-normal/arm64/SnapKit.SwiftFileList --metadata-file-list /Users/admin/builder/spi-builder-workspace/.derivedData/Build/Intermediates.noindex/SnapKit.build/Debug-appletvos/SnapKit-t.build/SnapKit.DependencyMetadataFileList --static-metadata-file-list /Users/admin/builder/spi-builder-workspace/.derivedData/Build/Intermediates.noindex/SnapKit.build/Debug-appletvos/SnapKit-t.build/SnapKit.DependencyStaticMetadataFileList --swift-const-vals-list /Users/admin/builder/spi-builder-workspace/.derivedData/Build/Intermediates.noindex/SnapKit.build/Debug-appletvos/SnapKit-t.build/Objects-normal/arm64/SnapKit.SwiftConstValuesFileList --force --compile-time-extraction --deployment-aware-processing --no-app-shortcuts-localization
2026-09-19 18:04:50.512 appintentsmetadataprocessor[881:5657] Starting appintentsmetadataprocessor export
2026-09-19 18:04:50.577 appintentsmetadataprocessor[881:5657] Extracted no relevant App Intents symbols, skipping writing output
SwiftCompile normal arm64 Compiling\ controller-template.swift,\ controller-templated.swift /Users/admin/builder/spi-builder-workspace/Sources/makata-user-interface/controller-template/controller-template.swift /Users/admin/builder/spi-builder-workspace/Sources/makata-user-interface/controller/controller-templated.swift (in target 'makataUserInterface' from project 'makata')
SwiftCompile normal arm64 /Users/admin/builder/spi-builder-workspace/Sources/makata-user-interface/controller-template/controller-template.swift (in target 'makataUserInterface' from project 'makata')
cd /Users/admin/builder/spi-builder-workspace/.swiftpm/xcode
builtin-SwiftPerFileCompile controller-template.swift
SwiftCompile normal arm64 /Users/admin/builder/spi-builder-workspace/Sources/makata-user-interface/controller/controller-templated.swift (in target 'makataUserInterface' from project 'makata')
cd /Users/admin/builder/spi-builder-workspace/.swiftpm/xcode
builtin-SwiftPerFileCompile controller-templated.swift
SwiftCompile normal arm64 Compiling\ protocol-failure-callable.swift,\ protocol-reusable-registerable.swift /Users/admin/builder/spi-builder-workspace/Sources/makata-user-interface/protocol/protocol-failure-callable.swift /Users/admin/builder/spi-builder-workspace/Sources/makata-user-interface/protocol/protocol-reusable-registerable.swift (in target 'makataUserInterface' from project 'makata')
SwiftCompile normal arm64 /Users/admin/builder/spi-builder-workspace/Sources/makata-user-interface/protocol/protocol-failure-callable.swift (in target 'makataUserInterface' from project 'makata')
cd /Users/admin/builder/spi-builder-workspace/.swiftpm/xcode
builtin-SwiftPerFileCompile protocol-failure-callable.swift
SwiftCompile normal arm64 /Users/admin/builder/spi-builder-workspace/Sources/makata-user-interface/protocol/protocol-reusable-registerable.swift (in target 'makataUserInterface' from project 'makata')
cd /Users/admin/builder/spi-builder-workspace/.swiftpm/xcode
builtin-SwiftPerFileCompile protocol-reusable-registerable.swift
SwiftCompile normal arm64 Compiling\ view+constraints.swift,\ view+uicollectionreusableview.swift /Users/admin/builder/spi-builder-workspace/Sources/makata-user-interface/view/view+constraints.swift /Users/admin/builder/spi-builder-workspace/Sources/makata-user-interface/view/view+uicollectionreusableview.swift (in target 'makataUserInterface' from project 'makata')
SwiftCompile normal arm64 /Users/admin/builder/spi-builder-workspace/Sources/makata-user-interface/view/view+constraints.swift (in target 'makataUserInterface' from project 'makata')
cd /Users/admin/builder/spi-builder-workspace/.swiftpm/xcode
builtin-SwiftPerFileCompile view+constraints.swift
SwiftCompile normal arm64 /Users/admin/builder/spi-builder-workspace/Sources/makata-user-interface/view/view+uicollectionreusableview.swift (in target 'makataUserInterface' from project 'makata')
cd /Users/admin/builder/spi-builder-workspace/.swiftpm/xcode
builtin-SwiftPerFileCompile view+uicollectionreusableview.swift
SwiftEmitModule normal arm64 Emitting\ module\ for\ makataUserInterface (in target 'makataUserInterface' from project 'makata')
SwiftCompile normal arm64 (in target 'makataUserInterface' from project 'makata')
cd /Users/admin/builder/spi-builder-workspace/.swiftpm/xcode
/Users/admin/builder/spi-builder-workspace/Sources/makata-user-interface/view/view.swift:12:1: warning: extension declares a conformance of imported type 'UIView' to imported protocols 'Assignable', 'Withable'; this will not behave correctly if the owners of 'UIKit' introduce this conformance in the future
10 | import Combine
11 |
12 | extension UIView: Assignable, Attributable, Withable {}
| |- warning: extension declares a conformance of imported type 'UIView' to imported protocols 'Assignable', 'Withable'; this will not behave correctly if the owners of 'UIKit' introduce this conformance in the future
| `- note: add '@retroactive' to silence this warning
13 |
14 | public extension UIView {
SwiftCompile normal arm64 Compiling\ view-builder.swift,\ view.swift /Users/admin/builder/spi-builder-workspace/Sources/makata-user-interface/view/view-builder.swift /Users/admin/builder/spi-builder-workspace/Sources/makata-user-interface/view/view.swift (in target 'makataUserInterface' from project 'makata')
/Users/admin/builder/spi-builder-workspace/Sources/makata-user-interface/view/view.swift:12:1: warning: extension declares a conformance of imported type 'UIView' to imported protocols 'Assignable', 'Withable'; this will not behave correctly if the owners of 'UIKit' introduce this conformance in the future
10 | import Combine
11 |
12 | extension UIView: Assignable, Attributable, Withable {}
| |- warning: extension declares a conformance of imported type 'UIView' to imported protocols 'Assignable', 'Withable'; this will not behave correctly if the owners of 'UIKit' introduce this conformance in the future
| `- note: add '@retroactive' to silence this warning
13 |
14 | public extension UIView {
/Users/admin/builder/spi-builder-workspace/Sources/makata-user-interface/view/view.swift:89:49: warning: 'unowned' ownership of capture 'self' differs from implicitly-captured strong reference in outer scope [#ImplicitStrongCapture]
86 | var lastReferences: [UIView] = []
87 |
88 | lifetime = observer.subscribe { value in
| |- note: 'self' implicitly strongly captured here
| `- note: add 'self' as a capture list item to silence
89 | DispatchQueue.main.async { [unowned self] in
| |- warning: 'unowned' ownership of capture 'self' differs from implicitly-captured strong reference in outer scope [#ImplicitStrongCapture]
| `- note: explicitly assign the capture list item to silence
90 | for reference in lastReferences {
91 | reference.removeFromSuperview()
[#ImplicitStrongCapture]: <https://docs.swift.org/compiler/documentation/diagnostics/implicit-strong-capture>
SwiftCompile normal arm64 /Users/admin/builder/spi-builder-workspace/Sources/makata-user-interface/view/view-builder.swift (in target 'makataUserInterface' from project 'makata')
cd /Users/admin/builder/spi-builder-workspace/.swiftpm/xcode
builtin-SwiftPerFileCompile view-builder.swift
SwiftCompile normal arm64 /Users/admin/builder/spi-builder-workspace/Sources/makata-user-interface/view/view.swift (in target 'makataUserInterface' from project 'makata')
cd /Users/admin/builder/spi-builder-workspace/.swiftpm/xcode
builtin-SwiftPerFileCompile view.swift
SwiftCompile normal arm64 Compiling\ protocol-view-header.swift,\ user-interface.swift /Users/admin/builder/spi-builder-workspace/Sources/makata-user-interface/protocol/protocol-view-header.swift /Users/admin/builder/spi-builder-workspace/Sources/makata-user-interface/user-interface.swift (in target 'makataUserInterface' from project 'makata')
SwiftCompile normal arm64 /Users/admin/builder/spi-builder-workspace/Sources/makata-user-interface/protocol/protocol-view-header.swift (in target 'makataUserInterface' from project 'makata')
cd /Users/admin/builder/spi-builder-workspace/.swiftpm/xcode
builtin-SwiftPerFileCompile protocol-view-header.swift
SwiftCompile normal arm64 /Users/admin/builder/spi-builder-workspace/Sources/makata-user-interface/user-interface.swift (in target 'makataUserInterface' from project 'makata')
cd /Users/admin/builder/spi-builder-workspace/.swiftpm/xcode
builtin-SwiftPerFileCompile user-interface.swift
SwiftCompile normal arm64 Compiling\ view+uicollectionviewcell.swift,\ view+uicontrol.swift /Users/admin/builder/spi-builder-workspace/Sources/makata-user-interface/view/view+uicollectionviewcell.swift /Users/admin/builder/spi-builder-workspace/Sources/makata-user-interface/view/view+uicontrol.swift (in target 'makataUserInterface' from project 'makata')
SwiftCompile normal arm64 /Users/admin/builder/spi-builder-workspace/Sources/makata-user-interface/view/view+uicollectionviewcell.swift (in target 'makataUserInterface' from project 'makata')
cd /Users/admin/builder/spi-builder-workspace/.swiftpm/xcode
builtin-SwiftPerFileCompile view+uicollectionviewcell.swift
SwiftCompile normal arm64 /Users/admin/builder/spi-builder-workspace/Sources/makata-user-interface/view/view+uicontrol.swift (in target 'makataUserInterface' from project 'makata')
cd /Users/admin/builder/spi-builder-workspace/.swiftpm/xcode
builtin-SwiftPerFileCompile view+uicontrol.swift
SwiftCompile normal arm64 Compiling\ view+uistackview.swift,\ view+uitextfield.swift /Users/admin/builder/spi-builder-workspace/Sources/makata-user-interface/view/view+uistackview.swift /Users/admin/builder/spi-builder-workspace/Sources/makata-user-interface/view/view+uitextfield.swift (in target 'makataUserInterface' from project 'makata')
SwiftCompile normal arm64 /Users/admin/builder/spi-builder-workspace/Sources/makata-user-interface/view/view+uistackview.swift (in target 'makataUserInterface' from project 'makata')
cd /Users/admin/builder/spi-builder-workspace/.swiftpm/xcode
builtin-SwiftPerFileCompile view+uistackview.swift
SwiftCompile normal arm64 /Users/admin/builder/spi-builder-workspace/Sources/makata-user-interface/view/view+uitextfield.swift (in target 'makataUserInterface' from project 'makata')
cd /Users/admin/builder/spi-builder-workspace/.swiftpm/xcode
builtin-SwiftPerFileCompile view+uitextfield.swift
SwiftCompile normal arm64 Compiling\ protocol-button-loadable.swift,\ protocol-cell-registerable.swift /Users/admin/builder/spi-builder-workspace/Sources/makata-user-interface/protocol/protocol-button-loadable.swift /Users/admin/builder/spi-builder-workspace/Sources/makata-user-interface/protocol/protocol-cell-registerable.swift (in target 'makataUserInterface' from project 'makata')
SwiftCompile normal arm64 /Users/admin/builder/spi-builder-workspace/Sources/makata-user-interface/protocol/protocol-button-loadable.swift (in target 'makataUserInterface' from project 'makata')
cd /Users/admin/builder/spi-builder-workspace/.swiftpm/xcode
builtin-SwiftPerFileCompile protocol-button-loadable.swift
SwiftCompile normal arm64 /Users/admin/builder/spi-builder-workspace/Sources/makata-user-interface/protocol/protocol-cell-registerable.swift (in target 'makataUserInterface' from project 'makata')
cd /Users/admin/builder/spi-builder-workspace/.swiftpm/xcode
builtin-SwiftPerFileCompile protocol-cell-registerable.swift
SwiftCompile normal arm64 Compiling\ controller-template-collection.swift,\ controller-template-page-view.swift,\ controller-template-page.swift /Users/admin/builder/spi-builder-workspace/Sources/makata-user-interface/controller-template/controller-template-collection.swift /Users/admin/builder/spi-builder-workspace/Sources/makata-user-interface/controller-template/controller-template-page-view.swift /Users/admin/builder/spi-builder-workspace/Sources/makata-user-interface/controller-template/controller-template-page.swift (in target 'makataUserInterface' from project 'makata')
/Users/admin/builder/spi-builder-workspace/Sources/makata-user-interface/controller-template/controller-template-collection.swift:133:38: error: 'UIRefreshControl' is unavailable in tvOS
131 | public func setRefresh(action: __owned @escaping @MainActor () async -> Void) {
132 | #if !targetEnvironment(macCatalyst)
133 | let refreshControl = UIRefreshControl(frame: .zero)
| `- error: 'UIRefreshControl' is unavailable in tvOS
134 | refreshControl.layer.zPosition = 10000
135 |
/Applications/Xcode-27.0.0-Release.Candidate.app/Contents/Developer/Platforms/AppleTVOS.platform/Developer/SDKs/AppleTVOS27.0.sdk/System/Library/Frameworks/UIKit.framework/Headers/UIRefreshControl.h:16:12: note: 'UIRefreshControl' has been explicitly marked unavailable here
14 |
15 | UIKIT_EXTERN API_AVAILABLE(ios(6.0)) API_UNAVAILABLE(tvos, watchos) NS_SWIFT_UI_ACTOR
16 | @interface UIRefreshControl : UIControl
| `- note: 'UIRefreshControl' has been explicitly marked unavailable here
17 |
18 | /* The designated initializer
/Users/admin/builder/spi-builder-workspace/Sources/makata-user-interface/controller-template/controller-template-collection.swift:143:32: error: 'refreshControl' is unavailable in tvOS
141 | }, for: .primaryActionTriggered)
142 |
143 | collectionView.refreshControl = refreshControl
| `- error: 'refreshControl' is unavailable in tvOS
144 | #endif
145 | }
/Applications/Xcode-27.0.0-Release.Candidate.app/Contents/Developer/Platforms/AppleTVOS.platform/Developer/SDKs/AppleTVOS27.0.sdk/System/Library/Frameworks/UIKit.framework/Headers/UIScrollView.h:286:59: note: 'refreshControl' has been explicitly marked unavailable here
284 | @property(nonatomic) UIScrollViewKeyboardDismissMode keyboardDismissMode API_AVAILABLE(ios(7.0)) API_UNAVAILABLE(visionos); // default is UIScrollViewKeyboardDismissModeNone
285 |
286 | @property (nonatomic, strong, nullable) UIRefreshControl *refreshControl API_AVAILABLE(ios(10.0)) API_UNAVAILABLE(tvos, watchos);
| `- note: 'refreshControl' has been explicitly marked unavailable here
287 |
288 | /// Set this to YES to make the scroll view animate its content offset in response to keys like Page Up/Down, Home/End, and the arrow keys.
/Users/admin/builder/spi-builder-workspace/Sources/makata-user-interface/controller-template/controller-template-collection.swift:193:47: error: 'systemBackground' is unavailable in tvOS
191 | collectionView.alwaysBounceVertical = false
192 | collectionView.delegate = delegate
193 | collectionView.backgroundColor = .systemBackground
| `- error: 'systemBackground' is unavailable in tvOS
194 |
195 | return collectionView
/Applications/Xcode-27.0.0-Release.Candidate.app/Contents/Developer/Platforms/AppleTVOS.platform/Developer/SDKs/AppleTVOS27.0.sdk/System/Library/Frameworks/UIKit.framework/Headers/UIInterface.h:208:49: note: 'systemBackground' has been explicitly marked unavailable here
206 | * primary background in light mode.
207 | */
208 | @property (class, nonatomic, readonly) UIColor *systemBackgroundColor API_AVAILABLE(ios(13.0)) API_UNAVAILABLE(tvos, watchos);
| `- note: 'systemBackground' has been explicitly marked unavailable here
209 | @property (class, nonatomic, readonly) UIColor *secondarySystemBackgroundColor API_AVAILABLE(ios(13.0)) API_UNAVAILABLE(tvos, watchos);
210 | @property (class, nonatomic, readonly) UIColor *tertiarySystemBackgroundColor API_AVAILABLE(ios(13.0)) API_UNAVAILABLE(tvos, watchos);
/Users/admin/builder/spi-builder-workspace/Sources/makata-user-interface/controller-template/controller-template-page-view.swift:112:47: error: 'keyboardWillShowNotification' is unavailable in tvOS
110 | func setupKeyboardEvents() {
111 | NotificationCenter.default
112 | .publisher(for: UIApplication.keyboardWillShowNotification)
| `- error: 'keyboardWillShowNotification' is unavailable in tvOS
113 | .sink { [unowned self] notif in
114 | guard let duration = notif
/Applications/Xcode-27.0.0-Release.Candidate.app/Contents/Developer/Platforms/AppleTVOS.platform/Developer/SDKs/AppleTVOS27.0.sdk/System/Library/Frameworks/UIKit.framework/Headers/UIWindow.h:132:39: note: 'keyboardWillShowNotification' has been explicitly marked unavailable here
130 | // Use the various UICoordinateSpace convertRect facilities to get the frame in the desired coordinate system.
131 | // Animation key/value pairs are only available for the "will" family of notification.
132 | UIKIT_EXTERN NSNotificationName const UIKeyboardWillShowNotification API_UNAVAILABLE(tvos, watchos) NS_SWIFT_NONISOLATED;
| `- note: 'keyboardWillShowNotification' has been explicitly marked unavailable here
133 | UIKIT_EXTERN NSNotificationName const UIKeyboardDidShowNotification API_UNAVAILABLE(tvos, watchos) NS_SWIFT_NONISOLATED;
134 | UIKIT_EXTERN NSNotificationName const UIKeyboardWillHideNotification API_UNAVAILABLE(tvos, watchos) NS_SWIFT_NONISOLATED;
/Users/admin/builder/spi-builder-workspace/Sources/makata-user-interface/controller-template/controller-template-page-view.swift:115:50: error: 'keyboardAnimationDurationUserInfoKey' is unavailable in tvOS
113 | .sink { [unowned self] notif in
114 | guard let duration = notif
115 | .userInfo?[UIApplication.keyboardAnimationDurationUserInfoKey] as? NSNumber else {
| `- error: 'keyboardAnimationDurationUserInfoKey' is unavailable in tvOS
116 | return
117 | }
/Applications/Xcode-27.0.0-Release.Candidate.app/Contents/Developer/Platforms/AppleTVOS.platform/Developer/SDKs/AppleTVOS27.0.sdk/System/Library/Frameworks/UIKit.framework/Headers/UIWindow.h:139:30: note: 'keyboardAnimationDurationUserInfoKey' has been explicitly marked unavailable here
137 | UIKIT_EXTERN NSString *const UIKeyboardFrameBeginUserInfoKey API_AVAILABLE(ios(3.2)) API_UNAVAILABLE(tvos, watchos) NS_SWIFT_NONISOLATED; // NSValue of CGRect
138 | UIKIT_EXTERN NSString *const UIKeyboardFrameEndUserInfoKey API_AVAILABLE(ios(3.2)) API_UNAVAILABLE(tvos, watchos) NS_SWIFT_NONISOLATED; // NSValue of CGRect
139 | UIKIT_EXTERN NSString *const UIKeyboardAnimationDurationUserInfoKey API_AVAILABLE(ios(3.0)) API_UNAVAILABLE(tvos, watchos) NS_SWIFT_NONISOLATED; // NSNumber of double
| `- note: 'keyboardAnimationDurationUserInfoKey' has been explicitly marked unavailable here
140 | UIKIT_EXTERN NSString *const UIKeyboardAnimationCurveUserInfoKey API_AVAILABLE(ios(3.0)) API_UNAVAILABLE(tvos, watchos) NS_SWIFT_NONISOLATED; // NSNumber of NSUInteger (UIViewAnimationCurve)
141 | UIKIT_EXTERN NSString *const UIKeyboardIsLocalUserInfoKey API_AVAILABLE(ios(9.0)) API_UNAVAILABLE(tvos, watchos) NS_SWIFT_NONISOLATED; // NSNumber of BOOL
/Users/admin/builder/spi-builder-workspace/Sources/makata-user-interface/controller-template/controller-template-page-view.swift:120:50: error: 'keyboardAnimationCurveUserInfoKey' is unavailable in tvOS
118 |
119 | guard let curve = notif
120 | .userInfo?[UIApplication.keyboardAnimationCurveUserInfoKey] as? NSNumber else {
| `- error: 'keyboardAnimationCurveUserInfoKey' is unavailable in tvOS
121 | return
122 | }
/Applications/Xcode-27.0.0-Release.Candidate.app/Contents/Developer/Platforms/AppleTVOS.platform/Developer/SDKs/AppleTVOS27.0.sdk/System/Library/Frameworks/UIKit.framework/Headers/UIWindow.h:140:30: note: 'keyboardAnimationCurveUserInfoKey' has been explicitly marked unavailable here
138 | UIKIT_EXTERN NSString *const UIKeyboardFrameEndUserInfoKey API_AVAILABLE(ios(3.2)) API_UNAVAILABLE(tvos, watchos) NS_SWIFT_NONISOLATED; // NSValue of CGRect
139 | UIKIT_EXTERN NSString *const UIKeyboardAnimationDurationUserInfoKey API_AVAILABLE(ios(3.0)) API_UNAVAILABLE(tvos, watchos) NS_SWIFT_NONISOLATED; // NSNumber of double
140 | UIKIT_EXTERN NSString *const UIKeyboardAnimationCurveUserInfoKey API_AVAILABLE(ios(3.0)) API_UNAVAILABLE(tvos, watchos) NS_SWIFT_NONISOLATED; // NSNumber of NSUInteger (UIViewAnimationCurve)
| `- note: 'keyboardAnimationCurveUserInfoKey' has been explicitly marked unavailable here
141 | UIKIT_EXTERN NSString *const UIKeyboardIsLocalUserInfoKey API_AVAILABLE(ios(9.0)) API_UNAVAILABLE(tvos, watchos) NS_SWIFT_NONISOLATED; // NSNumber of BOOL
142 |
/Users/admin/builder/spi-builder-workspace/Sources/makata-user-interface/controller-template/controller-template-page-view.swift:125:50: error: 'keyboardFrameEndUserInfoKey' is unavailable in tvOS
123 |
124 | guard let frame = notif
125 | .userInfo?[UIApplication.keyboardFrameEndUserInfoKey] as? NSValue else {
| `- error: 'keyboardFrameEndUserInfoKey' is unavailable in tvOS
126 | return
127 | }
/Applications/Xcode-27.0.0-Release.Candidate.app/Contents/Developer/Platforms/AppleTVOS.platform/Developer/SDKs/AppleTVOS27.0.sdk/System/Library/Frameworks/UIKit.framework/Headers/UIWindow.h:138:30: note: 'keyboardFrameEndUserInfoKey' has been explicitly marked unavailable here
136 |
137 | UIKIT_EXTERN NSString *const UIKeyboardFrameBeginUserInfoKey API_AVAILABLE(ios(3.2)) API_UNAVAILABLE(tvos, watchos) NS_SWIFT_NONISOLATED; // NSValue of CGRect
138 | UIKIT_EXTERN NSString *const UIKeyboardFrameEndUserInfoKey API_AVAILABLE(ios(3.2)) API_UNAVAILABLE(tvos, watchos) NS_SWIFT_NONISOLATED; // NSValue of CGRect
| `- note: 'keyboardFrameEndUserInfoKey' has been explicitly marked unavailable here
139 | UIKIT_EXTERN NSString *const UIKeyboardAnimationDurationUserInfoKey API_AVAILABLE(ios(3.0)) API_UNAVAILABLE(tvos, watchos) NS_SWIFT_NONISOLATED; // NSNumber of double
140 | UIKIT_EXTERN NSString *const UIKeyboardAnimationCurveUserInfoKey API_AVAILABLE(ios(3.0)) API_UNAVAILABLE(tvos, watchos) NS_SWIFT_NONISOLATED; // NSNumber of NSUInteger (UIViewAnimationCurve)
/Users/admin/builder/spi-builder-workspace/Sources/makata-user-interface/controller-template/controller-template-page-view.swift:152:47: error: 'keyboardWillHideNotification' is unavailable in tvOS
150 |
151 | NotificationCenter.default
152 | .publisher(for: UIApplication.keyboardWillHideNotification)
| `- error: 'keyboardWillHideNotification' is unavailable in tvOS
153 | .sink { [unowned self] notif in
154 | guard let duration = notif
/Applications/Xcode-27.0.0-Release.Candidate.app/Contents/Developer/Platforms/AppleTVOS.platform/Developer/SDKs/AppleTVOS27.0.sdk/System/Library/Frameworks/UIKit.framework/Headers/UIWindow.h:134:39: note: 'keyboardWillHideNotification' has been explicitly marked unavailable here
132 | UIKIT_EXTERN NSNotificationName const UIKeyboardWillShowNotification API_UNAVAILABLE(tvos, watchos) NS_SWIFT_NONISOLATED;
133 | UIKIT_EXTERN NSNotificationName const UIKeyboardDidShowNotification API_UNAVAILABLE(tvos, watchos) NS_SWIFT_NONISOLATED;
134 | UIKIT_EXTERN NSNotificationName const UIKeyboardWillHideNotification API_UNAVAILABLE(tvos, watchos) NS_SWIFT_NONISOLATED;
| `- note: 'keyboardWillHideNotification' has been explicitly marked unavailable here
135 | UIKIT_EXTERN NSNotificationName const UIKeyboardDidHideNotification API_UNAVAILABLE(tvos, watchos) NS_SWIFT_NONISOLATED;
136 |
/Users/admin/builder/spi-builder-workspace/Sources/makata-user-interface/controller-template/controller-template-page-view.swift:155:50: error: 'keyboardAnimationDurationUserInfoKey' is unavailable in tvOS
153 | .sink { [unowned self] notif in
154 | guard let duration = notif
155 | .userInfo?[UIApplication.keyboardAnimationDurationUserInfoKey] as? NSNumber else {
| `- error: 'keyboardAnimationDurationUserInfoKey' is unavailable in tvOS
156 | return
157 | }
/Applications/Xcode-27.0.0-Release.Candidate.app/Contents/Developer/Platforms/AppleTVOS.platform/Developer/SDKs/AppleTVOS27.0.sdk/System/Library/Frameworks/UIKit.framework/Headers/UIWindow.h:139:30: note: 'keyboardAnimationDurationUserInfoKey' has been explicitly marked unavailable here
137 | UIKIT_EXTERN NSString *const UIKeyboardFrameBeginUserInfoKey API_AVAILABLE(ios(3.2)) API_UNAVAILABLE(tvos, watchos) NS_SWIFT_NONISOLATED; // NSValue of CGRect
138 | UIKIT_EXTERN NSString *const UIKeyboardFrameEndUserInfoKey API_AVAILABLE(ios(3.2)) API_UNAVAILABLE(tvos, watchos) NS_SWIFT_NONISOLATED; // NSValue of CGRect
139 | UIKIT_EXTERN NSString *const UIKeyboardAnimationDurationUserInfoKey API_AVAILABLE(ios(3.0)) API_UNAVAILABLE(tvos, watchos) NS_SWIFT_NONISOLATED; // NSNumber of double
| `- note: 'keyboardAnimationDurationUserInfoKey' has been explicitly marked unavailable here
140 | UIKIT_EXTERN NSString *const UIKeyboardAnimationCurveUserInfoKey API_AVAILABLE(ios(3.0)) API_UNAVAILABLE(tvos, watchos) NS_SWIFT_NONISOLATED; // NSNumber of NSUInteger (UIViewAnimationCurve)
141 | UIKIT_EXTERN NSString *const UIKeyboardIsLocalUserInfoKey API_AVAILABLE(ios(9.0)) API_UNAVAILABLE(tvos, watchos) NS_SWIFT_NONISOLATED; // NSNumber of BOOL
/Users/admin/builder/spi-builder-workspace/Sources/makata-user-interface/controller-template/controller-template-page-view.swift:160:50: error: 'keyboardAnimationCurveUserInfoKey' is unavailable in tvOS
158 |
159 | guard let curve = notif
160 | .userInfo?[UIApplication.keyboardAnimationCurveUserInfoKey] as? NSNumber else {
| `- error: 'keyboardAnimationCurveUserInfoKey' is unavailable in tvOS
161 | return
162 | }
/Applications/Xcode-27.0.0-Release.Candidate.app/Contents/Developer/Platforms/AppleTVOS.platform/Developer/SDKs/AppleTVOS27.0.sdk/System/Library/Frameworks/UIKit.framework/Headers/UIWindow.h:140:30: note: 'keyboardAnimationCurveUserInfoKey' has been explicitly marked unavailable here
138 | UIKIT_EXTERN NSString *const UIKeyboardFrameEndUserInfoKey API_AVAILABLE(ios(3.2)) API_UNAVAILABLE(tvos, watchos) NS_SWIFT_NONISOLATED; // NSValue of CGRect
139 | UIKIT_EXTERN NSString *const UIKeyboardAnimationDurationUserInfoKey API_AVAILABLE(ios(3.0)) API_UNAVAILABLE(tvos, watchos) NS_SWIFT_NONISOLATED; // NSNumber of double
140 | UIKIT_EXTERN NSString *const UIKeyboardAnimationCurveUserInfoKey API_AVAILABLE(ios(3.0)) API_UNAVAILABLE(tvos, watchos) NS_SWIFT_NONISOLATED; // NSNumber of NSUInteger (UIViewAnimationCurve)
| `- note: 'keyboardAnimationCurveUserInfoKey' has been explicitly marked unavailable here
141 | UIKIT_EXTERN NSString *const UIKeyboardIsLocalUserInfoKey API_AVAILABLE(ios(9.0)) API_UNAVAILABLE(tvos, watchos) NS_SWIFT_NONISOLATED; // NSNumber of BOOL
142 |
/Users/admin/builder/spi-builder-workspace/Sources/makata-user-interface/controller-template/controller-template-page.swift:141:47: error: 'keyboardWillShowNotification' is unavailable in tvOS
139 | func setupKeyboardEvents() {
140 | NotificationCenter.default
141 | .publisher(for: UIApplication.keyboardWillShowNotification)
| `- error: 'keyboardWillShowNotification' is unavailable in tvOS
142 | .sink { [unowned self] notif in
143 | guard let duration = notif
/Applications/Xcode-27.0.0-Release.Candidate.app/Contents/Developer/Platforms/AppleTVOS.platform/Developer/SDKs/AppleTVOS27.0.sdk/System/Library/Frameworks/UIKit.framework/Headers/UIWindow.h:132:39: note: 'keyboardWillShowNotification' has been explicitly marked unavailable here
130 | // Use the various UICoordinateSpace convertRect facilities to get the frame in the desired coordinate system.
131 | // Animation key/value pairs are only available for the "will" family of notification.
132 | UIKIT_EXTERN NSNotificationName const UIKeyboardWillShowNotification API_UNAVAILABLE(tvos, watchos) NS_SWIFT_NONISOLATED;
| `- note: 'keyboardWillShowNotification' has been explicitly marked unavailable here
133 | UIKIT_EXTERN NSNotificationName const UIKeyboardDidShowNotification API_UNAVAILABLE(tvos, watchos) NS_SWIFT_NONISOLATED;
134 | UIKIT_EXTERN NSNotificationName const UIKeyboardWillHideNotification API_UNAVAILABLE(tvos, watchos) NS_SWIFT_NONISOLATED;
/Users/admin/builder/spi-builder-workspace/Sources/makata-user-interface/controller-template/controller-template-page.swift:144:50: error: 'keyboardAnimationDurationUserInfoKey' is unavailable in tvOS
142 | .sink { [unowned self] notif in
143 | guard let duration = notif
144 | .userInfo?[UIApplication.keyboardAnimationDurationUserInfoKey] as? NSNumber else {
| `- error: 'keyboardAnimationDurationUserInfoKey' is unavailable in tvOS
145 | return
146 | }
/Applications/Xcode-27.0.0-Release.Candidate.app/Contents/Developer/Platforms/AppleTVOS.platform/Developer/SDKs/AppleTVOS27.0.sdk/System/Library/Frameworks/UIKit.framework/Headers/UIWindow.h:139:30: note: 'keyboardAnimationDurationUserInfoKey' has been explicitly marked unavailable here
137 | UIKIT_EXTERN NSString *const UIKeyboardFrameBeginUserInfoKey API_AVAILABLE(ios(3.2)) API_UNAVAILABLE(tvos, watchos) NS_SWIFT_NONISOLATED; // NSValue of CGRect
138 | UIKIT_EXTERN NSString *const UIKeyboardFrameEndUserInfoKey API_AVAILABLE(ios(3.2)) API_UNAVAILABLE(tvos, watchos) NS_SWIFT_NONISOLATED; // NSValue of CGRect
139 | UIKIT_EXTERN NSString *const UIKeyboardAnimationDurationUserInfoKey API_AVAILABLE(ios(3.0)) API_UNAVAILABLE(tvos, watchos) NS_SWIFT_NONISOLATED; // NSNumber of double
| `- note: 'keyboardAnimationDurationUserInfoKey' has been explicitly marked unavailable here
140 | UIKIT_EXTERN NSString *const UIKeyboardAnimationCurveUserInfoKey API_AVAILABLE(ios(3.0)) API_UNAVAILABLE(tvos, watchos) NS_SWIFT_NONISOLATED; // NSNumber of NSUInteger (UIViewAnimationCurve)
141 | UIKIT_EXTERN NSString *const UIKeyboardIsLocalUserInfoKey API_AVAILABLE(ios(9.0)) API_UNAVAILABLE(tvos, watchos) NS_SWIFT_NONISOLATED; // NSNumber of BOOL
/Users/admin/builder/spi-builder-workspace/Sources/makata-user-interface/controller-template/controller-template-page.swift:149:50: error: 'keyboardAnimationCurveUserInfoKey' is unavailable in tvOS
147 |
148 | guard let curve = notif
149 | .userInfo?[UIApplication.keyboardAnimationCurveUserInfoKey] as? NSNumber else {
| `- error: 'keyboardAnimationCurveUserInfoKey' is unavailable in tvOS
150 | return
151 | }
/Applications/Xcode-27.0.0-Release.Candidate.app/Contents/Developer/Platforms/AppleTVOS.platform/Developer/SDKs/AppleTVOS27.0.sdk/System/Library/Frameworks/UIKit.framework/Headers/UIWindow.h:140:30: note: 'keyboardAnimationCurveUserInfoKey' has been explicitly marked unavailable here
138 | UIKIT_EXTERN NSString *const UIKeyboardFrameEndUserInfoKey API_AVAILABLE(ios(3.2)) API_UNAVAILABLE(tvos, watchos) NS_SWIFT_NONISOLATED; // NSValue of CGRect
139 | UIKIT_EXTERN NSString *const UIKeyboardAnimationDurationUserInfoKey API_AVAILABLE(ios(3.0)) API_UNAVAILABLE(tvos, watchos) NS_SWIFT_NONISOLATED; // NSNumber of double
140 | UIKIT_EXTERN NSString *const UIKeyboardAnimationCurveUserInfoKey API_AVAILABLE(ios(3.0)) API_UNAVAILABLE(tvos, watchos) NS_SWIFT_NONISOLATED; // NSNumber of NSUInteger (UIViewAnimationCurve)
| `- note: 'keyboardAnimationCurveUserInfoKey' has been explicitly marked unavailable here
141 | UIKIT_EXTERN NSString *const UIKeyboardIsLocalUserInfoKey API_AVAILABLE(ios(9.0)) API_UNAVAILABLE(tvos, watchos) NS_SWIFT_NONISOLATED; // NSNumber of BOOL
142 |
/Users/admin/builder/spi-builder-workspace/Sources/makata-user-interface/controller-template/controller-template-page.swift:154:50: error: 'keyboardFrameEndUserInfoKey' is unavailable in tvOS
152 |
153 | guard let frame = notif
154 | .userInfo?[UIApplication.keyboardFrameEndUserInfoKey] as? NSValue else {
| `- error: 'keyboardFrameEndUserInfoKey' is unavailable in tvOS
155 | return
156 | }
/Applications/Xcode-27.0.0-Release.Candidate.app/Contents/Developer/Platforms/AppleTVOS.platform/Developer/SDKs/AppleTVOS27.0.sdk/System/Library/Frameworks/UIKit.framework/Headers/UIWindow.h:138:30: note: 'keyboardFrameEndUserInfoKey' has been explicitly marked unavailable here
136 |
137 | UIKIT_EXTERN NSString *const UIKeyboardFrameBeginUserInfoKey API_AVAILABLE(ios(3.2)) API_UNAVAILABLE(tvos, watchos) NS_SWIFT_NONISOLATED; // NSValue of CGRect
138 | UIKIT_EXTERN NSString *const UIKeyboardFrameEndUserInfoKey API_AVAILABLE(ios(3.2)) API_UNAVAILABLE(tvos, watchos) NS_SWIFT_NONISOLATED; // NSValue of CGRect
| `- note: 'keyboardFrameEndUserInfoKey' has been explicitly marked unavailable here
139 | UIKIT_EXTERN NSString *const UIKeyboardAnimationDurationUserInfoKey API_AVAILABLE(ios(3.0)) API_UNAVAILABLE(tvos, watchos) NS_SWIFT_NONISOLATED; // NSNumber of double
140 | UIKIT_EXTERN NSString *const UIKeyboardAnimationCurveUserInfoKey API_AVAILABLE(ios(3.0)) API_UNAVAILABLE(tvos, watchos) NS_SWIFT_NONISOLATED; // NSNumber of NSUInteger (UIViewAnimationCurve)
/Users/admin/builder/spi-builder-workspace/Sources/makata-user-interface/controller-template/controller-template-page.swift:181:47: error: 'keyboardWillHideNotification' is unavailable in tvOS
179 |
180 | NotificationCenter.default
181 | .publisher(for: UIApplication.keyboardWillHideNotification)
| `- error: 'keyboardWillHideNotification' is unavailable in tvOS
182 | .sink { [unowned self] notif in
183 | guard let duration = notif
/Applications/Xcode-27.0.0-Release.Candidate.app/Contents/Developer/Platforms/AppleTVOS.platform/Developer/SDKs/AppleTVOS27.0.sdk/System/Library/Frameworks/UIKit.framework/Headers/UIWindow.h:134:39: note: 'keyboardWillHideNotification' has been explicitly marked unavailable here
132 | UIKIT_EXTERN NSNotificationName const UIKeyboardWillShowNotification API_UNAVAILABLE(tvos, watchos) NS_SWIFT_NONISOLATED;
133 | UIKIT_EXTERN NSNotificationName const UIKeyboardDidShowNotification API_UNAVAILABLE(tvos, watchos) NS_SWIFT_NONISOLATED;
134 | UIKIT_EXTERN NSNotificationName const UIKeyboardWillHideNotification API_UNAVAILABLE(tvos, watchos) NS_SWIFT_NONISOLATED;
| `- note: 'keyboardWillHideNotification' has been explicitly marked unavailable here
135 | UIKIT_EXTERN NSNotificationName const UIKeyboardDidHideNotification API_UNAVAILABLE(tvos, watchos) NS_SWIFT_NONISOLATED;
136 |
/Users/admin/builder/spi-builder-workspace/Sources/makata-user-interface/controller-template/controller-template-page.swift:184:50: error: 'keyboardAnimationDurationUserInfoKey' is unavailable in tvOS
182 | .sink { [unowned self] notif in
183 | guard let duration = notif
184 | .userInfo?[UIApplication.keyboardAnimationDurationUserInfoKey] as? NSNumber else {
| `- error: 'keyboardAnimationDurationUserInfoKey' is unavailable in tvOS
185 | return
186 | }
/Applications/Xcode-27.0.0-Release.Candidate.app/Contents/Developer/Platforms/AppleTVOS.platform/Developer/SDKs/AppleTVOS27.0.sdk/System/Library/Frameworks/UIKit.framework/Headers/UIWindow.h:139:30: note: 'keyboardAnimationDurationUserInfoKey' has been explicitly marked unavailable here
137 | UIKIT_EXTERN NSString *const UIKeyboardFrameBeginUserInfoKey API_AVAILABLE(ios(3.2)) API_UNAVAILABLE(tvos, watchos) NS_SWIFT_NONISOLATED; // NSValue of CGRect
138 | UIKIT_EXTERN NSString *const UIKeyboardFrameEndUserInfoKey API_AVAILABLE(ios(3.2)) API_UNAVAILABLE(tvos, watchos) NS_SWIFT_NONISOLATED; // NSValue of CGRect
139 | UIKIT_EXTERN NSString *const UIKeyboardAnimationDurationUserInfoKey API_AVAILABLE(ios(3.0)) API_UNAVAILABLE(tvos, watchos) NS_SWIFT_NONISOLATED; // NSNumber of double
| `- note: 'keyboardAnimationDurationUserInfoKey' has been explicitly marked unavailable here
140 | UIKIT_EXTERN NSString *const UIKeyboardAnimationCurveUserInfoKey API_AVAILABLE(ios(3.0)) API_UNAVAILABLE(tvos, watchos) NS_SWIFT_NONISOLATED; // NSNumber of NSUInteger (UIViewAnimationCurve)
141 | UIKIT_EXTERN NSString *const UIKeyboardIsLocalUserInfoKey API_AVAILABLE(ios(9.0)) API_UNAVAILABLE(tvos, watchos) NS_SWIFT_NONISOLATED; // NSNumber of BOOL
/Users/admin/builder/spi-builder-workspace/Sources/makata-user-interface/controller-template/controller-template-page.swift:189:50: error: 'keyboardAnimationCurveUserInfoKey' is unavailable in tvOS
187 |
188 | guard let curve = notif
189 | .userInfo?[UIApplication.keyboardAnimationCurveUserInfoKey] as? NSNumber else {
| `- error: 'keyboardAnimationCurveUserInfoKey' is unavailable in tvOS
190 | return
191 | }
/Applications/Xcode-27.0.0-Release.Candidate.app/Contents/Developer/Platforms/AppleTVOS.platform/Developer/SDKs/AppleTVOS27.0.sdk/System/Library/Frameworks/UIKit.framework/Headers/UIWindow.h:140:30: note: 'keyboardAnimationCurveUserInfoKey' has been explicitly marked unavailable here
138 | UIKIT_EXTERN NSString *const UIKeyboardFrameEndUserInfoKey API_AVAILABLE(ios(3.2)) API_UNAVAILABLE(tvos, watchos) NS_SWIFT_NONISOLATED; // NSValue of CGRect
139 | UIKIT_EXTERN NSString *const UIKeyboardAnimationDurationUserInfoKey API_AVAILABLE(ios(3.0)) API_UNAVAILABLE(tvos, watchos) NS_SWIFT_NONISOLATED; // NSNumber of double
140 | UIKIT_EXTERN NSString *const UIKeyboardAnimationCurveUserInfoKey API_AVAILABLE(ios(3.0)) API_UNAVAILABLE(tvos, watchos) NS_SWIFT_NONISOLATED; // NSNumber of NSUInteger (UIViewAnimationCurve)
| `- note: 'keyboardAnimationCurveUserInfoKey' has been explicitly marked unavailable here
141 | UIKIT_EXTERN NSString *const UIKeyboardIsLocalUserInfoKey API_AVAILABLE(ios(9.0)) API_UNAVAILABLE(tvos, watchos) NS_SWIFT_NONISOLATED; // NSNumber of BOOL
142 |
Failed frontend command:
SwiftCompile normal arm64 /Users/admin/builder/spi-builder-workspace/Sources/makata-user-interface/controller-template/controller-template-collection.swift (in target 'makataUserInterface' from project 'makata')
cd /Users/admin/builder/spi-builder-workspace/.swiftpm/xcode
builtin-SwiftPerFileCompile controller-template-collection.swift
SwiftCompile normal arm64 /Users/admin/builder/spi-builder-workspace/Sources/makata-user-interface/controller-template/controller-template-page-view.swift (in target 'makataUserInterface' from project 'makata')
cd /Users/admin/builder/spi-builder-workspace/.swiftpm/xcode
builtin-SwiftPerFileCompile controller-template-page-view.swift
SwiftCompile normal arm64 /Users/admin/builder/spi-builder-workspace/Sources/makata-user-interface/controller-template/controller-template-page.swift (in target 'makataUserInterface' from project 'makata')
cd /Users/admin/builder/spi-builder-workspace/.swiftpm/xcode
builtin-SwiftPerFileCompile controller-template-page.swift
/Applications/Xcode-27.0.0-Release.Candidate.app/Contents/Developer/Toolchains/XcodeDefault.xctoolchain/usr/bin/swift-frontend -frontend -c -primary-file /Users/admin/builder/spi-builder-workspace/Sources/makata-user-interface/controller-template/controller-template-collection.swift -primary-file /Users/admin/builder/spi-builder-workspace/Sources/makata-user-interface/controller-template/controller-template-page-view.swift -primary-file /Users/admin/builder/spi-builder-workspace/Sources/makata-user-interface/controller-template/controller-template-page.swift /Users/admin/builder/spi-builder-workspace/Sources/makata-user-interface/controller-template/controller-template.swift /Users/admin/builder/spi-builder-workspace/Sources/makata-user-interface/controller/controller-templated.swift /Users/admin/builder/spi-builder-workspace/Sources/makata-user-interface/controller/controller.swift /Users/admin/builder/spi-builder-workspace/Sources/makata-user-interface/protocol/protocol-attributable.swift /Users/admin/builder/spi-builder-workspace/Sources/makata-user-interface/protocol/protocol-button-loadable.swift /Users/admin/builder/spi-builder-workspace/Sources/makata-user-interface/protocol/protocol-cell-registerable.swift /Users/admin/builder/spi-builder-workspace/Sources/makata-user-interface/protocol/protocol-failure-callable.swift /Users/admin/builder/spi-builder-workspace/Sources/makata-user-interface/protocol/protocol-reusable-registerable.swift /Users/admin/builder/spi-builder-workspace/Sources/makata-user-interface/protocol/protocol-view-header.swift /Users/admin/builder/spi-builder-workspace/Sources/makata-user-interface/user-interface.swift /Users/admin/builder/spi-builder-workspace/Sources/makata-user-interface/view/view+constraints.swift /Users/admin/builder/spi-builder-workspace/Sources/makata-user-interface/view/view+uicollectionreusableview.swift /Users/admin/builder/spi-builder-workspace/Sources/makata-user-interface/view/view+uicollectionviewcell.swift /Users/admin/builder/spi-builder-workspace/Sources/makata-user-interface/view/view+uicontrol.swift /Users/admin/builder/spi-builder-workspace/Sources/makata-user-interface/view/view+uistackview.swift /Users/admin/builder/spi-builder-workspace/Sources/makata-user-interface/view/view+uitextfield.swift /Users/admin/builder/spi-builder-workspace/Sources/makata-user-interface/view/view-builder.swift /Users/admin/builder/spi-builder-workspace/Sources/makata-user-interface/view/view.swift -supplementary-output-file-map /Users/admin/builder/spi-builder-workspace/.derivedData/Build/Intermediates.noindex/makata.build/Debug-appletvos/makataUserInterface-t.build/Objects-normal/arm64/supplementaryOutputs-11 -target arm64-apple-tvos15.0 -disable-cross-import-overlay-search -load-resolved-plugin /Applications/Xcode-27.0.0-Release.Candidate.app/Contents/Developer/Platforms/AppleTVOS.platform/Developer/usr/lib/swift/host/plugins/libFoundationMacros.dylib\#/Applications/Xcode-27.0.0-Release.Candidate.app/Contents/Developer/Platforms/AppleTVOS.platform/Developer/usr/bin/swift-plugin-server\#FoundationMacros -load-resolved-plugin /Applications/Xcode-27.0.0-Release.Candidate.app/Contents/Developer/Platforms/AppleTVOS.platform/Developer/usr/lib/swift/host/plugins/libObservationMacros.dylib\#/Applications/Xcode-27.0.0-Release.Candidate.app/Contents/Developer/Platforms/AppleTVOS.platform/Developer/usr/bin/swift-plugin-server\#ObservationMacros -load-resolved-plugin /Applications/Xcode-27.0.0-Release.Candidate.app/Contents/Developer/Platforms/AppleTVOS.platform/Developer/usr/lib/swift/host/plugins/libPreviewsMacros.dylib\#/Applications/Xcode-27.0.0-Release.Candidate.app/Contents/Developer/Platforms/AppleTVOS.platform/Developer/usr/bin/swift-plugin-server\#PreviewsMacros -load-resolved-plugin /Applications/Xcode-27.0.0-Release.Candidate.app/Contents/Developer/Platforms/AppleTVOS.platform/Developer/usr/lib/swift/host/plugins/libSwiftMacros.dylib\#/Applications/Xcode-27.0.0-Release.Candidate.app/Contents/Developer/Platforms/AppleTVOS.platform/Developer/usr/bin/swift-plugin-server\#SwiftMacros -load-resolved-plugin /Applications/Xcode-27.0.0-Release.Candidate.app/Contents/Developer/Platforms/AppleTVOS.platform/Developer/usr/lib/swift/host/plugins/libSwiftUIMacros.dylib\#/Applications/Xcode-27.0.0-Release.Candidate.app/Contents/Developer/Platforms/AppleTVOS.platform/Developer/usr/bin/swift-plugin-server\#SwiftUIMacros -disable-implicit-swift-modules -Xcc -fno-implicit-modules -Xcc -fno-implicit-module-maps -explicit-swift-module-map-file /Users/admin/builder/spi-builder-workspace/.derivedData/Build/Intermediates.noindex/makata.build/Debug-appletvos/makataUserInterface-t.build/Objects-normal/arm64/makataUserInterface-dependencies-1.json -Xllvm -aarch64-use-tbi -enable-objc-interop -stack-check -sdk /Applications/Xcode-27.0.0-Release.Candidate.app/Contents/Developer/Platforms/AppleTVOS.platform/Developer/SDKs/AppleTVOS27.0.sdk -I /Users/admin/builder/spi-builder-workspace/.derivedData/Build/Products/Debug-appletvos -Isystem /Applications/Xcode-27.0.0-Release.Candidate.app/Contents/Developer/Platforms/AppleTVOS.platform/Developer/usr/lib -F /Users/admin/builder/spi-builder-workspace/.derivedData/Build/Products/Debug-appletvos/PackageFrameworks -F /Users/admin/builder/spi-builder-workspace/.derivedData/Build/Products/Debug-appletvos -F /Applications/Xcode-27.0.0-Release.Candidate.app/Contents/Developer/Platforms/AppleTVOS.platform/Developer/Library/Frameworks -F /Applications/Xcode-27.0.0-Release.Candidate.app/Contents/Developer/Platforms/AppleTVOS.platform/Developer/SDKs/AppleTVOS27.0.sdk/Developer/Library/Frameworks -module-cache-path /Users/admin/builder/spi-builder-workspace/.derivedData/Build/Intermediates.noindex/SwiftExplicitPrecompiledModules -no-color-diagnostics -Xcc -fno-color-diagnostics -enable-testing -g -debug-info-format\=dwarf -dwarf-version\=4 -swift-version 5 -Onone -D SWIFT_PACKAGE -D DEBUG -D SWIFT_MODULE_RESOURCE_BUNDLE_UNAVAILABLE -D Xcode -serialize-debugging-options -enable-experimental-feature DebugDescriptionMacro -empty-abi-descriptor -validate-clang-modules-once -clang-build-session-file /Users/admin/builder/spi-builder-workspace/.derivedData/ModuleCache.noindex/Session.modulevalidation -Xcc -working-directory -Xcc /Users/admin/builder/spi-builder-workspace/.swiftpm/xcode -enable-anonymous-context-mangled-names -file-compilation-dir /Users/admin/builder/spi-builder-workspace/.swiftpm/xcode -Xcc -D_LIBCPP_HARDENING_MODE\=_LIBCPP_HARDENING_MODE_DEBUG -Xcc -ivfsstatcache -Xcc /Users/admin/builder/spi-builder-workspace/.derivedData/SDKStatCaches.noindex/appletvos27.0-24J360-e829b21a6f8c9b70876ba0858053c044b32bfd8d43560033f8d89884cdb90028.sdkstatcache -Xcc -fmodules-prune-interval\=86400 -Xcc -fmodules-prune-after\=345600 -Xcc -I/Users/admin/builder/spi-builder-workspace/.derivedData/Build/Products/Debug-appletvos/include -Xcc -I/Users/admin/builder/spi-builder-workspace/.derivedData/Build/Intermediates.noindex/makata.build/Debug-appletvos/makataUserInterface-t.build/DerivedSources-normal/arm64 -Xcc -I/Users/admin/builder/spi-builder-workspace/.derivedData/Build/Intermediates.noindex/makata.build/Debug-appletvos/makataUserInterface-t.build/DerivedSources/arm64 -Xcc -I/Users/admin/builder/spi-builder-workspace/.derivedData/Build/Intermediates.noindex/makata.build/Debug-appletvos/makataUserInterface-t.build/DerivedSources -Xcc -DSWIFT_PACKAGE -Xcc -DDEBUG\=1 -no-auto-bridging-header-chaining -module-name makataUserInterface -const-gather-protocols-file /Users/admin/builder/spi-builder-workspace/.derivedData/Build/Intermediates.noindex/makata.build/Debug-appletvos/makataUserInterface-t.build/Objects-normal/arm64/makataUserInterface_const_extract_protocols.json -disable-clang-spi -clang-target arm64-apple-tvos27.0 -target-sdk-version 27.0 -target-sdk-name appletvos27.0 -in-process-plugin-server-path /Applications/Xcode-27.0.0-Release.Candidate.app/Contents/Developer/Toolchains/XcodeDefault.xctoolchain/usr/lib/swift/host/libSwiftInProcPluginServer.dylib -parse-as-library -o /Users/admin/builder/spi-builder-workspace/.derivedData/Build/Intermediates.noindex/makata.build/Debug-appletvos/makataUserInterface-t.build/Objects-normal/arm64/controller-template-collection.o -o /Users/admin/builder/spi-builder-workspace/.derivedData/Build/Intermediates.noindex/makata.build/Debug-appletvos/makataUserInterface-t.build/Objects-normal/arm64/controller-template-page-view.o -o /Users/admin/builder/spi-builder-workspace/.derivedData/Build/Intermediates.noindex/makata.build/Debug-appletvos/makataUserInterface-t.build/Objects-normal/arm64/controller-template-page.o -debug-module-path /Users/admin/builder/spi-builder-workspace/.derivedData/Build/Intermediates.noindex/makata.build/Debug-appletvos/makataUserInterface-t.build/Objects-normal/arm64/makataUserInterface.swiftmodule -index-unit-output-path /makata.build/Debug-appletvos/makataUserInterface-t.build/Objects-normal/arm64/controller-template-collection.o -index-unit-output-path /makata.build/Debug-appletvos/makataUserInterface-t.build/Objects-normal/arm64/controller-template-page-view.o -index-unit-output-path /makata.build/Debug-appletvos/makataUserInterface-t.build/Objects-normal/arm64/controller-template-page.o -index-store-path /Users/admin/builder/spi-builder-workspace/.derivedData/Index.noindex/DataStore -index-system-modules
SwiftCompile normal arm64 Compiling\ controller.swift,\ protocol-attributable.swift /Users/admin/builder/spi-builder-workspace/Sources/makata-user-interface/controller/controller.swift /Users/admin/builder/spi-builder-workspace/Sources/makata-user-interface/protocol/protocol-attributable.swift (in target 'makataUserInterface' from project 'makata')
SwiftCompile normal arm64 /Users/admin/builder/spi-builder-workspace/Sources/makata-user-interface/controller/controller.swift (in target 'makataUserInterface' from project 'makata')
cd /Users/admin/builder/spi-builder-workspace/.swiftpm/xcode
builtin-SwiftPerFileCompile controller.swift
SwiftCompile normal arm64 /Users/admin/builder/spi-builder-workspace/Sources/makata-user-interface/protocol/protocol-attributable.swift (in target 'makataUserInterface' from project 'makata')
cd /Users/admin/builder/spi-builder-workspace/.swiftpm/xcode
builtin-SwiftPerFileCompile protocol-attributable.swift
SwiftDriverJobDiscovery normal arm64 Compiling protocol-view-header.swift, user-interface.swift (in target 'makataUserInterface' from project 'makata')
SwiftDriverJobDiscovery normal arm64 Compiling protocol-button-loadable.swift, protocol-cell-registerable.swift (in target 'makataUserInterface' from project 'makata')
SwiftDriverJobDiscovery normal arm64 Compiling protocol-failure-callable.swift, protocol-reusable-registerable.swift (in target 'makataUserInterface' from project 'makata')
SwiftDriverJobDiscovery normal arm64 Compiling view+constraints.swift, view+uicollectionreusableview.swift (in target 'makataUserInterface' from project 'makata')
SwiftDriverJobDiscovery normal arm64 Compiling view+uicollectionviewcell.swift, view+uicontrol.swift (in target 'makataUserInterface' from project 'makata')
SwiftDriverJobDiscovery normal arm64 Compiling controller-template.swift, controller-templated.swift (in target 'makataUserInterface' from project 'makata')
SwiftDriverJobDiscovery normal arm64 Compiling view-builder.swift, view.swift (in target 'makataUserInterface' from project 'makata')
SwiftDriverJobDiscovery normal arm64 Emitting module for makataUserInterface (in target 'makataUserInterface' from project 'makata')
SwiftDriver\ Compilation\ Requirements makataUserInterface normal arm64 com.apple.xcode.tools.swift.compiler (in target 'makataUserInterface' from project 'makata')
cd /Users/admin/builder/spi-builder-workspace/.swiftpm/xcode
builtin-Swift-Compilation-Requirements -- /Applications/Xcode-27.0.0-Release.Candidate.app/Contents/Developer/Toolchains/XcodeDefault.xctoolchain/usr/bin/swiftc -parse-as-library -module-name makataUserInterface -Onone @/Users/admin/builder/spi-builder-workspace/.derivedData/Build/Intermediates.noindex/makata.build/Debug-appletvos/makataUserInterface-t.build/Objects-normal/arm64/makataUserInterface.SwiftFileList -DSWIFT_PACKAGE -DDEBUG -DSWIFT_MODULE_RESOURCE_BUNDLE_UNAVAILABLE -DXcode -plugin-path /Applications/Xcode-27.0.0-Release.Candidate.app/Contents/Developer/Toolchains/XcodeDefault.xctoolchain/usr/lib/swift/host/plugins/testing -enable-experimental-feature DebugDescriptionMacro -sdk /Applications/Xcode-27.0.0-Release.Candidate.app/Contents/Developer/Platforms/AppleTVOS.platform/Developer/SDKs/AppleTVOS27.0.sdk -target arm64-apple-tvos15.0 -g -module-cache-path /Users/admin/builder/spi-builder-workspace/.derivedData/ModuleCache.noindex -Xfrontend -serialize-debugging-options -enable-testing -index-store-path /Users/admin/builder/spi-builder-workspace/.derivedData/Index.noindex/DataStore -Xcc -D_LIBCPP_HARDENING_MODE\=_LIBCPP_HARDENING_MODE_DEBUG -swift-version 5 -I /Users/admin/builder/spi-builder-workspace/.derivedData/Build/Products/Debug-appletvos -Isystem /Applications/Xcode-27.0.0-Release.Candidate.app/Contents/Developer/Platforms/AppleTVOS.platform/Developer/usr/lib -F /Users/admin/builder/spi-builder-workspace/.derivedData/Build/Products/Debug-appletvos/PackageFrameworks -F /Users/admin/builder/spi-builder-workspace/.derivedData/Build/Products/Debug-appletvos -F /Applications/Xcode-27.0.0-Release.Candidate.app/Contents/Developer/Platforms/AppleTVOS.platform/Developer/Library/Frameworks -F /Applications/Xcode-27.0.0-Release.Candidate.app/Contents/Developer/Platforms/AppleTVOS.platform/Developer/SDKs/AppleTVOS27.0.sdk/Developer/Library/Frameworks -c -j10 -enable-batch-mode -incremental -Xcc -ivfsstatcache -Xcc /Users/admin/builder/spi-builder-workspace/.derivedData/SDKStatCaches.noindex/appletvos27.0-24J360-e829b21a6f8c9b70876ba0858053c044b32bfd8d43560033f8d89884cdb90028.sdkstatcache -output-file-map /Users/admin/builder/spi-builder-workspace/.derivedData/Build/Intermediates.noindex/makata.build/Debug-appletvos/makataUserInterface-t.build/Objects-normal/arm64/makataUserInterface-OutputFileMap.json -save-temps -no-color-diagnostics -explicit-module-build -module-cache-path /Users/admin/builder/spi-builder-workspace/.derivedData/Build/Intermediates.noindex/SwiftExplicitPrecompiledModules -clang-scanner-module-cache-path /Users/admin/builder/spi-builder-workspace/.derivedData/ModuleCache.noindex -sdk-module-cache-path /Users/admin/builder/spi-builder-workspace/.derivedData/SDKExplicitPrecompiledModules -emit-dependencies -emit-module -emit-module-path /Users/admin/builder/spi-builder-workspace/.derivedData/Build/Intermediates.noindex/makata.build/Debug-appletvos/makataUserInterface-t.build/Objects-normal/arm64/makataUserInterface.swiftmodule -serialize-diagnostics -dependency-scan-serialize-diagnostics-path /Users/admin/builder/spi-builder-workspace/.derivedData/Build/Intermediates.noindex/makata.build/Debug-appletvos/makataUserInterface-t.build/Objects-normal/arm64/makataUserInterface-dependency-scan.dia -validate-clang-modules-once -clang-build-session-file /Users/admin/builder/spi-builder-workspace/.derivedData/ModuleCache.noindex/Session.modulevalidation -Xcc -fmodules-prune-interval\=86400 -Xcc -fmodules-prune-after\=345600 -emit-const-values -const-gather-protocols-list /Users/admin/builder/spi-builder-workspace/.derivedData/Build/Intermediates.noindex/makata.build/Debug-appletvos/makataUserInterface-t.build/Objects-normal/arm64/makataUserInterface_const_extract_protocols.json -Xcc -I/Users/admin/builder/spi-builder-workspace/.derivedData/Build/Products/Debug-appletvos/include -Xcc -I/Users/admin/builder/spi-builder-workspace/.derivedData/Build/Intermediates.noindex/makata.build/Debug-appletvos/makataUserInterface-t.build/DerivedSources-normal/arm64 -Xcc -I/Users/admin/builder/spi-builder-workspace/.derivedData/Build/Intermediates.noindex/makata.build/Debug-appletvos/makataUserInterface-t.build/DerivedSources/arm64 -Xcc -I/Users/admin/builder/spi-builder-workspace/.derivedData/Build/Intermediates.noindex/makata.build/Debug-appletvos/makataUserInterface-t.build/DerivedSources -Xcc -DSWIFT_PACKAGE -Xcc -DDEBUG\=1 -emit-objc-header -emit-objc-header-path /Users/admin/builder/spi-builder-workspace/.derivedData/Build/Intermediates.noindex/makata.build/Debug-appletvos/makataUserInterface-t.build/Objects-normal/arm64/makataUserInterface-Swift.h -working-directory /Users/admin/builder/spi-builder-workspace/.swiftpm/xcode -experimental-emit-module-separately -disable-cmo
SwiftMergeGeneratedHeaders /Users/admin/builder/spi-builder-workspace/.derivedData/Build/Intermediates.noindex/GeneratedModuleMaps-appletvos/makataUserInterface-Swift.h /Users/admin/builder/spi-builder-workspace/.derivedData/Build/Intermediates.noindex/makata.build/Debug-appletvos/makataUserInterface-t.build/Objects-normal/arm64/makataUserInterface-Swift.h (in target 'makataUserInterface' from project 'makata')
cd /Users/admin/builder/spi-builder-workspace
builtin-swiftHeaderTool -arch arm64 /Users/admin/builder/spi-builder-workspace/.derivedData/Build/Intermediates.noindex/makata.build/Debug-appletvos/makataUserInterface-t.build/Objects-normal/arm64/makataUserInterface-Swift.h -o /Users/admin/builder/spi-builder-workspace/.derivedData/Build/Intermediates.noindex/GeneratedModuleMaps-appletvos/makataUserInterface-Swift.h
Copy /Users/admin/builder/spi-builder-workspace/.derivedData/Build/Products/Debug-appletvos/makataUserInterface.swiftmodule/arm64-apple-tvos.swiftdoc /Users/admin/builder/spi-builder-workspace/.derivedData/Build/Intermediates.noindex/makata.build/Debug-appletvos/makataUserInterface-t.build/Objects-normal/arm64/makataUserInterface.swiftdoc (in target 'makataUserInterface' from project 'makata')
cd /Users/admin/builder/spi-builder-workspace
builtin-copy -exclude .DS_Store -exclude CVS -exclude .svn -exclude .git -exclude .hg -resolve-src-symlinks -rename /Users/admin/builder/spi-builder-workspace/.derivedData/Build/Intermediates.noindex/makata.build/Debug-appletvos/makataUserInterface-t.build/Objects-normal/arm64/makataUserInterface.swiftdoc /Users/admin/builder/spi-builder-workspace/.derivedData/Build/Products/Debug-appletvos/makataUserInterface.swiftmodule/arm64-apple-tvos.swiftdoc
Copy /Users/admin/builder/spi-builder-workspace/.derivedData/Build/Products/Debug-appletvos/makataUserInterface.swiftmodule/arm64-apple-tvos.abi.json /Users/admin/builder/spi-builder-workspace/.derivedData/Build/Intermediates.noindex/makata.build/Debug-appletvos/makataUserInterface-t.build/Objects-normal/arm64/makataUserInterface.abi.json (in target 'makataUserInterface' from project 'makata')
cd /Users/admin/builder/spi-builder-workspace
builtin-copy -exclude .DS_Store -exclude CVS -exclude .svn -exclude .git -exclude .hg -resolve-src-symlinks -rename /Users/admin/builder/spi-builder-workspace/.derivedData/Build/Intermediates.noindex/makata.build/Debug-appletvos/makataUserInterface-t.build/Objects-normal/arm64/makataUserInterface.abi.json /Users/admin/builder/spi-builder-workspace/.derivedData/Build/Products/Debug-appletvos/makataUserInterface.swiftmodule/arm64-apple-tvos.abi.json
Copy /Users/admin/builder/spi-builder-workspace/.derivedData/Build/Products/Debug-appletvos/makataUserInterface.swiftmodule/arm64-apple-tvos.swiftmodule /Users/admin/builder/spi-builder-workspace/.derivedData/Build/Intermediates.noindex/makata.build/Debug-appletvos/makataUserInterface-t.build/Objects-normal/arm64/makataUserInterface.swiftmodule (in target 'makataUserInterface' from project 'makata')
cd /Users/admin/builder/spi-builder-workspace
builtin-copy -exclude .DS_Store -exclude CVS -exclude .svn -exclude .git -exclude .hg -resolve-src-symlinks -rename /Users/admin/builder/spi-builder-workspace/.derivedData/Build/Intermediates.noindex/makata.build/Debug-appletvos/makataUserInterface-t.build/Objects-normal/arm64/makataUserInterface.swiftmodule /Users/admin/builder/spi-builder-workspace/.derivedData/Build/Products/Debug-appletvos/makataUserInterface.swiftmodule/arm64-apple-tvos.swiftmodule
Copy /Users/admin/builder/spi-builder-workspace/.derivedData/Build/Products/Debug-appletvos/makataUserInterface.swiftmodule/Project/arm64-apple-tvos.swiftsourceinfo /Users/admin/builder/spi-builder-workspace/.derivedData/Build/Intermediates.noindex/makata.build/Debug-appletvos/makataUserInterface-t.build/Objects-normal/arm64/makataUserInterface.swiftsourceinfo (in target 'makataUserInterface' from project 'makata')
cd /Users/admin/builder/spi-builder-workspace
builtin-copy -exclude .DS_Store -exclude CVS -exclude .svn -exclude .git -exclude .hg -resolve-src-symlinks -rename /Users/admin/builder/spi-builder-workspace/.derivedData/Build/Intermediates.noindex/makata.build/Debug-appletvos/makataUserInterface-t.build/Objects-normal/arm64/makataUserInterface.swiftsourceinfo /Users/admin/builder/spi-builder-workspace/.derivedData/Build/Products/Debug-appletvos/makataUserInterface.swiftmodule/Project/arm64-apple-tvos.swiftsourceinfo
SwiftDriverJobDiscovery normal arm64 Compiling controller.swift, protocol-attributable.swift (in target 'makataUserInterface' from project 'makata')
SwiftDriverJobDiscovery normal arm64 Compiling view+uistackview.swift, view+uitextfield.swift (in target 'makataUserInterface' from project 'makata')
PruneExplicitPrecompiledModules /Users/admin/builder/spi-builder-workspace/.derivedData/SDKExplicitPrecompiledModules
PruneExplicitPrecompiledModules /Users/admin/builder/spi-builder-workspace/.derivedData/Build/Intermediates.noindex/ExplicitPrecompiledModules
PruneExplicitPrecompiledModules /Users/admin/builder/spi-builder-workspace/.derivedData/Build/Intermediates.noindex/SwiftExplicitPrecompiledModules
2026-09-19 18:04:40.141 xcodebuild[739:4860] [MT] IDERunDestination: Supported platforms for the buildables in the current scheme is empty.
** BUILD FAILED **
The following build commands failed:
SwiftCompile normal arm64 /Users/admin/builder/spi-builder-workspace/Sources/makata-user-interface/controller-template/controller-template-collection.swift (in target 'makataUserInterface' from project 'makata')
SwiftCompile normal arm64 /Users/admin/builder/spi-builder-workspace/Sources/makata-user-interface/controller-template/controller-template-page-view.swift (in target 'makataUserInterface' from project 'makata')
SwiftCompile normal arm64 /Users/admin/builder/spi-builder-workspace/Sources/makata-user-interface/controller-template/controller-template-page.swift (in target 'makataUserInterface' from project 'makata')
SwiftCompile normal arm64 Compiling\ controller-template-collection.swift,\ controller-template-page-view.swift,\ controller-template-page.swift /Users/admin/builder/spi-builder-workspace/Sources/makata-user-interface/controller-template/controller-template-collection.swift /Users/admin/builder/spi-builder-workspace/Sources/makata-user-interface/controller-template/controller-template-page-view.swift /Users/admin/builder/spi-builder-workspace/Sources/makata-user-interface/controller-template/controller-template-page.swift (in target 'makataUserInterface' from project 'makata')
Building workspace makata with scheme makata
(5 failures)
Command line invocation:
/Applications/Xcode-27.0.0-Release.Candidate.app/Contents/Developer/usr/bin/xcodebuild -IDEClonedSourcePackagesDirPathOverride=/Users/admin/builder/spi-builder-workspace/.dependencies -resolvePackageDependencies
Resolve Package Graph
Resolved source packages:
SwiftFormat: https://github.com/nicklockwood/swiftformat @ 0.63.0
SnapKit: https://github.com/snapkit/snapkit.git @ 5.7.1
makata: /Users/admin/builder/spi-builder-workspace
resolved source packages: SwiftFormat, SnapKit, makata
2026-09-19 18:04:52.816 xcodebuild[893:5750] [MT] IDERunDestination: Supported platforms for the buildables in the current scheme is empty.
{
"dependencies" : [
{
"identity" : "snapkit",
"requirement" : {
"range" : [
{
"lower_bound" : "5.0.1",
"upper_bound" : "6.0.0"
}
]
},
"type" : "sourceControl",
"url" : "https://github.com/snapkit/snapkit.git"
},
{
"identity" : "swiftformat",
"requirement" : {
"range" : [
{
"lower_bound" : "0.50.4",
"upper_bound" : "1.0.0"
}
]
},
"type" : "sourceControl",
"url" : "https://github.com/nicklockwood/swiftformat"
}
],
"manifest_display_name" : "makata",
"name" : "makata",
"path" : "/Users/admin/builder/spi-builder-workspace",
"platforms" : [
{
"name" : "ios",
"version" : "15.0"
},
{
"name" : "maccatalyst",
"version" : "15.0"
}
],
"products" : [
{
"name" : "makata",
"targets" : [
"makataInteraction",
"makataForm",
"makataUserInterface"
],
"type" : {
"library" : [
"automatic"
]
}
}
],
"targets" : [
{
"c99name" : "makataUserInterface",
"module_type" : "SwiftTarget",
"name" : "makataUserInterface",
"path" : "Sources/makata-user-interface",
"product_dependencies" : [
"SnapKit"
],
"product_memberships" : [
"makata"
],
"sources" : [
"controller-template/controller-template-collection.swift",
"controller-template/controller-template-page-view.swift",
"controller-template/controller-template-page.swift",
"controller-template/controller-template.swift",
"controller/controller-templated.swift",
"controller/controller.swift",
"protocol/protocol-attributable.swift",
"protocol/protocol-button-loadable.swift",
"protocol/protocol-cell-registerable.swift",
"protocol/protocol-failure-callable.swift",
"protocol/protocol-reusable-registerable.swift",
"protocol/protocol-view-header.swift",
"user-interface.swift",
"view/view+constraints.swift",
"view/view+uicollectionreusableview.swift",
"view/view+uicollectionviewcell.swift",
"view/view+uicontrol.swift",
"view/view+uistackview.swift",
"view/view+uitextfield.swift",
"view/view-builder.swift",
"view/view.swift"
],
"target_dependencies" : [
"makataForm",
"makataInteraction"
],
"type" : "library"
},
{
"c99name" : "makataInteraction",
"module_type" : "SwiftTarget",
"name" : "makataInteraction",
"path" : "Sources/makata-interaction",
"product_memberships" : [
"makata"
],
"sources" : [
"interaction.swift",
"protocol/observable.swift",
"protocol/protocol-assignable.swift",
"protocol/protocol-hookable+routeable.swift",
"protocol/protocol-hookable.swift",
"protocol/protocol-lifetimeable.swift",
"protocol/protocol-loadable.swift",
"protocol/protocol-routeable.swift",
"protocol/protocol-stateable+swiftui.swift",
"protocol/protocol-stateable.swift",
"protocol/protocol-withable.swift"
],
"type" : "library"
},
{
"c99name" : "makataForm",
"module_type" : "SwiftTarget",
"name" : "makataForm",
"path" : "Sources/makata-form",
"product_memberships" : [
"makata"
],
"sources" : [
"error+formatting.swift",
"field/field-error.swift",
"field/field-partial-value.swift",
"field/field-validator.swift",
"form-binding+swiftui.swift",
"form-binding.swift",
"form-handler.swift",
"form-observer.swift",
"form-validation.swift",
"protocol/protocol-field-formattable.swift",
"protocol/protocol-field-transformable.swift",
"protocol/protocol-formable.swift"
],
"type" : "library"
}
],
"tools_version" : "5.7"
}
{
"workspace" : {
"name" : "makata",
"schemes" : [
"makata"
]
}
}
2026-09-19 18:04:54.749 xcodebuild[905:5847] [MT] IDERunDestination: Supported platforms for the buildables in the current scheme is empty.
Running build ...
env DEVELOPER_DIR=/Applications/Xcode-27.0.0-Release.Candidate.app xcrun xcodebuild -IDEClonedSourcePackagesDirPathOverride=$PWD/.dependencies -skipMacroValidation -skipPackagePluginValidation -derivedDataPath $PWD/.derivedData build -scheme makata -destination generic/platform=tvOS
Command line invocation:
/Applications/Xcode-27.0.0-Release.Candidate.app/Contents/Developer/usr/bin/xcodebuild -IDEClonedSourcePackagesDirPathOverride=/Users/admin/builder/spi-builder-workspace/.dependencies -skipMacroValidation -skipPackagePluginValidation -derivedDataPath /Users/admin/builder/spi-builder-workspace/.derivedData build -scheme makata -destination generic/platform=tvOS
Resolve Package Graph
Resolved source packages:
makata: /Users/admin/builder/spi-builder-workspace
SnapKit: https://github.com/snapkit/snapkit.git @ 5.7.1
SwiftFormat: https://github.com/nicklockwood/swiftformat @ 0.63.0
ComputePackagePrebuildTargetDependencyGraph
Prepare packages
CreateBuildRequest
SendProjectDescription
CreateBuildOperation
ComputeTargetDependencyGraph
note: Building targets in dependency order
note: Target dependency graph (7 targets)
Target 'makata-product' in project 'makata'
➜ Explicit dependency on target 'makataInteraction' in project 'makata'
➜ Explicit dependency on target 'makataForm' in project 'makata'
➜ Explicit dependency on target 'makataUserInterface' in project 'makata'
➜ Explicit dependency on target 'SnapKit-product' in project 'SnapKit'
Target 'makataUserInterface' in project 'makata'
➜ Explicit dependency on target 'makataForm' in project 'makata'
➜ Explicit dependency on target 'makataInteraction' in project 'makata'
➜ Explicit dependency on target 'SnapKit-product' in project 'SnapKit'
Target 'SnapKit-product' in project 'SnapKit'
➜ Explicit dependency on target 'SnapKit' in project 'SnapKit'
➜ Explicit dependency on target 'SnapKit_SnapKit' in project 'SnapKit'
Target 'SnapKit' in project 'SnapKit'
➜ Explicit dependency on target 'SnapKit_SnapKit' in project 'SnapKit'
Target 'SnapKit_SnapKit' in project 'SnapKit' (no dependencies)
Target 'makataForm' in project 'makata' (no dependencies)
Target 'makataInteraction' in project 'makata' (no dependencies)
GatherProvisioningInputs
CreateBuildDescription
ClangStatCache /Applications/Xcode-27.0.0-Release.Candidate.app/Contents/Developer/Toolchains/XcodeDefault.xctoolchain/usr/bin/clang-stat-cache /Applications/Xcode-27.0.0-Release.Candidate.app/Contents/Developer/Platforms/AppleTVOS.platform/Developer/SDKs/AppleTVOS27.0.sdk /Users/admin/builder/spi-builder-workspace/.derivedData/SDKStatCaches.noindex/appletvos27.0-24J360-e829b21a6f8c9b70876ba0858053c044b32bfd8d43560033f8d89884cdb90028.sdkstatcache
cd /Users/admin/builder/spi-builder-workspace/.swiftpm/xcode
/Applications/Xcode-27.0.0-Release.Candidate.app/Contents/Developer/Toolchains/XcodeDefault.xctoolchain/usr/bin/clang-stat-cache /Applications/Xcode-27.0.0-Release.Candidate.app/Contents/Developer/Platforms/AppleTVOS.platform/Developer/SDKs/AppleTVOS27.0.sdk -o /Users/admin/builder/spi-builder-workspace/.derivedData/SDKStatCaches.noindex/appletvos27.0-24J360-e829b21a6f8c9b70876ba0858053c044b32bfd8d43560033f8d89884cdb90028.sdkstatcache
SwiftDriver makataUserInterface normal arm64 com.apple.xcode.tools.swift.compiler (in target 'makataUserInterface' from project 'makata')
cd /Users/admin/builder/spi-builder-workspace/.swiftpm/xcode
builtin-SwiftDriver -- /Applications/Xcode-27.0.0-Release.Candidate.app/Contents/Developer/Toolchains/XcodeDefault.xctoolchain/usr/bin/swiftc -parse-as-library -module-name makataUserInterface -Onone @/Users/admin/builder/spi-builder-workspace/.derivedData/Build/Intermediates.noindex/makata.build/Debug-appletvos/makataUserInterface-t.build/Objects-normal/arm64/makataUserInterface.SwiftFileList -DSWIFT_PACKAGE -DDEBUG -DSWIFT_MODULE_RESOURCE_BUNDLE_UNAVAILABLE -DXcode -plugin-path /Applications/Xcode-27.0.0-Release.Candidate.app/Contents/Developer/Toolchains/XcodeDefault.xctoolchain/usr/lib/swift/host/plugins/testing -enable-experimental-feature DebugDescriptionMacro -sdk /Applications/Xcode-27.0.0-Release.Candidate.app/Contents/Developer/Platforms/AppleTVOS.platform/Developer/SDKs/AppleTVOS27.0.sdk -target arm64-apple-tvos15.0 -g -module-cache-path /Users/admin/builder/spi-builder-workspace/.derivedData/ModuleCache.noindex -Xfrontend -serialize-debugging-options -enable-testing -index-store-path /Users/admin/builder/spi-builder-workspace/.derivedData/Index.noindex/DataStore -Xcc -D_LIBCPP_HARDENING_MODE\=_LIBCPP_HARDENING_MODE_DEBUG -swift-version 5 -I /Users/admin/builder/spi-builder-workspace/.derivedData/Build/Products/Debug-appletvos -Isystem /Applications/Xcode-27.0.0-Release.Candidate.app/Contents/Developer/Platforms/AppleTVOS.platform/Developer/usr/lib -F /Users/admin/builder/spi-builder-workspace/.derivedData/Build/Products/Debug-appletvos/PackageFrameworks -F /Users/admin/builder/spi-builder-workspace/.derivedData/Build/Products/Debug-appletvos -F /Applications/Xcode-27.0.0-Release.Candidate.app/Contents/Developer/Platforms/AppleTVOS.platform/Developer/Library/Frameworks -F /Applications/Xcode-27.0.0-Release.Candidate.app/Contents/Developer/Platforms/AppleTVOS.platform/Developer/SDKs/AppleTVOS27.0.sdk/Developer/Library/Frameworks -c -j10 -enable-batch-mode -incremental -Xcc -ivfsstatcache -Xcc /Users/admin/builder/spi-builder-workspace/.derivedData/SDKStatCaches.noindex/appletvos27.0-24J360-e829b21a6f8c9b70876ba0858053c044b32bfd8d43560033f8d89884cdb90028.sdkstatcache -output-file-map /Users/admin/builder/spi-builder-workspace/.derivedData/Build/Intermediates.noindex/makata.build/Debug-appletvos/makataUserInterface-t.build/Objects-normal/arm64/makataUserInterface-OutputFileMap.json -save-temps -no-color-diagnostics -explicit-module-build -module-cache-path /Users/admin/builder/spi-builder-workspace/.derivedData/Build/Intermediates.noindex/SwiftExplicitPrecompiledModules -clang-scanner-module-cache-path /Users/admin/builder/spi-builder-workspace/.derivedData/ModuleCache.noindex -sdk-module-cache-path /Users/admin/builder/spi-builder-workspace/.derivedData/SDKExplicitPrecompiledModules -emit-dependencies -emit-module -emit-module-path /Users/admin/builder/spi-builder-workspace/.derivedData/Build/Intermediates.noindex/makata.build/Debug-appletvos/makataUserInterface-t.build/Objects-normal/arm64/makataUserInterface.swiftmodule -serialize-diagnostics -dependency-scan-serialize-diagnostics-path /Users/admin/builder/spi-builder-workspace/.derivedData/Build/Intermediates.noindex/makata.build/Debug-appletvos/makataUserInterface-t.build/Objects-normal/arm64/makataUserInterface-dependency-scan.dia -validate-clang-modules-once -clang-build-session-file /Users/admin/builder/spi-builder-workspace/.derivedData/ModuleCache.noindex/Session.modulevalidation -Xcc -fmodules-prune-interval\=86400 -Xcc -fmodules-prune-after\=345600 -emit-const-values -const-gather-protocols-list /Users/admin/builder/spi-builder-workspace/.derivedData/Build/Intermediates.noindex/makata.build/Debug-appletvos/makataUserInterface-t.build/Objects-normal/arm64/makataUserInterface_const_extract_protocols.json -Xcc -I/Users/admin/builder/spi-builder-workspace/.derivedData/Build/Products/Debug-appletvos/include -Xcc -I/Users/admin/builder/spi-builder-workspace/.derivedData/Build/Intermediates.noindex/makata.build/Debug-appletvos/makataUserInterface-t.build/DerivedSources-normal/arm64 -Xcc -I/Users/admin/builder/spi-builder-workspace/.derivedData/Build/Intermediates.noindex/makata.build/Debug-appletvos/makataUserInterface-t.build/DerivedSources/arm64 -Xcc -I/Users/admin/builder/spi-builder-workspace/.derivedData/Build/Intermediates.noindex/makata.build/Debug-appletvos/makataUserInterface-t.build/DerivedSources -Xcc -DSWIFT_PACKAGE -Xcc -DDEBUG\=1 -emit-objc-header -emit-objc-header-path /Users/admin/builder/spi-builder-workspace/.derivedData/Build/Intermediates.noindex/makata.build/Debug-appletvos/makataUserInterface-t.build/Objects-normal/arm64/makataUserInterface-Swift.h -working-directory /Users/admin/builder/spi-builder-workspace/.swiftpm/xcode -experimental-emit-module-separately -disable-cmo
SwiftEmitModule normal arm64 Emitting\ module\ for\ makataUserInterface (in target 'makataUserInterface' from project 'makata')
SwiftCompile normal arm64 (in target 'makataUserInterface' from project 'makata')
cd /Users/admin/builder/spi-builder-workspace/.swiftpm/xcode
SwiftCompile normal arm64 Compiling\ controller-template-page.swift /Users/admin/builder/spi-builder-workspace/Sources/makata-user-interface/controller-template/controller-template-page.swift (in target 'makataUserInterface' from project 'makata')
/Users/admin/builder/spi-builder-workspace/Sources/makata-user-interface/controller-template/controller-template-page.swift:141:47: error: 'keyboardWillShowNotification' is unavailable in tvOS
139 | func setupKeyboardEvents() {
140 | NotificationCenter.default
141 | .publisher(for: UIApplication.keyboardWillShowNotification)
| `- error: 'keyboardWillShowNotification' is unavailable in tvOS
142 | .sink { [unowned self] notif in
143 | guard let duration = notif
/Applications/Xcode-27.0.0-Release.Candidate.app/Contents/Developer/Platforms/AppleTVOS.platform/Developer/SDKs/AppleTVOS27.0.sdk/System/Library/Frameworks/UIKit.framework/Headers/UIWindow.h:132:39: note: 'keyboardWillShowNotification' has been explicitly marked unavailable here
130 | // Use the various UICoordinateSpace convertRect facilities to get the frame in the desired coordinate system.
131 | // Animation key/value pairs are only available for the "will" family of notification.
132 | UIKIT_EXTERN NSNotificationName const UIKeyboardWillShowNotification API_UNAVAILABLE(tvos, watchos) NS_SWIFT_NONISOLATED;
| `- note: 'keyboardWillShowNotification' has been explicitly marked unavailable here
133 | UIKIT_EXTERN NSNotificationName const UIKeyboardDidShowNotification API_UNAVAILABLE(tvos, watchos) NS_SWIFT_NONISOLATED;
134 | UIKIT_EXTERN NSNotificationName const UIKeyboardWillHideNotification API_UNAVAILABLE(tvos, watchos) NS_SWIFT_NONISOLATED;
/Users/admin/builder/spi-builder-workspace/Sources/makata-user-interface/controller-template/controller-template-page.swift:144:50: error: 'keyboardAnimationDurationUserInfoKey' is unavailable in tvOS
142 | .sink { [unowned self] notif in
143 | guard let duration = notif
144 | .userInfo?[UIApplication.keyboardAnimationDurationUserInfoKey] as? NSNumber else {
| `- error: 'keyboardAnimationDurationUserInfoKey' is unavailable in tvOS
145 | return
146 | }
/Applications/Xcode-27.0.0-Release.Candidate.app/Contents/Developer/Platforms/AppleTVOS.platform/Developer/SDKs/AppleTVOS27.0.sdk/System/Library/Frameworks/UIKit.framework/Headers/UIWindow.h:139:30: note: 'keyboardAnimationDurationUserInfoKey' has been explicitly marked unavailable here
137 | UIKIT_EXTERN NSString *const UIKeyboardFrameBeginUserInfoKey API_AVAILABLE(ios(3.2)) API_UNAVAILABLE(tvos, watchos) NS_SWIFT_NONISOLATED; // NSValue of CGRect
138 | UIKIT_EXTERN NSString *const UIKeyboardFrameEndUserInfoKey API_AVAILABLE(ios(3.2)) API_UNAVAILABLE(tvos, watchos) NS_SWIFT_NONISOLATED; // NSValue of CGRect
139 | UIKIT_EXTERN NSString *const UIKeyboardAnimationDurationUserInfoKey API_AVAILABLE(ios(3.0)) API_UNAVAILABLE(tvos, watchos) NS_SWIFT_NONISOLATED; // NSNumber of double
| `- note: 'keyboardAnimationDurationUserInfoKey' has been explicitly marked unavailable here
140 | UIKIT_EXTERN NSString *const UIKeyboardAnimationCurveUserInfoKey API_AVAILABLE(ios(3.0)) API_UNAVAILABLE(tvos, watchos) NS_SWIFT_NONISOLATED; // NSNumber of NSUInteger (UIViewAnimationCurve)
141 | UIKIT_EXTERN NSString *const UIKeyboardIsLocalUserInfoKey API_AVAILABLE(ios(9.0)) API_UNAVAILABLE(tvos, watchos) NS_SWIFT_NONISOLATED; // NSNumber of BOOL
/Users/admin/builder/spi-builder-workspace/Sources/makata-user-interface/controller-template/controller-template-page.swift:149:50: error: 'keyboardAnimationCurveUserInfoKey' is unavailable in tvOS
147 |
148 | guard let curve = notif
149 | .userInfo?[UIApplication.keyboardAnimationCurveUserInfoKey] as? NSNumber else {
| `- error: 'keyboardAnimationCurveUserInfoKey' is unavailable in tvOS
150 | return
151 | }
/Applications/Xcode-27.0.0-Release.Candidate.app/Contents/Developer/Platforms/AppleTVOS.platform/Developer/SDKs/AppleTVOS27.0.sdk/System/Library/Frameworks/UIKit.framework/Headers/UIWindow.h:140:30: note: 'keyboardAnimationCurveUserInfoKey' has been explicitly marked unavailable here
138 | UIKIT_EXTERN NSString *const UIKeyboardFrameEndUserInfoKey API_AVAILABLE(ios(3.2)) API_UNAVAILABLE(tvos, watchos) NS_SWIFT_NONISOLATED; // NSValue of CGRect
139 | UIKIT_EXTERN NSString *const UIKeyboardAnimationDurationUserInfoKey API_AVAILABLE(ios(3.0)) API_UNAVAILABLE(tvos, watchos) NS_SWIFT_NONISOLATED; // NSNumber of double
140 | UIKIT_EXTERN NSString *const UIKeyboardAnimationCurveUserInfoKey API_AVAILABLE(ios(3.0)) API_UNAVAILABLE(tvos, watchos) NS_SWIFT_NONISOLATED; // NSNumber of NSUInteger (UIViewAnimationCurve)
| `- note: 'keyboardAnimationCurveUserInfoKey' has been explicitly marked unavailable here
141 | UIKIT_EXTERN NSString *const UIKeyboardIsLocalUserInfoKey API_AVAILABLE(ios(9.0)) API_UNAVAILABLE(tvos, watchos) NS_SWIFT_NONISOLATED; // NSNumber of BOOL
142 |
/Users/admin/builder/spi-builder-workspace/Sources/makata-user-interface/controller-template/controller-template-page.swift:154:50: error: 'keyboardFrameEndUserInfoKey' is unavailable in tvOS
152 |
153 | guard let frame = notif
154 | .userInfo?[UIApplication.keyboardFrameEndUserInfoKey] as? NSValue else {
| `- error: 'keyboardFrameEndUserInfoKey' is unavailable in tvOS
155 | return
156 | }
/Applications/Xcode-27.0.0-Release.Candidate.app/Contents/Developer/Platforms/AppleTVOS.platform/Developer/SDKs/AppleTVOS27.0.sdk/System/Library/Frameworks/UIKit.framework/Headers/UIWindow.h:138:30: note: 'keyboardFrameEndUserInfoKey' has been explicitly marked unavailable here
136 |
137 | UIKIT_EXTERN NSString *const UIKeyboardFrameBeginUserInfoKey API_AVAILABLE(ios(3.2)) API_UNAVAILABLE(tvos, watchos) NS_SWIFT_NONISOLATED; // NSValue of CGRect
138 | UIKIT_EXTERN NSString *const UIKeyboardFrameEndUserInfoKey API_AVAILABLE(ios(3.2)) API_UNAVAILABLE(tvos, watchos) NS_SWIFT_NONISOLATED; // NSValue of CGRect
| `- note: 'keyboardFrameEndUserInfoKey' has been explicitly marked unavailable here
139 | UIKIT_EXTERN NSString *const UIKeyboardAnimationDurationUserInfoKey API_AVAILABLE(ios(3.0)) API_UNAVAILABLE(tvos, watchos) NS_SWIFT_NONISOLATED; // NSNumber of double
140 | UIKIT_EXTERN NSString *const UIKeyboardAnimationCurveUserInfoKey API_AVAILABLE(ios(3.0)) API_UNAVAILABLE(tvos, watchos) NS_SWIFT_NONISOLATED; // NSNumber of NSUInteger (UIViewAnimationCurve)
/Users/admin/builder/spi-builder-workspace/Sources/makata-user-interface/controller-template/controller-template-page.swift:181:47: error: 'keyboardWillHideNotification' is unavailable in tvOS
179 |
180 | NotificationCenter.default
181 | .publisher(for: UIApplication.keyboardWillHideNotification)
| `- error: 'keyboardWillHideNotification' is unavailable in tvOS
182 | .sink { [unowned self] notif in
183 | guard let duration = notif
/Applications/Xcode-27.0.0-Release.Candidate.app/Contents/Developer/Platforms/AppleTVOS.platform/Developer/SDKs/AppleTVOS27.0.sdk/System/Library/Frameworks/UIKit.framework/Headers/UIWindow.h:134:39: note: 'keyboardWillHideNotification' has been explicitly marked unavailable here
132 | UIKIT_EXTERN NSNotificationName const UIKeyboardWillShowNotification API_UNAVAILABLE(tvos, watchos) NS_SWIFT_NONISOLATED;
133 | UIKIT_EXTERN NSNotificationName const UIKeyboardDidShowNotification API_UNAVAILABLE(tvos, watchos) NS_SWIFT_NONISOLATED;
134 | UIKIT_EXTERN NSNotificationName const UIKeyboardWillHideNotification API_UNAVAILABLE(tvos, watchos) NS_SWIFT_NONISOLATED;
| `- note: 'keyboardWillHideNotification' has been explicitly marked unavailable here
135 | UIKIT_EXTERN NSNotificationName const UIKeyboardDidHideNotification API_UNAVAILABLE(tvos, watchos) NS_SWIFT_NONISOLATED;
136 |
/Users/admin/builder/spi-builder-workspace/Sources/makata-user-interface/controller-template/controller-template-page.swift:184:50: error: 'keyboardAnimationDurationUserInfoKey' is unavailable in tvOS
182 | .sink { [unowned self] notif in
183 | guard let duration = notif
184 | .userInfo?[UIApplication.keyboardAnimationDurationUserInfoKey] as? NSNumber else {
| `- error: 'keyboardAnimationDurationUserInfoKey' is unavailable in tvOS
185 | return
186 | }
/Applications/Xcode-27.0.0-Release.Candidate.app/Contents/Developer/Platforms/AppleTVOS.platform/Developer/SDKs/AppleTVOS27.0.sdk/System/Library/Frameworks/UIKit.framework/Headers/UIWindow.h:139:30: note: 'keyboardAnimationDurationUserInfoKey' has been explicitly marked unavailable here
137 | UIKIT_EXTERN NSString *const UIKeyboardFrameBeginUserInfoKey API_AVAILABLE(ios(3.2)) API_UNAVAILABLE(tvos, watchos) NS_SWIFT_NONISOLATED; // NSValue of CGRect
138 | UIKIT_EXTERN NSString *const UIKeyboardFrameEndUserInfoKey API_AVAILABLE(ios(3.2)) API_UNAVAILABLE(tvos, watchos) NS_SWIFT_NONISOLATED; // NSValue of CGRect
139 | UIKIT_EXTERN NSString *const UIKeyboardAnimationDurationUserInfoKey API_AVAILABLE(ios(3.0)) API_UNAVAILABLE(tvos, watchos) NS_SWIFT_NONISOLATED; // NSNumber of double
| `- note: 'keyboardAnimationDurationUserInfoKey' has been explicitly marked unavailable here
140 | UIKIT_EXTERN NSString *const UIKeyboardAnimationCurveUserInfoKey API_AVAILABLE(ios(3.0)) API_UNAVAILABLE(tvos, watchos) NS_SWIFT_NONISOLATED; // NSNumber of NSUInteger (UIViewAnimationCurve)
141 | UIKIT_EXTERN NSString *const UIKeyboardIsLocalUserInfoKey API_AVAILABLE(ios(9.0)) API_UNAVAILABLE(tvos, watchos) NS_SWIFT_NONISOLATED; // NSNumber of BOOL
SwiftCompile normal arm64 /Users/admin/builder/spi-builder-workspace/Sources/makata-user-interface/controller-template/controller-template-page.swift (in target 'makataUserInterface' from project 'makata')
cd /Users/admin/builder/spi-builder-workspace/.swiftpm/xcode
builtin-SwiftPerFileCompile controller-template-page.swift
SwiftCompile normal arm64 Compiling\ controller-template-page-view.swift /Users/admin/builder/spi-builder-workspace/Sources/makata-user-interface/controller-template/controller-template-page-view.swift (in target 'makataUserInterface' from project 'makata')
/Users/admin/builder/spi-builder-workspace/Sources/makata-user-interface/controller-template/controller-template-page-view.swift:112:47: error: 'keyboardWillShowNotification' is unavailable in tvOS
110 | func setupKeyboardEvents() {
111 | NotificationCenter.default
112 | .publisher(for: UIApplication.keyboardWillShowNotification)
| `- error: 'keyboardWillShowNotification' is unavailable in tvOS
113 | .sink { [unowned self] notif in
114 | guard let duration = notif
/Applications/Xcode-27.0.0-Release.Candidate.app/Contents/Developer/Platforms/AppleTVOS.platform/Developer/SDKs/AppleTVOS27.0.sdk/System/Library/Frameworks/UIKit.framework/Headers/UIWindow.h:132:39: note: 'keyboardWillShowNotification' has been explicitly marked unavailable here
130 | // Use the various UICoordinateSpace convertRect facilities to get the frame in the desired coordinate system.
131 | // Animation key/value pairs are only available for the "will" family of notification.
132 | UIKIT_EXTERN NSNotificationName const UIKeyboardWillShowNotification API_UNAVAILABLE(tvos, watchos) NS_SWIFT_NONISOLATED;
| `- note: 'keyboardWillShowNotification' has been explicitly marked unavailable here
133 | UIKIT_EXTERN NSNotificationName const UIKeyboardDidShowNotification API_UNAVAILABLE(tvos, watchos) NS_SWIFT_NONISOLATED;
134 | UIKIT_EXTERN NSNotificationName const UIKeyboardWillHideNotification API_UNAVAILABLE(tvos, watchos) NS_SWIFT_NONISOLATED;
/Users/admin/builder/spi-builder-workspace/Sources/makata-user-interface/controller-template/controller-template-page-view.swift:115:50: error: 'keyboardAnimationDurationUserInfoKey' is unavailable in tvOS
113 | .sink { [unowned self] notif in
114 | guard let duration = notif
115 | .userInfo?[UIApplication.keyboardAnimationDurationUserInfoKey] as? NSNumber else {
| `- error: 'keyboardAnimationDurationUserInfoKey' is unavailable in tvOS
116 | return
117 | }
/Applications/Xcode-27.0.0-Release.Candidate.app/Contents/Developer/Platforms/AppleTVOS.platform/Developer/SDKs/AppleTVOS27.0.sdk/System/Library/Frameworks/UIKit.framework/Headers/UIWindow.h:139:30: note: 'keyboardAnimationDurationUserInfoKey' has been explicitly marked unavailable here
137 | UIKIT_EXTERN NSString *const UIKeyboardFrameBeginUserInfoKey API_AVAILABLE(ios(3.2)) API_UNAVAILABLE(tvos, watchos) NS_SWIFT_NONISOLATED; // NSValue of CGRect
138 | UIKIT_EXTERN NSString *const UIKeyboardFrameEndUserInfoKey API_AVAILABLE(ios(3.2)) API_UNAVAILABLE(tvos, watchos) NS_SWIFT_NONISOLATED; // NSValue of CGRect
139 | UIKIT_EXTERN NSString *const UIKeyboardAnimationDurationUserInfoKey API_AVAILABLE(ios(3.0)) API_UNAVAILABLE(tvos, watchos) NS_SWIFT_NONISOLATED; // NSNumber of double
| `- note: 'keyboardAnimationDurationUserInfoKey' has been explicitly marked unavailable here
140 | UIKIT_EXTERN NSString *const UIKeyboardAnimationCurveUserInfoKey API_AVAILABLE(ios(3.0)) API_UNAVAILABLE(tvos, watchos) NS_SWIFT_NONISOLATED; // NSNumber of NSUInteger (UIViewAnimationCurve)
141 | UIKIT_EXTERN NSString *const UIKeyboardIsLocalUserInfoKey API_AVAILABLE(ios(9.0)) API_UNAVAILABLE(tvos, watchos) NS_SWIFT_NONISOLATED; // NSNumber of BOOL
/Users/admin/builder/spi-builder-workspace/Sources/makata-user-interface/controller-template/controller-template-page-view.swift:120:50: error: 'keyboardAnimationCurveUserInfoKey' is unavailable in tvOS
118 |
119 | guard let curve = notif
120 | .userInfo?[UIApplication.keyboardAnimationCurveUserInfoKey] as? NSNumber else {
| `- error: 'keyboardAnimationCurveUserInfoKey' is unavailable in tvOS
121 | return
122 | }
/Applications/Xcode-27.0.0-Release.Candidate.app/Contents/Developer/Platforms/AppleTVOS.platform/Developer/SDKs/AppleTVOS27.0.sdk/System/Library/Frameworks/UIKit.framework/Headers/UIWindow.h:140:30: note: 'keyboardAnimationCurveUserInfoKey' has been explicitly marked unavailable here
138 | UIKIT_EXTERN NSString *const UIKeyboardFrameEndUserInfoKey API_AVAILABLE(ios(3.2)) API_UNAVAILABLE(tvos, watchos) NS_SWIFT_NONISOLATED; // NSValue of CGRect
139 | UIKIT_EXTERN NSString *const UIKeyboardAnimationDurationUserInfoKey API_AVAILABLE(ios(3.0)) API_UNAVAILABLE(tvos, watchos) NS_SWIFT_NONISOLATED; // NSNumber of double
140 | UIKIT_EXTERN NSString *const UIKeyboardAnimationCurveUserInfoKey API_AVAILABLE(ios(3.0)) API_UNAVAILABLE(tvos, watchos) NS_SWIFT_NONISOLATED; // NSNumber of NSUInteger (UIViewAnimationCurve)
| `- note: 'keyboardAnimationCurveUserInfoKey' has been explicitly marked unavailable here
141 | UIKIT_EXTERN NSString *const UIKeyboardIsLocalUserInfoKey API_AVAILABLE(ios(9.0)) API_UNAVAILABLE(tvos, watchos) NS_SWIFT_NONISOLATED; // NSNumber of BOOL
142 |
/Users/admin/builder/spi-builder-workspace/Sources/makata-user-interface/controller-template/controller-template-page-view.swift:125:50: error: 'keyboardFrameEndUserInfoKey' is unavailable in tvOS
123 |
124 | guard let frame = notif
125 | .userInfo?[UIApplication.keyboardFrameEndUserInfoKey] as? NSValue else {
| `- error: 'keyboardFrameEndUserInfoKey' is unavailable in tvOS
126 | return
127 | }
/Applications/Xcode-27.0.0-Release.Candidate.app/Contents/Developer/Platforms/AppleTVOS.platform/Developer/SDKs/AppleTVOS27.0.sdk/System/Library/Frameworks/UIKit.framework/Headers/UIWindow.h:138:30: note: 'keyboardFrameEndUserInfoKey' has been explicitly marked unavailable here
136 |
137 | UIKIT_EXTERN NSString *const UIKeyboardFrameBeginUserInfoKey API_AVAILABLE(ios(3.2)) API_UNAVAILABLE(tvos, watchos) NS_SWIFT_NONISOLATED; // NSValue of CGRect
138 | UIKIT_EXTERN NSString *const UIKeyboardFrameEndUserInfoKey API_AVAILABLE(ios(3.2)) API_UNAVAILABLE(tvos, watchos) NS_SWIFT_NONISOLATED; // NSValue of CGRect
| `- note: 'keyboardFrameEndUserInfoKey' has been explicitly marked unavailable here
139 | UIKIT_EXTERN NSString *const UIKeyboardAnimationDurationUserInfoKey API_AVAILABLE(ios(3.0)) API_UNAVAILABLE(tvos, watchos) NS_SWIFT_NONISOLATED; // NSNumber of double
140 | UIKIT_EXTERN NSString *const UIKeyboardAnimationCurveUserInfoKey API_AVAILABLE(ios(3.0)) API_UNAVAILABLE(tvos, watchos) NS_SWIFT_NONISOLATED; // NSNumber of NSUInteger (UIViewAnimationCurve)
/Users/admin/builder/spi-builder-workspace/Sources/makata-user-interface/controller-template/controller-template-page-view.swift:152:47: error: 'keyboardWillHideNotification' is unavailable in tvOS
150 |
151 | NotificationCenter.default
152 | .publisher(for: UIApplication.keyboardWillHideNotification)
| `- error: 'keyboardWillHideNotification' is unavailable in tvOS
153 | .sink { [unowned self] notif in
154 | guard let duration = notif
/Applications/Xcode-27.0.0-Release.Candidate.app/Contents/Developer/Platforms/AppleTVOS.platform/Developer/SDKs/AppleTVOS27.0.sdk/System/Library/Frameworks/UIKit.framework/Headers/UIWindow.h:134:39: note: 'keyboardWillHideNotification' has been explicitly marked unavailable here
132 | UIKIT_EXTERN NSNotificationName const UIKeyboardWillShowNotification API_UNAVAILABLE(tvos, watchos) NS_SWIFT_NONISOLATED;
133 | UIKIT_EXTERN NSNotificationName const UIKeyboardDidShowNotification API_UNAVAILABLE(tvos, watchos) NS_SWIFT_NONISOLATED;
134 | UIKIT_EXTERN NSNotificationName const UIKeyboardWillHideNotification API_UNAVAILABLE(tvos, watchos) NS_SWIFT_NONISOLATED;
| `- note: 'keyboardWillHideNotification' has been explicitly marked unavailable here
135 | UIKIT_EXTERN NSNotificationName const UIKeyboardDidHideNotification API_UNAVAILABLE(tvos, watchos) NS_SWIFT_NONISOLATED;
136 |
/Users/admin/builder/spi-builder-workspace/Sources/makata-user-interface/controller-template/controller-template-page-view.swift:155:50: error: 'keyboardAnimationDurationUserInfoKey' is unavailable in tvOS
153 | .sink { [unowned self] notif in
154 | guard let duration = notif
155 | .userInfo?[UIApplication.keyboardAnimationDurationUserInfoKey] as? NSNumber else {
| `- error: 'keyboardAnimationDurationUserInfoKey' is unavailable in tvOS
156 | return
157 | }
/Applications/Xcode-27.0.0-Release.Candidate.app/Contents/Developer/Platforms/AppleTVOS.platform/Developer/SDKs/AppleTVOS27.0.sdk/System/Library/Frameworks/UIKit.framework/Headers/UIWindow.h:139:30: note: 'keyboardAnimationDurationUserInfoKey' has been explicitly marked unavailable here
137 | UIKIT_EXTERN NSString *const UIKeyboardFrameBeginUserInfoKey API_AVAILABLE(ios(3.2)) API_UNAVAILABLE(tvos, watchos) NS_SWIFT_NONISOLATED; // NSValue of CGRect
138 | UIKIT_EXTERN NSString *const UIKeyboardFrameEndUserInfoKey API_AVAILABLE(ios(3.2)) API_UNAVAILABLE(tvos, watchos) NS_SWIFT_NONISOLATED; // NSValue of CGRect
139 | UIKIT_EXTERN NSString *const UIKeyboardAnimationDurationUserInfoKey API_AVAILABLE(ios(3.0)) API_UNAVAILABLE(tvos, watchos) NS_SWIFT_NONISOLATED; // NSNumber of double
| `- note: 'keyboardAnimationDurationUserInfoKey' has been explicitly marked unavailable here
140 | UIKIT_EXTERN NSString *const UIKeyboardAnimationCurveUserInfoKey API_AVAILABLE(ios(3.0)) API_UNAVAILABLE(tvos, watchos) NS_SWIFT_NONISOLATED; // NSNumber of NSUInteger (UIViewAnimationCurve)
141 | UIKIT_EXTERN NSString *const UIKeyboardIsLocalUserInfoKey API_AVAILABLE(ios(9.0)) API_UNAVAILABLE(tvos, watchos) NS_SWIFT_NONISOLATED; // NSNumber of BOOL
/Users/admin/builder/spi-builder-workspace/Sources/makata-user-interface/controller-template/controller-template-page-view.swift:160:50: error: 'keyboardAnimationCurveUserInfoKey' is unavailable in tvOS
158 |
159 | guard let curve = notif
160 | .userInfo?[UIApplication.keyboardAnimationCurveUserInfoKey] as? NSNumber else {
| `- error: 'keyboardAnimationCurveUserInfoKey' is unavailable in tvOS
161 | return
162 | }
/Applications/Xcode-27.0.0-Release.Candidate.app/Contents/Developer/Platforms/AppleTVOS.platform/Developer/SDKs/AppleTVOS27.0.sdk/System/Library/Frameworks/UIKit.framework/Headers/UIWindow.h:140:30: note: 'keyboardAnimationCurveUserInfoKey' has been explicitly marked unavailable here
138 | UIKIT_EXTERN NSString *const UIKeyboardFrameEndUserInfoKey API_AVAILABLE(ios(3.2)) API_UNAVAILABLE(tvos, watchos) NS_SWIFT_NONISOLATED; // NSValue of CGRect
139 | UIKIT_EXTERN NSString *const UIKeyboardAnimationDurationUserInfoKey API_AVAILABLE(ios(3.0)) API_UNAVAILABLE(tvos, watchos) NS_SWIFT_NONISOLATED; // NSNumber of double
140 | UIKIT_EXTERN NSString *const UIKeyboardAnimationCurveUserInfoKey API_AVAILABLE(ios(3.0)) API_UNAVAILABLE(tvos, watchos) NS_SWIFT_NONISOLATED; // NSNumber of NSUInteger (UIViewAnimationCurve)
| `- note: 'keyboardAnimationCurveUserInfoKey' has been explicitly marked unavailable here
141 | UIKIT_EXTERN NSString *const UIKeyboardIsLocalUserInfoKey API_AVAILABLE(ios(9.0)) API_UNAVAILABLE(tvos, watchos) NS_SWIFT_NONISOLATED; // NSNumber of BOOL
142 |
Failed frontend command:
/Applications/Xcode-27.0.0-Release.Candidate.app/Contents/Developer/Toolchains/XcodeDefault.xctoolchain/usr/bin/swift-frontend -frontend -c /Users/admin/builder/spi-builder-workspace/Sources/makata-user-interface/controller-template/controller-template-collection.swift -primary-file /Users/admin/builder/spi-builder-workspace/Sources/makata-user-interface/controller-template/controller-template-page-view.swift /Users/admin/builder/spi-builder-workspace/Sources/makata-user-interface/controller-template/controller-template-page.swift /Users/admin/builder/spi-builder-workspace/Sources/makata-user-interface/controller-template/controller-template.swift /Users/admin/builder/spi-builder-workspace/Sources/makata-user-interface/controller/controller-templated.swift /Users/admin/builder/spi-builder-workspace/Sources/makata-user-interface/controller/controller.swift /Users/admin/builder/spi-builder-workspace/Sources/makata-user-interface/protocol/protocol-attributable.swift /Users/admin/builder/spi-builder-workspace/Sources/makata-user-interface/protocol/protocol-button-loadable.swift /Users/admin/builder/spi-builder-workspace/Sources/makata-user-interface/protocol/protocol-cell-registerable.swift /Users/admin/builder/spi-builder-workspace/Sources/makata-user-interface/protocol/protocol-failure-callable.swift /Users/admin/builder/spi-builder-workspace/Sources/makata-user-interface/protocol/protocol-reusable-registerable.swift /Users/admin/builder/spi-builder-workspace/Sources/makata-user-interface/protocol/protocol-view-header.swift /Users/admin/builder/spi-builder-workspace/Sources/makata-user-interface/user-interface.swift /Users/admin/builder/spi-builder-workspace/Sources/makata-user-interface/view/view+constraints.swift /Users/admin/builder/spi-builder-workspace/Sources/makata-user-interface/view/view+uicollectionreusableview.swift /Users/admin/builder/spi-builder-workspace/Sources/makata-user-interface/view/view+uicollectionviewcell.swift /Users/admin/builder/spi-builder-workspace/Sources/makata-user-interface/view/view+uicontrol.swift /Users/admin/builder/spi-builder-workspace/Sources/makata-user-interface/view/view+uistackview.swift /Users/admin/builder/spi-builder-workspace/Sources/makata-user-interface/view/view+uitextfield.swift /Users/admin/builder/spi-builder-workspace/Sources/makata-user-interface/view/view-builder.swift /Users/admin/builder/spi-builder-workspace/Sources/makata-user-interface/view/view.swift -emit-dependencies-path /Users/admin/builder/spi-builder-workspace/.derivedData/Build/Intermediates.noindex/makata.build/Debug-appletvos/makataUserInterface-t.build/Objects-normal/arm64/controller-template-page-view.d -emit-const-values-path /Users/admin/builder/spi-builder-workspace/.derivedData/Build/Intermediates.noindex/makata.build/Debug-appletvos/makataUserInterface-t.build/Objects-normal/arm64/controller-template-page-view.swiftconstvalues -emit-reference-dependencies-path /Users/admin/builder/spi-builder-workspace/.derivedData/Build/Intermediates.noindex/makata.build/Debug-appletvos/makataUserInterface-t.build/Objects-normal/arm64/controller-template-page-view.swiftdeps -serialize-diagnostics-path /Users/admin/builder/spi-builder-workspace/.derivedData/Build/Intermediates.noindex/makata.build/Debug-appletvos/makataUserInterface-t.build/Objects-normal/arm64/controller-template-page-view.dia -target arm64-apple-tvos15.0 -disable-cross-import-overlay-search -load-resolved-plugin /Applications/Xcode-27.0.0-Release.Candidate.app/Contents/Developer/Platforms/AppleTVOS.platform/Developer/usr/lib/swift/host/plugins/libFoundationMacros.dylib\#/Applications/Xcode-27.0.0-Release.Candidate.app/Contents/Developer/Platforms/AppleTVOS.platform/Developer/usr/bin/swift-plugin-server\#FoundationMacros -load-resolved-plugin /Applications/Xcode-27.0.0-Release.Candidate.app/Contents/Developer/Platforms/AppleTVOS.platform/Developer/usr/lib/swift/host/plugins/libObservationMacros.dylib\#/Applications/Xcode-27.0.0-Release.Candidate.app/Contents/Developer/Platforms/AppleTVOS.platform/Developer/usr/bin/swift-plugin-server\#ObservationMacros -load-resolved-plugin /Applications/Xcode-27.0.0-Release.Candidate.app/Contents/Developer/Platforms/AppleTVOS.platform/Developer/usr/lib/swift/host/plugins/libPreviewsMacros.dylib\#/Applications/Xcode-27.0.0-Release.Candidate.app/Contents/Developer/Platforms/AppleTVOS.platform/Developer/usr/bin/swift-plugin-server\#PreviewsMacros -load-resolved-plugin /Applications/Xcode-27.0.0-Release.Candidate.app/Contents/Developer/Platforms/AppleTVOS.platform/Developer/usr/lib/swift/host/plugins/libSwiftMacros.dylib\#/Applications/Xcode-27.0.0-Release.Candidate.app/Contents/Developer/Platforms/AppleTVOS.platform/Developer/usr/bin/swift-plugin-server\#SwiftMacros -load-resolved-plugin /Applications/Xcode-27.0.0-Release.Candidate.app/Contents/Developer/Platforms/AppleTVOS.platform/Developer/usr/lib/swift/host/plugins/libSwiftUIMacros.dylib\#/Applications/Xcode-27.0.0-Release.Candidate.app/Contents/Developer/Platforms/AppleTVOS.platform/Developer/usr/bin/swift-plugin-server\#SwiftUIMacros -disable-implicit-swift-modules -Xcc -fno-implicit-modules -Xcc -fno-implicit-module-maps -explicit-swift-module-map-file /Users/admin/builder/spi-builder-workspace/.derivedData/Build/Intermediates.noindex/makata.build/Debug-appletvos/makataUserInterface-t.build/Objects-normal/arm64/makataUserInterface-dependencies-1.json -Xllvm -aarch64-use-tbi -enable-objc-interop -stack-check -sdk /Applications/Xcode-27.0.0-Release.Candidate.app/Contents/Developer/Platforms/AppleTVOS.platform/Developer/SDKs/AppleTVOS27.0.sdk -I /Users/admin/builder/spi-builder-workspace/.derivedData/Build/Products/Debug-appletvos -Isystem /Applications/Xcode-27.0.0-Release.Candidate.app/Contents/Developer/Platforms/AppleTVOS.platform/Developer/usr/lib -F /Users/admin/builder/spi-builder-workspace/.derivedData/Build/Products/Debug-appletvos/PackageFrameworks -F /Users/admin/builder/spi-builder-workspace/.derivedData/Build/Products/Debug-appletvos -F /Applications/Xcode-27.0.0-Release.Candidate.app/Contents/Developer/Platforms/AppleTVOS.platform/Developer/Library/Frameworks -F /Applications/Xcode-27.0.0-Release.Candidate.app/Contents/Developer/Platforms/AppleTVOS.platform/Developer/SDKs/AppleTVOS27.0.sdk/Developer/Library/Frameworks -module-cache-path /Users/admin/builder/spi-builder-workspace/.derivedData/Build/Intermediates.noindex/SwiftExplicitPrecompiledModules -no-color-diagnostics -Xcc -fno-color-diagnostics -enable-testing -g -debug-info-format\=dwarf -dwarf-version\=4 -swift-version 5 -Onone -D SWIFT_PACKAGE -D DEBUG -D SWIFT_MODULE_RESOURCE_BUNDLE_UNAVAILABLE -D Xcode -serialize-debugging-options -enable-experimental-feature DebugDescriptionMacro -empty-abi-descriptor -validate-clang-modules-once -clang-build-session-file /Users/admin/builder/spi-builder-workspace/.derivedData/ModuleCache.noindex/Session.modulevalidation -Xcc -working-directory -Xcc /Users/admin/builder/spi-builder-workspace/.swiftpm/xcode -enable-anonymous-context-mangled-names -file-compilation-dir /Users/admin/builder/spi-builder-workspace/.swiftpm/xcode -Xcc -D_LIBCPP_HARDENING_MODE\=_LIBCPP_HARDENING_MODE_DEBUG -Xcc -ivfsstatcache -Xcc /Users/admin/builder/spi-builder-workspace/.derivedData/SDKStatCaches.noindex/appletvos27.0-24J360-e829b21a6f8c9b70876ba0858053c044b32bfd8d43560033f8d89884cdb90028.sdkstatcache -Xcc -fmodules-prune-interval\=86400 -Xcc -fmodules-prune-after\=345600 -Xcc -I/Users/admin/builder/spi-builder-workspace/.derivedData/Build/Products/Debug-appletvos/include -Xcc -I/Users/admin/builder/spi-builder-workspace/.derivedData/Build/Intermediates.noindex/makata.build/Debug-appletvos/makataUserInterface-t.build/DerivedSources-normal/arm64 -Xcc -I/Users/admin/builder/spi-builder-workspace/.derivedData/Build/Intermediates.noindex/makata.build/Debug-appletvos/makataUserInterface-t.build/DerivedSources/arm64 -Xcc -I/Users/admin/builder/spi-builder-workspace/.derivedData/Build/Intermediates.noindex/makata.build/Debug-appletvos/makataUserInterface-t.build/DerivedSources -Xcc -DSWIFT_PACKAGE -Xcc -DDEBUG\=1 -no-auto-bridging-header-chaining -module-name makataUserInterface -const-gather-protocols-file /Users/admin/builder/spi-builder-workspace/.derivedData/Build/Intermediates.noindex/makata.build/Debug-appletvos/makataUserInterface-t.build/Objects-normal/arm64/makataUserInterface_const_extract_protocols.json -disable-clang-spi -clang-target arm64-apple-tvos27.0 -target-sdk-version 27.0 -target-sdk-name appletvos27.0 -in-process-plugin-server-path /Applications/Xcode-27.0.0-Release.Candidate.app/Contents/Developer/Toolchains/XcodeDefault.xctoolchain/usr/lib/swift/host/libSwiftInProcPluginServer.dylib -parse-as-library -o /Users/admin/builder/spi-builder-workspace/.derivedData/Build/Intermediates.noindex/makata.build/Debug-appletvos/makataUserInterface-t.build/Objects-normal/arm64/controller-template-page-view.o -debug-module-path /Users/admin/builder/spi-builder-workspace/.derivedData/Build/Intermediates.noindex/makata.build/Debug-appletvos/makataUserInterface-t.build/Objects-normal/arm64/makataUserInterface.swiftmodule -index-unit-output-path /makata.build/Debug-appletvos/makataUserInterface-t.build/Objects-normal/arm64/controller-template-page-view.o -index-store-path /Users/admin/builder/spi-builder-workspace/.derivedData/Index.noindex/DataStore -index-system-modules
SwiftCompile normal arm64 /Users/admin/builder/spi-builder-workspace/Sources/makata-user-interface/controller-template/controller-template-page-view.swift (in target 'makataUserInterface' from project 'makata')
cd /Users/admin/builder/spi-builder-workspace/.swiftpm/xcode
builtin-SwiftPerFileCompile controller-template-page-view.swift
SwiftCompile normal arm64 Compiling\ controller-template-collection.swift /Users/admin/builder/spi-builder-workspace/Sources/makata-user-interface/controller-template/controller-template-collection.swift (in target 'makataUserInterface' from project 'makata')
SwiftCompile normal arm64 /Users/admin/builder/spi-builder-workspace/Sources/makata-user-interface/controller-template/controller-template-collection.swift (in target 'makataUserInterface' from project 'makata')
cd /Users/admin/builder/spi-builder-workspace/.swiftpm/xcode
builtin-SwiftPerFileCompile controller-template-collection.swift
/Users/admin/builder/spi-builder-workspace/Sources/makata-user-interface/controller-template/controller-template-collection.swift:133:38: error: 'UIRefreshControl' is unavailable in tvOS
131 | public func setRefresh(action: __owned @escaping @MainActor () async -> Void) {
132 | #if !targetEnvironment(macCatalyst)
133 | let refreshControl = UIRefreshControl(frame: .zero)
| `- error: 'UIRefreshControl' is unavailable in tvOS
134 | refreshControl.layer.zPosition = 10000
135 |
/Applications/Xcode-27.0.0-Release.Candidate.app/Contents/Developer/Platforms/AppleTVOS.platform/Developer/SDKs/AppleTVOS27.0.sdk/System/Library/Frameworks/UIKit.framework/Headers/UIRefreshControl.h:16:12: note: 'UIRefreshControl' has been explicitly marked unavailable here
14 |
15 | UIKIT_EXTERN API_AVAILABLE(ios(6.0)) API_UNAVAILABLE(tvos, watchos) NS_SWIFT_UI_ACTOR
16 | @interface UIRefreshControl : UIControl
| `- note: 'UIRefreshControl' has been explicitly marked unavailable here
17 |
18 | /* The designated initializer
/Users/admin/builder/spi-builder-workspace/Sources/makata-user-interface/controller-template/controller-template-collection.swift:143:32: error: 'refreshControl' is unavailable in tvOS
141 | }, for: .primaryActionTriggered)
142 |
143 | collectionView.refreshControl = refreshControl
| `- error: 'refreshControl' is unavailable in tvOS
144 | #endif
145 | }
/Applications/Xcode-27.0.0-Release.Candidate.app/Contents/Developer/Platforms/AppleTVOS.platform/Developer/SDKs/AppleTVOS27.0.sdk/System/Library/Frameworks/UIKit.framework/Headers/UIScrollView.h:286:59: note: 'refreshControl' has been explicitly marked unavailable here
284 | @property(nonatomic) UIScrollViewKeyboardDismissMode keyboardDismissMode API_AVAILABLE(ios(7.0)) API_UNAVAILABLE(visionos); // default is UIScrollViewKeyboardDismissModeNone
285 |
286 | @property (nonatomic, strong, nullable) UIRefreshControl *refreshControl API_AVAILABLE(ios(10.0)) API_UNAVAILABLE(tvos, watchos);
| `- note: 'refreshControl' has been explicitly marked unavailable here
287 |
288 | /// Set this to YES to make the scroll view animate its content offset in response to keys like Page Up/Down, Home/End, and the arrow keys.
PruneExplicitPrecompiledModules /Users/admin/builder/spi-builder-workspace/.derivedData/Build/Intermediates.noindex/SwiftExplicitPrecompiledModules
PruneExplicitPrecompiledModules /Users/admin/builder/spi-builder-workspace/.derivedData/Build/Intermediates.noindex/ExplicitPrecompiledModules
PruneExplicitPrecompiledModules /Users/admin/builder/spi-builder-workspace/.derivedData/SDKExplicitPrecompiledModules
2026-09-19 18:04:56.412 xcodebuild[910:5894] [MT] IDERunDestination: Supported platforms for the buildables in the current scheme is empty.
** BUILD FAILED **
The following build commands failed:
SwiftCompile normal arm64 Compiling\ controller-template-page-view.swift /Users/admin/builder/spi-builder-workspace/Sources/makata-user-interface/controller-template/controller-template-page-view.swift (in target 'makataUserInterface' from project 'makata')
SwiftCompile normal arm64 /Users/admin/builder/spi-builder-workspace/Sources/makata-user-interface/controller-template/controller-template-page-view.swift (in target 'makataUserInterface' from project 'makata')
Building workspace makata with scheme makata
(3 failures)
BUILD FAILURE 6.4 tvOS