Build Information
Failed to build SpryKit, reference 3.3.0 (2add91), with Swift 6.3 for Android on 16 Oct 2026 20:08:01 UTC.
Build Command
bash -c docker run --pull=always --rm -v "checkouts-53886768-0":/host -w "$PWD" -e JAVA_HOME="/root/.sdkman/candidates/java/current" -e SPI_BUILD="1" -e SPI_PROCESSING="1" registry.gitlab.com/saguaro1/spi-images:android-6.3-latest swift build --swift-sdk aarch64-unknown-linux-android28 2>&1Build Log
========================================
RunAll
========================================
Builder version: 5.1.3
Interrupt handler set up.
========================================
Checkout
========================================
Clone URL: https://github.com/NikSativa/SpryKit.git
Reference: 3.3.0
Initialized empty Git repository in /host/spi-builder-workspace/.git/
hint: Using 'master' as the name for the initial branch. This default branch name
hint: is subject to change. To configure the initial branch name to use in all
hint: of your new repositories, which will suppress this warning, call:
hint:
hint: git config --global init.defaultBranch <name>
hint:
hint: Names commonly chosen instead of 'master' are 'main', 'trunk' and
hint: 'development'. The just-created branch can be renamed via this command:
hint:
hint: git branch -m <name>
From https://github.com/NikSativa/SpryKit
* tag 3.3.0 -> FETCH_HEAD
HEAD is now at 2add91f Fix ambiguous XCTAssertThrowsAssertion call in async tests
Cloned https://github.com/NikSativa/SpryKit.git
Revision (git rev-parse @):
2add91f59c7faa4ee91835a9369d44eb345cd574
SPI manifest file found: $PWD/.spi.yml
SUCCESS checkout https://github.com/NikSativa/SpryKit.git at 3.3.0
========================================
Build
========================================
Selected platform: android
Swift version: 6.3
Building package at path: $PWD
https://github.com/NikSativa/SpryKit.git
Running build ...
bash -c docker run --pull=always --rm -v "checkouts-53886768-0":/host -w "$PWD" -e JAVA_HOME="/root/.sdkman/candidates/java/current" -e SPI_BUILD="1" -e SPI_PROCESSING="1" registry.gitlab.com/saguaro1/spi-images:android-6.3-latest swift build --swift-sdk aarch64-unknown-linux-android28 2>&1
android-6.3-latest: Pulling from saguaro1/spi-images
Digest: sha256:ec170ed262d75c9e928493cd00a486dad2d4f04db1b55d884efec7db42d0226b
Status: Image is up to date for registry.gitlab.com/saguaro1/spi-images:android-6.3-latest
Fetching https://github.com/NikSativa/Threading.git
Fetching https://github.com/mattgallagher/CwlPreconditionTesting.git
Fetching https://github.com/swiftlang/swift-syntax.git
[1/1257] Fetching cwlpreconditiontesting
[1258/1804] Fetching cwlpreconditiontesting, threading
[1805/82593] Fetching cwlpreconditiontesting, threading, swift-syntax
Fetched https://github.com/NikSativa/Threading.git from cache (3.58s)
Fetched https://github.com/mattgallagher/CwlPreconditionTesting.git from cache (3.58s)
Fetched https://github.com/swiftlang/swift-syntax.git from cache (3.60s)
Computing version for https://github.com/swiftlang/swift-syntax.git
Computed https://github.com/swiftlang/swift-syntax.git at 600.0.1 (4.56s)
Computing version for https://github.com/mattgallagher/CwlPreconditionTesting.git
Computed https://github.com/mattgallagher/CwlPreconditionTesting.git at 2.2.2 (0.17s)
Fetching https://github.com/mattgallagher/CwlCatchException.git
[1/460] Fetching cwlcatchexception
Fetched https://github.com/mattgallagher/CwlCatchException.git from cache (0.57s)
Computing version for https://github.com/mattgallagher/CwlCatchException.git
Computed https://github.com/mattgallagher/CwlCatchException.git at 2.2.1 (0.74s)
Computing version for https://github.com/NikSativa/Threading.git
Computed https://github.com/NikSativa/Threading.git at 2.3.5 (0.14s)
Creating working copy for https://github.com/NikSativa/Threading.git
Working copy of https://github.com/NikSativa/Threading.git resolved at 2.3.5
Creating working copy for https://github.com/mattgallagher/CwlPreconditionTesting.git
Working copy of https://github.com/mattgallagher/CwlPreconditionTesting.git resolved at 2.2.2
Creating working copy for https://github.com/swiftlang/swift-syntax.git
Working copy of https://github.com/swiftlang/swift-syntax.git resolved at 600.0.1
Creating working copy for https://github.com/mattgallagher/CwlCatchException.git
Working copy of https://github.com/mattgallagher/CwlCatchException.git resolved at 2.2.1
Building for debugging...
[0/55] Copying PrivacyInfo.xcprivacy
[1/55] Write sources
[11/55] Compiling _SwiftSyntaxCShims dummy.c
[12/55] Copying PrivacyInfo.xcprivacy
[13/55] Write sources
[17/55] Copying PrivacyInfo.xcprivacy
[18/55] Write sources
[20/55] Copying PrivacyInfo.xcprivacy
[21/55] Write sources
[28/55] Write swift-version-272D24FF697CF451.txt
[30/112] Emitting module Threading
[32/118] Emitting module SpryMacroAvailable
[33/118] Compiling SpryMacroAvailable Empty.swift
[35/119] Compiling SwiftSyntax600 Empty.swift
[36/119] Emitting module SwiftSyntax600
[37/123] Wrapping AST for SpryMacroAvailable for debugging
[39/123] Emitting module SwiftSyntax510
[40/123] Emitting module SpryMacroAvailable
[41/123] Compiling SwiftSyntax510 Empty.swift
[42/123] Compiling SpryMacroAvailable Empty.swift
[42/125] Wrapping AST for SwiftSyntax600 for debugging
[46/125] Emitting module SwiftSyntax509
[47/125] Compiling SwiftSyntax509 Empty.swift
[47/126] Wrapping AST for SwiftSyntax510 for debugging
[49/126] Emitting module SharedTypes
[50/126] Wrapping AST for SwiftSyntax509 for debugging
[52/190] Compiling SwiftSyntax SyntaxKind.swift
[53/190] Compiling SwiftSyntax SyntaxRewriter.swift
[54/190] Compiling SwiftSyntax SyntaxTraits.swift
[55/190] Compiling SwiftSyntax RawSyntaxLayoutView.swift
[56/190] Compiling SwiftSyntax RawSyntaxNodeProtocol.swift
[57/190] Compiling SwiftSyntax RawSyntaxTokenView.swift
[58/190] Compiling SwiftSyntax SyntaxVisitor.swift
[59/190] Compiling SwiftSyntax TokenKind.swift
[60/190] Compiling SwiftSyntax Tokens.swift
[61/190] Compiling SwiftSyntax Assert.swift
[62/190] Compiling SwiftSyntax BumpPtrAllocator.swift
[63/190] Compiling SwiftSyntax CommonAncestor.swift
[64/190] Compiling SwiftSyntax Convenience.swift
[65/190] Compiling SwiftSyntax CustomTraits.swift
[66/190] Compiling SwiftSyntax Identifier.swift
[67/190] Compiling SwiftSyntax AbsolutePosition.swift
[68/190] Compiling SwiftSyntax AbsoluteRawSyntax.swift
[69/190] Compiling SwiftSyntax AbsoluteSyntaxInfo.swift
[70/190] Compiling SharedTypes FuncKeyword.swift
[71/190] Emitting module SharedTypes
[72/190] Compiling SharedTypes VarKeyword.swift
[73/191] Compiling SwiftSyntax MemoryLayout.swift
[74/191] Compiling SwiftSyntax MissingNodeInitializers.swift
[75/191] Compiling SwiftSyntax RawSyntax.swift
[85/199] Wrapping AST for SharedTypes for debugging
[90/199] Compiling SharedTypes VarKeyword.swift
[103/199] Compiling SwiftSyntax TriviaPieces.swift
[104/199] Compiling SwiftSyntax RawSyntaxNodesAB.swift
[105/199] Compiling SwiftSyntax RawSyntaxNodesC.swift
[106/199] Compiling SharedTypes FuncKeyword.swift
[110/200] Wrapping AST for SharedTypes for debugging
[112/200] Compiling SwiftSyntax SyntaxNodeFactory.swift
[113/200] Compiling SwiftSyntax SyntaxNodeStructure.swift
[114/200] Compiling SwiftSyntax SyntaxProtocol.swift
[115/200] Compiling SwiftSyntax SyntaxText.swift
[116/200] Compiling SwiftSyntax SyntaxTreeViewMode.swift
[117/200] Compiling SwiftSyntax TokenDiagnostic.swift
[118/200] Compiling SwiftSyntax TokenSequence.swift
[119/200] Compiling SwiftSyntax TokenSyntax.swift
[120/200] Compiling SwiftSyntax Trivia.swift
[121/200] Compiling SwiftSyntax SourcePresence.swift
[122/200] Compiling SwiftSyntax SwiftSyntaxCompatibility.swift
[123/200] Compiling SwiftSyntax Syntax.swift
[124/200] Compiling SwiftSyntax SyntaxArena.swift
[125/200] Compiling SwiftSyntax SyntaxArenaAllocatedBuffer.swift
[126/200] Compiling SwiftSyntax SyntaxChildren.swift
[127/200] Compiling SwiftSyntax SyntaxCollection.swift
[128/200] Compiling SwiftSyntax SyntaxHashable.swift
[129/200] Compiling SwiftSyntax SyntaxIdentifier.swift
[137/202] Wrapping AST for Threading for debugging
[139/202] Emitting module SwiftSyntax
[146/202] Compiling SwiftSyntax SourceEdit.swift
[147/202] Compiling SwiftSyntax SourceLength.swift
[148/202] Compiling SwiftSyntax SourceLocation.swift
[158/202] Compiling SwiftSyntax RawSyntaxNodesD.swift
[159/202] Compiling SwiftSyntax RawSyntaxNodesEF.swift
[160/202] Compiling SwiftSyntax RawSyntaxNodesGHI.swift
[161/202] Compiling SwiftSyntax RawSyntaxNodesJKLMN.swift
[162/202] Compiling SwiftSyntax RawSyntaxNodesOP.swift
[163/202] Compiling SwiftSyntax RawSyntaxNodesQRS.swift
[164/202] Compiling SwiftSyntax RawSyntaxNodesTUVWXYZ.swift
[165/202] Compiling SwiftSyntax RawSyntaxValidation.swift
[166/202] Compiling SwiftSyntax SyntaxNodesAB.swift
[167/202] Compiling SwiftSyntax Utils.swift
[168/202] Compiling SwiftSyntax ChildNameForKeyPath.swift
[169/202] Compiling SwiftSyntax Keyword.swift
[170/202] Compiling SwiftSyntax RenamedChildrenCompatibility.swift
[171/202] Compiling SwiftSyntax RenamedNodesCompatibility.swift
[172/202] Compiling SwiftSyntax SyntaxAnyVisitor.swift
[173/202] Compiling SwiftSyntax SyntaxBaseNodes.swift
[174/202] Compiling SwiftSyntax SyntaxCollections.swift
[175/202] Compiling SwiftSyntax SyntaxEnum.swift
[176/202] Compiling SwiftSyntax SyntaxNodesC.swift
[177/202] Compiling SwiftSyntax SyntaxNodesD.swift
[178/202] Compiling SwiftSyntax SyntaxNodesEF.swift
[179/202] Compiling SwiftSyntax SyntaxNodesGHI.swift
[180/202] Compiling SwiftSyntax SyntaxNodesJKLMN.swift
[181/202] Compiling SwiftSyntax SyntaxNodesOP.swift
[182/202] Compiling SwiftSyntax SyntaxNodesQRS.swift
[183/202] Compiling SwiftSyntax SyntaxNodesTUVWXYZ.swift
[184/216] Wrapping AST for SwiftSyntax for debugging
[186/260] Compiling SwiftDiagnostics Message.swift
[187/261] Compiling SwiftParser CharacterInfo.swift
[188/261] Compiling SwiftParser CollectionNodes+Parsable.swift
[189/261] Compiling SwiftParser Attributes.swift
[190/261] Compiling SwiftParser Availability.swift
[191/261] Emitting module SwiftDiagnostics
[192/261] Compiling SwiftBasicFormat Syntax+Extensions.swift
[193/261] Compiling SwiftBasicFormat SyntaxProtocol+Formatted.swift
[194/261] Compiling SwiftBasicFormat Trivia+FormatExtensions.swift
[195/261] Compiling SwiftDiagnostics Note.swift
[196/261] Compiling SwiftDiagnostics DiagnosticDecorator.swift
[197/261] Compiling SwiftDiagnostics DiagnosticsFormatter.swift
[198/261] Compiling SwiftDiagnostics FixIt.swift
[199/261] Compiling SwiftDiagnostics GroupedDiagnostics.swift
[201/262] Compiling SwiftBasicFormat InferIndentation.swift
[202/262] Compiling SwiftParser SwiftParserCompatibility.swift
[203/262] Compiling SwiftParser SwiftVersion.swift
[204/262] Compiling SwiftParser SyntaxUtils.swift
[205/262] Compiling SwiftParser TokenConsumer.swift
[206/262] Compiling SwiftParser TokenPrecedence.swift
[206/262] Wrapping AST for SwiftDiagnostics for debugging
[208/267] Compiling SwiftBasicFormat BasicFormat.swift
[209/267] Emitting module SwiftBasicFormat
[210/268] Wrapping AST for SwiftBasicFormat for debugging
[212/268] Compiling SwiftParser LexemeSequence.swift
[213/268] Compiling SwiftParser Lexer.swift
[214/268] Compiling SwiftParser RegexLiteralLexer.swift
[215/268] Compiling SwiftParser UnicodeScalarExtensions.swift
[216/268] Compiling SwiftParser Lookahead.swift
[217/268] Compiling SwiftParser LoopProgressCondition.swift
[218/268] Emitting module SwiftParser
[219/268] Compiling SwiftParser Modifiers.swift
[220/268] Compiling SwiftParser Names.swift
[221/268] Compiling SwiftParser Nominals.swift
[222/268] Compiling SwiftParser Parameters.swift
[223/268] Compiling SwiftParser ParseSourceFile.swift
[224/268] Compiling SwiftParser Parser.swift
[225/268] Compiling SwiftParser Patterns.swift
[226/268] Compiling SwiftParser Recovery.swift
[227/268] Compiling SwiftParser Specifiers.swift
[228/268] Compiling SwiftParser Statements.swift
[229/268] Compiling SwiftParser StringLiteralRepresentedLiteralValue.swift
[230/268] Compiling SwiftParser StringLiterals.swift
[235/268] Compiling SwiftParser Declarations.swift
[236/268] Compiling SwiftParser Directives.swift
[237/268] Compiling SwiftParser ExpressionInterpretedAsVersionTuple.swift
[238/268] Compiling SwiftParser Expressions.swift
[239/268] Compiling SwiftParser IncrementalParseTransition.swift
[240/268] Compiling SwiftParser IsValidIdentifier.swift
[241/268] Compiling SwiftParser Cursor.swift
[242/268] Compiling SwiftParser Lexeme.swift
[243/268] Compiling SwiftParser TokenSpec.swift
[244/268] Compiling SwiftParser TokenSpecSet.swift
[245/268] Compiling SwiftParser TopLevel.swift
[246/268] Compiling SwiftParser TriviaParser.swift
[247/268] Compiling SwiftParser Types.swift
[248/268] Compiling SwiftParser ExperimentalFeatures.swift
[249/268] Compiling SwiftParser IsLexerClassified.swift
[250/268] Compiling SwiftParser LayoutNodes+Parsable.swift
[251/268] Compiling SwiftParser Parser+TokenSpecSet.swift
[252/268] Compiling SwiftParser TokenSpecStaticMembers.swift
[253/269] Wrapping AST for SwiftParser for debugging
[255/292] Compiling SwiftParserDiagnostics SyntaxKindNameForDiagnostics.swift
[256/293] Compiling SwiftParserDiagnostics TokenNameForDiagnostics.swift
[257/293] Compiling SwiftOperators PrecedenceGraph.swift
[258/294] Compiling SwiftOperators PrecedenceGroup.swift
[259/294] Compiling SwiftOperators OperatorTable.swift
[260/294] Compiling SwiftOperators OperatorTable+Semantics.swift
[261/294] Compiling SwiftOperators OperatorTable+Folding.swift
[262/294] Compiling SwiftParserDiagnostics ParserDiagnosticMessages.swift
[263/294] Compiling SwiftParserDiagnostics PresenceUtils.swift
[264/294] Compiling SwiftParserDiagnostics DiagnosticExtensions.swift
[265/294] Compiling SwiftParserDiagnostics LexerDiagnosticMessages.swift
[266/294] Emitting module SwiftOperators
[267/294] Compiling SwiftOperators SyntaxSynthesis.swift
[269/295] Compiling SwiftParserDiagnostics ChildNameForDiagnostics.swift
[270/295] Compiling SwiftParserDiagnostics SyntaxExtensions.swift
[271/295] Compiling SwiftParserDiagnostics Utils.swift
[271/295] Wrapping AST for SwiftOperators for debugging
[275/295] Emitting module SwiftParserDiagnostics
[278/295] Compiling SwiftParserDiagnostics MissingNodesError.swift
[279/295] Compiling SwiftParserDiagnostics MissingTokenError.swift
[280/295] Compiling SwiftParserDiagnostics MultiLineStringLiteralDiagnosticsGenerator.swift
[281/295] Compiling SwiftParserDiagnostics ParseDiagnosticsGenerator.swift
[282/296] Wrapping AST for SwiftParserDiagnostics for debugging
[284/311] Compiling SwiftSyntaxBuilder WithTrailingCommaSyntax+EnsuringTrailingComma.swift
[285/311] Compiling SwiftSyntaxBuilder BuildableNodes.swift
[286/312] Compiling SwiftSyntaxBuilder Syntax+StringInterpolation.swift
[287/312] Compiling SwiftSyntaxBuilder SyntaxNodeWithBody.swift
[288/312] Compiling SwiftSyntaxBuilder ConvenienceInitializers.swift
[289/312] Compiling SwiftSyntaxBuilder DeclSyntaxParseable.swift
[290/312] Emitting module SwiftSyntaxBuilder
[291/312] Compiling SwiftSyntaxBuilder SyntaxExpressibleByStringInterpolationConformances.swift
[292/312] Compiling SwiftSyntaxBuilder SyntaxParsable+ExpressibleByStringInterpolation.swift
[293/312] Compiling SwiftSyntaxBuilder ValidatingSyntaxNodes.swift
[294/312] Compiling SwiftSyntaxBuilder Indenter.swift
[295/312] Compiling SwiftSyntaxBuilder ListBuilder.swift
[296/312] Compiling SwiftSyntaxBuilder ResultBuilderExtensions.swift
[297/312] Compiling SwiftSyntaxBuilder SwiftSyntaxBuilderCompatibility.swift
[298/312] Compiling SwiftSyntaxBuilder RenamedChildrenBuilderCompatibility.swift
[299/312] Compiling SwiftSyntaxBuilder ResultBuilders.swift
[300/313] Wrapping AST for SwiftSyntaxBuilder for debugging
[302/330] Compiling SwiftSyntaxMacros AccessorMacro.swift
[303/330] Compiling SwiftSyntaxMacros AttachedMacro.swift
[304/330] Compiling SwiftSyntaxMacros BodyMacro.swift
[305/332] Compiling SwiftSyntaxMacros Macro.swift
[306/332] Compiling SwiftSyntaxMacros MemberAttributeMacro.swift
[307/332] Compiling SwiftSyntaxMacros CodeItemMacro.swift
[308/332] Compiling SwiftSyntaxMacros DeclarationMacro.swift
[309/332] Compiling SwiftSyntaxMacros FreestandingMacro.swift
[310/332] Compiling SwiftSyntaxMacros Macro+Format.swift
[311/332] Emitting module SwiftSyntaxMacros
[312/332] Compiling SwiftSyntaxMacros PreambleMacro.swift
[313/332] Compiling SwiftSyntaxMacros Syntax+LexicalContext.swift
[314/332] Compiling SwiftSyntaxMacros MemberMacro.swift
[315/332] Compiling SwiftSyntaxMacros PeerMacro.swift
[316/332] Compiling SwiftSyntaxMacros ExpressionMacro.swift
[317/332] Compiling SwiftSyntaxMacros ExtensionMacro.swift
[318/332] Compiling SwiftSyntaxMacros AbstractSourceLocation.swift
[319/332] Compiling SwiftSyntaxMacros MacroExpansionContext.swift
[320/332] Compiling SwiftSyntaxMacros MacroExpansionDiagnosticMessages.swift
[321/333] Wrapping AST for SwiftSyntaxMacros for debugging
[323/342] Compiling SwiftSyntaxMacroExpansion MacroExpansionDiagnosticMessages.swift
[324/343] Compiling SwiftSyntaxMacroExpansion BasicMacroExpansionContext.swift
[325/343] Compiling SwiftSyntaxMacroExpansion FunctionParameterUtils.swift
[326/343] Compiling SwiftSyntaxMacroExpansion MacroExpansion.swift
[327/343] Compiling SwiftSyntaxMacroExpansion IndentationUtils.swift
[328/343] Emitting module SwiftSyntaxMacroExpansion
[329/343] Compiling SwiftSyntaxMacroExpansion MacroArgument.swift
[330/343] Compiling SwiftSyntaxMacroExpansion MacroReplacement.swift
[331/343] Compiling SwiftSyntaxMacroExpansion MacroSpec.swift
[332/343] Compiling SwiftSyntaxMacroExpansion MacroSystem.swift
[333/344] Wrapping AST for SwiftSyntaxMacroExpansion for debugging
[335/356] Compiling SwiftCompilerPluginMessageHandling PluginMacroExpansionContext.swift
[336/356] Compiling SwiftCompilerPluginMessageHandling LRUCache.swift
[337/356] Compiling SwiftCompilerPluginMessageHandling Macros.swift
[338/357] Compiling SwiftCompilerPluginMessageHandling StandardIOMessageConnection.swift
[339/357] Compiling SwiftCompilerPluginMessageHandling PluginMessageCompatibility.swift
[340/357] Compiling SwiftCompilerPluginMessageHandling PluginMessages.swift
[341/357] Compiling SwiftCompilerPluginMessageHandling CodingUtilities.swift
[342/357] Compiling SwiftCompilerPluginMessageHandling JSON.swift
[343/357] Compiling SwiftCompilerPluginMessageHandling CompilerPluginMessageHandler.swift
[344/357] Compiling SwiftCompilerPluginMessageHandling Diagnostics.swift
[345/357] Compiling SwiftCompilerPluginMessageHandling JSONDecoding.swift
[346/357] Compiling SwiftCompilerPluginMessageHandling JSONEncoding.swift
[347/357] Emitting module SwiftCompilerPluginMessageHandling
[348/358] Wrapping AST for SwiftCompilerPluginMessageHandling for debugging
[350/360] Compiling SwiftCompilerPlugin CompilerPlugin.swift
[351/360] Emitting module SwiftCompilerPlugin
[352/361] Wrapping AST for SwiftCompilerPlugin for debugging
[354/369] Emitting module MacroAndCompilerPlugin
[355/370] Compiling MacroAndCompilerPlugin MacroAndCompilerPlugin.swift
[356/370] Compiling MacroAndCompilerPlugin AccessorKeyword+Macro.swift
[357/370] Compiling MacroAndCompilerPlugin MembersParser.swift
[358/370] Compiling MacroAndCompilerPlugin SpryableAccessorMacro.swift
[359/370] Compiling MacroAndCompilerPlugin SpryableDiagnostic.swift
[360/370] Compiling MacroAndCompilerPlugin SpryableExtensionMacro.swift
[361/370] Compiling MacroAndCompilerPlugin SpryableBodyMacro.swift
[362/370] Compiling MacroAndCompilerPlugin SwiftSyntax+SpryKit.swift
[363/371] Wrapping AST for MacroAndCompilerPlugin for debugging
[364/371] Write Objects.LinkFileList
[365/371] Linking MacroAndCompilerPlugin-tool
[367/481] Compiling SpryKit CatchBadInstructionSerially.swift
/host/spi-builder-workspace/Source/SpryEquatable+Types.swift:1:8: error: no such module 'CoreGraphics'
1 | import CoreGraphics
| `- error: no such module 'CoreGraphics'
2 | import Foundation
3 |
Internal Error: DecodingError.dataCorrupted: Data was corrupted. Debug description: Corrupted JSON. Underlying error: unexpected end of file
[368/481] Compiling SpryKit Data+Helpers.swift
/host/spi-builder-workspace/Source/SpryEquatable+Types.swift:1:8: error: no such module 'CoreGraphics'
1 | import CoreGraphics
| `- error: no such module 'CoreGraphics'
2 | import Foundation
3 |
Internal Error: DecodingError.dataCorrupted: Data was corrupted. Debug description: Corrupted JSON. Underlying error: unexpected end of file
[369/481] Compiling SpryKit Date+Helpers.swift
/host/spi-builder-workspace/Source/SpryEquatable+Types.swift:1:8: error: no such module 'CoreGraphics'
1 | import CoreGraphics
| `- error: no such module 'CoreGraphics'
2 | import Foundation
3 |
Internal Error: DecodingError.dataCorrupted: Data was corrupted. Debug description: Corrupted JSON. Underlying error: unexpected end of file
[370/481] Compiling SpryKit Describing.swift
/host/spi-builder-workspace/Source/SpryEquatable+Types.swift:1:8: error: no such module 'CoreGraphics'
1 | import CoreGraphics
| `- error: no such module 'CoreGraphics'
2 | import Foundation
3 |
Internal Error: DecodingError.dataCorrupted: Data was corrupted. Debug description: Corrupted JSON. Underlying error: unexpected end of file
[371/481] Compiling SpryKit DispatchTime+Helpers.swift
/host/spi-builder-workspace/Source/SpryEquatable+Types.swift:1:8: error: no such module 'CoreGraphics'
1 | import CoreGraphics
| `- error: no such module 'CoreGraphics'
2 | import Foundation
3 |
Internal Error: DecodingError.dataCorrupted: Data was corrupted. Debug description: Corrupted JSON. Underlying error: unexpected end of file
[372/481] Compiling SpryKit Image+Helpers.swift
/host/spi-builder-workspace/Source/SpryEquatable+Types.swift:1:8: error: no such module 'CoreGraphics'
1 | import CoreGraphics
| `- error: no such module 'CoreGraphics'
2 | import Foundation
3 |
Internal Error: DecodingError.dataCorrupted: Data was corrupted. Debug description: Corrupted JSON. Underlying error: unexpected end of file
[373/481] Compiling SpryKit InternalHelpers.swift
/host/spi-builder-workspace/Source/SpryEquatable+Types.swift:1:8: error: no such module 'CoreGraphics'
1 | import CoreGraphics
| `- error: no such module 'CoreGraphics'
2 | import Foundation
3 |
Internal Error: DecodingError.dataCorrupted: Data was corrupted. Debug description: Corrupted JSON. Underlying error: unexpected end of file
[374/481] Compiling SpryKit String+Helpers.swift
/host/spi-builder-workspace/Source/SpryEquatable+Types.swift:1:8: error: no such module 'CoreGraphics'
1 | import CoreGraphics
| `- error: no such module 'CoreGraphics'
2 | import Foundation
3 |
Internal Error: DecodingError.dataCorrupted: Data was corrupted. Debug description: Corrupted JSON. Underlying error: unexpected end of file
[375/488] Compiling SpryKit DidCallResult.swift
/host/spi-builder-workspace/Source/SpryEquatable+Types.swift:1:8: error: no such module 'CoreGraphics'
1 | import CoreGraphics
| `- error: no such module 'CoreGraphics'
2 | import Foundation
3 |
[376/488] Compiling SpryKit RecordedCall.swift
/host/spi-builder-workspace/Source/SpryEquatable+Types.swift:1:8: error: no such module 'CoreGraphics'
1 | import CoreGraphics
| `- error: no such module 'CoreGraphics'
2 | import Foundation
3 |
[377/488] Compiling SpryKit Spyable.swift
/host/spi-builder-workspace/Source/SpryEquatable+Types.swift:1:8: error: no such module 'CoreGraphics'
1 | import CoreGraphics
| `- error: no such module 'CoreGraphics'
2 | import Foundation
3 |
[378/488] Compiling SpryKit SpyableImpl.swift
/host/spi-builder-workspace/Source/SpryEquatable+Types.swift:1:8: error: no such module 'CoreGraphics'
1 | import CoreGraphics
| `- error: no such module 'CoreGraphics'
2 | import Foundation
3 |
[379/488] Compiling SpryKit StringRepresentable.swift
/host/spi-builder-workspace/Source/SpryEquatable+Types.swift:1:8: error: no such module 'CoreGraphics'
1 | import CoreGraphics
| `- error: no such module 'CoreGraphics'
2 | import Foundation
3 |
[380/488] Compiling SpryKit ReferencePair.swift
/host/spi-builder-workspace/Source/SpryEquatable+Types.swift:1:8: error: no such module 'CoreGraphics'
1 | import CoreGraphics
| `- error: no such module 'CoreGraphics'
2 | import Foundation
3 |
[381/488] Compiling SpryKit Spry+Reset.swift
/host/spi-builder-workspace/Source/SpryEquatable+Types.swift:1:8: error: no such module 'CoreGraphics'
1 | import CoreGraphics
| `- error: no such module 'CoreGraphics'
2 | import Foundation
3 |
[382/488] Compiling SpryKit AwaitableCounter.swift
/host/spi-builder-workspace/Source/SpryEquatable+Types.swift:1:8: error: no such module 'CoreGraphics'
1 | import CoreGraphics
| `- error: no such module 'CoreGraphics'
2 | import Foundation
3 |
[383/488] Compiling SpryKit InternalHelpers.swift
/host/spi-builder-workspace/Source/SpryEquatable+Types.swift:1:8: error: no such module 'CoreGraphics'
1 | import CoreGraphics
| `- error: no such module 'CoreGraphics'
2 | import Foundation
3 |
/host/spi-builder-workspace/Source/SpryEquatable+Types.swift:1:8: error: no such module 'CoreGraphics'
1 | import CoreGraphics
| `- error: no such module 'CoreGraphics'
2 | import Foundation
3 |
/host/spi-builder-workspace/Source/SpryEquatable+Types.swift:1:8: error: no such module 'CoreGraphics'
1 | import CoreGraphics
| `- error: no such module 'CoreGraphics'
2 | import Foundation
3 |
/host/spi-builder-workspace/Source/SpryEquatable+Types.swift:1:8: error: no such module 'CoreGraphics'
1 | import CoreGraphics
| `- error: no such module 'CoreGraphics'
2 | import Foundation
3 |
/host/spi-builder-workspace/Source/SpryEquatable+Types.swift:1:8: error: no such module 'CoreGraphics'
1 | import CoreGraphics
| `- error: no such module 'CoreGraphics'
2 | import Foundation
3 |
/host/spi-builder-workspace/Source/SpryEquatable+Types.swift:1:8: error: no such module 'CoreGraphics'
1 | import CoreGraphics
| `- error: no such module 'CoreGraphics'
2 | import Foundation
3 |
/host/spi-builder-workspace/Source/SpryEquatable+Types.swift:1:8: error: no such module 'CoreGraphics'
1 | import CoreGraphics
| `- error: no such module 'CoreGraphics'
2 | import Foundation
3 |
/host/spi-builder-workspace/Source/SpryEquatable+Types.swift:1:8: error: no such module 'CoreGraphics'
1 | import CoreGraphics
| `- error: no such module 'CoreGraphics'
2 | import Foundation
3 |
error: emit-module command failed with exit code 1 (use -v to see invocation)
[391/495] Emitting module SpryKit
/host/spi-builder-workspace/Source/SpryEquatable+Types.swift:1:8: error: no such module 'CoreGraphics'
1 | import CoreGraphics
| `- error: no such module 'CoreGraphics'
2 | import Foundation
3 |
[392/495] Compiling SpryKit TimeZone+Helpers.swift
/host/spi-builder-workspace/Source/SpryEquatable+Types.swift:1:8: error: no such module 'CoreGraphics'
1 | import CoreGraphics
| `- error: no such module 'CoreGraphics'
2 | import Foundation
3 |
[393/495] Compiling SpryKit URL+Helpers.swift
/host/spi-builder-workspace/Source/SpryEquatable+Types.swift:1:8: error: no such module 'CoreGraphics'
1 | import CoreGraphics
| `- error: no such module 'CoreGraphics'
2 | import Foundation
3 |
[394/495] Compiling SpryKit URLRequest+Helpers.swift
/host/spi-builder-workspace/Source/SpryEquatable+Types.swift:1:8: error: no such module 'CoreGraphics'
1 | import CoreGraphics
| `- error: no such module 'CoreGraphics'
2 | import Foundation
3 |
[395/495] Compiling SpryKit PropertyReflector.swift
/host/spi-builder-workspace/Source/SpryEquatable+Types.swift:1:8: error: no such module 'CoreGraphics'
1 | import CoreGraphics
| `- error: no such module 'CoreGraphics'
2 | import Foundation
3 |
[396/495] Compiling SpryKit ReferencePair.swift
/host/spi-builder-workspace/Source/SpryEquatable+Types.swift:1:8: error: no such module 'CoreGraphics'
1 | import CoreGraphics
| `- error: no such module 'CoreGraphics'
2 | import Foundation
3 |
[397/495] Compiling SpryKit Spry+Reset.swift
/host/spi-builder-workspace/Source/SpryEquatable+Types.swift:1:8: error: no such module 'CoreGraphics'
1 | import CoreGraphics
| `- error: no such module 'CoreGraphics'
2 | import Foundation
3 |
[398/495] Compiling SpryKit Spry.swift
/host/spi-builder-workspace/Source/SpryEquatable+Types.swift:1:8: error: no such module 'CoreGraphics'
1 | import CoreGraphics
| `- error: no such module 'CoreGraphics'
2 | import Foundation
3 |
error: emit-module command failed with exit code 1 (use -v to see invocation)
[399/495] Emitting module SpryKit
/host/spi-builder-workspace/Source/SpryEquatable+Types.swift:1:8: error: no such module 'CoreGraphics'
1 | import CoreGraphics
| `- error: no such module 'CoreGraphics'
2 | import Foundation
3 |
[400/495] Compiling SpryKit AnyEquality.swift
/host/spi-builder-workspace/Source/SpryEquatable+Types.swift:1:8: error: no such module 'CoreGraphics'
1 | import CoreGraphics
| `- error: no such module 'CoreGraphics'
2 | import Foundation
3 |
[401/495] Compiling SpryKit Argument.swift
/host/spi-builder-workspace/Source/SpryEquatable+Types.swift:1:8: error: no such module 'CoreGraphics'
1 | import CoreGraphics
| `- error: no such module 'CoreGraphics'
2 | import Foundation
3 |
[402/495] Compiling SpryKit ArgumentCaptor.swift
/host/spi-builder-workspace/Source/SpryEquatable+Types.swift:1:8: error: no such module 'CoreGraphics'
1 | import CoreGraphics
| `- error: no such module 'CoreGraphics'
2 | import Foundation
3 |
[403/495] Compiling SpryKit ComparisonContext.swift
/host/spi-builder-workspace/Source/SpryEquatable+Types.swift:1:8: error: no such module 'CoreGraphics'
1 | import CoreGraphics
| `- error: no such module 'CoreGraphics'
2 | import Foundation
3 |
[404/495] Compiling SpryKit Constant.swift
/host/spi-builder-workspace/Source/SpryEquatable+Types.swift:1:8: error: no such module 'CoreGraphics'
1 | import CoreGraphics
| `- error: no such module 'CoreGraphics'
2 | import Foundation
3 |
[405/495] Compiling SpryKit Diff+Encodable.swift
/host/spi-builder-workspace/Source/SpryEquatable+Types.swift:1:8: error: no such module 'CoreGraphics'
1 | import CoreGraphics
| `- error: no such module 'CoreGraphics'
2 | import Foundation
3 |
[406/495] Compiling SpryKit Diff+Mirror.swift
/host/spi-builder-workspace/Source/SpryEquatable+Types.swift:1:8: error: no such module 'CoreGraphics'
1 | import CoreGraphics
| `- error: no such module 'CoreGraphics'
2 | import Foundation
3 |
[407/495] Compiling SpryKit Diff+StringLines.swift
/host/spi-builder-workspace/Source/SpryEquatable+Types.swift:1:8: error: no such module 'CoreGraphics'
1 | import CoreGraphics
| `- error: no such module 'CoreGraphics'
2 | import Foundation
3 |
[408/495] Compiling SpryKit SpryableImpl.swift
/host/spi-builder-workspace/Source/SpryEquatable+Types.swift:1:8: error: no such module 'CoreGraphics'
1 | import CoreGraphics
| `- error: no such module 'CoreGraphics'
2 | import Foundation
3 |
[409/495] Compiling SpryKit SpryEquatable+Types.swift
/host/spi-builder-workspace/Source/SpryEquatable+Types.swift:1:8: error: no such module 'CoreGraphics'
1 | import CoreGraphics
| `- error: no such module 'CoreGraphics'
2 | import Foundation
3 |
[410/495] Compiling SpryKit SpryEquatable.swift
/host/spi-builder-workspace/Source/SpryEquatable+Types.swift:1:8: error: no such module 'CoreGraphics'
1 | import CoreGraphics
| `- error: no such module 'CoreGraphics'
2 | import Foundation
3 |
[411/495] Compiling SpryKit SpryFriendlyStringConvertible.swift
/host/spi-builder-workspace/Source/SpryEquatable+Types.swift:1:8: error: no such module 'CoreGraphics'
1 | import CoreGraphics
| `- error: no such module 'CoreGraphics'
2 | import Foundation
3 |
[412/495] Compiling SpryKit SpryItem.swift
/host/spi-builder-workspace/Source/SpryEquatable+Types.swift:1:8: error: no such module 'CoreGraphics'
1 | import CoreGraphics
| `- error: no such module 'CoreGraphics'
2 | import Foundation
3 |
[413/495] Compiling SpryKit SpryItemStorage.swift
/host/spi-builder-workspace/Source/SpryEquatable+Types.swift:1:8: error: no such module 'CoreGraphics'
1 | import CoreGraphics
| `- error: no such module 'CoreGraphics'
2 | import Foundation
3 |
[414/495] Compiling SpryKit SpryableMacros.swift
/host/spi-builder-workspace/Source/SpryEquatable+Types.swift:1:8: error: no such module 'CoreGraphics'
1 | import CoreGraphics
| `- error: no such module 'CoreGraphics'
2 | import Foundation
3 |
[415/495] Compiling SpryKit ExpectEqualError.swift
/host/spi-builder-workspace/Source/SpryEquatable+Types.swift:1:8: error: no such module 'CoreGraphics'
1 | import CoreGraphics
| `- error: no such module 'CoreGraphics'
2 | import Foundation
3 |
[416/495] Compiling SpryKit ExpectEqualImage.swift
/host/spi-builder-workspace/Source/SpryEquatable+Types.swift:1:8: error: no such module 'CoreGraphics'
1 | import CoreGraphics
| `- error: no such module 'CoreGraphics'
2 | import Foundation
3 |
[417/495] Compiling SpryKit ExpectHaveReceived.swift
/host/spi-builder-workspace/Source/SpryEquatable+Types.swift:1:8: error: no such module 'CoreGraphics'
1 | import CoreGraphics
| `- error: no such module 'CoreGraphics'
2 | import Foundation
3 |
[418/495] Compiling SpryKit ExpectHaveRecordedCalls.swift
/host/spi-builder-workspace/Source/SpryEquatable+Types.swift:1:8: error: no such module 'CoreGraphics'
1 | import CoreGraphics
| `- error: no such module 'CoreGraphics'
2 | import Foundation
3 |
[419/495] Compiling SpryKit ExpectThrows.swift
/host/spi-builder-workspace/Source/SpryEquatable+Types.swift:1:8: error: no such module 'CoreGraphics'
1 | import CoreGraphics
| `- error: no such module 'CoreGraphics'
2 | import Foundation
3 |
[420/495] Compiling SpryKit ExpectThrowsAssertion.swift
/host/spi-builder-workspace/Source/SpryEquatable+Types.swift:1:8: error: no such module 'CoreGraphics'
1 | import CoreGraphics
| `- error: no such module 'CoreGraphics'
2 | import Foundation
3 |
[421/495] Compiling SpryKit XCTAssertEqualAny.swift
/host/spi-builder-workspace/Source/SpryEquatable+Types.swift:1:8: error: no such module 'CoreGraphics'
1 | import CoreGraphics
| `- error: no such module 'CoreGraphics'
2 | import Foundation
3 |
[422/495] Compiling SpryKit Spryable.swift
/host/spi-builder-workspace/Source/SpryEquatable+Types.swift:1:8: error: no such module 'CoreGraphics'
1 | import CoreGraphics
| `- error: no such module 'CoreGraphics'
2 | import Foundation
3 |
/host/spi-builder-workspace/Source/SpryEquatable+Types.swift:1:8: error: no such module 'CoreGraphics'
1 | import CoreGraphics
| `- error: no such module 'CoreGraphics'
2 | import Foundation
3 |
/host/spi-builder-workspace/Source/SpryEquatable+Types.swift:1:8: error: no such module 'CoreGraphics'
1 | import CoreGraphics
| `- error: no such module 'CoreGraphics'
2 | import Foundation
3 |
/host/spi-builder-workspace/Source/SpryEquatable+Types.swift:1:8: error: no such module 'CoreGraphics'
1 | import CoreGraphics
| `- error: no such module 'CoreGraphics'
2 | import Foundation
3 |
/host/spi-builder-workspace/Source/SpryEquatable+Types.swift:1:8: error: no such module 'CoreGraphics'
1 | import CoreGraphics
| `- error: no such module 'CoreGraphics'
2 | import Foundation
3 |
/host/spi-builder-workspace/Source/SpryEquatable+Types.swift:1:8: error: no such module 'CoreGraphics'
1 | import CoreGraphics
| `- error: no such module 'CoreGraphics'
2 | import Foundation
3 |
/host/spi-builder-workspace/Source/SpryEquatable+Types.swift:1:8: error: no such module 'CoreGraphics'
1 | import CoreGraphics
| `- error: no such module 'CoreGraphics'
2 | import Foundation
3 |
/host/spi-builder-workspace/Source/SpryEquatable+Types.swift:1:8: error: no such module 'CoreGraphics'
1 | import CoreGraphics
| `- error: no such module 'CoreGraphics'
2 | import Foundation
3 |
/host/spi-builder-workspace/Source/SpryEquatable+Types.swift:1:8: error: no such module 'CoreGraphics'
1 | import CoreGraphics
| `- error: no such module 'CoreGraphics'
2 | import Foundation
3 |
/host/spi-builder-workspace/Source/SpryEquatable+Types.swift:1:8: error: no such module 'CoreGraphics'
1 | import CoreGraphics
| `- error: no such module 'CoreGraphics'
2 | import Foundation
3 |
/host/spi-builder-workspace/Source/SpryEquatable+Types.swift:1:8: error: no such module 'CoreGraphics'
1 | import CoreGraphics
| `- error: no such module 'CoreGraphics'
2 | import Foundation
3 |
/host/spi-builder-workspace/Source/SpryEquatable+Types.swift:1:8: error: no such module 'CoreGraphics'
1 | import CoreGraphics
| `- error: no such module 'CoreGraphics'
2 | import Foundation
3 |
/host/spi-builder-workspace/Source/SpryEquatable+Types.swift:1:8: error: no such module 'CoreGraphics'
1 | import CoreGraphics
| `- error: no such module 'CoreGraphics'
2 | import Foundation
3 |
/host/spi-builder-workspace/Source/SpryEquatable+Types.swift:1:8: error: no such module 'CoreGraphics'
1 | import CoreGraphics
| `- error: no such module 'CoreGraphics'
2 | import Foundation
3 |
/host/spi-builder-workspace/Source/SpryEquatable+Types.swift:1:8: error: no such module 'CoreGraphics'
1 | import CoreGraphics
| `- error: no such module 'CoreGraphics'
2 | import Foundation
3 |
/host/spi-builder-workspace/Source/SpryEquatable+Types.swift:1:8: error: no such module 'CoreGraphics'
1 | import CoreGraphics
| `- error: no such module 'CoreGraphics'
2 | import Foundation
3 |
/host/spi-builder-workspace/Source/SpryEquatable+Types.swift:1:8: error: no such module 'CoreGraphics'
1 | import CoreGraphics
| `- error: no such module 'CoreGraphics'
2 | import Foundation
3 |
[439/495] Compiling SpryKit XCTAssertEqualError.swift
/host/spi-builder-workspace/Source/SpryEquatable+Types.swift:1:8: error: no such module 'CoreGraphics'
1 | import CoreGraphics
| `- error: no such module 'CoreGraphics'
2 | import Foundation
3 |
[440/495] Compiling SpryKit XCTAssertEqualImage.swift
/host/spi-builder-workspace/Source/SpryEquatable+Types.swift:1:8: error: no such module 'CoreGraphics'
1 | import CoreGraphics
| `- error: no such module 'CoreGraphics'
2 | import Foundation
3 |
[441/495] Compiling SpryKit XCTAssertHaveReceived.swift
/host/spi-builder-workspace/Source/SpryEquatable+Types.swift:1:8: error: no such module 'CoreGraphics'
1 | import CoreGraphics
| `- error: no such module 'CoreGraphics'
2 | import Foundation
3 |
[442/495] Compiling SpryKit XCTAssertHaveRecordedCalls.swift
/host/spi-builder-workspace/Source/SpryEquatable+Types.swift:1:8: error: no such module 'CoreGraphics'
1 | import CoreGraphics
| `- error: no such module 'CoreGraphics'
2 | import Foundation
3 |
[443/495] Compiling SpryKit XCTAssertThrowsAssertion.swift
/host/spi-builder-workspace/Source/SpryEquatable+Types.swift:1:8: error: no such module 'CoreGraphics'
1 | import CoreGraphics
| `- error: no such module 'CoreGraphics'
2 | import Foundation
3 |
[444/495] Compiling SpryKit XCTAssertThrowsError.swift
/host/spi-builder-workspace/Source/SpryEquatable+Types.swift:1:8: error: no such module 'CoreGraphics'
1 | import CoreGraphics
| `- error: no such module 'CoreGraphics'
2 | import Foundation
3 |
[445/495] Compiling SpryKit resource_bundle_accessor.swift
/host/spi-builder-workspace/Source/SpryEquatable+Types.swift:1:8: error: no such module 'CoreGraphics'
1 | import CoreGraphics
| `- error: no such module 'CoreGraphics'
2 | import Foundation
3 |
/host/spi-builder-workspace/Source/SpryEquatable+Types.swift:1:8: error: no such module 'CoreGraphics'
1 | import CoreGraphics
| `- error: no such module 'CoreGraphics'
2 | import Foundation
3 |
/host/spi-builder-workspace/Source/SpryEquatable+Types.swift:1:8: error: no such module 'CoreGraphics'
1 | import CoreGraphics
| `- error: no such module 'CoreGraphics'
2 | import Foundation
3 |
/host/spi-builder-workspace/Source/SpryEquatable+Types.swift:1:8: error: no such module 'CoreGraphics'
1 | import CoreGraphics
| `- error: no such module 'CoreGraphics'
2 | import Foundation
3 |
/host/spi-builder-workspace/Source/SpryEquatable+Types.swift:1:8: error: no such module 'CoreGraphics'
1 | import CoreGraphics
| `- error: no such module 'CoreGraphics'
2 | import Foundation
3 |
/host/spi-builder-workspace/Source/SpryEquatable+Types.swift:1:8: error: no such module 'CoreGraphics'
1 | import CoreGraphics
| `- error: no such module 'CoreGraphics'
2 | import Foundation
3 |
/host/spi-builder-workspace/Source/SpryEquatable+Types.swift:1:8: error: no such module 'CoreGraphics'
1 | import CoreGraphics
| `- error: no such module 'CoreGraphics'
2 | import Foundation
3 |
/host/spi-builder-workspace/Source/SpryEquatable+Types.swift:1:8: error: no such module 'CoreGraphics'
1 | import CoreGraphics
| `- error: no such module 'CoreGraphics'
2 | import Foundation
3 |
[453/495] Compiling SpryKit AwaitableCounter.swift
/host/spi-builder-workspace/Source/SpryEquatable+Types.swift:1:8: error: no such module 'CoreGraphics'
1 | import CoreGraphics
| `- error: no such module 'CoreGraphics'
2 | import Foundation
3 |
[454/495] Compiling SpryKit CatchBadInstructionSerially.swift
/host/spi-builder-workspace/Source/SpryEquatable+Types.swift:1:8: error: no such module 'CoreGraphics'
1 | import CoreGraphics
| `- error: no such module 'CoreGraphics'
2 | import Foundation
3 |
[455/495] Compiling SpryKit Data+Helpers.swift
/host/spi-builder-workspace/Source/SpryEquatable+Types.swift:1:8: error: no such module 'CoreGraphics'
1 | import CoreGraphics
| `- error: no such module 'CoreGraphics'
2 | import Foundation
3 |
[456/495] Compiling SpryKit Date+Helpers.swift
/host/spi-builder-workspace/Source/SpryEquatable+Types.swift:1:8: error: no such module 'CoreGraphics'
1 | import CoreGraphics
| `- error: no such module 'CoreGraphics'
2 | import Foundation
3 |
[457/495] Compiling SpryKit Describing.swift
/host/spi-builder-workspace/Source/SpryEquatable+Types.swift:1:8: error: no such module 'CoreGraphics'
1 | import CoreGraphics
| `- error: no such module 'CoreGraphics'
2 | import Foundation
3 |
[458/495] Compiling SpryKit DispatchTime+Helpers.swift
/host/spi-builder-workspace/Source/SpryEquatable+Types.swift:1:8: error: no such module 'CoreGraphics'
1 | import CoreGraphics
| `- error: no such module 'CoreGraphics'
2 | import Foundation
3 |
[459/495] Compiling SpryKit Image+Helpers.swift
/host/spi-builder-workspace/Source/SpryEquatable+Types.swift:1:8: error: no such module 'CoreGraphics'
1 | import CoreGraphics
| `- error: no such module 'CoreGraphics'
2 | import Foundation
3 |
/host/spi-builder-workspace/Source/SpryEquatable+Types.swift:1:8: error: no such module 'CoreGraphics'
1 | import CoreGraphics
| `- error: no such module 'CoreGraphics'
2 | import Foundation
3 |
/host/spi-builder-workspace/Source/SpryEquatable+Types.swift:1:8: error: no such module 'CoreGraphics'
1 | import CoreGraphics
| `- error: no such module 'CoreGraphics'
2 | import Foundation
3 |
/host/spi-builder-workspace/Source/SpryEquatable+Types.swift:1:8: error: no such module 'CoreGraphics'
1 | import CoreGraphics
| `- error: no such module 'CoreGraphics'
2 | import Foundation
3 |
/host/spi-builder-workspace/Source/SpryEquatable+Types.swift:1:8: error: no such module 'CoreGraphics'
1 | import CoreGraphics
| `- error: no such module 'CoreGraphics'
2 | import Foundation
3 |
/host/spi-builder-workspace/Source/SpryEquatable+Types.swift:1:8: error: no such module 'CoreGraphics'
1 | import CoreGraphics
| `- error: no such module 'CoreGraphics'
2 | import Foundation
3 |
/host/spi-builder-workspace/Source/SpryEquatable+Types.swift:1:8: error: no such module 'CoreGraphics'
1 | import CoreGraphics
| `- error: no such module 'CoreGraphics'
2 | import Foundation
3 |
/host/spi-builder-workspace/Source/SpryEquatable+Types.swift:1:8: error: no such module 'CoreGraphics'
1 | import CoreGraphics
| `- error: no such module 'CoreGraphics'
2 | import Foundation
3 |
/host/spi-builder-workspace/Source/SpryEquatable+Types.swift:1:8: error: no such module 'CoreGraphics'
1 | import CoreGraphics
| `- error: no such module 'CoreGraphics'
2 | import Foundation
3 |
/host/spi-builder-workspace/Source/SpryEquatable+Types.swift:1:8: error: no such module 'CoreGraphics'
1 | import CoreGraphics
| `- error: no such module 'CoreGraphics'
2 | import Foundation
3 |
/host/spi-builder-workspace/Source/SpryEquatable+Types.swift:1:8: error: no such module 'CoreGraphics'
1 | import CoreGraphics
| `- error: no such module 'CoreGraphics'
2 | import Foundation
3 |
/host/spi-builder-workspace/Source/SpryEquatable+Types.swift:1:8: error: no such module 'CoreGraphics'
1 | import CoreGraphics
| `- error: no such module 'CoreGraphics'
2 | import Foundation
3 |
/host/spi-builder-workspace/Source/SpryEquatable+Types.swift:1:8: error: no such module 'CoreGraphics'
1 | import CoreGraphics
| `- error: no such module 'CoreGraphics'
2 | import Foundation
3 |
/host/spi-builder-workspace/Source/SpryEquatable+Types.swift:1:8: error: no such module 'CoreGraphics'
1 | import CoreGraphics
| `- error: no such module 'CoreGraphics'
2 | import Foundation
3 |
/host/spi-builder-workspace/Source/SpryEquatable+Types.swift:1:8: error: no such module 'CoreGraphics'
1 | import CoreGraphics
| `- error: no such module 'CoreGraphics'
2 | import Foundation
3 |
/host/spi-builder-workspace/Source/SpryEquatable+Types.swift:1:8: error: no such module 'CoreGraphics'
1 | import CoreGraphics
| `- error: no such module 'CoreGraphics'
2 | import Foundation
3 |
BUILD FAILURE 6.3 android