The Swift Package Index logo.Swift Package Index

Build Information

Failed to build swift-edf, reference 0.3.0 (9a0616), with Swift 6.4 for Wasm on 21 Sep 2026 22:21:51 UTC.

Build Command

bash -c docker run --pull=always --rm -v "checkouts-54344847-0":/host -w "$PWD" -e JAVA_HOME="/root/.sdkman/candidates/java/current" -e SPI_BUILD="1" -e SPI_PROCESSING="1" registry.gitlab.com/saguaro1/spi-images:wasm-6.4-latest swift build --swift-sdk swift-6.4.x-DEVELOPMENT-SNAPSHOT-2026-09-04-a_wasm 2>&1

Build Log

========================================
RunAll
========================================
Builder version: 5.1.0
Interrupt handler set up.
========================================
Checkout
========================================
Clone URL: https://github.com/p-x9/swift-edf.git
Reference: 0.3.0
Initialized empty Git repository in /host/spi-builder-workspace/.git/
hint: Using 'master' as the name for the initial branch. This default branch name
hint: is subject to change. To configure the initial branch name to use in all
hint: of your new repositories, which will suppress this warning, call:
hint:
hint: 	git config --global init.defaultBranch <name>
hint:
hint: Names commonly chosen instead of 'master' are 'main', 'trunk' and
hint: 'development'. The just-created branch can be renamed via this command:
hint:
hint: 	git branch -m <name>
From https://github.com/p-x9/swift-edf
 * tag               0.3.0      -> FETCH_HEAD
HEAD is now at 9a0616d Merge pull request #2 from p-x9/feature/fileio-0.3.0
Cloned https://github.com/p-x9/swift-edf.git
Revision (git rev-parse @):
9a0616d27762028a8d4005545f8ec3277ed9c5ef
SUCCESS checkout https://github.com/p-x9/swift-edf.git at 0.3.0
========================================
Build
========================================
Selected platform:         wasm
Swift version:             6.4
Building package at path:  $PWD
https://github.com/p-x9/swift-edf.git
Running build ...
bash -c docker run --pull=always --rm -v "checkouts-54344847-0":/host -w "$PWD" -e JAVA_HOME="/root/.sdkman/candidates/java/current" -e SPI_BUILD="1" -e SPI_PROCESSING="1" registry.gitlab.com/saguaro1/spi-images:wasm-6.4-latest swift build --swift-sdk swift-6.4.x-DEVELOPMENT-SNAPSHOT-2026-09-04-a_wasm 2>&1
wasm-6.4-latest: Pulling from saguaro1/spi-images
Digest: sha256:4328fdb43c680d205c1d6761b1e3267aa38277eefdda9ddfb17b6a0f1a77857a
Status: Image is up to date for registry.gitlab.com/saguaro1/spi-images:wasm-6.4-latest
Fetching https://github.com/p-x9/swift-fileio.git
[1/655] Fetching swift-fileio
Fetched https://github.com/p-x9/swift-fileio.git (0.44s)
Computing version for https://github.com/p-x9/swift-fileio.git
Computed https://github.com/p-x9/swift-fileio.git at 0.15.1 (0.63s)
Creating working copy for https://github.com/p-x9/swift-fileio.git
Working copy of https://github.com/p-x9/swift-fileio.git resolved at 0.15.1
Building for debugging...
[Pre-planning 1 / 126]
error: SwiftCompile normal wasm32 failed with a nonzero exit code. Command line:     cd /host

[35 / 50] FileIO
/host/spi-builder-workspace/.build/checkouts/swift-fileio/Sources/FileIO/system.swift:183:5: error: cannot find 'msync' in scope
181 |     FlushViewOfFile(pointer, SIZE_T(length))
182 | #else
183 |     msync(pointer, length, MS_SYNC)
    |     `- error: cannot find 'msync' in scope
184 | #endif
185 | }
/host/spi-builder-workspace/.build/checkouts/swift-fileio/Sources/FileIO/system.swift:183:28: error: cannot find 'MS_SYNC' in scope
181 |     FlushViewOfFile(pointer, SIZE_T(length))
182 | #else
183 |     msync(pointer, length, MS_SYNC)
    |                            `- error: cannot find 'MS_SYNC' in scope
184 | #endif
185 | }
Failed frontend command:
/usr/bin/swift-frontend -frontend -emit-module -experimental-skip-non-inlinable-function-bodies-without-types /host/spi-builder-workspace/.build/checkouts/swift-fileio/Sources/FileIO/ConcatenatedMemoryMappedFile.swift /host/spi-builder-workspace/.build/checkouts/swift-fileio/Sources/FileIO/ConcatenatedStreamedFile.swift /host/spi-builder-workspace/.build/checkouts/swift-fileio/Sources/FileIO/FileIO.swift /host/spi-builder-workspace/.build/checkouts/swift-fileio/Sources/FileIO/MemoryMappedFile.swift /host/spi-builder-workspace/.build/checkouts/swift-fileio/Sources/FileIO/StreamedFile.swift /host/spi-builder-workspace/.build/checkouts/swift-fileio/Sources/FileIO/system.swift -target wasm32-unknown-wasip1 -disable-objc-interop -sdk /root/.swiftpm/swift-sdks/swift-6.4.x-DEVELOPMENT-SNAPSHOT-2026-09-04-a_wasm.artifactbundle/swift-6.4.x-DEVELOPMENT-SNAPSHOT-2026-09-04-a_wasm/wasm32-unknown-wasip1/WASI.sdk -sysroot /root/.swiftpm/swift-sdks/swift-6.4.x-DEVELOPMENT-SNAPSHOT-2026-09-04-a_wasm.artifactbundle/swift-6.4.x-DEVELOPMENT-SNAPSHOT-2026-09-04-a_wasm/wasm32-unknown-wasip1/WASI.sdk -I /host/spi-builder-workspace/.build/out/Products/Debug-webassembly-wasm32 -module-cache-path /host/spi-builder-workspace/.build/out/ModuleCache.noindex -color-diagnostics -Xcc -fcolor-diagnostics -enable-testing -g -debug-info-format\=dwarf -dwarf-version\=4 -suppress-warnings -swift-version 5 -Onone -D SWIFT_PACKAGE -D DEBUG -D SWIFT_MODULE_RESOURCE_BUNDLE_UNAVAILABLE -D Xcode -serialize-debugging-options -enable-experimental-feature DebugDescriptionMacro -empty-abi-descriptor -external-plugin-path /usr/lib/swift/host/plugins/testing\#/usr/bin/swift-plugin-server -validate-clang-modules-once -clang-build-session-file /host/spi-builder-workspace/.build/out/ModuleCache.noindex/Session.modulevalidation -Xcc -working-directory -Xcc /host -resource-dir /root/.swiftpm/swift-sdks/swift-6.4.x-DEVELOPMENT-SNAPSHOT-2026-09-04-a_wasm.artifactbundle/swift-6.4.x-DEVELOPMENT-SNAPSHOT-2026-09-04-a_wasm/wasm32-unknown-wasip1/swift.xctoolchain/usr/lib/swift_static -use-static-resource-dir -enable-anonymous-context-mangled-names -file-compilation-dir /host -Xcc -resource-dir -Xcc /root/.swiftpm/swift-sdks/swift-6.4.x-DEVELOPMENT-SNAPSHOT-2026-09-04-a_wasm.artifactbundle/swift-6.4.x-DEVELOPMENT-SNAPSHOT-2026-09-04-a_wasm/wasm32-unknown-wasip1/swift.xctoolchain/usr/lib/swift_static/clang -Xcc -D_LIBCPP_HARDENING_MODE\=_LIBCPP_HARDENING_MODE_DEBUG -Xcc -fmodules-prune-interval\=86400 -Xcc -fmodules-prune-after\=345600 -Xcc -I/host/spi-builder-workspace/.build/out/Products/Debug-webassembly-wasm32/include -Xcc -I/host/spi-builder-workspace/.build/out/Intermediates.noindex/swift-fileio.build/Debug-webassembly-wasm32/FileIO-t.build/DerivedSources-normal/wasm32 -Xcc -I/host/spi-builder-workspace/.build/out/Intermediates.noindex/swift-fileio.build/Debug-webassembly-wasm32/FileIO-t.build/DerivedSources/wasm32 -Xcc -I/host/spi-builder-workspace/.build/out/Intermediates.noindex/swift-fileio.build/Debug-webassembly-wasm32/FileIO-t.build/DerivedSources -Xcc -DSWIFT_PACKAGE -Xcc -DDEBUG\=1 -no-auto-bridging-header-chaining -module-name FileIO -package-name swift_fileio -const-gather-protocols-file /host/spi-builder-workspace/.build/out/Intermediates.noindex/swift-fileio.build/Debug-webassembly-wasm32/FileIO-t.build/Objects-normal/wasm32/FileIO_const_extract_protocols.json -in-process-plugin-server-path /usr/lib/swift/host/libSwiftInProcPluginServer.so -plugin-path /usr/lib/swift/host/plugins -plugin-path /usr/local/lib/swift/host/plugins -emit-module-doc-path /host/spi-builder-workspace/.build/out/Intermediates.noindex/swift-fileio.build/Debug-webassembly-wasm32/FileIO-t.build/Objects-normal/wasm32/Modules/FileIO.swiftdoc -emit-module-source-info-path /host/spi-builder-workspace/.build/out/Intermediates.noindex/swift-fileio.build/Debug-webassembly-wasm32/FileIO-t.build/Objects-normal/wasm32/Modules/FileIO.swiftsourceinfo -emit-objc-header-path /host/spi-builder-workspace/.build/out/Intermediates.noindex/swift-fileio.build/Debug-webassembly-wasm32/FileIO-t.build/Objects-normal/wasm32/FileIO-Swift.h -serialize-diagnostics-path /host/spi-builder-workspace/.build/out/Intermediates.noindex/swift-fileio.build/Debug-webassembly-wasm32/FileIO-t.build/Objects-normal/wasm32/FileIO-primary-emit-module.dia -emit-dependencies-path /host/spi-builder-workspace/.build/out/Intermediates.noindex/swift-fileio.build/Debug-webassembly-wasm32/FileIO-t.build/Objects-normal/wasm32/FileIO-primary-emit-module.d -parse-as-library -o /host/spi-builder-workspace/.build/out/Intermediates.noindex/swift-fileio.build/Debug-webassembly-wasm32/FileIO-t.build/Objects-normal/wasm32/Modules/FileIO.swiftmodule
error: Build failed
BUILD FAILURE 6.4 wasm