Build Information
Failed to build ASCKit, reference develop (d7ee01), with Swift 6.2 for Linux on 22 Jul 2026 19:03:39 UTC.
Build Command
bash -c docker run --pull=always --rm -v "checkouts-54344849-0":/host -w "$PWD" -e JAVA_HOME="/root/.sdkman/candidates/java/current" -e SPI_BUILD="1" -e SPI_PROCESSING="1" registry.gitlab.com/saguaro1/spi-images:basic-6.2-latest swift build --triple x86_64-unknown-linux-gnu 2>&1Build Log
========================================
RunAll
========================================
Builder version: 333316120c8b89ed7d21f1b34865290794301d91
Interrupt handler set up.
========================================
Checkout
========================================
Clone URL: https://github.com/Blackjacx/ASCKit.git
Reference: develop
Initialized empty Git repository in /host/spi-builder-workspace/.git/
hint: Using 'master' as the name for the initial branch. This default branch name
hint: is subject to change. To configure the initial branch name to use in all
hint: of your new repositories, which will suppress this warning, call:
hint:
hint: git config --global init.defaultBranch <name>
hint:
hint: Names commonly chosen instead of 'master' are 'main', 'trunk' and
hint: 'development'. The just-created branch can be renamed via this command:
hint:
hint: git branch -m <name>
From https://github.com/Blackjacx/ASCKit
* branch develop -> FETCH_HEAD
* [new branch] develop -> origin/develop
HEAD is now at d7ee017 Merge branch 'release/0.7.4' into develop
Cloned https://github.com/Blackjacx/ASCKit.git
Revision (git rev-parse @):
d7ee0177bbea46beed878a2be9510935297837b9
SPI manifest file found: $PWD/.spi.yml
SUCCESS checkout https://github.com/Blackjacx/ASCKit.git at develop
========================================
Build
========================================
Selected platform: linux
Swift version: 6.2
Building package at path: $PWD
https://github.com/Blackjacx/ASCKit.git
Running build ...
bash -c docker run --pull=always --rm -v "checkouts-54344849-0":/host -w "$PWD" -e JAVA_HOME="/root/.sdkman/candidates/java/current" -e SPI_BUILD="1" -e SPI_PROCESSING="1" registry.gitlab.com/saguaro1/spi-images:basic-6.2-latest swift build --triple x86_64-unknown-linux-gnu 2>&1
basic-6.2-latest: Pulling from saguaro1/spi-images
Digest: sha256:146297aca0eb7f3e338453cbf4c0aa72424647d7d0d3f35fda2f7ef7698dd3aa
Status: Image is up to date for registry.gitlab.com/saguaro1/spi-images:basic-6.2-latest
Fetching https://github.com/blackjacx/Engine
[1/895] Fetching engine
Fetched https://github.com/blackjacx/Engine from cache (0.46s)
Computing version for https://github.com/blackjacx/Engine
Computed https://github.com/blackjacx/Engine at 0.3.3 (0.62s)
Fetching https://github.com/kishikawakatsumi/KeychainAccess
[1/4388] Fetching keychainaccess
Fetched https://github.com/kishikawakatsumi/KeychainAccess from cache (0.90s)
Computing version for https://github.com/kishikawakatsumi/KeychainAccess
Computed https://github.com/kishikawakatsumi/KeychainAccess at 4.2.2 (1.82s)
Creating working copy for https://github.com/blackjacx/Engine
Working copy of https://github.com/blackjacx/Engine resolved at 0.3.3
Creating working copy for https://github.com/kishikawakatsumi/KeychainAccess
Working copy of https://github.com/kishikawakatsumi/KeychainAccess resolved at 4.2.2
Building for debugging...
[0/4] Write sources
[3/4] Write swift-version-24593BA9C3E375BF.txt
error: emit-module command failed with exit code 1 (use -v to see invocation)
[5/6] Emitting module KeychainAccess
/host/spi-builder-workspace/.build/checkouts/KeychainAccess/Lib/KeychainAccess/Keychain.swift:27:8: error: no such module 'Security'
25 |
26 | import Foundation
27 | import Security
| `- error: no such module 'Security'
28 | #if os(iOS) || os(OSX)
29 | import LocalAuthentication
[6/6] Compiling KeychainAccess Keychain.swift
/host/spi-builder-workspace/.build/checkouts/KeychainAccess/Lib/KeychainAccess/Keychain.swift:27:8: error: no such module 'Security'
25 |
26 | import Foundation
27 | import Security
| `- error: no such module 'Security'
28 | #if os(iOS) || os(OSX)
29 | import LocalAuthentication
BUILD FAILURE 6.2 linux