Build Information
Failed to build Beacon, reference master (659ecc), with Swift 6.4 for visionOS using Xcode 27.0 on 19 Sep 2026 04:19:12 UTC.
Build Command
env DEVELOPER_DIR=/Applications/Xcode-27.0.0-Release.Candidate.app xcrun xcodebuild -IDEClonedSourcePackagesDirPathOverride=$PWD/.dependencies -skipMacroValidation -skipPackagePluginValidation -derivedDataPath $PWD/.derivedData build -scheme Beacon -destination generic/platform=xrOSBuild Log
Ld /Users/admin/builder/spi-builder-workspace/.derivedData/Build/Products/Debug-xros/AnyCodable.o normal (in target 'AnyCodable' from project 'AnyCodable')
cd /Users/admin/builder/spi-builder-workspace/.dependencies/checkouts/AnyCodable
/Applications/Xcode-27.0.0-Release.Candidate.app/Contents/Developer/Toolchains/XcodeDefault.xctoolchain/usr/bin/clang -Xlinker -reproducible -target arm64-apple-xros1.0 -r -isysroot /Applications/Xcode-27.0.0-Release.Candidate.app/Contents/Developer/Platforms/XROS.platform/Developer/SDKs/XROS27.0.sdk -O0 -w -Xlinker -no_warn_duplicate_libraries -F/Users/admin/builder/spi-builder-workspace/.derivedData/Build/Intermediates.noindex/EagerLinkingTBDs/Debug-xros -F/Users/admin/builder/spi-builder-workspace/.derivedData/Build/Products/Debug-xros -iframework /Applications/Xcode-27.0.0-Release.Candidate.app/Contents/Developer/Platforms/XROS.platform/Developer/Library/Frameworks -iframework /Applications/Xcode-27.0.0-Release.Candidate.app/Contents/Developer/Platforms/XROS.platform/Developer/SDKs/XROS27.0.sdk/Developer/Library/Frameworks -filelist /Users/admin/builder/spi-builder-workspace/.derivedData/Build/Intermediates.noindex/AnyCodable.build/Debug-xros/AnyCodable-t.build/Objects-normal/arm64/AnyCodable.LinkFileList -nostdlib -Xlinker -object_path_lto -Xlinker /Users/admin/builder/spi-builder-workspace/.derivedData/Build/Intermediates.noindex/AnyCodable.build/Debug-xros/AnyCodable-t.build/Objects-normal/arm64/AnyCodable_lto.o -Xlinker -no_deduplicate -Xlinker -dependency_info -Xlinker /Users/admin/builder/spi-builder-workspace/.derivedData/Build/Intermediates.noindex/AnyCodable.build/Debug-xros/AnyCodable-t.build/Objects-normal/arm64/AnyCodable_dependency_info.dat -fobjc-link-runtime -L/Applications/Xcode-27.0.0-Release.Candidate.app/Contents/Developer/Toolchains/XcodeDefault.xctoolchain/usr/lib/swift/xros -L/usr/lib/swift -Xlinker -add_ast_path -Xlinker /Users/admin/builder/spi-builder-workspace/.derivedData/Build/Intermediates.noindex/AnyCodable.build/Debug-xros/AnyCodable-t.build/Objects-normal/arm64/AnyCodable.swiftmodule -o /Users/admin/builder/spi-builder-workspace/.derivedData/Build/Products/Debug-xros/AnyCodable.o
SwiftExplicitDependencyGeneratePcm arm64 /Users/admin/builder/spi-builder-workspace/.derivedData/SDKExplicitPrecompiledModules/SwiftUICore-6OBBMA39VFD4CB6SG2PE41FAP.pcm
SwiftExplicitDependencyGeneratePcm arm64 /Users/admin/builder/spi-builder-workspace/.derivedData/SDKExplicitPrecompiledModules/UIKit-2D2PMAAE45TMO6S28UCGCO5BR.pcm
ExtractAppIntentsMetadata (in target 'AnyCodable' from project 'AnyCodable')
cd /Users/admin/builder/spi-builder-workspace/.dependencies/checkouts/AnyCodable
/Applications/Xcode-27.0.0-Release.Candidate.app/Contents/Developer/Toolchains/XcodeDefault.xctoolchain/usr/bin/appintentsmetadataprocessor --toolchain-dir /var/run/com.apple.security.cryptexd/mnt/com.apple.MobileAsset.MetalToolchain-v27.1.266.1.d6kVVL/Metal.xctoolchain --module-name AnyCodable --sdk-root /Applications/Xcode-27.0.0-Release.Candidate.app/Contents/Developer/Platforms/XROS.platform/Developer/SDKs/XROS27.0.sdk --xcode-version 27A266a --platform-family xrOS --deployment-target 1.0 --bundle-identifier anycodable.AnyCodable --output /Users/admin/builder/spi-builder-workspace/.derivedData/Build/Products/Debug-xros/AnyCodable.appintents --target-triple arm64-apple-xros1.0 --binary-file /Users/admin/builder/spi-builder-workspace/.derivedData/Build/Products/Debug-xros/AnyCodable.o --dependency-file /Users/admin/builder/spi-builder-workspace/.derivedData/Build/Intermediates.noindex/AnyCodable.build/Debug-xros/AnyCodable-t.build/Objects-normal/arm64/AnyCodable_dependency_info.dat --stringsdata-file /Users/admin/builder/spi-builder-workspace/.derivedData/Build/Intermediates.noindex/AnyCodable.build/Debug-xros/AnyCodable-t.build/Objects-normal/arm64/ExtractedAppShortcutsMetadata.stringsdata --source-file-list /Users/admin/builder/spi-builder-workspace/.derivedData/Build/Intermediates.noindex/AnyCodable.build/Debug-xros/AnyCodable-t.build/Objects-normal/arm64/AnyCodable.SwiftFileList --metadata-file-list /Users/admin/builder/spi-builder-workspace/.derivedData/Build/Intermediates.noindex/AnyCodable.build/Debug-xros/AnyCodable-t.build/AnyCodable.DependencyMetadataFileList --static-metadata-file-list /Users/admin/builder/spi-builder-workspace/.derivedData/Build/Intermediates.noindex/AnyCodable.build/Debug-xros/AnyCodable-t.build/AnyCodable.DependencyStaticMetadataFileList --swift-const-vals-list /Users/admin/builder/spi-builder-workspace/.derivedData/Build/Intermediates.noindex/AnyCodable.build/Debug-xros/AnyCodable-t.build/Objects-normal/arm64/AnyCodable.SwiftConstValuesFileList --force --compile-time-extraction --deployment-aware-processing --no-app-shortcuts-localization
2026-09-19 00:19:05.074 appintentsmetadataprocessor[1189:6720] Starting appintentsmetadataprocessor export
2026-09-19 00:19:05.147 appintentsmetadataprocessor[1189:6720] Extracted no relevant App Intents symbols, skipping writing output
SwiftDriverJobDiscovery normal arm64 Compiling Announceable.swift (in target 'SwiftAnnouncements' from project 'SwiftAnnouncements')
SwiftDriverJobDiscovery normal arm64 Emitting module for SwiftAnnouncements (in target 'SwiftAnnouncements' from project 'SwiftAnnouncements')
SwiftDriver\ Compilation\ Requirements SwiftAnnouncements normal arm64 com.apple.xcode.tools.swift.compiler (in target 'SwiftAnnouncements' from project 'SwiftAnnouncements')
cd /Users/admin/builder/spi-builder-workspace
builtin-Swift-Compilation-Requirements -- /Applications/Xcode-27.0.0-Release.Candidate.app/Contents/Developer/Toolchains/XcodeDefault.xctoolchain/usr/bin/swiftc -parse-as-library -module-name SwiftAnnouncements -Onone @/Users/admin/builder/spi-builder-workspace/.derivedData/Build/Intermediates.noindex/SwiftAnnouncements.build/Debug-xros/SwiftAnnouncements-t.build/Objects-normal/arm64/SwiftAnnouncements.SwiftFileList -DSWIFT_PACKAGE -DDEBUG -DSWIFT_MODULE_RESOURCE_BUNDLE_UNAVAILABLE -DXcode -plugin-path /Applications/Xcode-27.0.0-Release.Candidate.app/Contents/Developer/Toolchains/XcodeDefault.xctoolchain/usr/lib/swift/host/plugins/testing -enable-experimental-feature DebugDescriptionMacro -sdk /Applications/Xcode-27.0.0-Release.Candidate.app/Contents/Developer/Platforms/XROS.platform/Developer/SDKs/XROS27.0.sdk -target arm64-apple-xros1.0 -g -module-cache-path /Users/admin/builder/spi-builder-workspace/.derivedData/ModuleCache.noindex -Xfrontend -serialize-debugging-options -enable-testing -suppress-warnings -index-store-path /Users/admin/builder/spi-builder-workspace/.derivedData/Index.noindex/DataStore -Xcc -D_LIBCPP_HARDENING_MODE\=_LIBCPP_HARDENING_MODE_DEBUG -swift-version 5 -I /Users/admin/builder/spi-builder-workspace/.derivedData/Build/Products/Debug-xros -Isystem /Applications/Xcode-27.0.0-Release.Candidate.app/Contents/Developer/Platforms/XROS.platform/Developer/usr/lib -F /Users/admin/builder/spi-builder-workspace/.derivedData/Build/Products/Debug-xros/PackageFrameworks -F /Users/admin/builder/spi-builder-workspace/.derivedData/Build/Products/Debug-xros -F /Applications/Xcode-27.0.0-Release.Candidate.app/Contents/Developer/Platforms/XROS.platform/Developer/Library/Frameworks -F /Applications/Xcode-27.0.0-Release.Candidate.app/Contents/Developer/Platforms/XROS.platform/Developer/SDKs/XROS27.0.sdk/Developer/Library/Frameworks -c -j10 -enable-batch-mode -incremental -Xcc -ivfsstatcache -Xcc /Users/admin/builder/spi-builder-workspace/.derivedData/SDKStatCaches.noindex/xros27.0-24M361-e829b21a6f8c9b70876ba0858053c044735bd543db762f57723cac368afd1ce4.sdkstatcache -output-file-map /Users/admin/builder/spi-builder-workspace/.derivedData/Build/Intermediates.noindex/SwiftAnnouncements.build/Debug-xros/SwiftAnnouncements-t.build/Objects-normal/arm64/SwiftAnnouncements-OutputFileMap.json -save-temps -no-color-diagnostics -explicit-module-build -module-cache-path /Users/admin/builder/spi-builder-workspace/.derivedData/Build/Intermediates.noindex/SwiftExplicitPrecompiledModules -clang-scanner-module-cache-path /Users/admin/builder/spi-builder-workspace/.derivedData/ModuleCache.noindex -sdk-module-cache-path /Users/admin/builder/spi-builder-workspace/.derivedData/SDKExplicitPrecompiledModules -emit-dependencies -emit-module -emit-module-path /Users/admin/builder/spi-builder-workspace/.derivedData/Build/Intermediates.noindex/SwiftAnnouncements.build/Debug-xros/SwiftAnnouncements-t.build/Objects-normal/arm64/SwiftAnnouncements.swiftmodule -serialize-diagnostics -dependency-scan-serialize-diagnostics-path /Users/admin/builder/spi-builder-workspace/.derivedData/Build/Intermediates.noindex/SwiftAnnouncements.build/Debug-xros/SwiftAnnouncements-t.build/Objects-normal/arm64/SwiftAnnouncements-dependency-scan.dia -validate-clang-modules-once -clang-build-session-file /Users/admin/builder/spi-builder-workspace/.derivedData/ModuleCache.noindex/Session.modulevalidation -Xcc -fmodules-prune-interval\=86400 -Xcc -fmodules-prune-after\=345600 -emit-const-values -const-gather-protocols-list /Users/admin/builder/spi-builder-workspace/.derivedData/Build/Intermediates.noindex/SwiftAnnouncements.build/Debug-xros/SwiftAnnouncements-t.build/Objects-normal/arm64/SwiftAnnouncements_const_extract_protocols.json -Xcc -I/Users/admin/builder/spi-builder-workspace/.derivedData/Build/Products/Debug-xros/include -Xcc -I/Users/admin/builder/spi-builder-workspace/.derivedData/Build/Intermediates.noindex/SwiftAnnouncements.build/Debug-xros/SwiftAnnouncements-t.build/DerivedSources-normal/arm64 -Xcc -I/Users/admin/builder/spi-builder-workspace/.derivedData/Build/Intermediates.noindex/SwiftAnnouncements.build/Debug-xros/SwiftAnnouncements-t.build/DerivedSources/arm64 -Xcc -I/Users/admin/builder/spi-builder-workspace/.derivedData/Build/Intermediates.noindex/SwiftAnnouncements.build/Debug-xros/SwiftAnnouncements-t.build/DerivedSources -Xcc -DSWIFT_PACKAGE -Xcc -DDEBUG\=1 -emit-objc-header -emit-objc-header-path /Users/admin/builder/spi-builder-workspace/.derivedData/Build/Intermediates.noindex/SwiftAnnouncements.build/Debug-xros/SwiftAnnouncements-t.build/Objects-normal/arm64/SwiftAnnouncements-Swift.h -working-directory /Users/admin/builder/spi-builder-workspace -experimental-emit-module-separately -disable-cmo
SwiftMergeGeneratedHeaders /Users/admin/builder/spi-builder-workspace/.derivedData/Build/Intermediates.noindex/GeneratedModuleMaps-xros/SwiftAnnouncements-Swift.h /Users/admin/builder/spi-builder-workspace/.derivedData/Build/Intermediates.noindex/SwiftAnnouncements.build/Debug-xros/SwiftAnnouncements-t.build/Objects-normal/arm64/SwiftAnnouncements-Swift.h (in target 'SwiftAnnouncements' from project 'SwiftAnnouncements')
cd /Users/admin/builder/spi-builder-workspace/.dependencies/checkouts/SwiftAnnouncements
builtin-swiftHeaderTool -arch arm64 /Users/admin/builder/spi-builder-workspace/.derivedData/Build/Intermediates.noindex/SwiftAnnouncements.build/Debug-xros/SwiftAnnouncements-t.build/Objects-normal/arm64/SwiftAnnouncements-Swift.h -o /Users/admin/builder/spi-builder-workspace/.derivedData/Build/Intermediates.noindex/GeneratedModuleMaps-xros/SwiftAnnouncements-Swift.h
Copy /Users/admin/builder/spi-builder-workspace/.derivedData/Build/Products/Debug-xros/SwiftAnnouncements.swiftmodule/arm64-apple-xros.swiftmodule /Users/admin/builder/spi-builder-workspace/.derivedData/Build/Intermediates.noindex/SwiftAnnouncements.build/Debug-xros/SwiftAnnouncements-t.build/Objects-normal/arm64/SwiftAnnouncements.swiftmodule (in target 'SwiftAnnouncements' from project 'SwiftAnnouncements')
cd /Users/admin/builder/spi-builder-workspace/.dependencies/checkouts/SwiftAnnouncements
builtin-copy -exclude .DS_Store -exclude CVS -exclude .svn -exclude .git -exclude .hg -resolve-src-symlinks -rename /Users/admin/builder/spi-builder-workspace/.derivedData/Build/Intermediates.noindex/SwiftAnnouncements.build/Debug-xros/SwiftAnnouncements-t.build/Objects-normal/arm64/SwiftAnnouncements.swiftmodule /Users/admin/builder/spi-builder-workspace/.derivedData/Build/Products/Debug-xros/SwiftAnnouncements.swiftmodule/arm64-apple-xros.swiftmodule
Copy /Users/admin/builder/spi-builder-workspace/.derivedData/Build/Products/Debug-xros/SwiftAnnouncements.swiftmodule/arm64-apple-xros.swiftdoc /Users/admin/builder/spi-builder-workspace/.derivedData/Build/Intermediates.noindex/SwiftAnnouncements.build/Debug-xros/SwiftAnnouncements-t.build/Objects-normal/arm64/SwiftAnnouncements.swiftdoc (in target 'SwiftAnnouncements' from project 'SwiftAnnouncements')
cd /Users/admin/builder/spi-builder-workspace/.dependencies/checkouts/SwiftAnnouncements
builtin-copy -exclude .DS_Store -exclude CVS -exclude .svn -exclude .git -exclude .hg -resolve-src-symlinks -rename /Users/admin/builder/spi-builder-workspace/.derivedData/Build/Intermediates.noindex/SwiftAnnouncements.build/Debug-xros/SwiftAnnouncements-t.build/Objects-normal/arm64/SwiftAnnouncements.swiftdoc /Users/admin/builder/spi-builder-workspace/.derivedData/Build/Products/Debug-xros/SwiftAnnouncements.swiftmodule/arm64-apple-xros.swiftdoc
Copy /Users/admin/builder/spi-builder-workspace/.derivedData/Build/Products/Debug-xros/SwiftAnnouncements.swiftmodule/arm64-apple-xros.abi.json /Users/admin/builder/spi-builder-workspace/.derivedData/Build/Intermediates.noindex/SwiftAnnouncements.build/Debug-xros/SwiftAnnouncements-t.build/Objects-normal/arm64/SwiftAnnouncements.abi.json (in target 'SwiftAnnouncements' from project 'SwiftAnnouncements')
cd /Users/admin/builder/spi-builder-workspace/.dependencies/checkouts/SwiftAnnouncements
builtin-copy -exclude .DS_Store -exclude CVS -exclude .svn -exclude .git -exclude .hg -resolve-src-symlinks -rename /Users/admin/builder/spi-builder-workspace/.derivedData/Build/Intermediates.noindex/SwiftAnnouncements.build/Debug-xros/SwiftAnnouncements-t.build/Objects-normal/arm64/SwiftAnnouncements.abi.json /Users/admin/builder/spi-builder-workspace/.derivedData/Build/Products/Debug-xros/SwiftAnnouncements.swiftmodule/arm64-apple-xros.abi.json
Copy /Users/admin/builder/spi-builder-workspace/.derivedData/Build/Products/Debug-xros/SwiftAnnouncements.swiftmodule/Project/arm64-apple-xros.swiftsourceinfo /Users/admin/builder/spi-builder-workspace/.derivedData/Build/Intermediates.noindex/SwiftAnnouncements.build/Debug-xros/SwiftAnnouncements-t.build/Objects-normal/arm64/SwiftAnnouncements.swiftsourceinfo (in target 'SwiftAnnouncements' from project 'SwiftAnnouncements')
cd /Users/admin/builder/spi-builder-workspace/.dependencies/checkouts/SwiftAnnouncements
builtin-copy -exclude .DS_Store -exclude CVS -exclude .svn -exclude .git -exclude .hg -resolve-src-symlinks -rename /Users/admin/builder/spi-builder-workspace/.derivedData/Build/Intermediates.noindex/SwiftAnnouncements.build/Debug-xros/SwiftAnnouncements-t.build/Objects-normal/arm64/SwiftAnnouncements.swiftsourceinfo /Users/admin/builder/spi-builder-workspace/.derivedData/Build/Products/Debug-xros/SwiftAnnouncements.swiftmodule/Project/arm64-apple-xros.swiftsourceinfo
SwiftDriver Beacon normal arm64 com.apple.xcode.tools.swift.compiler (in target 'Beacon' from project 'Beacon')
cd /Users/admin/builder/spi-builder-workspace
builtin-SwiftDriver -- /Applications/Xcode-27.0.0-Release.Candidate.app/Contents/Developer/Toolchains/XcodeDefault.xctoolchain/usr/bin/swiftc -parse-as-library -module-name Beacon -Onone @/Users/admin/builder/spi-builder-workspace/.derivedData/Build/Intermediates.noindex/Beacon.build/Debug-xros/Beacon-t.build/Objects-normal/arm64/Beacon.SwiftFileList -DSWIFT_PACKAGE -DDEBUG -DSWIFT_MODULE_RESOURCE_BUNDLE_UNAVAILABLE -DXcode -plugin-path /Applications/Xcode-27.0.0-Release.Candidate.app/Contents/Developer/Toolchains/XcodeDefault.xctoolchain/usr/lib/swift/host/plugins/testing -enable-experimental-feature DebugDescriptionMacro -sdk /Applications/Xcode-27.0.0-Release.Candidate.app/Contents/Developer/Platforms/XROS.platform/Developer/SDKs/XROS27.0.sdk -target arm64-apple-xros1.0 -g -module-cache-path /Users/admin/builder/spi-builder-workspace/.derivedData/ModuleCache.noindex -Xfrontend -serialize-debugging-options -enable-testing -index-store-path /Users/admin/builder/spi-builder-workspace/.derivedData/Index.noindex/DataStore -Xcc -D_LIBCPP_HARDENING_MODE\=_LIBCPP_HARDENING_MODE_DEBUG -swift-version 5 -I /Users/admin/builder/spi-builder-workspace/.derivedData/Build/Products/Debug-xros -Isystem /Applications/Xcode-27.0.0-Release.Candidate.app/Contents/Developer/Platforms/XROS.platform/Developer/usr/lib -F /Users/admin/builder/spi-builder-workspace/.derivedData/Build/Products/Debug-xros/PackageFrameworks -F /Users/admin/builder/spi-builder-workspace/.derivedData/Build/Products/Debug-xros -F /Applications/Xcode-27.0.0-Release.Candidate.app/Contents/Developer/Platforms/XROS.platform/Developer/Library/Frameworks -F /Applications/Xcode-27.0.0-Release.Candidate.app/Contents/Developer/Platforms/XROS.platform/Developer/SDKs/XROS27.0.sdk/Developer/Library/Frameworks -c -j10 -enable-batch-mode -incremental -Xcc -ivfsstatcache -Xcc /Users/admin/builder/spi-builder-workspace/.derivedData/SDKStatCaches.noindex/xros27.0-24M361-e829b21a6f8c9b70876ba0858053c044735bd543db762f57723cac368afd1ce4.sdkstatcache -output-file-map /Users/admin/builder/spi-builder-workspace/.derivedData/Build/Intermediates.noindex/Beacon.build/Debug-xros/Beacon-t.build/Objects-normal/arm64/Beacon-OutputFileMap.json -save-temps -no-color-diagnostics -explicit-module-build -module-cache-path /Users/admin/builder/spi-builder-workspace/.derivedData/Build/Intermediates.noindex/SwiftExplicitPrecompiledModules -clang-scanner-module-cache-path /Users/admin/builder/spi-builder-workspace/.derivedData/ModuleCache.noindex -sdk-module-cache-path /Users/admin/builder/spi-builder-workspace/.derivedData/SDKExplicitPrecompiledModules -emit-dependencies -emit-module -emit-module-path /Users/admin/builder/spi-builder-workspace/.derivedData/Build/Intermediates.noindex/Beacon.build/Debug-xros/Beacon-t.build/Objects-normal/arm64/Beacon.swiftmodule -serialize-diagnostics -dependency-scan-serialize-diagnostics-path /Users/admin/builder/spi-builder-workspace/.derivedData/Build/Intermediates.noindex/Beacon.build/Debug-xros/Beacon-t.build/Objects-normal/arm64/Beacon-dependency-scan.dia -validate-clang-modules-once -clang-build-session-file /Users/admin/builder/spi-builder-workspace/.derivedData/ModuleCache.noindex/Session.modulevalidation -Xcc -fmodules-prune-interval\=86400 -Xcc -fmodules-prune-after\=345600 -emit-const-values -const-gather-protocols-list /Users/admin/builder/spi-builder-workspace/.derivedData/Build/Intermediates.noindex/Beacon.build/Debug-xros/Beacon-t.build/Objects-normal/arm64/Beacon_const_extract_protocols.json -Xcc -I/Users/admin/builder/spi-builder-workspace/.derivedData/Build/Products/Debug-xros/include -Xcc -I/Users/admin/builder/spi-builder-workspace/.derivedData/Build/Intermediates.noindex/Beacon.build/Debug-xros/Beacon-t.build/DerivedSources-normal/arm64 -Xcc -I/Users/admin/builder/spi-builder-workspace/.derivedData/Build/Intermediates.noindex/Beacon.build/Debug-xros/Beacon-t.build/DerivedSources/arm64 -Xcc -I/Users/admin/builder/spi-builder-workspace/.derivedData/Build/Intermediates.noindex/Beacon.build/Debug-xros/Beacon-t.build/DerivedSources -Xcc -DSWIFT_PACKAGE -Xcc -DDEBUG\=1 -emit-objc-header -emit-objc-header-path /Users/admin/builder/spi-builder-workspace/.derivedData/Build/Intermediates.noindex/Beacon.build/Debug-xros/Beacon-t.build/Objects-normal/arm64/Beacon-Swift.h -working-directory /Users/admin/builder/spi-builder-workspace -experimental-emit-module-separately -disable-cmo
SwiftDriverJobDiscovery normal arm64 Compiling Announcer.swift (in target 'SwiftAnnouncements' from project 'SwiftAnnouncements')
SwiftDriverJobDiscovery normal arm64 Compiling AnySubscription.swift (in target 'SwiftAnnouncements' from project 'SwiftAnnouncements')
SwiftDriverJobDiscovery normal arm64 Compiling Subscription.swift (in target 'SwiftAnnouncements' from project 'SwiftAnnouncements')
SwiftDriverJobDiscovery normal arm64 Compiling Registry.swift (in target 'SwiftAnnouncements' from project 'SwiftAnnouncements')
SwiftDriver\ Compilation SwiftAnnouncements normal arm64 com.apple.xcode.tools.swift.compiler (in target 'SwiftAnnouncements' from project 'SwiftAnnouncements')
cd /Users/admin/builder/spi-builder-workspace
builtin-Swift-Compilation -- /Applications/Xcode-27.0.0-Release.Candidate.app/Contents/Developer/Toolchains/XcodeDefault.xctoolchain/usr/bin/swiftc -parse-as-library -module-name SwiftAnnouncements -Onone @/Users/admin/builder/spi-builder-workspace/.derivedData/Build/Intermediates.noindex/SwiftAnnouncements.build/Debug-xros/SwiftAnnouncements-t.build/Objects-normal/arm64/SwiftAnnouncements.SwiftFileList -DSWIFT_PACKAGE -DDEBUG -DSWIFT_MODULE_RESOURCE_BUNDLE_UNAVAILABLE -DXcode -plugin-path /Applications/Xcode-27.0.0-Release.Candidate.app/Contents/Developer/Toolchains/XcodeDefault.xctoolchain/usr/lib/swift/host/plugins/testing -enable-experimental-feature DebugDescriptionMacro -sdk /Applications/Xcode-27.0.0-Release.Candidate.app/Contents/Developer/Platforms/XROS.platform/Developer/SDKs/XROS27.0.sdk -target arm64-apple-xros1.0 -g -module-cache-path /Users/admin/builder/spi-builder-workspace/.derivedData/ModuleCache.noindex -Xfrontend -serialize-debugging-options -enable-testing -suppress-warnings -index-store-path /Users/admin/builder/spi-builder-workspace/.derivedData/Index.noindex/DataStore -Xcc -D_LIBCPP_HARDENING_MODE\=_LIBCPP_HARDENING_MODE_DEBUG -swift-version 5 -I /Users/admin/builder/spi-builder-workspace/.derivedData/Build/Products/Debug-xros -Isystem /Applications/Xcode-27.0.0-Release.Candidate.app/Contents/Developer/Platforms/XROS.platform/Developer/usr/lib -F /Users/admin/builder/spi-builder-workspace/.derivedData/Build/Products/Debug-xros/PackageFrameworks -F /Users/admin/builder/spi-builder-workspace/.derivedData/Build/Products/Debug-xros -F /Applications/Xcode-27.0.0-Release.Candidate.app/Contents/Developer/Platforms/XROS.platform/Developer/Library/Frameworks -F /Applications/Xcode-27.0.0-Release.Candidate.app/Contents/Developer/Platforms/XROS.platform/Developer/SDKs/XROS27.0.sdk/Developer/Library/Frameworks -c -j10 -enable-batch-mode -incremental -Xcc -ivfsstatcache -Xcc /Users/admin/builder/spi-builder-workspace/.derivedData/SDKStatCaches.noindex/xros27.0-24M361-e829b21a6f8c9b70876ba0858053c044735bd543db762f57723cac368afd1ce4.sdkstatcache -output-file-map /Users/admin/builder/spi-builder-workspace/.derivedData/Build/Intermediates.noindex/SwiftAnnouncements.build/Debug-xros/SwiftAnnouncements-t.build/Objects-normal/arm64/SwiftAnnouncements-OutputFileMap.json -save-temps -no-color-diagnostics -explicit-module-build -module-cache-path /Users/admin/builder/spi-builder-workspace/.derivedData/Build/Intermediates.noindex/SwiftExplicitPrecompiledModules -clang-scanner-module-cache-path /Users/admin/builder/spi-builder-workspace/.derivedData/ModuleCache.noindex -sdk-module-cache-path /Users/admin/builder/spi-builder-workspace/.derivedData/SDKExplicitPrecompiledModules -emit-dependencies -emit-module -emit-module-path /Users/admin/builder/spi-builder-workspace/.derivedData/Build/Intermediates.noindex/SwiftAnnouncements.build/Debug-xros/SwiftAnnouncements-t.build/Objects-normal/arm64/SwiftAnnouncements.swiftmodule -serialize-diagnostics -dependency-scan-serialize-diagnostics-path /Users/admin/builder/spi-builder-workspace/.derivedData/Build/Intermediates.noindex/SwiftAnnouncements.build/Debug-xros/SwiftAnnouncements-t.build/Objects-normal/arm64/SwiftAnnouncements-dependency-scan.dia -validate-clang-modules-once -clang-build-session-file /Users/admin/builder/spi-builder-workspace/.derivedData/ModuleCache.noindex/Session.modulevalidation -Xcc -fmodules-prune-interval\=86400 -Xcc -fmodules-prune-after\=345600 -emit-const-values -const-gather-protocols-list /Users/admin/builder/spi-builder-workspace/.derivedData/Build/Intermediates.noindex/SwiftAnnouncements.build/Debug-xros/SwiftAnnouncements-t.build/Objects-normal/arm64/SwiftAnnouncements_const_extract_protocols.json -Xcc -I/Users/admin/builder/spi-builder-workspace/.derivedData/Build/Products/Debug-xros/include -Xcc -I/Users/admin/builder/spi-builder-workspace/.derivedData/Build/Intermediates.noindex/SwiftAnnouncements.build/Debug-xros/SwiftAnnouncements-t.build/DerivedSources-normal/arm64 -Xcc -I/Users/admin/builder/spi-builder-workspace/.derivedData/Build/Intermediates.noindex/SwiftAnnouncements.build/Debug-xros/SwiftAnnouncements-t.build/DerivedSources/arm64 -Xcc -I/Users/admin/builder/spi-builder-workspace/.derivedData/Build/Intermediates.noindex/SwiftAnnouncements.build/Debug-xros/SwiftAnnouncements-t.build/DerivedSources -Xcc -DSWIFT_PACKAGE -Xcc -DDEBUG\=1 -emit-objc-header -emit-objc-header-path /Users/admin/builder/spi-builder-workspace/.derivedData/Build/Intermediates.noindex/SwiftAnnouncements.build/Debug-xros/SwiftAnnouncements-t.build/Objects-normal/arm64/SwiftAnnouncements-Swift.h -working-directory /Users/admin/builder/spi-builder-workspace -experimental-emit-module-separately -disable-cmo
Ld /Users/admin/builder/spi-builder-workspace/.derivedData/Build/Products/Debug-xros/SwiftAnnouncements.o normal (in target 'SwiftAnnouncements' from project 'SwiftAnnouncements')
cd /Users/admin/builder/spi-builder-workspace/.dependencies/checkouts/SwiftAnnouncements
/Applications/Xcode-27.0.0-Release.Candidate.app/Contents/Developer/Toolchains/XcodeDefault.xctoolchain/usr/bin/clang -Xlinker -reproducible -target arm64-apple-xros1.0 -r -isysroot /Applications/Xcode-27.0.0-Release.Candidate.app/Contents/Developer/Platforms/XROS.platform/Developer/SDKs/XROS27.0.sdk -O0 -w -Xlinker -no_warn_duplicate_libraries -F/Users/admin/builder/spi-builder-workspace/.derivedData/Build/Intermediates.noindex/EagerLinkingTBDs/Debug-xros -F/Users/admin/builder/spi-builder-workspace/.derivedData/Build/Products/Debug-xros/PackageFrameworks -F/Users/admin/builder/spi-builder-workspace/.derivedData/Build/Products/Debug-xros -iframework /Applications/Xcode-27.0.0-Release.Candidate.app/Contents/Developer/Platforms/XROS.platform/Developer/Library/Frameworks -iframework /Applications/Xcode-27.0.0-Release.Candidate.app/Contents/Developer/Platforms/XROS.platform/Developer/SDKs/XROS27.0.sdk/Developer/Library/Frameworks -filelist /Users/admin/builder/spi-builder-workspace/.derivedData/Build/Intermediates.noindex/SwiftAnnouncements.build/Debug-xros/SwiftAnnouncements-t.build/Objects-normal/arm64/SwiftAnnouncements.LinkFileList -nostdlib -Xlinker -object_path_lto -Xlinker /Users/admin/builder/spi-builder-workspace/.derivedData/Build/Intermediates.noindex/SwiftAnnouncements.build/Debug-xros/SwiftAnnouncements-t.build/Objects-normal/arm64/SwiftAnnouncements_lto.o -Xlinker -no_deduplicate -Xlinker -dependency_info -Xlinker /Users/admin/builder/spi-builder-workspace/.derivedData/Build/Intermediates.noindex/SwiftAnnouncements.build/Debug-xros/SwiftAnnouncements-t.build/Objects-normal/arm64/SwiftAnnouncements_dependency_info.dat -fobjc-link-runtime -L/Applications/Xcode-27.0.0-Release.Candidate.app/Contents/Developer/Toolchains/XcodeDefault.xctoolchain/usr/lib/swift/xros -L/usr/lib/swift -Xlinker -add_ast_path -Xlinker /Users/admin/builder/spi-builder-workspace/.derivedData/Build/Intermediates.noindex/SwiftAnnouncements.build/Debug-xros/SwiftAnnouncements-t.build/Objects-normal/arm64/SwiftAnnouncements.swiftmodule -o /Users/admin/builder/spi-builder-workspace/.derivedData/Build/Products/Debug-xros/SwiftAnnouncements.o
ExtractAppIntentsMetadata (in target 'SwiftAnnouncements' from project 'SwiftAnnouncements')
cd /Users/admin/builder/spi-builder-workspace/.dependencies/checkouts/SwiftAnnouncements
/Applications/Xcode-27.0.0-Release.Candidate.app/Contents/Developer/Toolchains/XcodeDefault.xctoolchain/usr/bin/appintentsmetadataprocessor --toolchain-dir /var/run/com.apple.security.cryptexd/mnt/com.apple.MobileAsset.MetalToolchain-v27.1.266.1.d6kVVL/Metal.xctoolchain --module-name SwiftAnnouncements --sdk-root /Applications/Xcode-27.0.0-Release.Candidate.app/Contents/Developer/Platforms/XROS.platform/Developer/SDKs/XROS27.0.sdk --xcode-version 27A266a --platform-family xrOS --deployment-target 1.0 --bundle-identifier swiftannouncements.SwiftAnnouncements --output /Users/admin/builder/spi-builder-workspace/.derivedData/Build/Products/Debug-xros/SwiftAnnouncements.appintents --target-triple arm64-apple-xros1.0 --binary-file /Users/admin/builder/spi-builder-workspace/.derivedData/Build/Products/Debug-xros/SwiftAnnouncements.o --dependency-file /Users/admin/builder/spi-builder-workspace/.derivedData/Build/Intermediates.noindex/SwiftAnnouncements.build/Debug-xros/SwiftAnnouncements-t.build/Objects-normal/arm64/SwiftAnnouncements_dependency_info.dat --stringsdata-file /Users/admin/builder/spi-builder-workspace/.derivedData/Build/Intermediates.noindex/SwiftAnnouncements.build/Debug-xros/SwiftAnnouncements-t.build/Objects-normal/arm64/ExtractedAppShortcutsMetadata.stringsdata --source-file-list /Users/admin/builder/spi-builder-workspace/.derivedData/Build/Intermediates.noindex/SwiftAnnouncements.build/Debug-xros/SwiftAnnouncements-t.build/Objects-normal/arm64/SwiftAnnouncements.SwiftFileList --metadata-file-list /Users/admin/builder/spi-builder-workspace/.derivedData/Build/Intermediates.noindex/SwiftAnnouncements.build/Debug-xros/SwiftAnnouncements-t.build/SwiftAnnouncements.DependencyMetadataFileList --static-metadata-file-list /Users/admin/builder/spi-builder-workspace/.derivedData/Build/Intermediates.noindex/SwiftAnnouncements.build/Debug-xros/SwiftAnnouncements-t.build/SwiftAnnouncements.DependencyStaticMetadataFileList --swift-const-vals-list /Users/admin/builder/spi-builder-workspace/.derivedData/Build/Intermediates.noindex/SwiftAnnouncements.build/Debug-xros/SwiftAnnouncements-t.build/Objects-normal/arm64/SwiftAnnouncements.SwiftConstValuesFileList --force --compile-time-extraction --deployment-aware-processing --no-app-shortcuts-localization
2026-09-19 00:19:05.171 appintentsmetadataprocessor[1198:6757] Starting appintentsmetadataprocessor export
2026-09-19 00:19:05.236 appintentsmetadataprocessor[1198:6757] Extracted no relevant App Intents symbols, skipping writing output
SwiftDriverJobDiscovery normal arm64 Compiling StubbingProxy.swift, VerificationProxy.swift, MockManager.swift, Stub.swift (in target 'Cuckoo' from project 'Cuckoo')
SwiftDriver\ Compilation Cuckoo normal arm64 com.apple.xcode.tools.swift.compiler (in target 'Cuckoo' from project 'Cuckoo')
cd /Users/admin/builder/spi-builder-workspace
builtin-Swift-Compilation -- /Applications/Xcode-27.0.0-Release.Candidate.app/Contents/Developer/Toolchains/XcodeDefault.xctoolchain/usr/bin/swiftc -parse-as-library -module-name Cuckoo -Onone @/Users/admin/builder/spi-builder-workspace/.derivedData/Build/Intermediates.noindex/Cuckoo.build/Debug-xros/Cuckoo-t.build/Objects-normal/arm64/Cuckoo.SwiftFileList -DSWIFT_PACKAGE -DDEBUG -DSWIFT_MODULE_RESOURCE_BUNDLE_UNAVAILABLE -DXcode -plugin-path /Applications/Xcode-27.0.0-Release.Candidate.app/Contents/Developer/Toolchains/XcodeDefault.xctoolchain/usr/lib/swift/host/plugins/testing -enable-experimental-feature DebugDescriptionMacro -sdk /Applications/Xcode-27.0.0-Release.Candidate.app/Contents/Developer/Platforms/XROS.platform/Developer/SDKs/XROS27.0.sdk -target arm64-apple-xros1.0 -g -module-cache-path /Users/admin/builder/spi-builder-workspace/.derivedData/ModuleCache.noindex -Xfrontend -serialize-debugging-options -enable-testing -suppress-warnings -index-store-path /Users/admin/builder/spi-builder-workspace/.derivedData/Index.noindex/DataStore -Xcc -D_LIBCPP_HARDENING_MODE\=_LIBCPP_HARDENING_MODE_DEBUG -swift-version 4 -I /Users/admin/builder/spi-builder-workspace/.derivedData/Build/Products/Debug-xros -Isystem /Applications/Xcode-27.0.0-Release.Candidate.app/Contents/Developer/Platforms/XROS.platform/Developer/usr/lib -F /Users/admin/builder/spi-builder-workspace/.derivedData/Build/Products/Debug-xros -F /Applications/Xcode-27.0.0-Release.Candidate.app/Contents/Developer/Platforms/XROS.platform/Developer/Library/Frameworks -F /Applications/Xcode-27.0.0-Release.Candidate.app/Contents/Developer/Platforms/XROS.platform/Developer/SDKs/XROS27.0.sdk/Developer/Library/Frameworks -c -j10 -enable-batch-mode -incremental -Xcc -ivfsstatcache -Xcc /Users/admin/builder/spi-builder-workspace/.derivedData/SDKStatCaches.noindex/xros27.0-24M361-e829b21a6f8c9b70876ba0858053c044735bd543db762f57723cac368afd1ce4.sdkstatcache -output-file-map /Users/admin/builder/spi-builder-workspace/.derivedData/Build/Intermediates.noindex/Cuckoo.build/Debug-xros/Cuckoo-t.build/Objects-normal/arm64/Cuckoo-OutputFileMap.json -save-temps -no-color-diagnostics -emit-dependencies -emit-module -emit-module-path /Users/admin/builder/spi-builder-workspace/.derivedData/Build/Intermediates.noindex/Cuckoo.build/Debug-xros/Cuckoo-t.build/Objects-normal/arm64/Cuckoo.swiftmodule -serialize-diagnostics -validate-clang-modules-once -clang-build-session-file /Users/admin/builder/spi-builder-workspace/.derivedData/ModuleCache.noindex/Session.modulevalidation -Xcc -fmodules-prune-interval\=86400 -Xcc -fmodules-prune-after\=345600 -emit-const-values -const-gather-protocols-list /Users/admin/builder/spi-builder-workspace/.derivedData/Build/Intermediates.noindex/Cuckoo.build/Debug-xros/Cuckoo-t.build/Objects-normal/arm64/Cuckoo_const_extract_protocols.json -Xcc -I/Users/admin/builder/spi-builder-workspace/.derivedData/Build/Products/Debug-xros/include -Xcc -I/Users/admin/builder/spi-builder-workspace/.derivedData/Build/Intermediates.noindex/Cuckoo.build/Debug-xros/Cuckoo-t.build/DerivedSources-normal/arm64 -Xcc -I/Users/admin/builder/spi-builder-workspace/.derivedData/Build/Intermediates.noindex/Cuckoo.build/Debug-xros/Cuckoo-t.build/DerivedSources/arm64 -Xcc -I/Users/admin/builder/spi-builder-workspace/.derivedData/Build/Intermediates.noindex/Cuckoo.build/Debug-xros/Cuckoo-t.build/DerivedSources -Xcc -DSWIFT_PACKAGE -Xcc -DDEBUG\=1 -emit-objc-header -emit-objc-header-path /Users/admin/builder/spi-builder-workspace/.derivedData/Build/Intermediates.noindex/Cuckoo.build/Debug-xros/Cuckoo-t.build/Objects-normal/arm64/Cuckoo-Swift.h -working-directory /Users/admin/builder/spi-builder-workspace -experimental-emit-module-separately -disable-cmo
Ld /Users/admin/builder/spi-builder-workspace/.derivedData/Build/Products/Debug-xros/Cuckoo.o normal (in target 'Cuckoo' from project 'Cuckoo')
cd /Users/admin/builder/spi-builder-workspace/.dependencies/checkouts/Cuckoo
/Applications/Xcode-27.0.0-Release.Candidate.app/Contents/Developer/Toolchains/XcodeDefault.xctoolchain/usr/bin/clang -Xlinker -reproducible -target arm64-apple-xros1.0 -r -isysroot /Applications/Xcode-27.0.0-Release.Candidate.app/Contents/Developer/Platforms/XROS.platform/Developer/SDKs/XROS27.0.sdk -O0 -w -Xlinker -no_warn_duplicate_libraries -F/Users/admin/builder/spi-builder-workspace/.derivedData/Build/Intermediates.noindex/EagerLinkingTBDs/Debug-xros -F/Users/admin/builder/spi-builder-workspace/.derivedData/Build/Products/Debug-xros -iframework /Applications/Xcode-27.0.0-Release.Candidate.app/Contents/Developer/Platforms/XROS.platform/Developer/Library/Frameworks -iframework /Applications/Xcode-27.0.0-Release.Candidate.app/Contents/Developer/Platforms/XROS.platform/Developer/SDKs/XROS27.0.sdk/Developer/Library/Frameworks -filelist /Users/admin/builder/spi-builder-workspace/.derivedData/Build/Intermediates.noindex/Cuckoo.build/Debug-xros/Cuckoo-t.build/Objects-normal/arm64/Cuckoo.LinkFileList -nostdlib -Xlinker -object_path_lto -Xlinker /Users/admin/builder/spi-builder-workspace/.derivedData/Build/Intermediates.noindex/Cuckoo.build/Debug-xros/Cuckoo-t.build/Objects-normal/arm64/Cuckoo_lto.o -Xlinker -no_deduplicate -Xlinker -dependency_info -Xlinker /Users/admin/builder/spi-builder-workspace/.derivedData/Build/Intermediates.noindex/Cuckoo.build/Debug-xros/Cuckoo-t.build/Objects-normal/arm64/Cuckoo_dependency_info.dat -fobjc-link-runtime -L/Applications/Xcode-27.0.0-Release.Candidate.app/Contents/Developer/Toolchains/XcodeDefault.xctoolchain/usr/lib/swift/xros -L/usr/lib/swift -Xlinker -add_ast_path -Xlinker /Users/admin/builder/spi-builder-workspace/.derivedData/Build/Intermediates.noindex/Cuckoo.build/Debug-xros/Cuckoo-t.build/Objects-normal/arm64/Cuckoo.swiftmodule -o /Users/admin/builder/spi-builder-workspace/.derivedData/Build/Products/Debug-xros/Cuckoo.o
ExtractAppIntentsMetadata (in target 'Cuckoo' from project 'Cuckoo')
cd /Users/admin/builder/spi-builder-workspace/.dependencies/checkouts/Cuckoo
/Applications/Xcode-27.0.0-Release.Candidate.app/Contents/Developer/Toolchains/XcodeDefault.xctoolchain/usr/bin/appintentsmetadataprocessor --toolchain-dir /var/run/com.apple.security.cryptexd/mnt/com.apple.MobileAsset.MetalToolchain-v27.1.266.1.d6kVVL/Metal.xctoolchain --module-name Cuckoo --sdk-root /Applications/Xcode-27.0.0-Release.Candidate.app/Contents/Developer/Platforms/XROS.platform/Developer/SDKs/XROS27.0.sdk --xcode-version 27A266a --platform-family xrOS --deployment-target 1.0 --bundle-identifier cuckoo.Cuckoo --output /Users/admin/builder/spi-builder-workspace/.derivedData/Build/Products/Debug-xros/Cuckoo.appintents --target-triple arm64-apple-xros1.0 --binary-file /Users/admin/builder/spi-builder-workspace/.derivedData/Build/Products/Debug-xros/Cuckoo.o --dependency-file /Users/admin/builder/spi-builder-workspace/.derivedData/Build/Intermediates.noindex/Cuckoo.build/Debug-xros/Cuckoo-t.build/Objects-normal/arm64/Cuckoo_dependency_info.dat --stringsdata-file /Users/admin/builder/spi-builder-workspace/.derivedData/Build/Intermediates.noindex/Cuckoo.build/Debug-xros/Cuckoo-t.build/Objects-normal/arm64/ExtractedAppShortcutsMetadata.stringsdata --source-file-list /Users/admin/builder/spi-builder-workspace/.derivedData/Build/Intermediates.noindex/Cuckoo.build/Debug-xros/Cuckoo-t.build/Objects-normal/arm64/Cuckoo.SwiftFileList --metadata-file-list /Users/admin/builder/spi-builder-workspace/.derivedData/Build/Intermediates.noindex/Cuckoo.build/Debug-xros/Cuckoo-t.build/Cuckoo.DependencyMetadataFileList --static-metadata-file-list /Users/admin/builder/spi-builder-workspace/.derivedData/Build/Intermediates.noindex/Cuckoo.build/Debug-xros/Cuckoo-t.build/Cuckoo.DependencyStaticMetadataFileList --swift-const-vals-list /Users/admin/builder/spi-builder-workspace/.derivedData/Build/Intermediates.noindex/Cuckoo.build/Debug-xros/Cuckoo-t.build/Objects-normal/arm64/Cuckoo.SwiftConstValuesFileList --force --compile-time-extraction --deployment-aware-processing --no-app-shortcuts-localization
2026-09-19 00:19:05.378 appintentsmetadataprocessor[1201:6824] Starting appintentsmetadataprocessor export
2026-09-19 00:19:05.441 appintentsmetadataprocessor[1201:6824] Extracted no relevant App Intents symbols, skipping writing output
SwiftCompile normal arm64 Compiling\ MachImage.swift,\ MachImageMonitor.swift,\ Signaling.swift,\ SystemInfo.swift /Users/admin/builder/spi-builder-workspace/Sources/Beacon/Core/MachImage.swift /Users/admin/builder/spi-builder-workspace/Sources/Beacon/Core/MachImageMonitor.swift /Users/admin/builder/spi-builder-workspace/Sources/Beacon/Core/Signaling.swift /Users/admin/builder/spi-builder-workspace/Sources/Beacon/Core/SystemInfo.swift (in target 'Beacon' from project 'Beacon')
SwiftCompile normal arm64 /Users/admin/builder/spi-builder-workspace/Sources/Beacon/Core/MachImage.swift (in target 'Beacon' from project 'Beacon')
cd /Users/admin/builder/spi-builder-workspace
builtin-SwiftPerFileCompile MachImage.swift
SwiftCompile normal arm64 /Users/admin/builder/spi-builder-workspace/Sources/Beacon/Core/MachImageMonitor.swift (in target 'Beacon' from project 'Beacon')
cd /Users/admin/builder/spi-builder-workspace
builtin-SwiftPerFileCompile MachImageMonitor.swift
SwiftCompile normal arm64 /Users/admin/builder/spi-builder-workspace/Sources/Beacon/Core/Signaling.swift (in target 'Beacon' from project 'Beacon')
cd /Users/admin/builder/spi-builder-workspace
builtin-SwiftPerFileCompile Signaling.swift
SwiftCompile normal arm64 /Users/admin/builder/spi-builder-workspace/Sources/Beacon/Core/SystemInfo.swift (in target 'Beacon' from project 'Beacon')
cd /Users/admin/builder/spi-builder-workspace
builtin-SwiftPerFileCompile SystemInfo.swift
/Users/admin/builder/spi-builder-workspace/Sources/Beacon/Core/MachImage.swift:41:26: warning: 'NXGetArchInfoFromCpuType' was deprecated in visionOS 1.0 [#DeprecatedDeclaration]
39 | address = Int(bitPattern: header)
40 | slide = _dyld_get_image_vmaddr_slide(index)
41 | if let cpuType = NXGetArchInfoFromCpuType(header.pointee.cputype, header.pointee.cpusubtype) {
| `- warning: 'NXGetArchInfoFromCpuType' was deprecated in visionOS 1.0 [#DeprecatedDeclaration]
42 | arch = String(cString: cpuType.pointee.name)
43 | }
SwiftCompile normal arm64 Compiling\ Term+Constraints.swift,\ Beacon.swift,\ CallStackFrame.swift,\ Device.swift /Users/admin/builder/spi-builder-workspace/Sources/Beacon/Constraints/Term+Constraints.swift /Users/admin/builder/spi-builder-workspace/Sources/Beacon/Core/Beacon.swift /Users/admin/builder/spi-builder-workspace/Sources/Beacon/Core/CallStackFrame.swift /Users/admin/builder/spi-builder-workspace/Sources/Beacon/Core/Device.swift (in target 'Beacon' from project 'Beacon')
SwiftCompile normal arm64 /Users/admin/builder/spi-builder-workspace/Sources/Beacon/Constraints/Term+Constraints.swift (in target 'Beacon' from project 'Beacon')
cd /Users/admin/builder/spi-builder-workspace
builtin-SwiftPerFileCompile Term+Constraints.swift
SwiftCompile normal arm64 /Users/admin/builder/spi-builder-workspace/Sources/Beacon/Core/Beacon.swift (in target 'Beacon' from project 'Beacon')
cd /Users/admin/builder/spi-builder-workspace
builtin-SwiftPerFileCompile Beacon.swift
SwiftCompile normal arm64 /Users/admin/builder/spi-builder-workspace/Sources/Beacon/Core/CallStackFrame.swift (in target 'Beacon' from project 'Beacon')
cd /Users/admin/builder/spi-builder-workspace
builtin-SwiftPerFileCompile CallStackFrame.swift
SwiftCompile normal arm64 /Users/admin/builder/spi-builder-workspace/Sources/Beacon/Core/Device.swift (in target 'Beacon' from project 'Beacon')
cd /Users/admin/builder/spi-builder-workspace
builtin-SwiftPerFileCompile Device.swift
SwiftCompile normal arm64 Compiling\ JSONSignalEncoder.swift,\ SignalDescriptionEncoder.swift,\ SignalEncoder.swift,\ Beacon+Constraints.swift /Users/admin/builder/spi-builder-workspace/Sources/Beacon/Codecs/JSONSignalEncoder.swift /Users/admin/builder/spi-builder-workspace/Sources/Beacon/Codecs/SignalDescriptionEncoder.swift /Users/admin/builder/spi-builder-workspace/Sources/Beacon/Codecs/SignalEncoder.swift /Users/admin/builder/spi-builder-workspace/Sources/Beacon/Constraints/Beacon+Constraints.swift (in target 'Beacon' from project 'Beacon')
SwiftCompile normal arm64 /Users/admin/builder/spi-builder-workspace/Sources/Beacon/Codecs/JSONSignalEncoder.swift (in target 'Beacon' from project 'Beacon')
cd /Users/admin/builder/spi-builder-workspace
builtin-SwiftPerFileCompile JSONSignalEncoder.swift
SwiftCompile normal arm64 /Users/admin/builder/spi-builder-workspace/Sources/Beacon/Codecs/SignalDescriptionEncoder.swift (in target 'Beacon' from project 'Beacon')
cd /Users/admin/builder/spi-builder-workspace
builtin-SwiftPerFileCompile SignalDescriptionEncoder.swift
SwiftCompile normal arm64 /Users/admin/builder/spi-builder-workspace/Sources/Beacon/Codecs/SignalEncoder.swift (in target 'Beacon' from project 'Beacon')
cd /Users/admin/builder/spi-builder-workspace
builtin-SwiftPerFileCompile SignalEncoder.swift
SwiftCompile normal arm64 /Users/admin/builder/spi-builder-workspace/Sources/Beacon/Constraints/Beacon+Constraints.swift (in target 'Beacon' from project 'Beacon')
cd /Users/admin/builder/spi-builder-workspace
builtin-SwiftPerFileCompile Beacon+Constraints.swift
SwiftExplicitDependencyGeneratePcm arm64 /Users/admin/builder/spi-builder-workspace/.derivedData/Build/Intermediates.noindex/SwiftExplicitPrecompiledModules/XCUIAutomation-H5WV6GKK3U1PX81ORPJTQUHR.pcm
SwiftEmitModule normal arm64 Emitting\ module\ for\ Beacon (in target 'Beacon' from project 'Beacon')
/Users/admin/builder/spi-builder-workspace/Sources/Beacon/Core/SystemInfo.swift:21:20: warning: 'NXGetLocalArchInfo()' was deprecated in visionOS 1.0 [#DeprecatedDeclaration]
19 |
20 | public static var current: SystemInfo = {
21 | let info = NXGetLocalArchInfo()
| `- warning: 'NXGetLocalArchInfo()' was deprecated in visionOS 1.0 [#DeprecatedDeclaration]
22 |
23 | #if os(macOS)
[#DeprecatedDeclaration]: <https://docs.swift.org/compiler/documentation/diagnostics/deprecated-declaration>
SwiftCompile normal arm64 (in target 'Beacon' from project 'Beacon')
cd /Users/admin/builder/spi-builder-workspace
SwiftCompile normal arm64 Compiling\ IdentitySignal.swift,\ MachImageImportsSignal.swift,\ Signal.swift,\ StringSignal.swift /Users/admin/builder/spi-builder-workspace/Sources/Beacon/Signals/IdentitySignal.swift /Users/admin/builder/spi-builder-workspace/Sources/Beacon/Signals/MachImageImportsSignal.swift /Users/admin/builder/spi-builder-workspace/Sources/Beacon/Signals/Signal.swift /Users/admin/builder/spi-builder-workspace/Sources/Beacon/Signals/StringSignal.swift (in target 'Beacon' from project 'Beacon')
SwiftCompile normal arm64 /Users/admin/builder/spi-builder-workspace/Sources/Beacon/Signals/IdentitySignal.swift (in target 'Beacon' from project 'Beacon')
cd /Users/admin/builder/spi-builder-workspace
builtin-SwiftPerFileCompile IdentitySignal.swift
SwiftCompile normal arm64 /Users/admin/builder/spi-builder-workspace/Sources/Beacon/Signals/MachImageImportsSignal.swift (in target 'Beacon' from project 'Beacon')
cd /Users/admin/builder/spi-builder-workspace
builtin-SwiftPerFileCompile MachImageImportsSignal.swift
SwiftCompile normal arm64 /Users/admin/builder/spi-builder-workspace/Sources/Beacon/Signals/Signal.swift (in target 'Beacon' from project 'Beacon')
cd /Users/admin/builder/spi-builder-workspace
builtin-SwiftPerFileCompile Signal.swift
SwiftCompile normal arm64 /Users/admin/builder/spi-builder-workspace/Sources/Beacon/Signals/StringSignal.swift (in target 'Beacon' from project 'Beacon')
cd /Users/admin/builder/spi-builder-workspace
builtin-SwiftPerFileCompile StringSignal.swift
SwiftCompile normal arm64 Compiling\ FileLogger.swift,\ IntervalLogger.swift,\ JRPCLogger.swift,\ MemoryLogger.swift /Users/admin/builder/spi-builder-workspace/Sources/Beacon/Loggers/FileLogger.swift /Users/admin/builder/spi-builder-workspace/Sources/Beacon/Loggers/IntervalLogger.swift /Users/admin/builder/spi-builder-workspace/Sources/Beacon/Loggers/JRPCLogger.swift /Users/admin/builder/spi-builder-workspace/Sources/Beacon/Loggers/MemoryLogger.swift (in target 'Beacon' from project 'Beacon')
SwiftCompile normal arm64 /Users/admin/builder/spi-builder-workspace/Sources/Beacon/Loggers/FileLogger.swift (in target 'Beacon' from project 'Beacon')
cd /Users/admin/builder/spi-builder-workspace
builtin-SwiftPerFileCompile FileLogger.swift
SwiftCompile normal arm64 /Users/admin/builder/spi-builder-workspace/Sources/Beacon/Loggers/IntervalLogger.swift (in target 'Beacon' from project 'Beacon')
cd /Users/admin/builder/spi-builder-workspace
builtin-SwiftPerFileCompile IntervalLogger.swift
SwiftCompile normal arm64 /Users/admin/builder/spi-builder-workspace/Sources/Beacon/Loggers/JRPCLogger.swift (in target 'Beacon' from project 'Beacon')
cd /Users/admin/builder/spi-builder-workspace
builtin-SwiftPerFileCompile JRPCLogger.swift
SwiftCompile normal arm64 /Users/admin/builder/spi-builder-workspace/Sources/Beacon/Loggers/MemoryLogger.swift (in target 'Beacon' from project 'Beacon')
cd /Users/admin/builder/spi-builder-workspace
builtin-SwiftPerFileCompile MemoryLogger.swift
SwiftCompile normal arm64 Compiling\ WrapperSignal.swift,\ EncodedStreamSignalWriter.swift,\ SignalWriter.swift /Users/admin/builder/spi-builder-workspace/Sources/Beacon/Signals/WrapperSignal.swift /Users/admin/builder/spi-builder-workspace/Sources/Beacon/Writers/EncodedStreamSignalWriter.swift /Users/admin/builder/spi-builder-workspace/Sources/Beacon/Writers/SignalWriter.swift (in target 'Beacon' from project 'Beacon')
SwiftCompile normal arm64 /Users/admin/builder/spi-builder-workspace/Sources/Beacon/Signals/WrapperSignal.swift (in target 'Beacon' from project 'Beacon')
cd /Users/admin/builder/spi-builder-workspace
builtin-SwiftPerFileCompile WrapperSignal.swift
SwiftCompile normal arm64 /Users/admin/builder/spi-builder-workspace/Sources/Beacon/Writers/EncodedStreamSignalWriter.swift (in target 'Beacon' from project 'Beacon')
cd /Users/admin/builder/spi-builder-workspace
builtin-SwiftPerFileCompile EncodedStreamSignalWriter.swift
SwiftCompile normal arm64 /Users/admin/builder/spi-builder-workspace/Sources/Beacon/Writers/SignalWriter.swift (in target 'Beacon' from project 'Beacon')
cd /Users/admin/builder/spi-builder-workspace
builtin-SwiftPerFileCompile SignalWriter.swift
SwiftCompile normal arm64 Compiling\ Data+Extensions.swift,\ DateFormatter+Extensions.swift,\ Foundation+Extensions.swift,\ URL+Extensions.swift /Users/admin/builder/spi-builder-workspace/Sources/Beacon/Extensions/Data+Extensions.swift /Users/admin/builder/spi-builder-workspace/Sources/Beacon/Extensions/DateFormatter+Extensions.swift /Users/admin/builder/spi-builder-workspace/Sources/Beacon/Extensions/Foundation+Extensions.swift /Users/admin/builder/spi-builder-workspace/Sources/Beacon/Extensions/URL+Extensions.swift (in target 'Beacon' from project 'Beacon')
SwiftCompile normal arm64 /Users/admin/builder/spi-builder-workspace/Sources/Beacon/Extensions/Data+Extensions.swift (in target 'Beacon' from project 'Beacon')
cd /Users/admin/builder/spi-builder-workspace
builtin-SwiftPerFileCompile Data+Extensions.swift
SwiftCompile normal arm64 /Users/admin/builder/spi-builder-workspace/Sources/Beacon/Extensions/DateFormatter+Extensions.swift (in target 'Beacon' from project 'Beacon')
cd /Users/admin/builder/spi-builder-workspace
builtin-SwiftPerFileCompile DateFormatter+Extensions.swift
SwiftCompile normal arm64 /Users/admin/builder/spi-builder-workspace/Sources/Beacon/Extensions/Foundation+Extensions.swift (in target 'Beacon' from project 'Beacon')
cd /Users/admin/builder/spi-builder-workspace
builtin-SwiftPerFileCompile Foundation+Extensions.swift
SwiftCompile normal arm64 /Users/admin/builder/spi-builder-workspace/Sources/Beacon/Extensions/URL+Extensions.swift (in target 'Beacon' from project 'Beacon')
cd /Users/admin/builder/spi-builder-workspace
builtin-SwiftPerFileCompile URL+Extensions.swift
SwiftCompile normal arm64 Compiling\ FileBackupWheel.swift,\ FileRotation.swift,\ FileWheel.swift,\ ConsoleLogger.swift /Users/admin/builder/spi-builder-workspace/Sources/Beacon/File/FileBackupWheel.swift /Users/admin/builder/spi-builder-workspace/Sources/Beacon/File/FileRotation.swift /Users/admin/builder/spi-builder-workspace/Sources/Beacon/File/FileWheel.swift /Users/admin/builder/spi-builder-workspace/Sources/Beacon/Loggers/ConsoleLogger.swift (in target 'Beacon' from project 'Beacon')
SwiftCompile normal arm64 /Users/admin/builder/spi-builder-workspace/Sources/Beacon/File/FileBackupWheel.swift (in target 'Beacon' from project 'Beacon')
cd /Users/admin/builder/spi-builder-workspace
builtin-SwiftPerFileCompile FileBackupWheel.swift
SwiftCompile normal arm64 /Users/admin/builder/spi-builder-workspace/Sources/Beacon/File/FileRotation.swift (in target 'Beacon' from project 'Beacon')
cd /Users/admin/builder/spi-builder-workspace
builtin-SwiftPerFileCompile FileRotation.swift
SwiftCompile normal arm64 /Users/admin/builder/spi-builder-workspace/Sources/Beacon/File/FileWheel.swift (in target 'Beacon' from project 'Beacon')
cd /Users/admin/builder/spi-builder-workspace
builtin-SwiftPerFileCompile FileWheel.swift
SwiftCompile normal arm64 /Users/admin/builder/spi-builder-workspace/Sources/Beacon/Loggers/ConsoleLogger.swift (in target 'Beacon' from project 'Beacon')
cd /Users/admin/builder/spi-builder-workspace
builtin-SwiftPerFileCompile ConsoleLogger.swift
SwiftCompile normal arm64 Compiling\ ConstraintBuilder.swift,\ Constraints+Sugar.swift,\ Constraints.swift,\ Signal+Constraints.swift /Users/admin/builder/spi-builder-workspace/Sources/Beacon/Constraints/ConstraintBuilder.swift /Users/admin/builder/spi-builder-workspace/Sources/Beacon/Constraints/Constraints+Sugar.swift /Users/admin/builder/spi-builder-workspace/Sources/Beacon/Constraints/Constraints.swift /Users/admin/builder/spi-builder-workspace/Sources/Beacon/Constraints/Signal+Constraints.swift (in target 'Beacon' from project 'Beacon')
SwiftCompile normal arm64 /Users/admin/builder/spi-builder-workspace/Sources/Beacon/Constraints/ConstraintBuilder.swift (in target 'Beacon' from project 'Beacon')
cd /Users/admin/builder/spi-builder-workspace
builtin-SwiftPerFileCompile ConstraintBuilder.swift
SwiftCompile normal arm64 /Users/admin/builder/spi-builder-workspace/Sources/Beacon/Constraints/Constraints+Sugar.swift (in target 'Beacon' from project 'Beacon')
cd /Users/admin/builder/spi-builder-workspace
builtin-SwiftPerFileCompile Constraints+Sugar.swift
SwiftCompile normal arm64 /Users/admin/builder/spi-builder-workspace/Sources/Beacon/Constraints/Constraints.swift (in target 'Beacon' from project 'Beacon')
cd /Users/admin/builder/spi-builder-workspace
builtin-SwiftPerFileCompile Constraints.swift
SwiftCompile normal arm64 /Users/admin/builder/spi-builder-workspace/Sources/Beacon/Constraints/Signal+Constraints.swift (in target 'Beacon' from project 'Beacon')
cd /Users/admin/builder/spi-builder-workspace
builtin-SwiftPerFileCompile Signal+Constraints.swift
SwiftExplicitDependencyCompileModuleFromInterface arm64 /Users/admin/builder/spi-builder-workspace/.derivedData/Build/Intermediates.noindex/SwiftExplicitPrecompiledModules/XCUIAutomation-1ULB2S2VXDY9G.swiftmodule
SwiftDriverJobDiscovery normal arm64 Compiling JSONSignalEncoder.swift, SignalDescriptionEncoder.swift, SignalEncoder.swift, Beacon+Constraints.swift (in target 'Beacon' from project 'Beacon')
SwiftExplicitDependencyGeneratePcm arm64 /Users/admin/builder/spi-builder-workspace/.derivedData/Build/Intermediates.noindex/SwiftExplicitPrecompiledModules/XCTest-8UXH2X7DOSRVJFCAILI3M8WH.pcm
SwiftDriverJobDiscovery normal arm64 Compiling Term+Constraints.swift, Beacon.swift, CallStackFrame.swift, Device.swift (in target 'Beacon' from project 'Beacon')
SwiftCompile normal arm64 Compiling\ SignalLogger.swift,\ StreamLogger.swift,\ ContextSignal.swift,\ ErrorSignal.swift /Users/admin/builder/spi-builder-workspace/Sources/Beacon/Loggers/SignalLogger.swift /Users/admin/builder/spi-builder-workspace/Sources/Beacon/Loggers/StreamLogger.swift /Users/admin/builder/spi-builder-workspace/Sources/Beacon/Signals/ContextSignal.swift /Users/admin/builder/spi-builder-workspace/Sources/Beacon/Signals/ErrorSignal.swift (in target 'Beacon' from project 'Beacon')
SwiftCompile normal arm64 /Users/admin/builder/spi-builder-workspace/Sources/Beacon/Loggers/SignalLogger.swift (in target 'Beacon' from project 'Beacon')
cd /Users/admin/builder/spi-builder-workspace
builtin-SwiftPerFileCompile SignalLogger.swift
SwiftCompile normal arm64 /Users/admin/builder/spi-builder-workspace/Sources/Beacon/Loggers/StreamLogger.swift (in target 'Beacon' from project 'Beacon')
cd /Users/admin/builder/spi-builder-workspace
builtin-SwiftPerFileCompile StreamLogger.swift
SwiftCompile normal arm64 /Users/admin/builder/spi-builder-workspace/Sources/Beacon/Signals/ContextSignal.swift (in target 'Beacon' from project 'Beacon')
cd /Users/admin/builder/spi-builder-workspace
builtin-SwiftPerFileCompile ContextSignal.swift
SwiftCompile normal arm64 /Users/admin/builder/spi-builder-workspace/Sources/Beacon/Signals/ErrorSignal.swift (in target 'Beacon' from project 'Beacon')
cd /Users/admin/builder/spi-builder-workspace
builtin-SwiftPerFileCompile ErrorSignal.swift
SwiftDriverJobDiscovery normal arm64 Compiling WrapperSignal.swift, EncodedStreamSignalWriter.swift, SignalWriter.swift (in target 'Beacon' from project 'Beacon')
SwiftDriverJobDiscovery normal arm64 Compiling FileBackupWheel.swift, FileRotation.swift, FileWheel.swift, ConsoleLogger.swift (in target 'Beacon' from project 'Beacon')
SwiftDriverJobDiscovery normal arm64 Compiling Data+Extensions.swift, DateFormatter+Extensions.swift, Foundation+Extensions.swift, URL+Extensions.swift (in target 'Beacon' from project 'Beacon')
SwiftDriverJobDiscovery normal arm64 Emitting module for Beacon (in target 'Beacon' from project 'Beacon')
SwiftDriver\ Compilation\ Requirements Beacon normal arm64 com.apple.xcode.tools.swift.compiler (in target 'Beacon' from project 'Beacon')
cd /Users/admin/builder/spi-builder-workspace
builtin-Swift-Compilation-Requirements -- /Applications/Xcode-27.0.0-Release.Candidate.app/Contents/Developer/Toolchains/XcodeDefault.xctoolchain/usr/bin/swiftc -parse-as-library -module-name Beacon -Onone @/Users/admin/builder/spi-builder-workspace/.derivedData/Build/Intermediates.noindex/Beacon.build/Debug-xros/Beacon-t.build/Objects-normal/arm64/Beacon.SwiftFileList -DSWIFT_PACKAGE -DDEBUG -DSWIFT_MODULE_RESOURCE_BUNDLE_UNAVAILABLE -DXcode -plugin-path /Applications/Xcode-27.0.0-Release.Candidate.app/Contents/Developer/Toolchains/XcodeDefault.xctoolchain/usr/lib/swift/host/plugins/testing -enable-experimental-feature DebugDescriptionMacro -sdk /Applications/Xcode-27.0.0-Release.Candidate.app/Contents/Developer/Platforms/XROS.platform/Developer/SDKs/XROS27.0.sdk -target arm64-apple-xros1.0 -g -module-cache-path /Users/admin/builder/spi-builder-workspace/.derivedData/ModuleCache.noindex -Xfrontend -serialize-debugging-options -enable-testing -index-store-path /Users/admin/builder/spi-builder-workspace/.derivedData/Index.noindex/DataStore -Xcc -D_LIBCPP_HARDENING_MODE\=_LIBCPP_HARDENING_MODE_DEBUG -swift-version 5 -I /Users/admin/builder/spi-builder-workspace/.derivedData/Build/Products/Debug-xros -Isystem /Applications/Xcode-27.0.0-Release.Candidate.app/Contents/Developer/Platforms/XROS.platform/Developer/usr/lib -F /Users/admin/builder/spi-builder-workspace/.derivedData/Build/Products/Debug-xros/PackageFrameworks -F /Users/admin/builder/spi-builder-workspace/.derivedData/Build/Products/Debug-xros -F /Applications/Xcode-27.0.0-Release.Candidate.app/Contents/Developer/Platforms/XROS.platform/Developer/Library/Frameworks -F /Applications/Xcode-27.0.0-Release.Candidate.app/Contents/Developer/Platforms/XROS.platform/Developer/SDKs/XROS27.0.sdk/Developer/Library/Frameworks -c -j10 -enable-batch-mode -incremental -Xcc -ivfsstatcache -Xcc /Users/admin/builder/spi-builder-workspace/.derivedData/SDKStatCaches.noindex/xros27.0-24M361-e829b21a6f8c9b70876ba0858053c044735bd543db762f57723cac368afd1ce4.sdkstatcache -output-file-map /Users/admin/builder/spi-builder-workspace/.derivedData/Build/Intermediates.noindex/Beacon.build/Debug-xros/Beacon-t.build/Objects-normal/arm64/Beacon-OutputFileMap.json -save-temps -no-color-diagnostics -explicit-module-build -module-cache-path /Users/admin/builder/spi-builder-workspace/.derivedData/Build/Intermediates.noindex/SwiftExplicitPrecompiledModules -clang-scanner-module-cache-path /Users/admin/builder/spi-builder-workspace/.derivedData/ModuleCache.noindex -sdk-module-cache-path /Users/admin/builder/spi-builder-workspace/.derivedData/SDKExplicitPrecompiledModules -emit-dependencies -emit-module -emit-module-path /Users/admin/builder/spi-builder-workspace/.derivedData/Build/Intermediates.noindex/Beacon.build/Debug-xros/Beacon-t.build/Objects-normal/arm64/Beacon.swiftmodule -serialize-diagnostics -dependency-scan-serialize-diagnostics-path /Users/admin/builder/spi-builder-workspace/.derivedData/Build/Intermediates.noindex/Beacon.build/Debug-xros/Beacon-t.build/Objects-normal/arm64/Beacon-dependency-scan.dia -validate-clang-modules-once -clang-build-session-file /Users/admin/builder/spi-builder-workspace/.derivedData/ModuleCache.noindex/Session.modulevalidation -Xcc -fmodules-prune-interval\=86400 -Xcc -fmodules-prune-after\=345600 -emit-const-values -const-gather-protocols-list /Users/admin/builder/spi-builder-workspace/.derivedData/Build/Intermediates.noindex/Beacon.build/Debug-xros/Beacon-t.build/Objects-normal/arm64/Beacon_const_extract_protocols.json -Xcc -I/Users/admin/builder/spi-builder-workspace/.derivedData/Build/Products/Debug-xros/include -Xcc -I/Users/admin/builder/spi-builder-workspace/.derivedData/Build/Intermediates.noindex/Beacon.build/Debug-xros/Beacon-t.build/DerivedSources-normal/arm64 -Xcc -I/Users/admin/builder/spi-builder-workspace/.derivedData/Build/Intermediates.noindex/Beacon.build/Debug-xros/Beacon-t.build/DerivedSources/arm64 -Xcc -I/Users/admin/builder/spi-builder-workspace/.derivedData/Build/Intermediates.noindex/Beacon.build/Debug-xros/Beacon-t.build/DerivedSources -Xcc -DSWIFT_PACKAGE -Xcc -DDEBUG\=1 -emit-objc-header -emit-objc-header-path /Users/admin/builder/spi-builder-workspace/.derivedData/Build/Intermediates.noindex/Beacon.build/Debug-xros/Beacon-t.build/Objects-normal/arm64/Beacon-Swift.h -working-directory /Users/admin/builder/spi-builder-workspace -experimental-emit-module-separately -disable-cmo
SwiftMergeGeneratedHeaders /Users/admin/builder/spi-builder-workspace/.derivedData/Build/Intermediates.noindex/GeneratedModuleMaps-xros/Beacon-Swift.h /Users/admin/builder/spi-builder-workspace/.derivedData/Build/Intermediates.noindex/Beacon.build/Debug-xros/Beacon-t.build/Objects-normal/arm64/Beacon-Swift.h (in target 'Beacon' from project 'Beacon')
cd /Users/admin/builder/spi-builder-workspace
builtin-swiftHeaderTool -arch arm64 /Users/admin/builder/spi-builder-workspace/.derivedData/Build/Intermediates.noindex/Beacon.build/Debug-xros/Beacon-t.build/Objects-normal/arm64/Beacon-Swift.h -o /Users/admin/builder/spi-builder-workspace/.derivedData/Build/Intermediates.noindex/GeneratedModuleMaps-xros/Beacon-Swift.h
Copy /Users/admin/builder/spi-builder-workspace/.derivedData/Build/Products/Debug-xros/Beacon.swiftmodule/arm64-apple-xros.swiftmodule /Users/admin/builder/spi-builder-workspace/.derivedData/Build/Intermediates.noindex/Beacon.build/Debug-xros/Beacon-t.build/Objects-normal/arm64/Beacon.swiftmodule (in target 'Beacon' from project 'Beacon')
cd /Users/admin/builder/spi-builder-workspace
builtin-copy -exclude .DS_Store -exclude CVS -exclude .svn -exclude .git -exclude .hg -resolve-src-symlinks -rename /Users/admin/builder/spi-builder-workspace/.derivedData/Build/Intermediates.noindex/Beacon.build/Debug-xros/Beacon-t.build/Objects-normal/arm64/Beacon.swiftmodule /Users/admin/builder/spi-builder-workspace/.derivedData/Build/Products/Debug-xros/Beacon.swiftmodule/arm64-apple-xros.swiftmodule
Copy /Users/admin/builder/spi-builder-workspace/.derivedData/Build/Products/Debug-xros/Beacon.swiftmodule/arm64-apple-xros.swiftdoc /Users/admin/builder/spi-builder-workspace/.derivedData/Build/Intermediates.noindex/Beacon.build/Debug-xros/Beacon-t.build/Objects-normal/arm64/Beacon.swiftdoc (in target 'Beacon' from project 'Beacon')
cd /Users/admin/builder/spi-builder-workspace
builtin-copy -exclude .DS_Store -exclude CVS -exclude .svn -exclude .git -exclude .hg -resolve-src-symlinks -rename /Users/admin/builder/spi-builder-workspace/.derivedData/Build/Intermediates.noindex/Beacon.build/Debug-xros/Beacon-t.build/Objects-normal/arm64/Beacon.swiftdoc /Users/admin/builder/spi-builder-workspace/.derivedData/Build/Products/Debug-xros/Beacon.swiftmodule/arm64-apple-xros.swiftdoc
Copy /Users/admin/builder/spi-builder-workspace/.derivedData/Build/Products/Debug-xros/Beacon.swiftmodule/arm64-apple-xros.abi.json /Users/admin/builder/spi-builder-workspace/.derivedData/Build/Intermediates.noindex/Beacon.build/Debug-xros/Beacon-t.build/Objects-normal/arm64/Beacon.abi.json (in target 'Beacon' from project 'Beacon')
cd /Users/admin/builder/spi-builder-workspace
builtin-copy -exclude .DS_Store -exclude CVS -exclude .svn -exclude .git -exclude .hg -resolve-src-symlinks -rename /Users/admin/builder/spi-builder-workspace/.derivedData/Build/Intermediates.noindex/Beacon.build/Debug-xros/Beacon-t.build/Objects-normal/arm64/Beacon.abi.json /Users/admin/builder/spi-builder-workspace/.derivedData/Build/Products/Debug-xros/Beacon.swiftmodule/arm64-apple-xros.abi.json
Copy /Users/admin/builder/spi-builder-workspace/.derivedData/Build/Products/Debug-xros/Beacon.swiftmodule/Project/arm64-apple-xros.swiftsourceinfo /Users/admin/builder/spi-builder-workspace/.derivedData/Build/Intermediates.noindex/Beacon.build/Debug-xros/Beacon-t.build/Objects-normal/arm64/Beacon.swiftsourceinfo (in target 'Beacon' from project 'Beacon')
cd /Users/admin/builder/spi-builder-workspace
builtin-copy -exclude .DS_Store -exclude CVS -exclude .svn -exclude .git -exclude .hg -resolve-src-symlinks -rename /Users/admin/builder/spi-builder-workspace/.derivedData/Build/Intermediates.noindex/Beacon.build/Debug-xros/Beacon-t.build/Objects-normal/arm64/Beacon.swiftsourceinfo /Users/admin/builder/spi-builder-workspace/.derivedData/Build/Products/Debug-xros/Beacon.swiftmodule/Project/arm64-apple-xros.swiftsourceinfo
ScanDependencies /Users/admin/builder/spi-builder-workspace/.derivedData/Build/Intermediates.noindex/Beacon.build/Debug-xros/BeaconObjcRuntime-t.build/Objects-normal/arm64/BeaconObjcRuntime.o /Users/admin/builder/spi-builder-workspace/Sources/BeaconObjcRuntime/BeaconObjcRuntime.m normal arm64 objective-c com.apple.compilers.llvm.clang.1_0.compiler (in target 'BeaconObjcRuntime' from project 'Beacon')
cd /Users/admin/builder/spi-builder-workspace
Using response file: /Users/admin/builder/spi-builder-workspace/.derivedData/Build/Intermediates.noindex/Beacon.build/Debug-xros/BeaconObjcRuntime-t.build/Objects-normal/arm64/e6072d4f65d7061329687fe24e3d63a7-common-args.resp
builtin-ScanDependencies -o /Users/admin/builder/spi-builder-workspace/.derivedData/Build/Intermediates.noindex/Beacon.build/Debug-xros/BeaconObjcRuntime-t.build/Objects-normal/arm64/BeaconObjcRuntime.o.scan -- /Applications/Xcode-27.0.0-Release.Candidate.app/Contents/Developer/Toolchains/XcodeDefault.xctoolchain/usr/bin/clang -x objective-c -ivfsstatcache /Users/admin/builder/spi-builder-workspace/.derivedData/SDKStatCaches.noindex/xros27.0-24M361-e829b21a6f8c9b70876ba0858053c044735bd543db762f57723cac368afd1ce4.sdkstatcache -target arm64-apple-xros1.0 -fmessage-length\=0 -fdiagnostics-show-note-include-stack -fmacro-backtrace-limit\=0 -fno-color-diagnostics -fmodules-prune-interval\=86400 -fmodules-prune-after\=345600 -fbuild-session-file\=/Users/admin/builder/spi-builder-workspace/.derivedData/ModuleCache.noindex/Session.modulevalidation -fmodules-validate-once-per-build-session -Wnon-modular-include-in-framework-module -Werror\=non-modular-include-in-framework-module -Wno-trigraphs -Wno-missing-field-initializers -Wno-missing-prototypes -Wno-return-type -Wno-implicit-atomic-properties -Wno-objc-interface-ivars -Wno-arc-repeated-use-of-weak -Wno-missing-braces -Wparentheses -Wswitch -Wno-unused-function -Wno-unused-label -Wno-unused-parameter -Wno-unused-variable -Wunused-value -Wno-empty-body -Wno-uninitialized -Wno-unknown-pragmas -Wno-shadow -Wno-four-char-constants -Wno-conversion -Wno-constant-conversion -Wno-int-conversion -Wno-bool-conversion -Wno-enum-conversion -Wno-float-conversion -Wno-non-literal-null-conversion -Wno-objc-literal-conversion -Wshorten-64-to-32 -Wpointer-sign -Wno-newline-eof -Wno-selector -Wno-strict-selector-match -Wno-undeclared-selector -Wno-deprecated-implementations -Wno-implicit-fallthrough -isysroot /Applications/Xcode-27.0.0-Release.Candidate.app/Contents/Developer/Platforms/XROS.platform/Developer/SDKs/XROS27.0.sdk -fstrict-aliasing -Wprotocol -Wdeprecated-declarations -Wno-sign-conversion -Wno-infinite-recursion -Wno-comma -Wno-block-capture-autoreleasing -Wno-strict-prototypes -Wno-semicolon-before-method-body -index-store-path /Users/admin/builder/spi-builder-workspace/.derivedData/Index.noindex/DataStore @/Users/admin/builder/spi-builder-workspace/.derivedData/Build/Intermediates.noindex/Beacon.build/Debug-xros/BeaconObjcRuntime-t.build/Objects-normal/arm64/e6072d4f65d7061329687fe24e3d63a7-common-args.resp -MMD -MT dependencies -MF /Users/admin/builder/spi-builder-workspace/.derivedData/Build/Intermediates.noindex/Beacon.build/Debug-xros/BeaconObjcRuntime-t.build/Objects-normal/arm64/BeaconObjcRuntime.d --serialize-diagnostics /Users/admin/builder/spi-builder-workspace/.derivedData/Build/Intermediates.noindex/Beacon.build/Debug-xros/BeaconObjcRuntime-t.build/Objects-normal/arm64/BeaconObjcRuntime.dia -c /Users/admin/builder/spi-builder-workspace/Sources/BeaconObjcRuntime/BeaconObjcRuntime.m -o /Users/admin/builder/spi-builder-workspace/.derivedData/Build/Intermediates.noindex/Beacon.build/Debug-xros/BeaconObjcRuntime-t.build/Objects-normal/arm64/BeaconObjcRuntime.o -index-unit-output-path /Beacon.build/Debug-xros/BeaconObjcRuntime-t.build/Objects-normal/arm64/BeaconObjcRuntime.o
SwiftExplicitDependencyCompileModuleFromInterface arm64 /Users/admin/builder/spi-builder-workspace/.derivedData/Build/Intermediates.noindex/SwiftExplicitPrecompiledModules/XCTest-3R6MGK98ZOBMC.swiftmodule
SwiftDriverJobDiscovery normal arm64 Compiling ConstraintBuilder.swift, Constraints+Sugar.swift, Constraints.swift, Signal+Constraints.swift (in target 'Beacon' from project 'Beacon')
SwiftDriverJobDiscovery normal arm64 Compiling FileLogger.swift, IntervalLogger.swift, JRPCLogger.swift, MemoryLogger.swift (in target 'Beacon' from project 'Beacon')
SwiftDriverJobDiscovery normal arm64 Compiling IdentitySignal.swift, MachImageImportsSignal.swift, Signal.swift, StringSignal.swift (in target 'Beacon' from project 'Beacon')
SwiftCompile normal arm64 Compiling\ BeLessThanOrEqual.swift,\ BeLogical.swift,\ BeNil.swift,\ BeResult.swift,\ BeVoid.swift,\ BeWithin.swift /Users/admin/builder/spi-builder-workspace/.dependencies/checkouts/Nimble/Sources/Nimble/Matchers/BeLessThanOrEqual.swift /Users/admin/builder/spi-builder-workspace/.dependencies/checkouts/Nimble/Sources/Nimble/Matchers/BeLogical.swift /Users/admin/builder/spi-builder-workspace/.dependencies/checkouts/Nimble/Sources/Nimble/Matchers/BeNil.swift /Users/admin/builder/spi-builder-workspace/.dependencies/checkouts/Nimble/Sources/Nimble/Matchers/BeResult.swift /Users/admin/builder/spi-builder-workspace/.dependencies/checkouts/Nimble/Sources/Nimble/Matchers/BeVoid.swift /Users/admin/builder/spi-builder-workspace/.dependencies/checkouts/Nimble/Sources/Nimble/Matchers/BeWithin.swift (in target 'Nimble' from project 'Nimble')
SwiftCompile normal arm64 /Users/admin/builder/spi-builder-workspace/.dependencies/checkouts/Nimble/Sources/Nimble/Matchers/BeLessThanOrEqual.swift (in target 'Nimble' from project 'Nimble')
cd /Users/admin/builder/spi-builder-workspace
builtin-SwiftPerFileCompile BeLessThanOrEqual.swift
SwiftCompile normal arm64 /Users/admin/builder/spi-builder-workspace/.dependencies/checkouts/Nimble/Sources/Nimble/Matchers/BeLogical.swift (in target 'Nimble' from project 'Nimble')
cd /Users/admin/builder/spi-builder-workspace
builtin-SwiftPerFileCompile BeLogical.swift
SwiftCompile normal arm64 /Users/admin/builder/spi-builder-workspace/.dependencies/checkouts/Nimble/Sources/Nimble/Matchers/BeNil.swift (in target 'Nimble' from project 'Nimble')
cd /Users/admin/builder/spi-builder-workspace
builtin-SwiftPerFileCompile BeNil.swift
SwiftCompile normal arm64 /Users/admin/builder/spi-builder-workspace/.dependencies/checkouts/Nimble/Sources/Nimble/Matchers/BeResult.swift (in target 'Nimble' from project 'Nimble')
cd /Users/admin/builder/spi-builder-workspace
builtin-SwiftPerFileCompile BeResult.swift
SwiftCompile normal arm64 /Users/admin/builder/spi-builder-workspace/.dependencies/checkouts/Nimble/Sources/Nimble/Matchers/BeVoid.swift (in target 'Nimble' from project 'Nimble')
cd /Users/admin/builder/spi-builder-workspace
builtin-SwiftPerFileCompile BeVoid.swift
SwiftCompile normal arm64 /Users/admin/builder/spi-builder-workspace/.dependencies/checkouts/Nimble/Sources/Nimble/Matchers/BeWithin.swift (in target 'Nimble' from project 'Nimble')
cd /Users/admin/builder/spi-builder-workspace
builtin-SwiftPerFileCompile BeWithin.swift
SwiftEmitModule normal arm64 Emitting\ module\ for\ Nimble (in target 'Nimble' from project 'Nimble')
SwiftCompile normal arm64 (in target 'Nimble' from project 'Nimble')
cd /Users/admin/builder/spi-builder-workspace
SwiftCompile normal arm64 Compiling\ BeginWith.swift,\ BeginWithPrefix.swift,\ Contain.swift,\ ContainElementSatisfying.swift,\ ElementsEqual.swift,\ EndWith.swift /Users/admin/builder/spi-builder-workspace/.dependencies/checkouts/Nimble/Sources/Nimble/Matchers/BeginWith.swift /Users/admin/builder/spi-builder-workspace/.dependencies/checkouts/Nimble/Sources/Nimble/Matchers/BeginWithPrefix.swift /Users/admin/builder/spi-builder-workspace/.dependencies/checkouts/Nimble/Sources/Nimble/Matchers/Contain.swift /Users/admin/builder/spi-builder-workspace/.dependencies/checkouts/Nimble/Sources/Nimble/Matchers/ContainElementSatisfying.swift /Users/admin/builder/spi-builder-workspace/.dependencies/checkouts/Nimble/Sources/Nimble/Matchers/ElementsEqual.swift /Users/admin/builder/spi-builder-workspace/.dependencies/checkouts/Nimble/Sources/Nimble/Matchers/EndWith.swift (in target 'Nimble' from project 'Nimble')
SwiftCompile normal arm64 /Users/admin/builder/spi-builder-workspace/.dependencies/checkouts/Nimble/Sources/Nimble/Matchers/BeginWith.swift (in target 'Nimble' from project 'Nimble')
cd /Users/admin/builder/spi-builder-workspace
builtin-SwiftPerFileCompile BeginWith.swift
SwiftCompile normal arm64 /Users/admin/builder/spi-builder-workspace/.dependencies/checkouts/Nimble/Sources/Nimble/Matchers/BeginWithPrefix.swift (in target 'Nimble' from project 'Nimble')
cd /Users/admin/builder/spi-builder-workspace
builtin-SwiftPerFileCompile BeginWithPrefix.swift
SwiftCompile normal arm64 /Users/admin/builder/spi-builder-workspace/.dependencies/checkouts/Nimble/Sources/Nimble/Matchers/Contain.swift (in target 'Nimble' from project 'Nimble')
cd /Users/admin/builder/spi-builder-workspace
builtin-SwiftPerFileCompile Contain.swift
SwiftCompile normal arm64 /Users/admin/builder/spi-builder-workspace/.dependencies/checkouts/Nimble/Sources/Nimble/Matchers/ContainElementSatisfying.swift (in target 'Nimble' from project 'Nimble')
cd /Users/admin/builder/spi-builder-workspace
builtin-SwiftPerFileCompile ContainElementSatisfying.swift
SwiftCompile normal arm64 /Users/admin/builder/spi-builder-workspace/.dependencies/checkouts/Nimble/Sources/Nimble/Matchers/ElementsEqual.swift (in target 'Nimble' from project 'Nimble')
cd /Users/admin/builder/spi-builder-workspace
builtin-SwiftPerFileCompile ElementsEqual.swift
SwiftCompile normal arm64 /Users/admin/builder/spi-builder-workspace/.dependencies/checkouts/Nimble/Sources/Nimble/Matchers/EndWith.swift (in target 'Nimble' from project 'Nimble')
cd /Users/admin/builder/spi-builder-workspace
builtin-SwiftPerFileCompile EndWith.swift
SwiftCompile normal arm64 Compiling\ NimbleXCTestHandler.swift,\ ExceptionCapture.swift,\ DSL+AsyncAwait.swift,\ DSL+Wait.swift,\ DSL.swift,\ Expectation.swift /Users/admin/builder/spi-builder-workspace/.dependencies/checkouts/Nimble/Sources/Nimble/Adapters/NimbleXCTestHandler.swift /Users/admin/builder/spi-builder-workspace/.dependencies/checkouts/Nimble/Sources/Nimble/Adapters/NonObjectiveC/ExceptionCapture.swift /Users/admin/builder/spi-builder-workspace/.dependencies/checkouts/Nimble/Sources/Nimble/DSL+AsyncAwait.swift /Users/admin/builder/spi-builder-workspace/.dependencies/checkouts/Nimble/Sources/Nimble/DSL+Wait.swift /Users/admin/builder/spi-builder-workspace/.dependencies/checkouts/Nimble/Sources/Nimble/DSL.swift /Users/admin/builder/spi-builder-workspace/.dependencies/checkouts/Nimble/Sources/Nimble/Expectation.swift (in target 'Nimble' from project 'Nimble')
SwiftCompile normal arm64 /Users/admin/builder/spi-builder-workspace/.dependencies/checkouts/Nimble/Sources/Nimble/Adapters/NimbleXCTestHandler.swift (in target 'Nimble' from project 'Nimble')
cd /Users/admin/builder/spi-builder-workspace
builtin-SwiftPerFileCompile NimbleXCTestHandler.swift
SwiftCompile normal arm64 /Users/admin/builder/spi-builder-workspace/.dependencies/checkouts/Nimble/Sources/Nimble/Adapters/NonObjectiveC/ExceptionCapture.swift (in target 'Nimble' from project 'Nimble')
cd /Users/admin/builder/spi-builder-workspace
builtin-SwiftPerFileCompile ExceptionCapture.swift
SwiftCompile normal arm64 /Users/admin/builder/spi-builder-workspace/.dependencies/checkouts/Nimble/Sources/Nimble/DSL+AsyncAwait.swift (in target 'Nimble' from project 'Nimble')
cd /Users/admin/builder/spi-builder-workspace
builtin-SwiftPerFileCompile DSL+AsyncAwait.swift
SwiftCompile normal arm64 /Users/admin/builder/spi-builder-workspace/.dependencies/checkouts/Nimble/Sources/Nimble/DSL+Wait.swift (in target 'Nimble' from project 'Nimble')
cd /Users/admin/builder/spi-builder-workspace
builtin-SwiftPerFileCompile DSL+Wait.swift
SwiftCompile normal arm64 /Users/admin/builder/spi-builder-workspace/.dependencies/checkouts/Nimble/Sources/Nimble/DSL.swift (in target 'Nimble' from project 'Nimble')
cd /Users/admin/builder/spi-builder-workspace
builtin-SwiftPerFileCompile DSL.swift
SwiftCompile normal arm64 /Users/admin/builder/spi-builder-workspace/.dependencies/checkouts/Nimble/Sources/Nimble/Expectation.swift (in target 'Nimble' from project 'Nimble')
cd /Users/admin/builder/spi-builder-workspace
builtin-SwiftPerFileCompile Expectation.swift
SwiftCompile normal arm64 Compiling\ ExpectationMessage.swift,\ Expression.swift,\ FailureMessage.swift,\ AllPass.swift,\ BeAKindOf.swift,\ BeAnInstanceOf.swift /Users/admin/builder/spi-builder-workspace/.dependencies/checkouts/Nimble/Sources/Nimble/ExpectationMessage.swift /Users/admin/builder/spi-builder-workspace/.dependencies/checkouts/Nimble/Sources/Nimble/Expression.swift /Users/admin/builder/spi-builder-workspace/.dependencies/checkouts/Nimble/Sources/Nimble/FailureMessage.swift /Users/admin/builder/spi-builder-workspace/.dependencies/checkouts/Nimble/Sources/Nimble/Matchers/AllPass.swift /Users/admin/builder/spi-builder-workspace/.dependencies/checkouts/Nimble/Sources/Nimble/Matchers/BeAKindOf.swift /Users/admin/builder/spi-builder-workspace/.dependencies/checkouts/Nimble/Sources/Nimble/Matchers/BeAnInstanceOf.swift (in target 'Nimble' from project 'Nimble')
SwiftCompile normal arm64 /Users/admin/builder/spi-builder-workspace/.dependencies/checkouts/Nimble/Sources/Nimble/ExpectationMessage.swift (in target 'Nimble' from project 'Nimble')
cd /Users/admin/builder/spi-builder-workspace
builtin-SwiftPerFileCompile ExpectationMessage.swift
SwiftCompile normal arm64 /Users/admin/builder/spi-builder-workspace/.dependencies/checkouts/Nimble/Sources/Nimble/Expression.swift (in target 'Nimble' from project 'Nimble')
cd /Users/admin/builder/spi-builder-workspace
builtin-SwiftPerFileCompile Expression.swift
SwiftCompile normal arm64 /Users/admin/builder/spi-builder-workspace/.dependencies/checkouts/Nimble/Sources/Nimble/FailureMessage.swift (in target 'Nimble' from project 'Nimble')
cd /Users/admin/builder/spi-builder-workspace
builtin-SwiftPerFileCompile FailureMessage.swift
SwiftCompile normal arm64 /Users/admin/builder/spi-builder-workspace/.dependencies/checkouts/Nimble/Sources/Nimble/Matchers/AllPass.swift (in target 'Nimble' from project 'Nimble')
cd /Users/admin/builder/spi-builder-workspace
builtin-SwiftPerFileCompile AllPass.swift
SwiftCompile normal arm64 /Users/admin/builder/spi-builder-workspace/.dependencies/checkouts/Nimble/Sources/Nimble/Matchers/BeAKindOf.swift (in target 'Nimble' from project 'Nimble')
cd /Users/admin/builder/spi-builder-workspace
builtin-SwiftPerFileCompile BeAKindOf.swift
SwiftCompile normal arm64 /Users/admin/builder/spi-builder-workspace/.dependencies/checkouts/Nimble/Sources/Nimble/Matchers/BeAnInstanceOf.swift (in target 'Nimble' from project 'Nimble')
cd /Users/admin/builder/spi-builder-workspace
builtin-SwiftPerFileCompile BeAnInstanceOf.swift
SwiftCompile normal arm64 Compiling\ PostNotification.swift,\ Predicate.swift,\ RaisesException.swift,\ SatisfyAllOf.swift,\ SatisfyAnyOf.swift,\ ThrowAssertion.swift /Users/admin/builder/spi-builder-workspace/.dependencies/checkouts/Nimble/Sources/Nimble/Matchers/PostNotification.swift /Users/admin/builder/spi-builder-workspace/.dependencies/checkouts/Nimble/Sources/Nimble/Matchers/Predicate.swift /Users/admin/builder/spi-builder-workspace/.dependencies/checkouts/Nimble/Sources/Nimble/Matchers/RaisesException.swift /Users/admin/builder/spi-builder-workspace/.dependencies/checkouts/Nimble/Sources/Nimble/Matchers/SatisfyAllOf.swift /Users/admin/builder/spi-builder-workspace/.dependencies/checkouts/Nimble/Sources/Nimble/Matchers/SatisfyAnyOf.swift /Users/admin/builder/spi-builder-workspace/.dependencies/checkouts/Nimble/Sources/Nimble/Matchers/ThrowAssertion.swift (in target 'Nimble' from project 'Nimble')
/Users/admin/builder/spi-builder-workspace/.dependencies/checkouts/Nimble/Sources/Nimble/Matchers/ThrowAssertion.swift:89:57: error: cannot find 'catchBadInstruction' in scope
87 | let message = ExpectationMessage.expectedTo("throw an assertion")
88 | var actualError: Error?
89 | let caughtException: BadInstructionException? = catchBadInstruction {
| `- error: cannot find 'catchBadInstruction' in scope
90 | #if os(tvOS)
91 | if !NimbleEnvironment.activeInstance.suppressTVOSAssertionWarning {
/Users/admin/builder/spi-builder-workspace/.dependencies/checkouts/Nimble/Sources/Nimble/Matchers/ThrowAssertion.swift:89:30: error: cannot find type 'BadInstructionException' in scope
87 | let message = ExpectationMessage.expectedTo("throw an assertion")
88 | var actualError: Error?
89 | let caughtException: BadInstructionException? = catchBadInstruction {
| `- error: cannot find type 'BadInstructionException' in scope
90 | #if os(tvOS)
91 | if !NimbleEnvironment.activeInstance.suppressTVOSAssertionWarning {
Failed frontend command:
/Applications/Xcode-27.0.0-Release.Candidate.app/Contents/Developer/Toolchains/XcodeDefault.xctoolchain/usr/bin/swift-frontend -frontend -c /Users/admin/builder/spi-builder-workspace/.dependencies/checkouts/Nimble/Sources/Nimble/Adapters/AdapterProtocols.swift /Users/admin/builder/spi-builder-workspace/.dependencies/checkouts/Nimble/Sources/Nimble/Adapters/AssertionDispatcher.swift /Users/admin/builder/spi-builder-workspace/.dependencies/checkouts/Nimble/Sources/Nimble/Adapters/AssertionRecorder+Async.swift /Users/admin/builder/spi-builder-workspace/.dependencies/checkouts/Nimble/Sources/Nimble/Adapters/AssertionRecorder.swift /Users/admin/builder/spi-builder-workspace/.dependencies/checkouts/Nimble/Sources/Nimble/Adapters/NMBExpectation.swift /Users/admin/builder/spi-builder-workspace/.dependencies/checkouts/Nimble/Sources/Nimble/Adapters/NimbleEnvironment.swift /Users/admin/builder/spi-builder-workspace/.dependencies/checkouts/Nimble/Sources/Nimble/Adapters/NimbleXCTestHandler.swift /Users/admin/builder/spi-builder-workspace/.dependencies/checkouts/Nimble/Sources/Nimble/Adapters/NonObjectiveC/ExceptionCapture.swift /Users/admin/builder/spi-builder-workspace/.dependencies/checkouts/Nimble/Sources/Nimble/DSL+AsyncAwait.swift /Users/admin/builder/spi-builder-workspace/.dependencies/checkouts/Nimble/Sources/Nimble/DSL+Wait.swift /Users/admin/builder/spi-builder-workspace/.dependencies/checkouts/Nimble/Sources/Nimble/DSL.swift /Users/admin/builder/spi-builder-workspace/.dependencies/checkouts/Nimble/Sources/Nimble/Expectation.swift /Users/admin/builder/spi-builder-workspace/.dependencies/checkouts/Nimble/Sources/Nimble/ExpectationMessage.swift /Users/admin/builder/spi-builder-workspace/.dependencies/checkouts/Nimble/Sources/Nimble/Expression.swift /Users/admin/builder/spi-builder-workspace/.dependencies/checkouts/Nimble/Sources/Nimble/FailureMessage.swift /Users/admin/builder/spi-builder-workspace/.dependencies/checkouts/Nimble/Sources/Nimble/Matchers/AllPass.swift /Users/admin/builder/spi-builder-workspace/.dependencies/checkouts/Nimble/Sources/Nimble/Matchers/BeAKindOf.swift /Users/admin/builder/spi-builder-workspace/.dependencies/checkouts/Nimble/Sources/Nimble/Matchers/BeAnInstanceOf.swift /Users/admin/builder/spi-builder-workspace/.dependencies/checkouts/Nimble/Sources/Nimble/Matchers/BeCloseTo.swift /Users/admin/builder/spi-builder-workspace/.dependencies/checkouts/Nimble/Sources/Nimble/Matchers/BeEmpty.swift /Users/admin/builder/spi-builder-workspace/.dependencies/checkouts/Nimble/Sources/Nimble/Matchers/BeGreaterThan.swift /Users/admin/builder/spi-builder-workspace/.dependencies/checkouts/Nimble/Sources/Nimble/Matchers/BeGreaterThanOrEqualTo.swift /Users/admin/builder/spi-builder-workspace/.dependencies/checkouts/Nimble/Sources/Nimble/Matchers/BeIdenticalTo.swift /Users/admin/builder/spi-builder-workspace/.dependencies/checkouts/Nimble/Sources/Nimble/Matchers/BeLessThan.swift /Users/admin/builder/spi-builder-workspace/.dependencies/checkouts/Nimble/Sources/Nimble/Matchers/BeLessThanOrEqual.swift /Users/admin/builder/spi-builder-workspace/.dependencies/checkouts/Nimble/Sources/Nimble/Matchers/BeLogical.swift /Users/admin/builder/spi-builder-workspace/.dependencies/checkouts/Nimble/Sources/Nimble/Matchers/BeNil.swift /Users/admin/builder/spi-builder-workspace/.dependencies/checkouts/Nimble/Sources/Nimble/Matchers/BeResult.swift /Users/admin/builder/spi-builder-workspace/.dependencies/checkouts/Nimble/Sources/Nimble/Matchers/BeVoid.swift /Users/admin/builder/spi-builder-workspace/.dependencies/checkouts/Nimble/Sources/Nimble/Matchers/BeWithin.swift /Users/admin/builder/spi-builder-workspace/.dependencies/checkouts/Nimble/Sources/Nimble/Matchers/BeginWith.swift /Users/admin/builder/spi-builder-workspace/.dependencies/checkouts/Nimble/Sources/Nimble/Matchers/BeginWithPrefix.swift /Users/admin/builder/spi-builder-workspace/.dependencies/checkouts/Nimble/Sources/Nimble/Matchers/Contain.swift /Users/admin/builder/spi-builder-workspace/.dependencies/checkouts/Nimble/Sources/Nimble/Matchers/ContainElementSatisfying.swift /Users/admin/builder/spi-builder-workspace/.dependencies/checkouts/Nimble/Sources/Nimble/Matchers/ElementsEqual.swift /Users/admin/builder/spi-builder-workspace/.dependencies/checkouts/Nimble/Sources/Nimble/Matchers/EndWith.swift /Users/admin/builder/spi-builder-workspace/.dependencies/checkouts/Nimble/Sources/Nimble/Matchers/Equal+Tuple.swift /Users/admin/builder/spi-builder-workspace/.dependencies/checkouts/Nimble/Sources/Nimble/Matchers/Equal.swift /Users/admin/builder/spi-builder-workspace/.dependencies/checkouts/Nimble/Sources/Nimble/Matchers/HaveCount.swift /Users/admin/builder/spi-builder-workspace/.dependencies/checkouts/Nimble/Sources/Nimble/Matchers/Match.swift /Users/admin/builder/spi-builder-workspace/.dependencies/checkouts/Nimble/Sources/Nimble/Matchers/MatchError.swift /Users/admin/builder/spi-builder-workspace/.dependencies/checkouts/Nimble/Sources/Nimble/Matchers/MatcherProtocols.swift -primary-file /Users/admin/builder/spi-builder-workspace/.dependencies/checkouts/Nimble/Sources/Nimble/Matchers/PostNotification.swift -primary-file /Users/admin/builder/spi-builder-workspace/.dependencies/checkouts/Nimble/Sources/Nimble/Matchers/Predicate.swift -primary-file /Users/admin/builder/spi-builder-workspace/.dependencies/checkouts/Nimble/Sources/Nimble/Matchers/RaisesException.swift -primary-file /Users/admin/builder/spi-builder-workspace/.dependencies/checkouts/Nimble/Sources/Nimble/Matchers/SatisfyAllOf.swift -primary-file /Users/admin/builder/spi-builder-workspace/.dependencies/checkouts/Nimble/Sources/Nimble/Matchers/SatisfyAnyOf.swift -primary-file /Users/admin/builder/spi-builder-workspace/.dependencies/checkouts/Nimble/Sources/Nimble/Matchers/ThrowAssertion.swift /Users/admin/builder/spi-builder-workspace/.dependencies/checkouts/Nimble/Sources/Nimble/Matchers/ThrowError.swift /Users/admin/builder/spi-builder-workspace/.dependencies/checkouts/Nimble/Sources/Nimble/Matchers/ToSucceed.swift /Users/admin/builder/spi-builder-workspace/.dependencies/checkouts/Nimble/Sources/Nimble/Polling+AsyncAwait.swift /Users/admin/builder/spi-builder-workspace/.dependencies/checkouts/Nimble/Sources/Nimble/Polling.swift /Users/admin/builder/spi-builder-workspace/.dependencies/checkouts/Nimble/Sources/Nimble/Utils/AsyncAwait.swift /Users/admin/builder/spi-builder-workspace/.dependencies/checkouts/Nimble/Sources/Nimble/Utils/DispatchTimeInterval.swift /Users/admin/builder/spi-builder-workspace/.dependencies/checkouts/Nimble/Sources/Nimble/Utils/Errors.swift /Users/admin/builder/spi-builder-workspace/.dependencies/checkouts/Nimble/Sources/Nimble/Utils/PollAwait.swift /Users/admin/builder/spi-builder-workspace/.dependencies/checkouts/Nimble/Sources/Nimble/Utils/SourceLocation.swift /Users/admin/builder/spi-builder-workspace/.dependencies/checkouts/Nimble/Sources/Nimble/Utils/Stringers.swift -supplementary-output-file-map /Users/admin/builder/spi-builder-workspace/.derivedData/Build/Intermediates.noindex/Nimble.build/Debug-xros/Nimble-t.build/Objects-normal/arm64/supplementaryOutputs-18 -target arm64-apple-xros1.0 -module-can-import-version Darwin 428.0.10 0 -module-can-import-version Foundation 5027.0.69 5027.0.69 -disable-cross-import-overlay-search -load-resolved-plugin /Applications/Xcode-27.0.0-Release.Candidate.app/Contents/Developer/Platforms/XROS.platform/Developer/usr/lib/swift/host/plugins/libFoundationMacros.dylib\#/Applications/Xcode-27.0.0-Release.Candidate.app/Contents/Developer/Platforms/XROS.platform/Developer/usr/bin/swift-plugin-server\#FoundationMacros -load-resolved-plugin /Applications/Xcode-27.0.0-Release.Candidate.app/Contents/Developer/Platforms/XROS.platform/Developer/usr/lib/swift/host/plugins/libObservationMacros.dylib\#/Applications/Xcode-27.0.0-Release.Candidate.app/Contents/Developer/Platforms/XROS.platform/Developer/usr/bin/swift-plugin-server\#ObservationMacros -load-resolved-plugin /Applications/Xcode-27.0.0-Release.Candidate.app/Contents/Developer/Platforms/XROS.platform/Developer/usr/lib/swift/host/plugins/libPreviewsMacros.dylib\#/Applications/Xcode-27.0.0-Release.Candidate.app/Contents/Developer/Platforms/XROS.platform/Developer/usr/bin/swift-plugin-server\#PreviewsMacros -load-resolved-plugin /Applications/Xcode-27.0.0-Release.Candidate.app/Contents/Developer/Platforms/XROS.platform/Developer/usr/lib/swift/host/plugins/libSwiftMacros.dylib\#/Applications/Xcode-27.0.0-Release.Candidate.app/Contents/Developer/Platforms/XROS.platform/Developer/usr/bin/swift-plugin-server\#SwiftMacros -load-resolved-plugin /Applications/Xcode-27.0.0-Release.Candidate.app/Contents/Developer/Platforms/XROS.platform/Developer/usr/lib/swift/host/plugins/libSwiftUIMacros.dylib\#/Applications/Xcode-27.0.0-Release.Candidate.app/Contents/Developer/Platforms/XROS.platform/Developer/usr/bin/swift-plugin-server\#SwiftUIMacros -disable-implicit-swift-modules -Xcc -fno-implicit-modules -Xcc -fno-implicit-module-maps -explicit-swift-module-map-file /Users/admin/builder/spi-builder-workspace/.derivedData/Build/Intermediates.noindex/Nimble.build/Debug-xros/Nimble-t.build/Objects-normal/arm64/Nimble-dependencies-1.json -Xllvm -aarch64-use-tbi -enable-objc-interop -stack-check -sdk /Applications/Xcode-27.0.0-Release.Candidate.app/Contents/Developer/Platforms/XROS.platform/Developer/SDKs/XROS27.0.sdk -I /Users/admin/builder/spi-builder-workspace/.derivedData/Build/Products/Debug-xros -Isystem /Applications/Xcode-27.0.0-Release.Candidate.app/Contents/Developer/Platforms/XROS.platform/Developer/usr/lib -F /Users/admin/builder/spi-builder-workspace/.derivedData/Build/Products/Debug-xros -F /Applications/Xcode-27.0.0-Release.Candidate.app/Contents/Developer/Platforms/XROS.platform/Developer/Library/Frameworks -F /Applications/Xcode-27.0.0-Release.Candidate.app/Contents/Developer/Platforms/XROS.platform/Developer/SDKs/XROS27.0.sdk/Developer/Library/Frameworks -module-cache-path /Users/admin/builder/spi-builder-workspace/.derivedData/Build/Intermediates.noindex/SwiftExplicitPrecompiledModules -no-color-diagnostics -Xcc -fno-color-diagnostics -enable-testing -g -debug-info-format\=dwarf -dwarf-version\=4 -suppress-warnings -swift-version 5 -Onone -D SWIFT_PACKAGE -D DEBUG -D SWIFT_MODULE_RESOURCE_BUNDLE_UNAVAILABLE -D Xcode -serialize-debugging-options -enable-experimental-feature DebugDescriptionMacro -empty-abi-descriptor -validate-clang-modules-once -clang-build-session-file /Users/admin/builder/spi-builder-workspace/.derivedData/ModuleCache.noindex/Session.modulevalidation -Xcc -working-directory -Xcc /Users/admin/builder/spi-builder-workspace -enable-anonymous-context-mangled-names -file-compilation-dir /Users/admin/builder/spi-builder-workspace -Xcc -D_LIBCPP_HARDENING_MODE\=_LIBCPP_HARDENING_MODE_DEBUG -Xcc -ivfsstatcache -Xcc /Users/admin/builder/spi-builder-workspace/.derivedData/SDKStatCaches.noindex/xros27.0-24M361-e829b21a6f8c9b70876ba0858053c044735bd543db762f57723cac368afd1ce4.sdkstatcache -Xcc -fmodules-prune-interval\=86400 -Xcc -fmodules-prune-after\=345600 -Xcc -I/Users/admin/builder/spi-builder-workspace/.derivedData/Build/Products/Debug-xros/include -Xcc -I/Users/admin/builder/spi-builder-workspace/.derivedData/Build/Intermediates.noindex/Nimble.build/Debug-xros/Nimble-t.build/DerivedSources-normal/arm64 -Xcc -I/Users/admin/builder/spi-builder-workspace/.derivedData/Build/Intermediates.noindex/Nimble.build/Debug-xros/Nimble-t.build/DerivedSources/arm64 -Xcc -I/Users/admin/builder/spi-builder-workspace/.derivedData/Build/Intermediates.noindex/Nimble.build/Debug-xros/Nimble-t.build/DerivedSources -Xcc -DSWIFT_PACKAGE -Xcc -DDEBUG\=1 -no-auto-bridging-header-chaining -module-name Nimble -const-gather-protocols-file /Users/admin/builder/spi-builder-workspace/.derivedData/Build/Intermediates.noindex/Nimble.build/Debug-xros/Nimble-t.build/Objects-normal/arm64/Nimble_const_extract_protocols.json -disable-clang-spi -clang-target arm64-apple-xros27.0 -target-sdk-version 27.0 -target-sdk-name xros27.0 -in-process-plugin-server-path /Applications/Xcode-27.0.0-Release.Candidate.app/Contents/Developer/Toolchains/XcodeDefault.xctoolchain/usr/lib/swift/host/libSwiftInProcPluginServer.dylib -parse-as-library -o /Users/admin/builder/spi-builder-workspace/.derivedData/Build/Intermediates.noindex/Nimble.build/Debug-xros/Nimble-t.build/Objects-normal/arm64/PostNotification.o -o /Users/admin/builder/spi-builder-workspace/.derivedData/Build/Intermediates.noindex/Nimble.build/Debug-xros/Nimble-t.build/Objects-normal/arm64/Predicate.o -o /Users/admin/builder/spi-builder-workspace/.derivedData/Build/Intermediates.noindex/Nimble.build/Debug-xros/Nimble-t.build/Objects-normal/arm64/RaisesException.o -o /Users/admin/builder/spi-builder-workspace/.derivedData/Build/Intermediates.noindex/Nimble.build/Debug-xros/Nimble-t.build/Objects-normal/arm64/SatisfyAllOf.o -o /Users/admin/builder/spi-builder-workspace/.derivedData/Build/Intermediates.noindex/Nimble.build/Debug-xros/Nimble-t.build/Objects-normal/arm64/SatisfyAnyOf.o -o /Users/admin/builder/spi-builder-workspace/.derivedData/Build/Intermediates.noindex/Nimble.build/Debug-xros/Nimble-t.build/Objects-normal/arm64/ThrowAssertion.o -debug-module-path /Users/admin/builder/spi-builder-workspace/.derivedData/Build/Intermediates.noindex/Nimble.build/Debug-xros/Nimble-t.build/Objects-normal/arm64/Nimble.swiftmodule -index-unit-output-path /Nimble.build/Debug-xros/Nimble-t.build/Objects-normal/arm64/PostNotification.o -index-unit-output-path /Nimble.build/Debug-xros/Nimble-t.build/Objects-normal/arm64/Predicate.o -index-unit-output-path /Nimble.build/Debug-xros/Nimble-t.build/Objects-normal/arm64/RaisesException.o -index-unit-output-path /Nimble.build/Debug-xros/Nimble-t.build/Objects-normal/arm64/SatisfyAllOf.o -index-unit-output-path /Nimble.build/Debug-xros/Nimble-t.build/Objects-normal/arm64/SatisfyAnyOf.o -index-unit-output-path /Nimble.build/Debug-xros/Nimble-t.build/Objects-normal/arm64/ThrowAssertion.o -index-store-path /Users/admin/builder/spi-builder-workspace/.derivedData/Index.noindex/DataStore -index-system-modules
SwiftCompile normal arm64 /Users/admin/builder/spi-builder-workspace/.dependencies/checkouts/Nimble/Sources/Nimble/Matchers/PostNotification.swift (in target 'Nimble' from project 'Nimble')
cd /Users/admin/builder/spi-builder-workspace
builtin-SwiftPerFileCompile PostNotification.swift
SwiftCompile normal arm64 /Users/admin/builder/spi-builder-workspace/.dependencies/checkouts/Nimble/Sources/Nimble/Matchers/Predicate.swift (in target 'Nimble' from project 'Nimble')
cd /Users/admin/builder/spi-builder-workspace
builtin-SwiftPerFileCompile Predicate.swift
SwiftCompile normal arm64 /Users/admin/builder/spi-builder-workspace/.dependencies/checkouts/Nimble/Sources/Nimble/Matchers/RaisesException.swift (in target 'Nimble' from project 'Nimble')
cd /Users/admin/builder/spi-builder-workspace
builtin-SwiftPerFileCompile RaisesException.swift
SwiftCompile normal arm64 /Users/admin/builder/spi-builder-workspace/.dependencies/checkouts/Nimble/Sources/Nimble/Matchers/SatisfyAllOf.swift (in target 'Nimble' from project 'Nimble')
cd /Users/admin/builder/spi-builder-workspace
builtin-SwiftPerFileCompile SatisfyAllOf.swift
SwiftCompile normal arm64 /Users/admin/builder/spi-builder-workspace/.dependencies/checkouts/Nimble/Sources/Nimble/Matchers/SatisfyAnyOf.swift (in target 'Nimble' from project 'Nimble')
cd /Users/admin/builder/spi-builder-workspace
builtin-SwiftPerFileCompile SatisfyAnyOf.swift
SwiftCompile normal arm64 /Users/admin/builder/spi-builder-workspace/.dependencies/checkouts/Nimble/Sources/Nimble/Matchers/ThrowAssertion.swift (in target 'Nimble' from project 'Nimble')
cd /Users/admin/builder/spi-builder-workspace
builtin-SwiftPerFileCompile ThrowAssertion.swift
SwiftCompile normal arm64 Compiling\ Equal+Tuple.swift,\ Equal.swift,\ HaveCount.swift,\ Match.swift,\ MatchError.swift,\ MatcherProtocols.swift /Users/admin/builder/spi-builder-workspace/.dependencies/checkouts/Nimble/Sources/Nimble/Matchers/Equal+Tuple.swift /Users/admin/builder/spi-builder-workspace/.dependencies/checkouts/Nimble/Sources/Nimble/Matchers/Equal.swift /Users/admin/builder/spi-builder-workspace/.dependencies/checkouts/Nimble/Sources/Nimble/Matchers/HaveCount.swift /Users/admin/builder/spi-builder-workspace/.dependencies/checkouts/Nimble/Sources/Nimble/Matchers/Match.swift /Users/admin/builder/spi-builder-workspace/.dependencies/checkouts/Nimble/Sources/Nimble/Matchers/MatchError.swift /Users/admin/builder/spi-builder-workspace/.dependencies/checkouts/Nimble/Sources/Nimble/Matchers/MatcherProtocols.swift (in target 'Nimble' from project 'Nimble')
SwiftCompile normal arm64 /Users/admin/builder/spi-builder-workspace/.dependencies/checkouts/Nimble/Sources/Nimble/Matchers/Equal+Tuple.swift (in target 'Nimble' from project 'Nimble')
cd /Users/admin/builder/spi-builder-workspace
builtin-SwiftPerFileCompile Equal+Tuple.swift
SwiftCompile normal arm64 /Users/admin/builder/spi-builder-workspace/.dependencies/checkouts/Nimble/Sources/Nimble/Matchers/Equal.swift (in target 'Nimble' from project 'Nimble')
cd /Users/admin/builder/spi-builder-workspace
builtin-SwiftPerFileCompile Equal.swift
SwiftCompile normal arm64 /Users/admin/builder/spi-builder-workspace/.dependencies/checkouts/Nimble/Sources/Nimble/Matchers/HaveCount.swift (in target 'Nimble' from project 'Nimble')
cd /Users/admin/builder/spi-builder-workspace
builtin-SwiftPerFileCompile HaveCount.swift
SwiftCompile normal arm64 /Users/admin/builder/spi-builder-workspace/.dependencies/checkouts/Nimble/Sources/Nimble/Matchers/Match.swift (in target 'Nimble' from project 'Nimble')
cd /Users/admin/builder/spi-builder-workspace
builtin-SwiftPerFileCompile Match.swift
SwiftCompile normal arm64 /Users/admin/builder/spi-builder-workspace/.dependencies/checkouts/Nimble/Sources/Nimble/Matchers/MatchError.swift (in target 'Nimble' from project 'Nimble')
cd /Users/admin/builder/spi-builder-workspace
builtin-SwiftPerFileCompile MatchError.swift
SwiftCompile normal arm64 /Users/admin/builder/spi-builder-workspace/.dependencies/checkouts/Nimble/Sources/Nimble/Matchers/MatcherProtocols.swift (in target 'Nimble' from project 'Nimble')
cd /Users/admin/builder/spi-builder-workspace
builtin-SwiftPerFileCompile MatcherProtocols.swift
SwiftCompile normal arm64 Compiling\ AdapterProtocols.swift,\ AssertionDispatcher.swift,\ AssertionRecorder+Async.swift,\ AssertionRecorder.swift,\ NMBExpectation.swift,\ NimbleEnvironment.swift /Users/admin/builder/spi-builder-workspace/.dependencies/checkouts/Nimble/Sources/Nimble/Adapters/AdapterProtocols.swift /Users/admin/builder/spi-builder-workspace/.dependencies/checkouts/Nimble/Sources/Nimble/Adapters/AssertionDispatcher.swift /Users/admin/builder/spi-builder-workspace/.dependencies/checkouts/Nimble/Sources/Nimble/Adapters/AssertionRecorder+Async.swift /Users/admin/builder/spi-builder-workspace/.dependencies/checkouts/Nimble/Sources/Nimble/Adapters/AssertionRecorder.swift /Users/admin/builder/spi-builder-workspace/.dependencies/checkouts/Nimble/Sources/Nimble/Adapters/NMBExpectation.swift /Users/admin/builder/spi-builder-workspace/.dependencies/checkouts/Nimble/Sources/Nimble/Adapters/NimbleEnvironment.swift (in target 'Nimble' from project 'Nimble')
SwiftCompile normal arm64 /Users/admin/builder/spi-builder-workspace/.dependencies/checkouts/Nimble/Sources/Nimble/Adapters/AdapterProtocols.swift (in target 'Nimble' from project 'Nimble')
cd /Users/admin/builder/spi-builder-workspace
builtin-SwiftPerFileCompile AdapterProtocols.swift
SwiftCompile normal arm64 /Users/admin/builder/spi-builder-workspace/.dependencies/checkouts/Nimble/Sources/Nimble/Adapters/AssertionDispatcher.swift (in target 'Nimble' from project 'Nimble')
cd /Users/admin/builder/spi-builder-workspace
builtin-SwiftPerFileCompile AssertionDispatcher.swift
SwiftCompile normal arm64 /Users/admin/builder/spi-builder-workspace/.dependencies/checkouts/Nimble/Sources/Nimble/Adapters/AssertionRecorder+Async.swift (in target 'Nimble' from project 'Nimble')
cd /Users/admin/builder/spi-builder-workspace
builtin-SwiftPerFileCompile AssertionRecorder+Async.swift
SwiftCompile normal arm64 /Users/admin/builder/spi-builder-workspace/.dependencies/checkouts/Nimble/Sources/Nimble/Adapters/AssertionRecorder.swift (in target 'Nimble' from project 'Nimble')
cd /Users/admin/builder/spi-builder-workspace
builtin-SwiftPerFileCompile AssertionRecorder.swift
SwiftCompile normal arm64 /Users/admin/builder/spi-builder-workspace/.dependencies/checkouts/Nimble/Sources/Nimble/Adapters/NMBExpectation.swift (in target 'Nimble' from project 'Nimble')
cd /Users/admin/builder/spi-builder-workspace
builtin-SwiftPerFileCompile NMBExpectation.swift
SwiftCompile normal arm64 /Users/admin/builder/spi-builder-workspace/.dependencies/checkouts/Nimble/Sources/Nimble/Adapters/NimbleEnvironment.swift (in target 'Nimble' from project 'Nimble')
cd /Users/admin/builder/spi-builder-workspace
builtin-SwiftPerFileCompile NimbleEnvironment.swift
PrecompileModule /Users/admin/builder/spi-builder-workspace/.derivedData/Build/Intermediates.noindex/ExplicitPrecompiledModules/_Builtin_stddef-37BO0P252DJ5APFPZTV8FX4QH.scan
cd /
builtin-precompileModule /Users/admin/builder/spi-builder-workspace/.derivedData/Build/Intermediates.noindex/ExplicitPrecompiledModules/_Builtin_stddef-37BO0P252DJ5APFPZTV8FX4QH.scan
SwiftDriverJobDiscovery normal arm64 Compiling SignalLogger.swift, StreamLogger.swift, ContextSignal.swift, ErrorSignal.swift (in target 'Beacon' from project 'Beacon')
PrecompileModule /Users/admin/builder/spi-builder-workspace/.derivedData/Build/Intermediates.noindex/ExplicitPrecompiledModules/ptrcheck-3R3I2L0ROGESWM94IW3TDZ7ZO.scan
cd /
builtin-precompileModule /Users/admin/builder/spi-builder-workspace/.derivedData/Build/Intermediates.noindex/ExplicitPrecompiledModules/ptrcheck-3R3I2L0ROGESWM94IW3TDZ7ZO.scan
PruneExplicitPrecompiledModules /Users/admin/builder/spi-builder-workspace/.derivedData/SDKExplicitPrecompiledModules
PruneExplicitPrecompiledModules /Users/admin/builder/spi-builder-workspace/.derivedData/Build/Intermediates.noindex/ExplicitPrecompiledModules
PruneExplicitPrecompiledModules /Users/admin/builder/spi-builder-workspace/.derivedData/Build/Intermediates.noindex/SwiftExplicitPrecompiledModules
2026-09-19 00:18:49.025 xcodebuild[944:5525] [MT] IDERunDestination: Supported platforms for the buildables in the current scheme is empty.
2026-09-19 00:18:49.126 xcodebuild[944:5525] [MT] IDERunDestination: Supported platforms for the buildables in the current scheme is empty.
** BUILD FAILED **
The following build commands failed:
SwiftCompile normal arm64 Compiling\ PostNotification.swift,\ Predicate.swift,\ RaisesException.swift,\ SatisfyAllOf.swift,\ SatisfyAnyOf.swift,\ ThrowAssertion.swift /Users/admin/builder/spi-builder-workspace/.dependencies/checkouts/Nimble/Sources/Nimble/Matchers/PostNotification.swift /Users/admin/builder/spi-builder-workspace/.dependencies/checkouts/Nimble/Sources/Nimble/Matchers/Predicate.swift /Users/admin/builder/spi-builder-workspace/.dependencies/checkouts/Nimble/Sources/Nimble/Matchers/RaisesException.swift /Users/admin/builder/spi-builder-workspace/.dependencies/checkouts/Nimble/Sources/Nimble/Matchers/SatisfyAllOf.swift /Users/admin/builder/spi-builder-workspace/.dependencies/checkouts/Nimble/Sources/Nimble/Matchers/SatisfyAnyOf.swift /Users/admin/builder/spi-builder-workspace/.dependencies/checkouts/Nimble/Sources/Nimble/Matchers/ThrowAssertion.swift (in target 'Nimble' from project 'Nimble')
SwiftCompile normal arm64 /Users/admin/builder/spi-builder-workspace/.dependencies/checkouts/Nimble/Sources/Nimble/Matchers/ThrowAssertion.swift (in target 'Nimble' from project 'Nimble')
Building workspace Playground with scheme Beacon
(3 failures)
Command line invocation:
/Applications/Xcode-27.0.0-Release.Candidate.app/Contents/Developer/usr/bin/xcodebuild -IDEClonedSourcePackagesDirPathOverride=/Users/admin/builder/spi-builder-workspace/.dependencies -resolvePackageDependencies
Resolve Package Graph
Resolved source packages:
RWLock: https://github.com/grype/RWLock-Swift @ 1.0.0
Cuckoo: https://github.com/Brightify/Cuckoo @ 1.9.1
Nimble: https://github.com/Quick/Nimble @ 11.2.2
SwiftAnnouncements: https://github.com/grype/SwiftAnnouncements @ 1.0.4
CwlCatchException: https://github.com/mattgallagher/CwlCatchException.git @ 2.1.1
CwlPreconditionTesting: https://github.com/mattgallagher/CwlPreconditionTesting.git @ 2.1.0
AnyCodable: https://github.com/Flight-School/AnyCodable @ 0.6.7
LogicKit: https://github.com/kyouko-taiga/LogicKit @ 2.1.0
Beacon: /Users/admin/builder/spi-builder-workspace
resolved source packages: RWLock, Cuckoo, Nimble, SwiftAnnouncements, CwlCatchException, CwlPreconditionTesting, AnyCodable, LogicKit, Beacon
2026-09-19 00:19:07.582 xcodebuild[1227:6982] [MT] IDERunDestination: Supported platforms for the buildables in the current scheme is empty.
2026-09-19 00:19:07.684 xcodebuild[1227:6982] [MT] IDERunDestination: Supported platforms for the buildables in the current scheme is empty.
{
"dependencies" : [
{
"identity" : "nimble",
"requirement" : {
"range" : [
{
"lower_bound" : "11.2.0",
"upper_bound" : "12.0.0"
}
]
},
"type" : "sourceControl",
"url" : "https://github.com/Quick/Nimble"
},
{
"identity" : "swiftannouncements",
"requirement" : {
"range" : [
{
"lower_bound" : "1.0.3",
"upper_bound" : "2.0.0"
}
]
},
"type" : "sourceControl",
"url" : "https://github.com/grype/SwiftAnnouncements"
},
{
"identity" : "rwlock-swift",
"requirement" : {
"range" : [
{
"lower_bound" : "1.0.0",
"upper_bound" : "2.0.0"
}
]
},
"type" : "sourceControl",
"url" : "https://github.com/grype/RWLock-Swift"
},
{
"identity" : "cuckoo",
"requirement" : {
"range" : [
{
"lower_bound" : "1.3.0",
"upper_bound" : "2.0.0"
}
]
},
"type" : "sourceControl",
"url" : "https://github.com/Brightify/Cuckoo"
},
{
"identity" : "anycodable",
"requirement" : {
"range" : [
{
"lower_bound" : "0.5.0",
"upper_bound" : "1.0.0"
}
]
},
"type" : "sourceControl",
"url" : "https://github.com/Flight-School/AnyCodable"
},
{
"identity" : "logickit",
"requirement" : {
"range" : [
{
"lower_bound" : "2.1.0",
"upper_bound" : "3.0.0"
}
]
},
"type" : "sourceControl",
"url" : "https://github.com/kyouko-taiga/LogicKit"
}
],
"manifest_display_name" : "Beacon",
"name" : "Beacon",
"path" : "/Users/admin/builder/spi-builder-workspace",
"platforms" : [
{
"name" : "macos",
"version" : "10.12"
},
{
"name" : "ios",
"version" : "13.0"
},
{
"name" : "tvos",
"version" : "10.0"
},
{
"name" : "watchos",
"version" : "3.0"
}
],
"products" : [
{
"name" : "Beacon",
"targets" : [
"Beacon"
],
"type" : {
"library" : [
"automatic"
]
}
},
{
"name" : "BeaconObjcRuntime",
"targets" : [
"BeaconObjcRuntime"
],
"type" : {
"library" : [
"automatic"
]
}
}
],
"targets" : [
{
"c99name" : "BeaconTests",
"module_type" : "SwiftTarget",
"name" : "BeaconTests",
"path" : "Tests/BeaconTests",
"product_dependencies" : [
"Nimble",
"SwiftAnnouncements",
"Cuckoo",
"AnyCodable"
],
"sources" : [
"Extensions/SignalLogger+Extensions.swift",
"Extensions/String+Error.swift",
"Mocks/Codecs/MockJSONSignalEncoder.swift",
"Mocks/Codecs/MockSignalDescriptionEncoder.swift",
"Mocks/Core/MockBeacon.swift",
"Mocks/File/MockFileBackupWheel.swift",
"Mocks/File/MockFileWheel.swift",
"Mocks/Loggers/MockConsoleLogger.swift",
"Mocks/Loggers/MockFileLogger.swift",
"Mocks/Loggers/MockIntervalLogger.swift",
"Mocks/Loggers/MockJRPCLogger.swift",
"Mocks/Loggers/MockMemoryLogger.swift",
"Mocks/Loggers/MockStreamLogger.swift",
"Mocks/SampleObject.swift",
"Mocks/Signals/MockContextSignal.swift",
"Mocks/Signals/MockErrorSignal.swift",
"Mocks/Signals/MockIdentitySignal.swift",
"Mocks/Signals/MockMachImageImportsSignal.swift",
"Mocks/Signals/MockSignal.swift",
"Mocks/Signals/MockStringSignal.swift",
"Mocks/Signals/MockWrapperSignal.swift",
"Mocks/Writers/MockEncodedStreamSignalWriter.swift",
"Test Cases/BeaconTests.swift",
"Test Cases/ContextSignalTests.swift",
"Test Cases/EncodedSignalWriterTests.swift",
"Test Cases/FileBackupWheelTests.swift",
"Test Cases/FileLoggerTests.swift",
"Test Cases/FileWheelTests.swift",
"Test Cases/IdentitySignalTests.swift",
"Test Cases/IntervalLoggerTests.swift",
"Test Cases/JRPCLoggerTests.swift",
"Test Cases/MachDumpSignalTests.swift",
"Test Cases/MemoryLoggerTests.swift",
"Test Cases/SignalFilteringTests.swift",
"Test Cases/SignalLoggerTests.swift",
"Test Cases/SignalTests.swift",
"Test Cases/StreamLoggerTests.swift",
"Test Cases/StringSignalTests.swift",
"Test Cases/WrapperSignalTests.swift",
"XCTestManifests.swift"
],
"target_dependencies" : [
"Beacon"
],
"type" : "test"
},
{
"c99name" : "BeaconObjcRuntime",
"module_type" : "ClangTarget",
"name" : "BeaconObjcRuntime",
"path" : "Sources/BeaconObjcRuntime",
"product_memberships" : [
"BeaconObjcRuntime"
],
"sources" : [
"BeaconObjcRuntime.m"
],
"target_dependencies" : [
"Beacon"
],
"type" : "library"
},
{
"c99name" : "Beacon",
"module_type" : "SwiftTarget",
"name" : "Beacon",
"path" : "Sources/Beacon",
"product_dependencies" : [
"SwiftAnnouncements",
"RWLock",
"AnyCodable",
"LogicKit"
],
"product_memberships" : [
"Beacon",
"BeaconObjcRuntime"
],
"sources" : [
"Codecs/JSONSignalEncoder.swift",
"Codecs/SignalDescriptionEncoder.swift",
"Codecs/SignalEncoder.swift",
"Constraints/Beacon+Constraints.swift",
"Constraints/ConstraintBuilder.swift",
"Constraints/Constraints+Sugar.swift",
"Constraints/Constraints.swift",
"Constraints/Signal+Constraints.swift",
"Constraints/Term+Constraints.swift",
"Core/Beacon.swift",
"Core/CallStackFrame.swift",
"Core/Device.swift",
"Core/MachImage.swift",
"Core/MachImageMonitor.swift",
"Core/Signaling.swift",
"Core/SystemInfo.swift",
"Extensions/Data+Extensions.swift",
"Extensions/DateFormatter+Extensions.swift",
"Extensions/Foundation+Extensions.swift",
"Extensions/URL+Extensions.swift",
"File/FileBackupWheel.swift",
"File/FileRotation.swift",
"File/FileWheel.swift",
"Loggers/ConsoleLogger.swift",
"Loggers/FileLogger.swift",
"Loggers/IntervalLogger.swift",
"Loggers/JRPCLogger.swift",
"Loggers/MemoryLogger.swift",
"Loggers/SignalLogger.swift",
"Loggers/StreamLogger.swift",
"Signals/ContextSignal.swift",
"Signals/ErrorSignal.swift",
"Signals/IdentitySignal.swift",
"Signals/MachImageImportsSignal.swift",
"Signals/Signal.swift",
"Signals/StringSignal.swift",
"Signals/WrapperSignal.swift",
"Writers/EncodedStreamSignalWriter.swift",
"Writers/SignalWriter.swift"
],
"type" : "library"
}
],
"tools_version" : "5.1"
}
{
"workspace" : {
"name" : "Playground",
"schemes" : [
"Beacon"
]
}
}
2026-09-19 00:19:08.963 xcodebuild[1235:7053] [MT] IDERunDestination: Supported platforms for the buildables in the current scheme is empty.
2026-09-19 00:19:09.066 xcodebuild[1235:7053] [MT] IDERunDestination: Supported platforms for the buildables in the current scheme is empty.
Running build ...
env DEVELOPER_DIR=/Applications/Xcode-27.0.0-Release.Candidate.app xcrun xcodebuild -IDEClonedSourcePackagesDirPathOverride=$PWD/.dependencies -skipMacroValidation -skipPackagePluginValidation -derivedDataPath $PWD/.derivedData build -scheme Beacon -destination generic/platform=xrOS
Command line invocation:
/Applications/Xcode-27.0.0-Release.Candidate.app/Contents/Developer/usr/bin/xcodebuild -IDEClonedSourcePackagesDirPathOverride=/Users/admin/builder/spi-builder-workspace/.dependencies -skipMacroValidation -skipPackagePluginValidation -derivedDataPath /Users/admin/builder/spi-builder-workspace/.derivedData build -scheme Beacon -destination generic/platform=xrOS
Resolve Package Graph
Resolved source packages:
Beacon: /Users/admin/builder/spi-builder-workspace
AnyCodable: https://github.com/Flight-School/AnyCodable @ 0.6.7
LogicKit: https://github.com/kyouko-taiga/LogicKit @ 2.1.0
Nimble: https://github.com/Quick/Nimble @ 11.2.2
SwiftAnnouncements: https://github.com/grype/SwiftAnnouncements @ 1.0.4
CwlPreconditionTesting: https://github.com/mattgallagher/CwlPreconditionTesting.git @ 2.1.0
CwlCatchException: https://github.com/mattgallagher/CwlCatchException.git @ 2.1.1
RWLock: https://github.com/grype/RWLock-Swift @ 1.0.0
Cuckoo: https://github.com/Brightify/Cuckoo @ 1.9.1
ComputePackagePrebuildTargetDependencyGraph
Prepare packages
CreateBuildRequest
SendProjectDescription
CreateBuildOperation
ComputeTargetDependencyGraph
note: Building targets in dependency order
note: Target dependency graph (18 targets)
Target 'BeaconObjcRuntime-product' in project 'Beacon'
➜ Explicit dependency on target 'BeaconObjcRuntime' in project 'Beacon'
➜ Explicit dependency on target 'Beacon' in project 'Beacon'
➜ Explicit dependency on target 'SwiftAnnouncements-product' in project 'SwiftAnnouncements'
➜ Explicit dependency on target 'RWLock-product' in project 'RWLock'
➜ Explicit dependency on target 'AnyCodable-product' in project 'AnyCodable'
➜ Explicit dependency on target 'LogicKit-product' in project 'LogicKit'
Target 'BeaconObjcRuntime' in project 'Beacon'
➜ Explicit dependency on target 'Beacon' in project 'Beacon'
➜ Explicit dependency on target 'SwiftAnnouncements-product' in project 'SwiftAnnouncements'
➜ Explicit dependency on target 'RWLock-product' in project 'RWLock'
➜ Explicit dependency on target 'AnyCodable-product' in project 'AnyCodable'
➜ Explicit dependency on target 'LogicKit-product' in project 'LogicKit'
Target 'BeaconTests-product' in project 'Beacon'
➜ Explicit dependency on target 'Beacon' in project 'Beacon'
➜ Explicit dependency on target 'SwiftAnnouncements-product' in project 'SwiftAnnouncements'
➜ Explicit dependency on target 'RWLock-product' in project 'RWLock'
➜ Explicit dependency on target 'AnyCodable-product' in project 'AnyCodable'
➜ Explicit dependency on target 'LogicKit-product' in project 'LogicKit'
➜ Explicit dependency on target 'Nimble-product' in project 'Nimble'
➜ Explicit dependency on target 'Cuckoo-product' in project 'Cuckoo'
Target 'Cuckoo-product' in project 'Cuckoo'
➜ Explicit dependency on target 'Cuckoo' in project 'Cuckoo'
Target 'Cuckoo' in project 'Cuckoo' (no dependencies)
Target 'Nimble-product' in project 'Nimble'
➜ Explicit dependency on target 'Nimble' in project 'Nimble'
Target 'Nimble' in project 'Nimble' (no dependencies)
Target 'Beacon-product' in project 'Beacon'
➜ Explicit dependency on target 'Beacon' in project 'Beacon'
➜ Explicit dependency on target 'SwiftAnnouncements-product' in project 'SwiftAnnouncements'
➜ Explicit dependency on target 'RWLock-product' in project 'RWLock'
➜ Explicit dependency on target 'AnyCodable-product' in project 'AnyCodable'
➜ Explicit dependency on target 'LogicKit-product' in project 'LogicKit'
Target 'Beacon' in project 'Beacon'
➜ Explicit dependency on target 'SwiftAnnouncements-product' in project 'SwiftAnnouncements'
➜ Explicit dependency on target 'RWLock-product' in project 'RWLock'
➜ Explicit dependency on target 'AnyCodable-product' in project 'AnyCodable'
➜ Explicit dependency on target 'LogicKit-product' in project 'LogicKit'
Target 'LogicKit-product' in project 'LogicKit'
➜ Explicit dependency on target 'LogicKit' in project 'LogicKit'
➜ Explicit dependency on target 'LogicKitBuiltins' in project 'LogicKit'
Target 'LogicKitBuiltins' in project 'LogicKit'
➜ Explicit dependency on target 'LogicKit' in project 'LogicKit'
Target 'LogicKit' in project 'LogicKit' (no dependencies)
Target 'AnyCodable-product' in project 'AnyCodable'
➜ Explicit dependency on target 'AnyCodable' in project 'AnyCodable'
Target 'AnyCodable' in project 'AnyCodable' (no dependencies)
Target 'SwiftAnnouncements-product' in project 'SwiftAnnouncements'
➜ Explicit dependency on target 'SwiftAnnouncements' in project 'SwiftAnnouncements'
➜ Explicit dependency on target 'RWLock-product' in project 'RWLock'
Target 'SwiftAnnouncements' in project 'SwiftAnnouncements'
➜ Explicit dependency on target 'RWLock-product' in project 'RWLock'
Target 'RWLock-product' in project 'RWLock'
➜ Explicit dependency on target 'RWLock' in project 'RWLock'
Target 'RWLock' in project 'RWLock' (no dependencies)
GatherProvisioningInputs
CreateBuildDescription
ClangStatCache /Applications/Xcode-27.0.0-Release.Candidate.app/Contents/Developer/Toolchains/XcodeDefault.xctoolchain/usr/bin/clang-stat-cache /Applications/Xcode-27.0.0-Release.Candidate.app/Contents/Developer/Platforms/XROS.platform/Developer/SDKs/XROS27.0.sdk /Users/admin/builder/spi-builder-workspace/.derivedData/SDKStatCaches.noindex/xros27.0-24M361-e829b21a6f8c9b70876ba0858053c044735bd543db762f57723cac368afd1ce4.sdkstatcache
cd /Users/admin/builder/spi-builder-workspace
/Applications/Xcode-27.0.0-Release.Candidate.app/Contents/Developer/Toolchains/XcodeDefault.xctoolchain/usr/bin/clang-stat-cache /Applications/Xcode-27.0.0-Release.Candidate.app/Contents/Developer/Platforms/XROS.platform/Developer/SDKs/XROS27.0.sdk -o /Users/admin/builder/spi-builder-workspace/.derivedData/SDKStatCaches.noindex/xros27.0-24M361-e829b21a6f8c9b70876ba0858053c044735bd543db762f57723cac368afd1ce4.sdkstatcache
SwiftDriver Nimble normal arm64 com.apple.xcode.tools.swift.compiler (in target 'Nimble' from project 'Nimble')
cd /Users/admin/builder/spi-builder-workspace
builtin-SwiftDriver -- /Applications/Xcode-27.0.0-Release.Candidate.app/Contents/Developer/Toolchains/XcodeDefault.xctoolchain/usr/bin/swiftc -parse-as-library -module-name Nimble -Onone @/Users/admin/builder/spi-builder-workspace/.derivedData/Build/Intermediates.noindex/Nimble.build/Debug-xros/Nimble-t.build/Objects-normal/arm64/Nimble.SwiftFileList -DSWIFT_PACKAGE -DDEBUG -DSWIFT_MODULE_RESOURCE_BUNDLE_UNAVAILABLE -DXcode -plugin-path /Applications/Xcode-27.0.0-Release.Candidate.app/Contents/Developer/Toolchains/XcodeDefault.xctoolchain/usr/lib/swift/host/plugins/testing -enable-experimental-feature DebugDescriptionMacro -sdk /Applications/Xcode-27.0.0-Release.Candidate.app/Contents/Developer/Platforms/XROS.platform/Developer/SDKs/XROS27.0.sdk -target arm64-apple-xros1.0 -g -module-cache-path /Users/admin/builder/spi-builder-workspace/.derivedData/ModuleCache.noindex -Xfrontend -serialize-debugging-options -enable-testing -suppress-warnings -index-store-path /Users/admin/builder/spi-builder-workspace/.derivedData/Index.noindex/DataStore -Xcc -D_LIBCPP_HARDENING_MODE\=_LIBCPP_HARDENING_MODE_DEBUG -swift-version 5 -I /Users/admin/builder/spi-builder-workspace/.derivedData/Build/Products/Debug-xros -Isystem /Applications/Xcode-27.0.0-Release.Candidate.app/Contents/Developer/Platforms/XROS.platform/Developer/usr/lib -F /Users/admin/builder/spi-builder-workspace/.derivedData/Build/Products/Debug-xros -F /Applications/Xcode-27.0.0-Release.Candidate.app/Contents/Developer/Platforms/XROS.platform/Developer/Library/Frameworks -F /Applications/Xcode-27.0.0-Release.Candidate.app/Contents/Developer/Platforms/XROS.platform/Developer/SDKs/XROS27.0.sdk/Developer/Library/Frameworks -c -j10 -enable-batch-mode -incremental -Xcc -ivfsstatcache -Xcc /Users/admin/builder/spi-builder-workspace/.derivedData/SDKStatCaches.noindex/xros27.0-24M361-e829b21a6f8c9b70876ba0858053c044735bd543db762f57723cac368afd1ce4.sdkstatcache -output-file-map /Users/admin/builder/spi-builder-workspace/.derivedData/Build/Intermediates.noindex/Nimble.build/Debug-xros/Nimble-t.build/Objects-normal/arm64/Nimble-OutputFileMap.json -save-temps -no-color-diagnostics -explicit-module-build -module-cache-path /Users/admin/builder/spi-builder-workspace/.derivedData/Build/Intermediates.noindex/SwiftExplicitPrecompiledModules -clang-scanner-module-cache-path /Users/admin/builder/spi-builder-workspace/.derivedData/ModuleCache.noindex -sdk-module-cache-path /Users/admin/builder/spi-builder-workspace/.derivedData/SDKExplicitPrecompiledModules -emit-dependencies -emit-module -emit-module-path /Users/admin/builder/spi-builder-workspace/.derivedData/Build/Intermediates.noindex/Nimble.build/Debug-xros/Nimble-t.build/Objects-normal/arm64/Nimble.swiftmodule -serialize-diagnostics -dependency-scan-serialize-diagnostics-path /Users/admin/builder/spi-builder-workspace/.derivedData/Build/Intermediates.noindex/Nimble.build/Debug-xros/Nimble-t.build/Objects-normal/arm64/Nimble-dependency-scan.dia -validate-clang-modules-once -clang-build-session-file /Users/admin/builder/spi-builder-workspace/.derivedData/ModuleCache.noindex/Session.modulevalidation -Xcc -fmodules-prune-interval\=86400 -Xcc -fmodules-prune-after\=345600 -emit-const-values -const-gather-protocols-list /Users/admin/builder/spi-builder-workspace/.derivedData/Build/Intermediates.noindex/Nimble.build/Debug-xros/Nimble-t.build/Objects-normal/arm64/Nimble_const_extract_protocols.json -Xcc -I/Users/admin/builder/spi-builder-workspace/.derivedData/Build/Products/Debug-xros/include -Xcc -I/Users/admin/builder/spi-builder-workspace/.derivedData/Build/Intermediates.noindex/Nimble.build/Debug-xros/Nimble-t.build/DerivedSources-normal/arm64 -Xcc -I/Users/admin/builder/spi-builder-workspace/.derivedData/Build/Intermediates.noindex/Nimble.build/Debug-xros/Nimble-t.build/DerivedSources/arm64 -Xcc -I/Users/admin/builder/spi-builder-workspace/.derivedData/Build/Intermediates.noindex/Nimble.build/Debug-xros/Nimble-t.build/DerivedSources -Xcc -DSWIFT_PACKAGE -Xcc -DDEBUG\=1 -emit-objc-header -emit-objc-header-path /Users/admin/builder/spi-builder-workspace/.derivedData/Build/Intermediates.noindex/Nimble.build/Debug-xros/Nimble-t.build/Objects-normal/arm64/Nimble-Swift.h -working-directory /Users/admin/builder/spi-builder-workspace -experimental-emit-module-separately -disable-cmo
SwiftDriver Beacon normal arm64 com.apple.xcode.tools.swift.compiler (in target 'Beacon' from project 'Beacon')
cd /Users/admin/builder/spi-builder-workspace
builtin-SwiftDriver -- /Applications/Xcode-27.0.0-Release.Candidate.app/Contents/Developer/Toolchains/XcodeDefault.xctoolchain/usr/bin/swiftc -parse-as-library -module-name Beacon -Onone @/Users/admin/builder/spi-builder-workspace/.derivedData/Build/Intermediates.noindex/Beacon.build/Debug-xros/Beacon-t.build/Objects-normal/arm64/Beacon.SwiftFileList -DSWIFT_PACKAGE -DDEBUG -DSWIFT_MODULE_RESOURCE_BUNDLE_UNAVAILABLE -DXcode -plugin-path /Applications/Xcode-27.0.0-Release.Candidate.app/Contents/Developer/Toolchains/XcodeDefault.xctoolchain/usr/lib/swift/host/plugins/testing -enable-experimental-feature DebugDescriptionMacro -sdk /Applications/Xcode-27.0.0-Release.Candidate.app/Contents/Developer/Platforms/XROS.platform/Developer/SDKs/XROS27.0.sdk -target arm64-apple-xros1.0 -g -module-cache-path /Users/admin/builder/spi-builder-workspace/.derivedData/ModuleCache.noindex -Xfrontend -serialize-debugging-options -enable-testing -index-store-path /Users/admin/builder/spi-builder-workspace/.derivedData/Index.noindex/DataStore -Xcc -D_LIBCPP_HARDENING_MODE\=_LIBCPP_HARDENING_MODE_DEBUG -swift-version 5 -I /Users/admin/builder/spi-builder-workspace/.derivedData/Build/Products/Debug-xros -Isystem /Applications/Xcode-27.0.0-Release.Candidate.app/Contents/Developer/Platforms/XROS.platform/Developer/usr/lib -F /Users/admin/builder/spi-builder-workspace/.derivedData/Build/Products/Debug-xros/PackageFrameworks -F /Users/admin/builder/spi-builder-workspace/.derivedData/Build/Products/Debug-xros -F /Applications/Xcode-27.0.0-Release.Candidate.app/Contents/Developer/Platforms/XROS.platform/Developer/Library/Frameworks -F /Applications/Xcode-27.0.0-Release.Candidate.app/Contents/Developer/Platforms/XROS.platform/Developer/SDKs/XROS27.0.sdk/Developer/Library/Frameworks -c -j10 -enable-batch-mode -incremental -Xcc -ivfsstatcache -Xcc /Users/admin/builder/spi-builder-workspace/.derivedData/SDKStatCaches.noindex/xros27.0-24M361-e829b21a6f8c9b70876ba0858053c044735bd543db762f57723cac368afd1ce4.sdkstatcache -output-file-map /Users/admin/builder/spi-builder-workspace/.derivedData/Build/Intermediates.noindex/Beacon.build/Debug-xros/Beacon-t.build/Objects-normal/arm64/Beacon-OutputFileMap.json -save-temps -no-color-diagnostics -explicit-module-build -module-cache-path /Users/admin/builder/spi-builder-workspace/.derivedData/Build/Intermediates.noindex/SwiftExplicitPrecompiledModules -clang-scanner-module-cache-path /Users/admin/builder/spi-builder-workspace/.derivedData/ModuleCache.noindex -sdk-module-cache-path /Users/admin/builder/spi-builder-workspace/.derivedData/SDKExplicitPrecompiledModules -emit-dependencies -emit-module -emit-module-path /Users/admin/builder/spi-builder-workspace/.derivedData/Build/Intermediates.noindex/Beacon.build/Debug-xros/Beacon-t.build/Objects-normal/arm64/Beacon.swiftmodule -serialize-diagnostics -dependency-scan-serialize-diagnostics-path /Users/admin/builder/spi-builder-workspace/.derivedData/Build/Intermediates.noindex/Beacon.build/Debug-xros/Beacon-t.build/Objects-normal/arm64/Beacon-dependency-scan.dia -validate-clang-modules-once -clang-build-session-file /Users/admin/builder/spi-builder-workspace/.derivedData/ModuleCache.noindex/Session.modulevalidation -Xcc -fmodules-prune-interval\=86400 -Xcc -fmodules-prune-after\=345600 -emit-const-values -const-gather-protocols-list /Users/admin/builder/spi-builder-workspace/.derivedData/Build/Intermediates.noindex/Beacon.build/Debug-xros/Beacon-t.build/Objects-normal/arm64/Beacon_const_extract_protocols.json -Xcc -I/Users/admin/builder/spi-builder-workspace/.derivedData/Build/Products/Debug-xros/include -Xcc -I/Users/admin/builder/spi-builder-workspace/.derivedData/Build/Intermediates.noindex/Beacon.build/Debug-xros/Beacon-t.build/DerivedSources-normal/arm64 -Xcc -I/Users/admin/builder/spi-builder-workspace/.derivedData/Build/Intermediates.noindex/Beacon.build/Debug-xros/Beacon-t.build/DerivedSources/arm64 -Xcc -I/Users/admin/builder/spi-builder-workspace/.derivedData/Build/Intermediates.noindex/Beacon.build/Debug-xros/Beacon-t.build/DerivedSources -Xcc -DSWIFT_PACKAGE -Xcc -DDEBUG\=1 -emit-objc-header -emit-objc-header-path /Users/admin/builder/spi-builder-workspace/.derivedData/Build/Intermediates.noindex/Beacon.build/Debug-xros/Beacon-t.build/Objects-normal/arm64/Beacon-Swift.h -working-directory /Users/admin/builder/spi-builder-workspace -experimental-emit-module-separately -disable-cmo
PrecompileModule /Users/admin/builder/spi-builder-workspace/.derivedData/Build/Intermediates.noindex/ExplicitPrecompiledModules/_Builtin_stddef-37BO0P252DJ5APFPZTV8FX4QH.scan
cd /
builtin-precompileModule /Users/admin/builder/spi-builder-workspace/.derivedData/Build/Intermediates.noindex/ExplicitPrecompiledModules/_Builtin_stddef-37BO0P252DJ5APFPZTV8FX4QH.scan
PrecompileModule /Users/admin/builder/spi-builder-workspace/.derivedData/Build/Intermediates.noindex/ExplicitPrecompiledModules/ptrcheck-3R3I2L0ROGESWM94IW3TDZ7ZO.scan
cd /
builtin-precompileModule /Users/admin/builder/spi-builder-workspace/.derivedData/Build/Intermediates.noindex/ExplicitPrecompiledModules/ptrcheck-3R3I2L0ROGESWM94IW3TDZ7ZO.scan
PrecompileModule /Users/admin/builder/spi-builder-workspace/.derivedData/Build/Intermediates.noindex/ExplicitPrecompiledModules/_Builtin_float-8D9VEJGZPXN1J9DY16N78XAIW.scan
cd /
builtin-precompileModule /Users/admin/builder/spi-builder-workspace/.derivedData/Build/Intermediates.noindex/ExplicitPrecompiledModules/_Builtin_float-8D9VEJGZPXN1J9DY16N78XAIW.scan
PrecompileModule /Users/admin/builder/spi-builder-workspace/.derivedData/Build/Intermediates.noindex/ExplicitPrecompiledModules/_AvailabilityInternal-ACCTE0RG5RCWRONKKWPHRTA5L.scan
cd /
builtin-precompileModule /Users/admin/builder/spi-builder-workspace/.derivedData/Build/Intermediates.noindex/ExplicitPrecompiledModules/_AvailabilityInternal-ACCTE0RG5RCWRONKKWPHRTA5L.scan
PrecompileModule /Users/admin/builder/spi-builder-workspace/.derivedData/Build/Intermediates.noindex/ExplicitPrecompiledModules/_Builtin_stdarg-3YPNYSJCKS5V13YYUVXO3HGQ1.scan
cd /
builtin-precompileModule /Users/admin/builder/spi-builder-workspace/.derivedData/Build/Intermediates.noindex/ExplicitPrecompiledModules/_Builtin_stdarg-3YPNYSJCKS5V13YYUVXO3HGQ1.scan
PrecompileModule /Users/admin/builder/spi-builder-workspace/.derivedData/Build/Intermediates.noindex/ExplicitPrecompiledModules/_Builtin_stdbool-DSJWFF6LU7LT8RYOEZHJ4CWEO.scan
cd /
builtin-precompileModule /Users/admin/builder/spi-builder-workspace/.derivedData/Build/Intermediates.noindex/ExplicitPrecompiledModules/_Builtin_stdbool-DSJWFF6LU7LT8RYOEZHJ4CWEO.scan
PrecompileModule /Users/admin/builder/spi-builder-workspace/.derivedData/Build/Intermediates.noindex/ExplicitPrecompiledModules/ptrauth-20OGKC5BEA0XI76L64XS6OV78.scan
cd /
builtin-precompileModule /Users/admin/builder/spi-builder-workspace/.derivedData/Build/Intermediates.noindex/ExplicitPrecompiledModules/ptrauth-20OGKC5BEA0XI76L64XS6OV78.scan
PrecompileModule /Users/admin/builder/spi-builder-workspace/.derivedData/Build/Intermediates.noindex/ExplicitPrecompiledModules/_DarwinFoundation1-63TYZJTW6PQMVYA16YZHD28KK.scan
cd /
builtin-precompileModule /Users/admin/builder/spi-builder-workspace/.derivedData/Build/Intermediates.noindex/ExplicitPrecompiledModules/_DarwinFoundation1-63TYZJTW6PQMVYA16YZHD28KK.scan
PrecompileModule /Users/admin/builder/spi-builder-workspace/.derivedData/Build/Intermediates.noindex/ExplicitPrecompiledModules/_Builtin_limits-MH8I16VI01X1UETF68Q1I53V.scan
cd /
builtin-precompileModule /Users/admin/builder/spi-builder-workspace/.derivedData/Build/Intermediates.noindex/ExplicitPrecompiledModules/_Builtin_limits-MH8I16VI01X1UETF68Q1I53V.scan
PrecompileModule /Users/admin/builder/spi-builder-workspace/.derivedData/Build/Intermediates.noindex/ExplicitPrecompiledModules/_DarwinFoundation2-4NULAH52NPBK17R4YKBOGW5RP.scan
cd /
builtin-precompileModule /Users/admin/builder/spi-builder-workspace/.derivedData/Build/Intermediates.noindex/ExplicitPrecompiledModules/_DarwinFoundation2-4NULAH52NPBK17R4YKBOGW5RP.scan
PrecompileModule /Users/admin/builder/spi-builder-workspace/.derivedData/Build/Intermediates.noindex/ExplicitPrecompiledModules/_Builtin_stdint-4Y62XFYYLEP9GDZ77MCR576JZ.scan
cd /
builtin-precompileModule /Users/admin/builder/spi-builder-workspace/.derivedData/Build/Intermediates.noindex/ExplicitPrecompiledModules/_Builtin_stdint-4Y62XFYYLEP9GDZ77MCR576JZ.scan
PrecompileModule /Users/admin/builder/spi-builder-workspace/.derivedData/Build/Intermediates.noindex/ExplicitPrecompiledModules/_DarwinFoundation3-EOYSVSU02W6VW83EBS1013LSJ.scan
cd /
builtin-precompileModule /Users/admin/builder/spi-builder-workspace/.derivedData/Build/Intermediates.noindex/ExplicitPrecompiledModules/_DarwinFoundation3-EOYSVSU02W6VW83EBS1013LSJ.scan
PrecompileModule /Users/admin/builder/spi-builder-workspace/.derivedData/Build/Intermediates.noindex/ExplicitPrecompiledModules/_Builtin_inttypes-5CV8ZY5IJGLSC1HDGX82DTZ0R.scan
cd /
builtin-precompileModule /Users/admin/builder/spi-builder-workspace/.derivedData/Build/Intermediates.noindex/ExplicitPrecompiledModules/_Builtin_inttypes-5CV8ZY5IJGLSC1HDGX82DTZ0R.scan
PrecompileModule /Users/admin/builder/spi-builder-workspace/.derivedData/Build/Intermediates.noindex/ExplicitPrecompiledModules/Darwin-54K53J86MFBJSGJ5H8JDTJ69M.scan
cd /
builtin-precompileModule /Users/admin/builder/spi-builder-workspace/.derivedData/Build/Intermediates.noindex/ExplicitPrecompiledModules/Darwin-54K53J86MFBJSGJ5H8JDTJ69M.scan
SwiftCompile normal arm64 Compiling\ MachImage.swift /Users/admin/builder/spi-builder-workspace/Sources/Beacon/Core/MachImage.swift (in target 'Beacon' from project 'Beacon')
SwiftCompile normal arm64 /Users/admin/builder/spi-builder-workspace/Sources/Beacon/Core/MachImage.swift (in target 'Beacon' from project 'Beacon')
cd /Users/admin/builder/spi-builder-workspace
builtin-SwiftPerFileCompile MachImage.swift
/Users/admin/builder/spi-builder-workspace/Sources/Beacon/Core/MachImage.swift:41:26: warning: 'NXGetArchInfoFromCpuType' was deprecated in visionOS 1.0 [#DeprecatedDeclaration]
39 | address = Int(bitPattern: header)
40 | slide = _dyld_get_image_vmaddr_slide(index)
41 | if let cpuType = NXGetArchInfoFromCpuType(header.pointee.cputype, header.pointee.cpusubtype) {
| `- warning: 'NXGetArchInfoFromCpuType' was deprecated in visionOS 1.0 [#DeprecatedDeclaration]
42 | arch = String(cString: cpuType.pointee.name)
43 | }
[#DeprecatedDeclaration]: <https://docs.swift.org/compiler/documentation/diagnostics/deprecated-declaration>
SwiftCompile normal arm64 Compiling\ Signaling.swift /Users/admin/builder/spi-builder-workspace/Sources/Beacon/Core/Signaling.swift (in target 'Beacon' from project 'Beacon')
SwiftCompile normal arm64 /Users/admin/builder/spi-builder-workspace/Sources/Beacon/Core/Signaling.swift (in target 'Beacon' from project 'Beacon')
cd /Users/admin/builder/spi-builder-workspace
builtin-SwiftPerFileCompile Signaling.swift
SwiftEmitModule normal arm64 Emitting\ module\ for\ Beacon (in target 'Beacon' from project 'Beacon')
SwiftCompile normal arm64 (in target 'Beacon' from project 'Beacon')
cd /Users/admin/builder/spi-builder-workspace
/Users/admin/builder/spi-builder-workspace/Sources/Beacon/Core/SystemInfo.swift:21:20: warning: 'NXGetLocalArchInfo()' was deprecated in visionOS 1.0 [#DeprecatedDeclaration]
19 |
20 | public static var current: SystemInfo = {
21 | let info = NXGetLocalArchInfo()
| `- warning: 'NXGetLocalArchInfo()' was deprecated in visionOS 1.0 [#DeprecatedDeclaration]
22 |
23 | #if os(macOS)
[#DeprecatedDeclaration]: <https://docs.swift.org/compiler/documentation/diagnostics/deprecated-declaration>
SwiftCompile normal arm64 Compiling\ SystemInfo.swift /Users/admin/builder/spi-builder-workspace/Sources/Beacon/Core/SystemInfo.swift (in target 'Beacon' from project 'Beacon')
SwiftCompile normal arm64 /Users/admin/builder/spi-builder-workspace/Sources/Beacon/Core/SystemInfo.swift (in target 'Beacon' from project 'Beacon')
cd /Users/admin/builder/spi-builder-workspace
builtin-SwiftPerFileCompile SystemInfo.swift
SwiftCompile normal arm64 Compiling\ MachImageMonitor.swift /Users/admin/builder/spi-builder-workspace/Sources/Beacon/Core/MachImageMonitor.swift (in target 'Beacon' from project 'Beacon')
SwiftCompile normal arm64 /Users/admin/builder/spi-builder-workspace/Sources/Beacon/Core/MachImageMonitor.swift (in target 'Beacon' from project 'Beacon')
cd /Users/admin/builder/spi-builder-workspace
builtin-SwiftPerFileCompile MachImageMonitor.swift
SwiftCompile normal arm64 Compiling\ NimbleXCTestHandler.swift,\ ExceptionCapture.swift,\ DSL+AsyncAwait.swift,\ DSL+Wait.swift,\ DSL.swift,\ Expectation.swift /Users/admin/builder/spi-builder-workspace/.dependencies/checkouts/Nimble/Sources/Nimble/Adapters/NimbleXCTestHandler.swift /Users/admin/builder/spi-builder-workspace/.dependencies/checkouts/Nimble/Sources/Nimble/Adapters/NonObjectiveC/ExceptionCapture.swift /Users/admin/builder/spi-builder-workspace/.dependencies/checkouts/Nimble/Sources/Nimble/DSL+AsyncAwait.swift /Users/admin/builder/spi-builder-workspace/.dependencies/checkouts/Nimble/Sources/Nimble/DSL+Wait.swift /Users/admin/builder/spi-builder-workspace/.dependencies/checkouts/Nimble/Sources/Nimble/DSL.swift /Users/admin/builder/spi-builder-workspace/.dependencies/checkouts/Nimble/Sources/Nimble/Expectation.swift (in target 'Nimble' from project 'Nimble')
SwiftCompile normal arm64 /Users/admin/builder/spi-builder-workspace/.dependencies/checkouts/Nimble/Sources/Nimble/Adapters/NimbleXCTestHandler.swift (in target 'Nimble' from project 'Nimble')
cd /Users/admin/builder/spi-builder-workspace
builtin-SwiftPerFileCompile NimbleXCTestHandler.swift
SwiftCompile normal arm64 /Users/admin/builder/spi-builder-workspace/.dependencies/checkouts/Nimble/Sources/Nimble/Adapters/NonObjectiveC/ExceptionCapture.swift (in target 'Nimble' from project 'Nimble')
cd /Users/admin/builder/spi-builder-workspace
builtin-SwiftPerFileCompile ExceptionCapture.swift
SwiftCompile normal arm64 /Users/admin/builder/spi-builder-workspace/.dependencies/checkouts/Nimble/Sources/Nimble/DSL+AsyncAwait.swift (in target 'Nimble' from project 'Nimble')
cd /Users/admin/builder/spi-builder-workspace
builtin-SwiftPerFileCompile DSL+AsyncAwait.swift
SwiftCompile normal arm64 /Users/admin/builder/spi-builder-workspace/.dependencies/checkouts/Nimble/Sources/Nimble/DSL+Wait.swift (in target 'Nimble' from project 'Nimble')
cd /Users/admin/builder/spi-builder-workspace
builtin-SwiftPerFileCompile DSL+Wait.swift
SwiftCompile normal arm64 /Users/admin/builder/spi-builder-workspace/.dependencies/checkouts/Nimble/Sources/Nimble/DSL.swift (in target 'Nimble' from project 'Nimble')
cd /Users/admin/builder/spi-builder-workspace
builtin-SwiftPerFileCompile DSL.swift
SwiftCompile normal arm64 /Users/admin/builder/spi-builder-workspace/.dependencies/checkouts/Nimble/Sources/Nimble/Expectation.swift (in target 'Nimble' from project 'Nimble')
cd /Users/admin/builder/spi-builder-workspace
builtin-SwiftPerFileCompile Expectation.swift
SwiftEmitModule normal arm64 Emitting\ module\ for\ Nimble (in target 'Nimble' from project 'Nimble')
SwiftCompile normal arm64 (in target 'Nimble' from project 'Nimble')
cd /Users/admin/builder/spi-builder-workspace
SwiftCompile normal arm64 Compiling\ BeCloseTo.swift,\ BeEmpty.swift,\ BeGreaterThan.swift,\ BeGreaterThanOrEqualTo.swift,\ BeIdenticalTo.swift,\ BeLessThan.swift /Users/admin/builder/spi-builder-workspace/.dependencies/checkouts/Nimble/Sources/Nimble/Matchers/BeCloseTo.swift /Users/admin/builder/spi-builder-workspace/.dependencies/checkouts/Nimble/Sources/Nimble/Matchers/BeEmpty.swift /Users/admin/builder/spi-builder-workspace/.dependencies/checkouts/Nimble/Sources/Nimble/Matchers/BeGreaterThan.swift /Users/admin/builder/spi-builder-workspace/.dependencies/checkouts/Nimble/Sources/Nimble/Matchers/BeGreaterThanOrEqualTo.swift /Users/admin/builder/spi-builder-workspace/.dependencies/checkouts/Nimble/Sources/Nimble/Matchers/BeIdenticalTo.swift /Users/admin/builder/spi-builder-workspace/.dependencies/checkouts/Nimble/Sources/Nimble/Matchers/BeLessThan.swift (in target 'Nimble' from project 'Nimble')
SwiftCompile normal arm64 /Users/admin/builder/spi-builder-workspace/.dependencies/checkouts/Nimble/Sources/Nimble/Matchers/BeCloseTo.swift (in target 'Nimble' from project 'Nimble')
cd /Users/admin/builder/spi-builder-workspace
builtin-SwiftPerFileCompile BeCloseTo.swift
SwiftCompile normal arm64 /Users/admin/builder/spi-builder-workspace/.dependencies/checkouts/Nimble/Sources/Nimble/Matchers/BeEmpty.swift (in target 'Nimble' from project 'Nimble')
cd /Users/admin/builder/spi-builder-workspace
builtin-SwiftPerFileCompile BeEmpty.swift
SwiftCompile normal arm64 /Users/admin/builder/spi-builder-workspace/.dependencies/checkouts/Nimble/Sources/Nimble/Matchers/BeGreaterThan.swift (in target 'Nimble' from project 'Nimble')
cd /Users/admin/builder/spi-builder-workspace
builtin-SwiftPerFileCompile BeGreaterThan.swift
SwiftCompile normal arm64 /Users/admin/builder/spi-builder-workspace/.dependencies/checkouts/Nimble/Sources/Nimble/Matchers/BeGreaterThanOrEqualTo.swift (in target 'Nimble' from project 'Nimble')
cd /Users/admin/builder/spi-builder-workspace
builtin-SwiftPerFileCompile BeGreaterThanOrEqualTo.swift
SwiftCompile normal arm64 /Users/admin/builder/spi-builder-workspace/.dependencies/checkouts/Nimble/Sources/Nimble/Matchers/BeIdenticalTo.swift (in target 'Nimble' from project 'Nimble')
cd /Users/admin/builder/spi-builder-workspace
builtin-SwiftPerFileCompile BeIdenticalTo.swift
SwiftCompile normal arm64 /Users/admin/builder/spi-builder-workspace/.dependencies/checkouts/Nimble/Sources/Nimble/Matchers/BeLessThan.swift (in target 'Nimble' from project 'Nimble')
cd /Users/admin/builder/spi-builder-workspace
builtin-SwiftPerFileCompile BeLessThan.swift
SwiftCompile normal arm64 Compiling\ DispatchTimeInterval.swift,\ Errors.swift,\ PollAwait.swift,\ SourceLocation.swift,\ Stringers.swift /Users/admin/builder/spi-builder-workspace/.dependencies/checkouts/Nimble/Sources/Nimble/Utils/DispatchTimeInterval.swift /Users/admin/builder/spi-builder-workspace/.dependencies/checkouts/Nimble/Sources/Nimble/Utils/Errors.swift /Users/admin/builder/spi-builder-workspace/.dependencies/checkouts/Nimble/Sources/Nimble/Utils/PollAwait.swift /Users/admin/builder/spi-builder-workspace/.dependencies/checkouts/Nimble/Sources/Nimble/Utils/SourceLocation.swift /Users/admin/builder/spi-builder-workspace/.dependencies/checkouts/Nimble/Sources/Nimble/Utils/Stringers.swift (in target 'Nimble' from project 'Nimble')
SwiftCompile normal arm64 /Users/admin/builder/spi-builder-workspace/.dependencies/checkouts/Nimble/Sources/Nimble/Utils/DispatchTimeInterval.swift (in target 'Nimble' from project 'Nimble')
cd /Users/admin/builder/spi-builder-workspace
builtin-SwiftPerFileCompile DispatchTimeInterval.swift
SwiftCompile normal arm64 /Users/admin/builder/spi-builder-workspace/.dependencies/checkouts/Nimble/Sources/Nimble/Utils/Errors.swift (in target 'Nimble' from project 'Nimble')
cd /Users/admin/builder/spi-builder-workspace
builtin-SwiftPerFileCompile Errors.swift
SwiftCompile normal arm64 /Users/admin/builder/spi-builder-workspace/.dependencies/checkouts/Nimble/Sources/Nimble/Utils/PollAwait.swift (in target 'Nimble' from project 'Nimble')
cd /Users/admin/builder/spi-builder-workspace
builtin-SwiftPerFileCompile PollAwait.swift
SwiftCompile normal arm64 /Users/admin/builder/spi-builder-workspace/.dependencies/checkouts/Nimble/Sources/Nimble/Utils/SourceLocation.swift (in target 'Nimble' from project 'Nimble')
cd /Users/admin/builder/spi-builder-workspace
builtin-SwiftPerFileCompile SourceLocation.swift
SwiftCompile normal arm64 /Users/admin/builder/spi-builder-workspace/.dependencies/checkouts/Nimble/Sources/Nimble/Utils/Stringers.swift (in target 'Nimble' from project 'Nimble')
cd /Users/admin/builder/spi-builder-workspace
builtin-SwiftPerFileCompile Stringers.swift
SwiftCompile normal arm64 Compiling\ Equal+Tuple.swift,\ Equal.swift,\ HaveCount.swift,\ Match.swift,\ MatchError.swift,\ MatcherProtocols.swift /Users/admin/builder/spi-builder-workspace/.dependencies/checkouts/Nimble/Sources/Nimble/Matchers/Equal+Tuple.swift /Users/admin/builder/spi-builder-workspace/.dependencies/checkouts/Nimble/Sources/Nimble/Matchers/Equal.swift /Users/admin/builder/spi-builder-workspace/.dependencies/checkouts/Nimble/Sources/Nimble/Matchers/HaveCount.swift /Users/admin/builder/spi-builder-workspace/.dependencies/checkouts/Nimble/Sources/Nimble/Matchers/Match.swift /Users/admin/builder/spi-builder-workspace/.dependencies/checkouts/Nimble/Sources/Nimble/Matchers/MatchError.swift /Users/admin/builder/spi-builder-workspace/.dependencies/checkouts/Nimble/Sources/Nimble/Matchers/MatcherProtocols.swift (in target 'Nimble' from project 'Nimble')
SwiftCompile normal arm64 /Users/admin/builder/spi-builder-workspace/.dependencies/checkouts/Nimble/Sources/Nimble/Matchers/Equal+Tuple.swift (in target 'Nimble' from project 'Nimble')
cd /Users/admin/builder/spi-builder-workspace
builtin-SwiftPerFileCompile Equal+Tuple.swift
SwiftCompile normal arm64 /Users/admin/builder/spi-builder-workspace/.dependencies/checkouts/Nimble/Sources/Nimble/Matchers/Equal.swift (in target 'Nimble' from project 'Nimble')
cd /Users/admin/builder/spi-builder-workspace
builtin-SwiftPerFileCompile Equal.swift
SwiftCompile normal arm64 /Users/admin/builder/spi-builder-workspace/.dependencies/checkouts/Nimble/Sources/Nimble/Matchers/HaveCount.swift (in target 'Nimble' from project 'Nimble')
cd /Users/admin/builder/spi-builder-workspace
builtin-SwiftPerFileCompile HaveCount.swift
SwiftCompile normal arm64 /Users/admin/builder/spi-builder-workspace/.dependencies/checkouts/Nimble/Sources/Nimble/Matchers/Match.swift (in target 'Nimble' from project 'Nimble')
cd /Users/admin/builder/spi-builder-workspace
builtin-SwiftPerFileCompile Match.swift
SwiftCompile normal arm64 /Users/admin/builder/spi-builder-workspace/.dependencies/checkouts/Nimble/Sources/Nimble/Matchers/MatchError.swift (in target 'Nimble' from project 'Nimble')
cd /Users/admin/builder/spi-builder-workspace
builtin-SwiftPerFileCompile MatchError.swift
SwiftCompile normal arm64 /Users/admin/builder/spi-builder-workspace/.dependencies/checkouts/Nimble/Sources/Nimble/Matchers/MatcherProtocols.swift (in target 'Nimble' from project 'Nimble')
cd /Users/admin/builder/spi-builder-workspace
builtin-SwiftPerFileCompile MatcherProtocols.swift
PrecompileModule /Users/admin/builder/spi-builder-workspace/.derivedData/Build/Intermediates.noindex/ExplicitPrecompiledModules/ObjectiveC-CT47SD1VIW86G6LAAYVF760Q3.scan
cd /
builtin-precompileModule /Users/admin/builder/spi-builder-workspace/.derivedData/Build/Intermediates.noindex/ExplicitPrecompiledModules/ObjectiveC-CT47SD1VIW86G6LAAYVF760Q3.scan
SwiftDriverJobDiscovery normal arm64 Compiling Signaling.swift (in target 'Beacon' from project 'Beacon')
SwiftCompile normal arm64 Compiling\ ThrowError.swift,\ ToSucceed.swift,\ Polling+AsyncAwait.swift,\ Polling.swift,\ AsyncAwait.swift /Users/admin/builder/spi-builder-workspace/.dependencies/checkouts/Nimble/Sources/Nimble/Matchers/ThrowError.swift /Users/admin/builder/spi-builder-workspace/.dependencies/checkouts/Nimble/Sources/Nimble/Matchers/ToSucceed.swift /Users/admin/builder/spi-builder-workspace/.dependencies/checkouts/Nimble/Sources/Nimble/Polling+AsyncAwait.swift /Users/admin/builder/spi-builder-workspace/.dependencies/checkouts/Nimble/Sources/Nimble/Polling.swift /Users/admin/builder/spi-builder-workspace/.dependencies/checkouts/Nimble/Sources/Nimble/Utils/AsyncAwait.swift (in target 'Nimble' from project 'Nimble')
SwiftCompile normal arm64 /Users/admin/builder/spi-builder-workspace/.dependencies/checkouts/Nimble/Sources/Nimble/Matchers/ThrowError.swift (in target 'Nimble' from project 'Nimble')
cd /Users/admin/builder/spi-builder-workspace
builtin-SwiftPerFileCompile ThrowError.swift
SwiftCompile normal arm64 /Users/admin/builder/spi-builder-workspace/.dependencies/checkouts/Nimble/Sources/Nimble/Matchers/ToSucceed.swift (in target 'Nimble' from project 'Nimble')
cd /Users/admin/builder/spi-builder-workspace
builtin-SwiftPerFileCompile ToSucceed.swift
SwiftCompile normal arm64 /Users/admin/builder/spi-builder-workspace/.dependencies/checkouts/Nimble/Sources/Nimble/Polling+AsyncAwait.swift (in target 'Nimble' from project 'Nimble')
cd /Users/admin/builder/spi-builder-workspace
builtin-SwiftPerFileCompile Polling+AsyncAwait.swift
SwiftCompile normal arm64 /Users/admin/builder/spi-builder-workspace/.dependencies/checkouts/Nimble/Sources/Nimble/Polling.swift (in target 'Nimble' from project 'Nimble')
cd /Users/admin/builder/spi-builder-workspace
builtin-SwiftPerFileCompile Polling.swift
SwiftCompile normal arm64 /Users/admin/builder/spi-builder-workspace/.dependencies/checkouts/Nimble/Sources/Nimble/Utils/AsyncAwait.swift (in target 'Nimble' from project 'Nimble')
cd /Users/admin/builder/spi-builder-workspace
builtin-SwiftPerFileCompile AsyncAwait.swift
PrecompileModule /Users/admin/builder/spi-builder-workspace/.derivedData/Build/Intermediates.noindex/ExplicitPrecompiledModules/os_object-1AQMGEIY2ZPVM682ZZCAVAC02.scan
cd /
builtin-precompileModule /Users/admin/builder/spi-builder-workspace/.derivedData/Build/Intermediates.noindex/ExplicitPrecompiledModules/os_object-1AQMGEIY2ZPVM682ZZCAVAC02.scan
SwiftDriverJobDiscovery normal arm64 Compiling MachImageMonitor.swift (in target 'Beacon' from project 'Beacon')
SwiftCompile normal arm64 Compiling\ BeginWith.swift,\ BeginWithPrefix.swift,\ Contain.swift,\ ContainElementSatisfying.swift,\ ElementsEqual.swift,\ EndWith.swift /Users/admin/builder/spi-builder-workspace/.dependencies/checkouts/Nimble/Sources/Nimble/Matchers/BeginWith.swift /Users/admin/builder/spi-builder-workspace/.dependencies/checkouts/Nimble/Sources/Nimble/Matchers/BeginWithPrefix.swift /Users/admin/builder/spi-builder-workspace/.dependencies/checkouts/Nimble/Sources/Nimble/Matchers/Contain.swift /Users/admin/builder/spi-builder-workspace/.dependencies/checkouts/Nimble/Sources/Nimble/Matchers/ContainElementSatisfying.swift /Users/admin/builder/spi-builder-workspace/.dependencies/checkouts/Nimble/Sources/Nimble/Matchers/ElementsEqual.swift /Users/admin/builder/spi-builder-workspace/.dependencies/checkouts/Nimble/Sources/Nimble/Matchers/EndWith.swift (in target 'Nimble' from project 'Nimble')
SwiftCompile normal arm64 /Users/admin/builder/spi-builder-workspace/.dependencies/checkouts/Nimble/Sources/Nimble/Matchers/BeginWith.swift (in target 'Nimble' from project 'Nimble')
cd /Users/admin/builder/spi-builder-workspace
builtin-SwiftPerFileCompile BeginWith.swift
SwiftCompile normal arm64 /Users/admin/builder/spi-builder-workspace/.dependencies/checkouts/Nimble/Sources/Nimble/Matchers/BeginWithPrefix.swift (in target 'Nimble' from project 'Nimble')
cd /Users/admin/builder/spi-builder-workspace
builtin-SwiftPerFileCompile BeginWithPrefix.swift
SwiftCompile normal arm64 /Users/admin/builder/spi-builder-workspace/.dependencies/checkouts/Nimble/Sources/Nimble/Matchers/Contain.swift (in target 'Nimble' from project 'Nimble')
cd /Users/admin/builder/spi-builder-workspace
builtin-SwiftPerFileCompile Contain.swift
SwiftCompile normal arm64 /Users/admin/builder/spi-builder-workspace/.dependencies/checkouts/Nimble/Sources/Nimble/Matchers/ContainElementSatisfying.swift (in target 'Nimble' from project 'Nimble')
cd /Users/admin/builder/spi-builder-workspace
builtin-SwiftPerFileCompile ContainElementSatisfying.swift
SwiftCompile normal arm64 /Users/admin/builder/spi-builder-workspace/.dependencies/checkouts/Nimble/Sources/Nimble/Matchers/ElementsEqual.swift (in target 'Nimble' from project 'Nimble')
cd /Users/admin/builder/spi-builder-workspace
builtin-SwiftPerFileCompile ElementsEqual.swift
SwiftCompile normal arm64 /Users/admin/builder/spi-builder-workspace/.dependencies/checkouts/Nimble/Sources/Nimble/Matchers/EndWith.swift (in target 'Nimble' from project 'Nimble')
cd /Users/admin/builder/spi-builder-workspace
builtin-SwiftPerFileCompile EndWith.swift
SwiftDriverJobDiscovery normal arm64 Compiling MachImage.swift (in target 'Beacon' from project 'Beacon')
SwiftCompile normal arm64 Compiling\ BeLessThanOrEqual.swift,\ BeLogical.swift,\ BeNil.swift,\ BeResult.swift,\ BeVoid.swift,\ BeWithin.swift /Users/admin/builder/spi-builder-workspace/.dependencies/checkouts/Nimble/Sources/Nimble/Matchers/BeLessThanOrEqual.swift /Users/admin/builder/spi-builder-workspace/.dependencies/checkouts/Nimble/Sources/Nimble/Matchers/BeLogical.swift /Users/admin/builder/spi-builder-workspace/.dependencies/checkouts/Nimble/Sources/Nimble/Matchers/BeNil.swift /Users/admin/builder/spi-builder-workspace/.dependencies/checkouts/Nimble/Sources/Nimble/Matchers/BeResult.swift /Users/admin/builder/spi-builder-workspace/.dependencies/checkouts/Nimble/Sources/Nimble/Matchers/BeVoid.swift /Users/admin/builder/spi-builder-workspace/.dependencies/checkouts/Nimble/Sources/Nimble/Matchers/BeWithin.swift (in target 'Nimble' from project 'Nimble')
SwiftCompile normal arm64 /Users/admin/builder/spi-builder-workspace/.dependencies/checkouts/Nimble/Sources/Nimble/Matchers/BeLessThanOrEqual.swift (in target 'Nimble' from project 'Nimble')
cd /Users/admin/builder/spi-builder-workspace
builtin-SwiftPerFileCompile BeLessThanOrEqual.swift
SwiftCompile normal arm64 /Users/admin/builder/spi-builder-workspace/.dependencies/checkouts/Nimble/Sources/Nimble/Matchers/BeLogical.swift (in target 'Nimble' from project 'Nimble')
cd /Users/admin/builder/spi-builder-workspace
builtin-SwiftPerFileCompile BeLogical.swift
SwiftCompile normal arm64 /Users/admin/builder/spi-builder-workspace/.dependencies/checkouts/Nimble/Sources/Nimble/Matchers/BeNil.swift (in target 'Nimble' from project 'Nimble')
cd /Users/admin/builder/spi-builder-workspace
builtin-SwiftPerFileCompile BeNil.swift
SwiftCompile normal arm64 /Users/admin/builder/spi-builder-workspace/.dependencies/checkouts/Nimble/Sources/Nimble/Matchers/BeResult.swift (in target 'Nimble' from project 'Nimble')
cd /Users/admin/builder/spi-builder-workspace
builtin-SwiftPerFileCompile BeResult.swift
SwiftCompile normal arm64 /Users/admin/builder/spi-builder-workspace/.dependencies/checkouts/Nimble/Sources/Nimble/Matchers/BeVoid.swift (in target 'Nimble' from project 'Nimble')
cd /Users/admin/builder/spi-builder-workspace
builtin-SwiftPerFileCompile BeVoid.swift
SwiftCompile normal arm64 /Users/admin/builder/spi-builder-workspace/.dependencies/checkouts/Nimble/Sources/Nimble/Matchers/BeWithin.swift (in target 'Nimble' from project 'Nimble')
cd /Users/admin/builder/spi-builder-workspace
builtin-SwiftPerFileCompile BeWithin.swift
PrecompileModule /Users/admin/builder/spi-builder-workspace/.derivedData/Build/Intermediates.noindex/ExplicitPrecompiledModules/os_workgroup-E8VQH2GT0IR8VS6LIR4O8IT59.scan
cd /
builtin-precompileModule /Users/admin/builder/spi-builder-workspace/.derivedData/Build/Intermediates.noindex/ExplicitPrecompiledModules/os_workgroup-E8VQH2GT0IR8VS6LIR4O8IT59.scan
SwiftCompile normal arm64 Compiling\ AdapterProtocols.swift,\ AssertionDispatcher.swift,\ AssertionRecorder+Async.swift,\ AssertionRecorder.swift,\ NMBExpectation.swift,\ NimbleEnvironment.swift /Users/admin/builder/spi-builder-workspace/.dependencies/checkouts/Nimble/Sources/Nimble/Adapters/AdapterProtocols.swift /Users/admin/builder/spi-builder-workspace/.dependencies/checkouts/Nimble/Sources/Nimble/Adapters/AssertionDispatcher.swift /Users/admin/builder/spi-builder-workspace/.dependencies/checkouts/Nimble/Sources/Nimble/Adapters/AssertionRecorder+Async.swift /Users/admin/builder/spi-builder-workspace/.dependencies/checkouts/Nimble/Sources/Nimble/Adapters/AssertionRecorder.swift /Users/admin/builder/spi-builder-workspace/.dependencies/checkouts/Nimble/Sources/Nimble/Adapters/NMBExpectation.swift /Users/admin/builder/spi-builder-workspace/.dependencies/checkouts/Nimble/Sources/Nimble/Adapters/NimbleEnvironment.swift (in target 'Nimble' from project 'Nimble')
SwiftCompile normal arm64 /Users/admin/builder/spi-builder-workspace/.dependencies/checkouts/Nimble/Sources/Nimble/Adapters/AdapterProtocols.swift (in target 'Nimble' from project 'Nimble')
cd /Users/admin/builder/spi-builder-workspace
builtin-SwiftPerFileCompile AdapterProtocols.swift
SwiftCompile normal arm64 /Users/admin/builder/spi-builder-workspace/.dependencies/checkouts/Nimble/Sources/Nimble/Adapters/AssertionDispatcher.swift (in target 'Nimble' from project 'Nimble')
cd /Users/admin/builder/spi-builder-workspace
builtin-SwiftPerFileCompile AssertionDispatcher.swift
SwiftCompile normal arm64 /Users/admin/builder/spi-builder-workspace/.dependencies/checkouts/Nimble/Sources/Nimble/Adapters/AssertionRecorder+Async.swift (in target 'Nimble' from project 'Nimble')
cd /Users/admin/builder/spi-builder-workspace
builtin-SwiftPerFileCompile AssertionRecorder+Async.swift
SwiftCompile normal arm64 /Users/admin/builder/spi-builder-workspace/.dependencies/checkouts/Nimble/Sources/Nimble/Adapters/AssertionRecorder.swift (in target 'Nimble' from project 'Nimble')
cd /Users/admin/builder/spi-builder-workspace
builtin-SwiftPerFileCompile AssertionRecorder.swift
SwiftCompile normal arm64 /Users/admin/builder/spi-builder-workspace/.dependencies/checkouts/Nimble/Sources/Nimble/Adapters/NMBExpectation.swift (in target 'Nimble' from project 'Nimble')
cd /Users/admin/builder/spi-builder-workspace
builtin-SwiftPerFileCompile NMBExpectation.swift
SwiftCompile normal arm64 /Users/admin/builder/spi-builder-workspace/.dependencies/checkouts/Nimble/Sources/Nimble/Adapters/NimbleEnvironment.swift (in target 'Nimble' from project 'Nimble')
cd /Users/admin/builder/spi-builder-workspace
builtin-SwiftPerFileCompile NimbleEnvironment.swift
SwiftDriverJobDiscovery normal arm64 Emitting module for Nimble (in target 'Nimble' from project 'Nimble')
SwiftDriver\ Compilation\ Requirements Nimble normal arm64 com.apple.xcode.tools.swift.compiler (in target 'Nimble' from project 'Nimble')
cd /Users/admin/builder/spi-builder-workspace
builtin-Swift-Compilation-Requirements -- /Applications/Xcode-27.0.0-Release.Candidate.app/Contents/Developer/Toolchains/XcodeDefault.xctoolchain/usr/bin/swiftc -parse-as-library -module-name Nimble -Onone @/Users/admin/builder/spi-builder-workspace/.derivedData/Build/Intermediates.noindex/Nimble.build/Debug-xros/Nimble-t.build/Objects-normal/arm64/Nimble.SwiftFileList -DSWIFT_PACKAGE -DDEBUG -DSWIFT_MODULE_RESOURCE_BUNDLE_UNAVAILABLE -DXcode -plugin-path /Applications/Xcode-27.0.0-Release.Candidate.app/Contents/Developer/Toolchains/XcodeDefault.xctoolchain/usr/lib/swift/host/plugins/testing -enable-experimental-feature DebugDescriptionMacro -sdk /Applications/Xcode-27.0.0-Release.Candidate.app/Contents/Developer/Platforms/XROS.platform/Developer/SDKs/XROS27.0.sdk -target arm64-apple-xros1.0 -g -module-cache-path /Users/admin/builder/spi-builder-workspace/.derivedData/ModuleCache.noindex -Xfrontend -serialize-debugging-options -enable-testing -suppress-warnings -index-store-path /Users/admin/builder/spi-builder-workspace/.derivedData/Index.noindex/DataStore -Xcc -D_LIBCPP_HARDENING_MODE\=_LIBCPP_HARDENING_MODE_DEBUG -swift-version 5 -I /Users/admin/builder/spi-builder-workspace/.derivedData/Build/Products/Debug-xros -Isystem /Applications/Xcode-27.0.0-Release.Candidate.app/Contents/Developer/Platforms/XROS.platform/Developer/usr/lib -F /Users/admin/builder/spi-builder-workspace/.derivedData/Build/Products/Debug-xros -F /Applications/Xcode-27.0.0-Release.Candidate.app/Contents/Developer/Platforms/XROS.platform/Developer/Library/Frameworks -F /Applications/Xcode-27.0.0-Release.Candidate.app/Contents/Developer/Platforms/XROS.platform/Developer/SDKs/XROS27.0.sdk/Developer/Library/Frameworks -c -j10 -enable-batch-mode -incremental -Xcc -ivfsstatcache -Xcc /Users/admin/builder/spi-builder-workspace/.derivedData/SDKStatCaches.noindex/xros27.0-24M361-e829b21a6f8c9b70876ba0858053c044735bd543db762f57723cac368afd1ce4.sdkstatcache -output-file-map /Users/admin/builder/spi-builder-workspace/.derivedData/Build/Intermediates.noindex/Nimble.build/Debug-xros/Nimble-t.build/Objects-normal/arm64/Nimble-OutputFileMap.json -save-temps -no-color-diagnostics -explicit-module-build -module-cache-path /Users/admin/builder/spi-builder-workspace/.derivedData/Build/Intermediates.noindex/SwiftExplicitPrecompiledModules -clang-scanner-module-cache-path /Users/admin/builder/spi-builder-workspace/.derivedData/ModuleCache.noindex -sdk-module-cache-path /Users/admin/builder/spi-builder-workspace/.derivedData/SDKExplicitPrecompiledModules -emit-dependencies -emit-module -emit-module-path /Users/admin/builder/spi-builder-workspace/.derivedData/Build/Intermediates.noindex/Nimble.build/Debug-xros/Nimble-t.build/Objects-normal/arm64/Nimble.swiftmodule -serialize-diagnostics -dependency-scan-serialize-diagnostics-path /Users/admin/builder/spi-builder-workspace/.derivedData/Build/Intermediates.noindex/Nimble.build/Debug-xros/Nimble-t.build/Objects-normal/arm64/Nimble-dependency-scan.dia -validate-clang-modules-once -clang-build-session-file /Users/admin/builder/spi-builder-workspace/.derivedData/ModuleCache.noindex/Session.modulevalidation -Xcc -fmodules-prune-interval\=86400 -Xcc -fmodules-prune-after\=345600 -emit-const-values -const-gather-protocols-list /Users/admin/builder/spi-builder-workspace/.derivedData/Build/Intermediates.noindex/Nimble.build/Debug-xros/Nimble-t.build/Objects-normal/arm64/Nimble_const_extract_protocols.json -Xcc -I/Users/admin/builder/spi-builder-workspace/.derivedData/Build/Products/Debug-xros/include -Xcc -I/Users/admin/builder/spi-builder-workspace/.derivedData/Build/Intermediates.noindex/Nimble.build/Debug-xros/Nimble-t.build/DerivedSources-normal/arm64 -Xcc -I/Users/admin/builder/spi-builder-workspace/.derivedData/Build/Intermediates.noindex/Nimble.build/Debug-xros/Nimble-t.build/DerivedSources/arm64 -Xcc -I/Users/admin/builder/spi-builder-workspace/.derivedData/Build/Intermediates.noindex/Nimble.build/Debug-xros/Nimble-t.build/DerivedSources -Xcc -DSWIFT_PACKAGE -Xcc -DDEBUG\=1 -emit-objc-header -emit-objc-header-path /Users/admin/builder/spi-builder-workspace/.derivedData/Build/Intermediates.noindex/Nimble.build/Debug-xros/Nimble-t.build/Objects-normal/arm64/Nimble-Swift.h -working-directory /Users/admin/builder/spi-builder-workspace -experimental-emit-module-separately -disable-cmo
PrecompileModule /Users/admin/builder/spi-builder-workspace/.derivedData/Build/Intermediates.noindex/ExplicitPrecompiledModules/Dispatch-34BWZXNMGWY1384ZWSWQI8G1H.scan
cd /
builtin-precompileModule /Users/admin/builder/spi-builder-workspace/.derivedData/Build/Intermediates.noindex/ExplicitPrecompiledModules/Dispatch-34BWZXNMGWY1384ZWSWQI8G1H.scan
SwiftMergeGeneratedHeaders /Users/admin/builder/spi-builder-workspace/.derivedData/Build/Intermediates.noindex/GeneratedModuleMaps-xros/Nimble-Swift.h /Users/admin/builder/spi-builder-workspace/.derivedData/Build/Intermediates.noindex/Nimble.build/Debug-xros/Nimble-t.build/Objects-normal/arm64/Nimble-Swift.h (in target 'Nimble' from project 'Nimble')
cd /Users/admin/builder/spi-builder-workspace/.dependencies/checkouts/Nimble
builtin-swiftHeaderTool -arch arm64 /Users/admin/builder/spi-builder-workspace/.derivedData/Build/Intermediates.noindex/Nimble.build/Debug-xros/Nimble-t.build/Objects-normal/arm64/Nimble-Swift.h -o /Users/admin/builder/spi-builder-workspace/.derivedData/Build/Intermediates.noindex/GeneratedModuleMaps-xros/Nimble-Swift.h
SwiftDriverJobDiscovery normal arm64 Compiling NimbleXCTestHandler.swift, ExceptionCapture.swift, DSL+AsyncAwait.swift, DSL+Wait.swift, DSL.swift, Expectation.swift (in target 'Nimble' from project 'Nimble')
Copy /Users/admin/builder/spi-builder-workspace/.derivedData/Build/Products/Debug-xros/Nimble.swiftmodule/arm64-apple-xros.swiftmodule /Users/admin/builder/spi-builder-workspace/.derivedData/Build/Intermediates.noindex/Nimble.build/Debug-xros/Nimble-t.build/Objects-normal/arm64/Nimble.swiftmodule (in target 'Nimble' from project 'Nimble')
cd /Users/admin/builder/spi-builder-workspace/.dependencies/checkouts/Nimble
builtin-copy -exclude .DS_Store -exclude CVS -exclude .svn -exclude .git -exclude .hg -resolve-src-symlinks -rename /Users/admin/builder/spi-builder-workspace/.derivedData/Build/Intermediates.noindex/Nimble.build/Debug-xros/Nimble-t.build/Objects-normal/arm64/Nimble.swiftmodule /Users/admin/builder/spi-builder-workspace/.derivedData/Build/Products/Debug-xros/Nimble.swiftmodule/arm64-apple-xros.swiftmodule
Copy /Users/admin/builder/spi-builder-workspace/.derivedData/Build/Products/Debug-xros/Nimble.swiftmodule/arm64-apple-xros.swiftdoc /Users/admin/builder/spi-builder-workspace/.derivedData/Build/Intermediates.noindex/Nimble.build/Debug-xros/Nimble-t.build/Objects-normal/arm64/Nimble.swiftdoc (in target 'Nimble' from project 'Nimble')
cd /Users/admin/builder/spi-builder-workspace/.dependencies/checkouts/Nimble
builtin-copy -exclude .DS_Store -exclude CVS -exclude .svn -exclude .git -exclude .hg -resolve-src-symlinks -rename /Users/admin/builder/spi-builder-workspace/.derivedData/Build/Intermediates.noindex/Nimble.build/Debug-xros/Nimble-t.build/Objects-normal/arm64/Nimble.swiftdoc /Users/admin/builder/spi-builder-workspace/.derivedData/Build/Products/Debug-xros/Nimble.swiftmodule/arm64-apple-xros.swiftdoc
Copy /Users/admin/builder/spi-builder-workspace/.derivedData/Build/Products/Debug-xros/Nimble.swiftmodule/arm64-apple-xros.abi.json /Users/admin/builder/spi-builder-workspace/.derivedData/Build/Intermediates.noindex/Nimble.build/Debug-xros/Nimble-t.build/Objects-normal/arm64/Nimble.abi.json (in target 'Nimble' from project 'Nimble')
cd /Users/admin/builder/spi-builder-workspace/.dependencies/checkouts/Nimble
builtin-copy -exclude .DS_Store -exclude CVS -exclude .svn -exclude .git -exclude .hg -resolve-src-symlinks -rename /Users/admin/builder/spi-builder-workspace/.derivedData/Build/Intermediates.noindex/Nimble.build/Debug-xros/Nimble-t.build/Objects-normal/arm64/Nimble.abi.json /Users/admin/builder/spi-builder-workspace/.derivedData/Build/Products/Debug-xros/Nimble.swiftmodule/arm64-apple-xros.abi.json
Copy /Users/admin/builder/spi-builder-workspace/.derivedData/Build/Products/Debug-xros/Nimble.swiftmodule/Project/arm64-apple-xros.swiftsourceinfo /Users/admin/builder/spi-builder-workspace/.derivedData/Build/Intermediates.noindex/Nimble.build/Debug-xros/Nimble-t.build/Objects-normal/arm64/Nimble.swiftsourceinfo (in target 'Nimble' from project 'Nimble')
cd /Users/admin/builder/spi-builder-workspace/.dependencies/checkouts/Nimble
builtin-copy -exclude .DS_Store -exclude CVS -exclude .svn -exclude .git -exclude .hg -resolve-src-symlinks -rename /Users/admin/builder/spi-builder-workspace/.derivedData/Build/Intermediates.noindex/Nimble.build/Debug-xros/Nimble-t.build/Objects-normal/arm64/Nimble.swiftsourceinfo /Users/admin/builder/spi-builder-workspace/.derivedData/Build/Products/Debug-xros/Nimble.swiftmodule/Project/arm64-apple-xros.swiftsourceinfo
SwiftCompile normal arm64 Compiling\ PostNotification.swift,\ Predicate.swift,\ RaisesException.swift,\ SatisfyAllOf.swift,\ SatisfyAnyOf.swift,\ ThrowAssertion.swift /Users/admin/builder/spi-builder-workspace/.dependencies/checkouts/Nimble/Sources/Nimble/Matchers/PostNotification.swift /Users/admin/builder/spi-builder-workspace/.dependencies/checkouts/Nimble/Sources/Nimble/Matchers/Predicate.swift /Users/admin/builder/spi-builder-workspace/.dependencies/checkouts/Nimble/Sources/Nimble/Matchers/RaisesException.swift /Users/admin/builder/spi-builder-workspace/.dependencies/checkouts/Nimble/Sources/Nimble/Matchers/SatisfyAllOf.swift /Users/admin/builder/spi-builder-workspace/.dependencies/checkouts/Nimble/Sources/Nimble/Matchers/SatisfyAnyOf.swift /Users/admin/builder/spi-builder-workspace/.dependencies/checkouts/Nimble/Sources/Nimble/Matchers/ThrowAssertion.swift (in target 'Nimble' from project 'Nimble')
/Users/admin/builder/spi-builder-workspace/.dependencies/checkouts/Nimble/Sources/Nimble/Matchers/ThrowAssertion.swift:89:57: error: cannot find 'catchBadInstruction' in scope
87 | let message = ExpectationMessage.expectedTo("throw an assertion")
88 | var actualError: Error?
89 | let caughtException: BadInstructionException? = catchBadInstruction {
| `- error: cannot find 'catchBadInstruction' in scope
90 | #if os(tvOS)
91 | if !NimbleEnvironment.activeInstance.suppressTVOSAssertionWarning {
/Users/admin/builder/spi-builder-workspace/.dependencies/checkouts/Nimble/Sources/Nimble/Matchers/ThrowAssertion.swift:89:30: error: cannot find type 'BadInstructionException' in scope
87 | let message = ExpectationMessage.expectedTo("throw an assertion")
88 | var actualError: Error?
89 | let caughtException: BadInstructionException? = catchBadInstruction {
| `- error: cannot find type 'BadInstructionException' in scope
90 | #if os(tvOS)
91 | if !NimbleEnvironment.activeInstance.suppressTVOSAssertionWarning {
Failed frontend command:
/Applications/Xcode-27.0.0-Release.Candidate.app/Contents/Developer/Toolchains/XcodeDefault.xctoolchain/usr/bin/swift-frontend -frontend -c /Users/admin/builder/spi-builder-workspace/.dependencies/checkouts/Nimble/Sources/Nimble/Adapters/AdapterProtocols.swift /Users/admin/builder/spi-builder-workspace/.dependencies/checkouts/Nimble/Sources/Nimble/Adapters/AssertionDispatcher.swift /Users/admin/builder/spi-builder-workspace/.dependencies/checkouts/Nimble/Sources/Nimble/Adapters/AssertionRecorder+Async.swift /Users/admin/builder/spi-builder-workspace/.dependencies/checkouts/Nimble/Sources/Nimble/Adapters/AssertionRecorder.swift /Users/admin/builder/spi-builder-workspace/.dependencies/checkouts/Nimble/Sources/Nimble/Adapters/NMBExpectation.swift /Users/admin/builder/spi-builder-workspace/.dependencies/checkouts/Nimble/Sources/Nimble/Adapters/NimbleEnvironment.swift /Users/admin/builder/spi-builder-workspace/.dependencies/checkouts/Nimble/Sources/Nimble/Adapters/NimbleXCTestHandler.swift /Users/admin/builder/spi-builder-workspace/.dependencies/checkouts/Nimble/Sources/Nimble/Adapters/NonObjectiveC/ExceptionCapture.swift /Users/admin/builder/spi-builder-workspace/.dependencies/checkouts/Nimble/Sources/Nimble/DSL+AsyncAwait.swift /Users/admin/builder/spi-builder-workspace/.dependencies/checkouts/Nimble/Sources/Nimble/DSL+Wait.swift /Users/admin/builder/spi-builder-workspace/.dependencies/checkouts/Nimble/Sources/Nimble/DSL.swift /Users/admin/builder/spi-builder-workspace/.dependencies/checkouts/Nimble/Sources/Nimble/Expectation.swift /Users/admin/builder/spi-builder-workspace/.dependencies/checkouts/Nimble/Sources/Nimble/ExpectationMessage.swift /Users/admin/builder/spi-builder-workspace/.dependencies/checkouts/Nimble/Sources/Nimble/Expression.swift /Users/admin/builder/spi-builder-workspace/.dependencies/checkouts/Nimble/Sources/Nimble/FailureMessage.swift /Users/admin/builder/spi-builder-workspace/.dependencies/checkouts/Nimble/Sources/Nimble/Matchers/AllPass.swift /Users/admin/builder/spi-builder-workspace/.dependencies/checkouts/Nimble/Sources/Nimble/Matchers/BeAKindOf.swift /Users/admin/builder/spi-builder-workspace/.dependencies/checkouts/Nimble/Sources/Nimble/Matchers/BeAnInstanceOf.swift /Users/admin/builder/spi-builder-workspace/.dependencies/checkouts/Nimble/Sources/Nimble/Matchers/BeCloseTo.swift /Users/admin/builder/spi-builder-workspace/.dependencies/checkouts/Nimble/Sources/Nimble/Matchers/BeEmpty.swift /Users/admin/builder/spi-builder-workspace/.dependencies/checkouts/Nimble/Sources/Nimble/Matchers/BeGreaterThan.swift /Users/admin/builder/spi-builder-workspace/.dependencies/checkouts/Nimble/Sources/Nimble/Matchers/BeGreaterThanOrEqualTo.swift /Users/admin/builder/spi-builder-workspace/.dependencies/checkouts/Nimble/Sources/Nimble/Matchers/BeIdenticalTo.swift /Users/admin/builder/spi-builder-workspace/.dependencies/checkouts/Nimble/Sources/Nimble/Matchers/BeLessThan.swift /Users/admin/builder/spi-builder-workspace/.dependencies/checkouts/Nimble/Sources/Nimble/Matchers/BeLessThanOrEqual.swift /Users/admin/builder/spi-builder-workspace/.dependencies/checkouts/Nimble/Sources/Nimble/Matchers/BeLogical.swift /Users/admin/builder/spi-builder-workspace/.dependencies/checkouts/Nimble/Sources/Nimble/Matchers/BeNil.swift /Users/admin/builder/spi-builder-workspace/.dependencies/checkouts/Nimble/Sources/Nimble/Matchers/BeResult.swift /Users/admin/builder/spi-builder-workspace/.dependencies/checkouts/Nimble/Sources/Nimble/Matchers/BeVoid.swift /Users/admin/builder/spi-builder-workspace/.dependencies/checkouts/Nimble/Sources/Nimble/Matchers/BeWithin.swift /Users/admin/builder/spi-builder-workspace/.dependencies/checkouts/Nimble/Sources/Nimble/Matchers/BeginWith.swift /Users/admin/builder/spi-builder-workspace/.dependencies/checkouts/Nimble/Sources/Nimble/Matchers/BeginWithPrefix.swift /Users/admin/builder/spi-builder-workspace/.dependencies/checkouts/Nimble/Sources/Nimble/Matchers/Contain.swift /Users/admin/builder/spi-builder-workspace/.dependencies/checkouts/Nimble/Sources/Nimble/Matchers/ContainElementSatisfying.swift /Users/admin/builder/spi-builder-workspace/.dependencies/checkouts/Nimble/Sources/Nimble/Matchers/ElementsEqual.swift /Users/admin/builder/spi-builder-workspace/.dependencies/checkouts/Nimble/Sources/Nimble/Matchers/EndWith.swift /Users/admin/builder/spi-builder-workspace/.dependencies/checkouts/Nimble/Sources/Nimble/Matchers/Equal+Tuple.swift /Users/admin/builder/spi-builder-workspace/.dependencies/checkouts/Nimble/Sources/Nimble/Matchers/Equal.swift /Users/admin/builder/spi-builder-workspace/.dependencies/checkouts/Nimble/Sources/Nimble/Matchers/HaveCount.swift /Users/admin/builder/spi-builder-workspace/.dependencies/checkouts/Nimble/Sources/Nimble/Matchers/Match.swift /Users/admin/builder/spi-builder-workspace/.dependencies/checkouts/Nimble/Sources/Nimble/Matchers/MatchError.swift /Users/admin/builder/spi-builder-workspace/.dependencies/checkouts/Nimble/Sources/Nimble/Matchers/MatcherProtocols.swift -primary-file /Users/admin/builder/spi-builder-workspace/.dependencies/checkouts/Nimble/Sources/Nimble/Matchers/PostNotification.swift -primary-file /Users/admin/builder/spi-builder-workspace/.dependencies/checkouts/Nimble/Sources/Nimble/Matchers/Predicate.swift -primary-file /Users/admin/builder/spi-builder-workspace/.dependencies/checkouts/Nimble/Sources/Nimble/Matchers/RaisesException.swift -primary-file /Users/admin/builder/spi-builder-workspace/.dependencies/checkouts/Nimble/Sources/Nimble/Matchers/SatisfyAllOf.swift -primary-file /Users/admin/builder/spi-builder-workspace/.dependencies/checkouts/Nimble/Sources/Nimble/Matchers/SatisfyAnyOf.swift -primary-file /Users/admin/builder/spi-builder-workspace/.dependencies/checkouts/Nimble/Sources/Nimble/Matchers/ThrowAssertion.swift /Users/admin/builder/spi-builder-workspace/.dependencies/checkouts/Nimble/Sources/Nimble/Matchers/ThrowError.swift /Users/admin/builder/spi-builder-workspace/.dependencies/checkouts/Nimble/Sources/Nimble/Matchers/ToSucceed.swift /Users/admin/builder/spi-builder-workspace/.dependencies/checkouts/Nimble/Sources/Nimble/Polling+AsyncAwait.swift /Users/admin/builder/spi-builder-workspace/.dependencies/checkouts/Nimble/Sources/Nimble/Polling.swift /Users/admin/builder/spi-builder-workspace/.dependencies/checkouts/Nimble/Sources/Nimble/Utils/AsyncAwait.swift /Users/admin/builder/spi-builder-workspace/.dependencies/checkouts/Nimble/Sources/Nimble/Utils/DispatchTimeInterval.swift /Users/admin/builder/spi-builder-workspace/.dependencies/checkouts/Nimble/Sources/Nimble/Utils/Errors.swift /Users/admin/builder/spi-builder-workspace/.dependencies/checkouts/Nimble/Sources/Nimble/Utils/PollAwait.swift /Users/admin/builder/spi-builder-workspace/.dependencies/checkouts/Nimble/Sources/Nimble/Utils/SourceLocation.swift /Users/admin/builder/spi-builder-workspace/.dependencies/checkouts/Nimble/Sources/Nimble/Utils/Stringers.swift -supplementary-output-file-map /Users/admin/builder/spi-builder-workspace/.derivedData/Build/Intermediates.noindex/Nimble.build/Debug-xros/Nimble-t.build/Objects-normal/arm64/supplementaryOutputs-8 -target arm64-apple-xros1.0 -module-can-import-version Darwin 428.0.10 0 -module-can-import-version Foundation 5027.0.69 5027.0.69 -disable-cross-import-overlay-search -load-resolved-plugin /Applications/Xcode-27.0.0-Release.Candidate.app/Contents/Developer/Platforms/XROS.platform/Developer/usr/lib/swift/host/plugins/libFoundationMacros.dylib\#/Applications/Xcode-27.0.0-Release.Candidate.app/Contents/Developer/Platforms/XROS.platform/Developer/usr/bin/swift-plugin-server\#FoundationMacros -load-resolved-plugin /Applications/Xcode-27.0.0-Release.Candidate.app/Contents/Developer/Platforms/XROS.platform/Developer/usr/lib/swift/host/plugins/libObservationMacros.dylib\#/Applications/Xcode-27.0.0-Release.Candidate.app/Contents/Developer/Platforms/XROS.platform/Developer/usr/bin/swift-plugin-server\#ObservationMacros -load-resolved-plugin /Applications/Xcode-27.0.0-Release.Candidate.app/Contents/Developer/Platforms/XROS.platform/Developer/usr/lib/swift/host/plugins/libPreviewsMacros.dylib\#/Applications/Xcode-27.0.0-Release.Candidate.app/Contents/Developer/Platforms/XROS.platform/Developer/usr/bin/swift-plugin-server\#PreviewsMacros -load-resolved-plugin /Applications/Xcode-27.0.0-Release.Candidate.app/Contents/Developer/Platforms/XROS.platform/Developer/usr/lib/swift/host/plugins/libSwiftMacros.dylib\#/Applications/Xcode-27.0.0-Release.Candidate.app/Contents/Developer/Platforms/XROS.platform/Developer/usr/bin/swift-plugin-server\#SwiftMacros -load-resolved-plugin /Applications/Xcode-27.0.0-Release.Candidate.app/Contents/Developer/Platforms/XROS.platform/Developer/usr/lib/swift/host/plugins/libSwiftUIMacros.dylib\#/Applications/Xcode-27.0.0-Release.Candidate.app/Contents/Developer/Platforms/XROS.platform/Developer/usr/bin/swift-plugin-server\#SwiftUIMacros -disable-implicit-swift-modules -Xcc -fno-implicit-modules -Xcc -fno-implicit-module-maps -explicit-swift-module-map-file /Users/admin/builder/spi-builder-workspace/.derivedData/Build/Intermediates.noindex/Nimble.build/Debug-xros/Nimble-t.build/Objects-normal/arm64/Nimble-dependencies-1.json -Xllvm -aarch64-use-tbi -enable-objc-interop -stack-check -sdk /Applications/Xcode-27.0.0-Release.Candidate.app/Contents/Developer/Platforms/XROS.platform/Developer/SDKs/XROS27.0.sdk -I /Users/admin/builder/spi-builder-workspace/.derivedData/Build/Products/Debug-xros -Isystem /Applications/Xcode-27.0.0-Release.Candidate.app/Contents/Developer/Platforms/XROS.platform/Developer/usr/lib -F /Users/admin/builder/spi-builder-workspace/.derivedData/Build/Products/Debug-xros -F /Applications/Xcode-27.0.0-Release.Candidate.app/Contents/Developer/Platforms/XROS.platform/Developer/Library/Frameworks -F /Applications/Xcode-27.0.0-Release.Candidate.app/Contents/Developer/Platforms/XROS.platform/Developer/SDKs/XROS27.0.sdk/Developer/Library/Frameworks -module-cache-path /Users/admin/builder/spi-builder-workspace/.derivedData/Build/Intermediates.noindex/SwiftExplicitPrecompiledModules -no-color-diagnostics -Xcc -fno-color-diagnostics -enable-testing -g -debug-info-format\=dwarf -dwarf-version\=4 -suppress-warnings -swift-version 5 -Onone -D SWIFT_PACKAGE -D DEBUG -D SWIFT_MODULE_RESOURCE_BUNDLE_UNAVAILABLE -D Xcode -serialize-debugging-options -enable-experimental-feature DebugDescriptionMacro -empty-abi-descriptor -validate-clang-modules-once -clang-build-session-file /Users/admin/builder/spi-builder-workspace/.derivedData/ModuleCache.noindex/Session.modulevalidation -Xcc -working-directory -Xcc /Users/admin/builder/spi-builder-workspace -enable-anonymous-context-mangled-names -file-compilation-dir /Users/admin/builder/spi-builder-workspace -Xcc -D_LIBCPP_HARDENING_MODE\=_LIBCPP_HARDENING_MODE_DEBUG -Xcc -ivfsstatcache -Xcc /Users/admin/builder/spi-builder-workspace/.derivedData/SDKStatCaches.noindex/xros27.0-24M361-e829b21a6f8c9b70876ba0858053c044735bd543db762f57723cac368afd1ce4.sdkstatcache -Xcc -fmodules-prune-interval\=86400 -Xcc -fmodules-prune-after\=345600 -Xcc -I/Users/admin/builder/spi-builder-workspace/.derivedData/Build/Products/Debug-xros/include -Xcc -I/Users/admin/builder/spi-builder-workspace/.derivedData/Build/Intermediates.noindex/Nimble.build/Debug-xros/Nimble-t.build/DerivedSources-normal/arm64 -Xcc -I/Users/admin/builder/spi-builder-workspace/.derivedData/Build/Intermediates.noindex/Nimble.build/Debug-xros/Nimble-t.build/DerivedSources/arm64 -Xcc -I/Users/admin/builder/spi-builder-workspace/.derivedData/Build/Intermediates.noindex/Nimble.build/Debug-xros/Nimble-t.build/DerivedSources -Xcc -DSWIFT_PACKAGE -Xcc -DDEBUG\=1 -no-auto-bridging-header-chaining -module-name Nimble -const-gather-protocols-file /Users/admin/builder/spi-builder-workspace/.derivedData/Build/Intermediates.noindex/Nimble.build/Debug-xros/Nimble-t.build/Objects-normal/arm64/Nimble_const_extract_protocols.json -disable-clang-spi -clang-target arm64-apple-xros27.0 -target-sdk-version 27.0 -target-sdk-name xros27.0 -in-process-plugin-server-path /Applications/Xcode-27.0.0-Release.Candidate.app/Contents/Developer/Toolchains/XcodeDefault.xctoolchain/usr/lib/swift/host/libSwiftInProcPluginServer.dylib -parse-as-library -o /Users/admin/builder/spi-builder-workspace/.derivedData/Build/Intermediates.noindex/Nimble.build/Debug-xros/Nimble-t.build/Objects-normal/arm64/PostNotification.o -o /Users/admin/builder/spi-builder-workspace/.derivedData/Build/Intermediates.noindex/Nimble.build/Debug-xros/Nimble-t.build/Objects-normal/arm64/Predicate.o -o /Users/admin/builder/spi-builder-workspace/.derivedData/Build/Intermediates.noindex/Nimble.build/Debug-xros/Nimble-t.build/Objects-normal/arm64/RaisesException.o -o /Users/admin/builder/spi-builder-workspace/.derivedData/Build/Intermediates.noindex/Nimble.build/Debug-xros/Nimble-t.build/Objects-normal/arm64/SatisfyAllOf.o -o /Users/admin/builder/spi-builder-workspace/.derivedData/Build/Intermediates.noindex/Nimble.build/Debug-xros/Nimble-t.build/Objects-normal/arm64/SatisfyAnyOf.o -o /Users/admin/builder/spi-builder-workspace/.derivedData/Build/Intermediates.noindex/Nimble.build/Debug-xros/Nimble-t.build/Objects-normal/arm64/ThrowAssertion.o -debug-module-path /Users/admin/builder/spi-builder-workspace/.derivedData/Build/Intermediates.noindex/Nimble.build/Debug-xros/Nimble-t.build/Objects-normal/arm64/Nimble.swiftmodule -index-unit-output-path /Nimble.build/Debug-xros/Nimble-t.build/Objects-normal/arm64/PostNotification.o -index-unit-output-path /Nimble.build/Debug-xros/Nimble-t.build/Objects-normal/arm64/Predicate.o -index-unit-output-path /Nimble.build/Debug-xros/Nimble-t.build/Objects-normal/arm64/RaisesException.o -index-unit-output-path /Nimble.build/Debug-xros/Nimble-t.build/Objects-normal/arm64/SatisfyAllOf.o -index-unit-output-path /Nimble.build/Debug-xros/Nimble-t.build/Objects-normal/arm64/SatisfyAnyOf.o -index-unit-output-path /Nimble.build/Debug-xros/Nimble-t.build/Objects-normal/arm64/ThrowAssertion.o -index-store-path /Users/admin/builder/spi-builder-workspace/.derivedData/Index.noindex/DataStore -index-system-modules
SwiftCompile normal arm64 /Users/admin/builder/spi-builder-workspace/.dependencies/checkouts/Nimble/Sources/Nimble/Matchers/PostNotification.swift (in target 'Nimble' from project 'Nimble')
cd /Users/admin/builder/spi-builder-workspace
builtin-SwiftPerFileCompile PostNotification.swift
SwiftCompile normal arm64 /Users/admin/builder/spi-builder-workspace/.dependencies/checkouts/Nimble/Sources/Nimble/Matchers/Predicate.swift (in target 'Nimble' from project 'Nimble')
cd /Users/admin/builder/spi-builder-workspace
builtin-SwiftPerFileCompile Predicate.swift
SwiftCompile normal arm64 /Users/admin/builder/spi-builder-workspace/.dependencies/checkouts/Nimble/Sources/Nimble/Matchers/RaisesException.swift (in target 'Nimble' from project 'Nimble')
cd /Users/admin/builder/spi-builder-workspace
builtin-SwiftPerFileCompile RaisesException.swift
SwiftCompile normal arm64 /Users/admin/builder/spi-builder-workspace/.dependencies/checkouts/Nimble/Sources/Nimble/Matchers/SatisfyAllOf.swift (in target 'Nimble' from project 'Nimble')
cd /Users/admin/builder/spi-builder-workspace
builtin-SwiftPerFileCompile SatisfyAllOf.swift
SwiftCompile normal arm64 /Users/admin/builder/spi-builder-workspace/.dependencies/checkouts/Nimble/Sources/Nimble/Matchers/SatisfyAnyOf.swift (in target 'Nimble' from project 'Nimble')
cd /Users/admin/builder/spi-builder-workspace
builtin-SwiftPerFileCompile SatisfyAnyOf.swift
SwiftCompile normal arm64 /Users/admin/builder/spi-builder-workspace/.dependencies/checkouts/Nimble/Sources/Nimble/Matchers/ThrowAssertion.swift (in target 'Nimble' from project 'Nimble')
cd /Users/admin/builder/spi-builder-workspace
builtin-SwiftPerFileCompile ThrowAssertion.swift
PrecompileModule /Users/admin/builder/spi-builder-workspace/.derivedData/Build/Intermediates.noindex/ExplicitPrecompiledModules/XPC-C8VAINZXSINWC3J3L99C25L5X.scan
cd /
builtin-precompileModule /Users/admin/builder/spi-builder-workspace/.derivedData/Build/Intermediates.noindex/ExplicitPrecompiledModules/XPC-C8VAINZXSINWC3J3L99C25L5X.scan
PrecompileModule /Users/admin/builder/spi-builder-workspace/.derivedData/Build/Intermediates.noindex/ExplicitPrecompiledModules/CoreFoundation-6LZBEU9XA8X0403DJDE00VZMV.scan
cd /
builtin-precompileModule /Users/admin/builder/spi-builder-workspace/.derivedData/Build/Intermediates.noindex/ExplicitPrecompiledModules/CoreFoundation-6LZBEU9XA8X0403DJDE00VZMV.scan
SwiftDriverJobDiscovery normal arm64 Compiling BeCloseTo.swift, BeEmpty.swift, BeGreaterThan.swift, BeGreaterThanOrEqualTo.swift, BeIdenticalTo.swift, BeLessThan.swift (in target 'Nimble' from project 'Nimble')
SwiftCompile normal arm64 Compiling\ ExpectationMessage.swift,\ Expression.swift,\ FailureMessage.swift,\ AllPass.swift,\ BeAKindOf.swift,\ BeAnInstanceOf.swift /Users/admin/builder/spi-builder-workspace/.dependencies/checkouts/Nimble/Sources/Nimble/ExpectationMessage.swift /Users/admin/builder/spi-builder-workspace/.dependencies/checkouts/Nimble/Sources/Nimble/Expression.swift /Users/admin/builder/spi-builder-workspace/.dependencies/checkouts/Nimble/Sources/Nimble/FailureMessage.swift /Users/admin/builder/spi-builder-workspace/.dependencies/checkouts/Nimble/Sources/Nimble/Matchers/AllPass.swift /Users/admin/builder/spi-builder-workspace/.dependencies/checkouts/Nimble/Sources/Nimble/Matchers/BeAKindOf.swift /Users/admin/builder/spi-builder-workspace/.dependencies/checkouts/Nimble/Sources/Nimble/Matchers/BeAnInstanceOf.swift (in target 'Nimble' from project 'Nimble')
SwiftCompile normal arm64 /Users/admin/builder/spi-builder-workspace/.dependencies/checkouts/Nimble/Sources/Nimble/ExpectationMessage.swift (in target 'Nimble' from project 'Nimble')
cd /Users/admin/builder/spi-builder-workspace
builtin-SwiftPerFileCompile ExpectationMessage.swift
SwiftCompile normal arm64 /Users/admin/builder/spi-builder-workspace/.dependencies/checkouts/Nimble/Sources/Nimble/Expression.swift (in target 'Nimble' from project 'Nimble')
cd /Users/admin/builder/spi-builder-workspace
builtin-SwiftPerFileCompile Expression.swift
SwiftCompile normal arm64 /Users/admin/builder/spi-builder-workspace/.dependencies/checkouts/Nimble/Sources/Nimble/FailureMessage.swift (in target 'Nimble' from project 'Nimble')
cd /Users/admin/builder/spi-builder-workspace
builtin-SwiftPerFileCompile FailureMessage.swift
SwiftCompile normal arm64 /Users/admin/builder/spi-builder-workspace/.dependencies/checkouts/Nimble/Sources/Nimble/Matchers/AllPass.swift (in target 'Nimble' from project 'Nimble')
cd /Users/admin/builder/spi-builder-workspace
builtin-SwiftPerFileCompile AllPass.swift
SwiftCompile normal arm64 /Users/admin/builder/spi-builder-workspace/.dependencies/checkouts/Nimble/Sources/Nimble/Matchers/BeAKindOf.swift (in target 'Nimble' from project 'Nimble')
cd /Users/admin/builder/spi-builder-workspace
builtin-SwiftPerFileCompile BeAKindOf.swift
SwiftCompile normal arm64 /Users/admin/builder/spi-builder-workspace/.dependencies/checkouts/Nimble/Sources/Nimble/Matchers/BeAnInstanceOf.swift (in target 'Nimble' from project 'Nimble')
cd /Users/admin/builder/spi-builder-workspace
builtin-SwiftPerFileCompile BeAnInstanceOf.swift
SwiftCompile normal arm64 Compiling\ MachImageImportsSignal.swift /Users/admin/builder/spi-builder-workspace/Sources/Beacon/Signals/MachImageImportsSignal.swift (in target 'Beacon' from project 'Beacon')
SwiftCompile normal arm64 /Users/admin/builder/spi-builder-workspace/Sources/Beacon/Signals/MachImageImportsSignal.swift (in target 'Beacon' from project 'Beacon')
cd /Users/admin/builder/spi-builder-workspace
builtin-SwiftPerFileCompile MachImageImportsSignal.swift
PrecompileModule /Users/admin/builder/spi-builder-workspace/.derivedData/Build/Intermediates.noindex/ExplicitPrecompiledModules/Security-EY4UURDATYYFLVRAQBGQGLCV1.scan
cd /
builtin-precompileModule /Users/admin/builder/spi-builder-workspace/.derivedData/Build/Intermediates.noindex/ExplicitPrecompiledModules/Security-EY4UURDATYYFLVRAQBGQGLCV1.scan
SwiftDriverJobDiscovery normal arm64 Compiling DispatchTimeInterval.swift, Errors.swift, PollAwait.swift, SourceLocation.swift, Stringers.swift (in target 'Nimble' from project 'Nimble')
PrecompileModule /Users/admin/builder/spi-builder-workspace/.derivedData/Build/Intermediates.noindex/ExplicitPrecompiledModules/CFNetwork-1HGD6K977YHS3L864YDSSKOGX.scan
cd /
builtin-precompileModule /Users/admin/builder/spi-builder-workspace/.derivedData/Build/Intermediates.noindex/ExplicitPrecompiledModules/CFNetwork-1HGD6K977YHS3L864YDSSKOGX.scan
SwiftDriverJobDiscovery normal arm64 Compiling BeLessThanOrEqual.swift, BeLogical.swift, BeNil.swift, BeResult.swift, BeVoid.swift, BeWithin.swift (in target 'Nimble' from project 'Nimble')
SwiftCompile normal arm64 Compiling\ Signal.swift,\ StringSignal.swift /Users/admin/builder/spi-builder-workspace/Sources/Beacon/Signals/Signal.swift /Users/admin/builder/spi-builder-workspace/Sources/Beacon/Signals/StringSignal.swift (in target 'Beacon' from project 'Beacon')
SwiftCompile normal arm64 /Users/admin/builder/spi-builder-workspace/Sources/Beacon/Signals/Signal.swift (in target 'Beacon' from project 'Beacon')
cd /Users/admin/builder/spi-builder-workspace
builtin-SwiftPerFileCompile Signal.swift
SwiftCompile normal arm64 /Users/admin/builder/spi-builder-workspace/Sources/Beacon/Signals/StringSignal.swift (in target 'Beacon' from project 'Beacon')
cd /Users/admin/builder/spi-builder-workspace
builtin-SwiftPerFileCompile StringSignal.swift
SwiftCompile normal arm64 Compiling\ CallStackFrame.swift,\ DateFormatter+Extensions.swift /Users/admin/builder/spi-builder-workspace/Sources/Beacon/Core/CallStackFrame.swift /Users/admin/builder/spi-builder-workspace/Sources/Beacon/Extensions/DateFormatter+Extensions.swift (in target 'Beacon' from project 'Beacon')
SwiftCompile normal arm64 /Users/admin/builder/spi-builder-workspace/Sources/Beacon/Core/CallStackFrame.swift (in target 'Beacon' from project 'Beacon')
cd /Users/admin/builder/spi-builder-workspace
builtin-SwiftPerFileCompile CallStackFrame.swift
SwiftCompile normal arm64 /Users/admin/builder/spi-builder-workspace/Sources/Beacon/Extensions/DateFormatter+Extensions.swift (in target 'Beacon' from project 'Beacon')
cd /Users/admin/builder/spi-builder-workspace
builtin-SwiftPerFileCompile DateFormatter+Extensions.swift
PruneExplicitPrecompiledModules /Users/admin/builder/spi-builder-workspace/.derivedData/Build/Intermediates.noindex/ExplicitPrecompiledModules
PruneExplicitPrecompiledModules /Users/admin/builder/spi-builder-workspace/.derivedData/SDKExplicitPrecompiledModules
PruneExplicitPrecompiledModules /Users/admin/builder/spi-builder-workspace/.derivedData/Build/Intermediates.noindex/SwiftExplicitPrecompiledModules
2026-09-19 00:19:10.072 xcodebuild[1236:7080] [MT] IDERunDestination: Supported platforms for the buildables in the current scheme is empty.
2026-09-19 00:19:10.174 xcodebuild[1236:7080] [MT] IDERunDestination: Supported platforms for the buildables in the current scheme is empty.
** BUILD FAILED **
The following build commands failed:
SwiftCompile normal arm64 Compiling\ PostNotification.swift,\ Predicate.swift,\ RaisesException.swift,\ SatisfyAllOf.swift,\ SatisfyAnyOf.swift,\ ThrowAssertion.swift /Users/admin/builder/spi-builder-workspace/.dependencies/checkouts/Nimble/Sources/Nimble/Matchers/PostNotification.swift /Users/admin/builder/spi-builder-workspace/.dependencies/checkouts/Nimble/Sources/Nimble/Matchers/Predicate.swift /Users/admin/builder/spi-builder-workspace/.dependencies/checkouts/Nimble/Sources/Nimble/Matchers/RaisesException.swift /Users/admin/builder/spi-builder-workspace/.dependencies/checkouts/Nimble/Sources/Nimble/Matchers/SatisfyAllOf.swift /Users/admin/builder/spi-builder-workspace/.dependencies/checkouts/Nimble/Sources/Nimble/Matchers/SatisfyAnyOf.swift /Users/admin/builder/spi-builder-workspace/.dependencies/checkouts/Nimble/Sources/Nimble/Matchers/ThrowAssertion.swift (in target 'Nimble' from project 'Nimble')
SwiftCompile normal arm64 /Users/admin/builder/spi-builder-workspace/.dependencies/checkouts/Nimble/Sources/Nimble/Matchers/ThrowAssertion.swift (in target 'Nimble' from project 'Nimble')
Building workspace Playground with scheme Beacon
(3 failures)
BUILD FAILURE 6.4 visionOS