Build Information
Failed to build swift-cbor, reference 0.2.0 (52432a), with Swift 6.2 for macOS (Xcode) using Xcode 26.3 on 21 Aug 2026 00:28:13 UTC.
Build Command
No build command. This typically means the build failed at an early stage where we determine the build command.Build Log
========================================
RunAll
========================================
Builder version: 5.0.2
Interrupt handler set up.
========================================
Checkout
========================================
Clone URL: https://github.com/brokenhandsio/swift-cbor.git
Reference: 0.2.0
Initialized empty Git repository in /Users/admin/builder/spi-builder-workspace/.git/
From https://github.com/brokenhandsio/swift-cbor
* tag 0.2.0 -> FETCH_HEAD
HEAD is now at 52432a1 Merge pull request #2 from brokenhandsio/adopt-swift-fuzz
Cloned https://github.com/brokenhandsio/swift-cbor.git
Revision (git rev-parse @):
52432a1118bcbabb9a973330c3af85d8ddf3f015
SPI manifest file found: $PWD/.spi.yml
SUCCESS checkout https://github.com/brokenhandsio/swift-cbor.git at 0.2.0
========================================
Build
========================================
Selected platform: macosXcodebuild
Swift version: 6.2
Building package at path: $PWD
https://github.com/brokenhandsio/swift-cbor.git
Command line invocation:
/Applications/Xcode-26.3.0.app/Contents/Developer/usr/bin/xcodebuild -IDEClonedSourcePackagesDirPathOverride=/Users/admin/builder/spi-builder-workspace/.dependencies -resolvePackageDependencies
Resolve Package Graph
package 'spi-builder-workspace' is using Swift tools version 6.3.0 but the installed version is 6.2.4
Resolved source packages:
spi-builder-workspace: (null)
2026-08-20 20:28:12.983 xcodebuild[538:3105] Writing error result bundle to /var/folders/xq/y_g06wb113726d38xsyx71_h0000gn/T/ResultBundle_2026-20-08_20-28-0012.xcresult
xcodebuild: error: Could not resolve package dependencies:
package 'spi-builder-workspace' is using Swift tools version 6.3.0 but the installed version is 6.2.4
Command line invocation:
/Applications/Xcode-26.3.0.app/Contents/Developer/usr/bin/xcodebuild -IDEClonedSourcePackagesDirPathOverride=/Users/admin/builder/spi-builder-workspace/.dependencies -resolvePackageDependencies
Resolve Package Graph
package 'spi-builder-workspace' is using Swift tools version 6.3.0 but the installed version is 6.2.4
Resolved source packages:
spi-builder-workspace: (null)
2026-08-20 20:28:13.799 xcodebuild[600:3620] Writing error result bundle to /var/folders/xq/y_g06wb113726d38xsyx71_h0000gn/T/ResultBundle_2026-20-08_20-28-0013.xcresult
xcodebuild: error: Could not resolve package dependencies:
package 'spi-builder-workspace' is using Swift tools version 6.3.0 but the installed version is 6.2.4
BUILD FAILURE 6.2 macosXcodebuild