The Swift Package Index logo.Swift Package Index

Build Information

Failed to build FastList, reference v1.2.1 (4a72c6), with Swift 6.4 for visionOS using Xcode 27.0 on 18 Sep 2026 20:16:35 UTC.

Build Command

env DEVELOPER_DIR=/Applications/Xcode-27.0.0-Release.Candidate.app xcrun xcodebuild -IDEClonedSourcePackagesDirPathOverride=$PWD/.dependencies -skipMacroValidation -skipPackagePluginValidation -derivedDataPath $PWD/.derivedData build -scheme FastList -destination generic/platform=xrOS

Build Log

========================================
RunAll
========================================
Builder version: 5.1.0
Interrupt handler set up.
========================================
Checkout
========================================
Clone URL: https://github.com/elegantchaos/FastList.git
Reference: v1.2.1
Initialized empty Git repository in /Users/admin/builder/spi-builder-workspace/.git/
From https://github.com/elegantchaos/FastList
 * tag               v1.2.1     -> FETCH_HEAD
HEAD is now at 4a72c6b Bumped RefreshableScrollView version
Cloned https://github.com/elegantchaos/FastList.git
Revision (git rev-parse @):
4a72c6b59f9e41168756eb9c83f05a41cbc47fa0
SUCCESS checkout https://github.com/elegantchaos/FastList.git at v1.2.1
========================================
Build
========================================
Selected platform:         visionOS
Swift version:             6.4
Building package at path:  $PWD
https://github.com/elegantchaos/FastList.git
Command line invocation:
    /Applications/Xcode-27.0.0-Release.Candidate.app/Contents/Developer/usr/bin/xcodebuild -IDEClonedSourcePackagesDirPathOverride=/Users/admin/builder/spi-builder-workspace/.dependencies -resolvePackageDependencies
Resolve Package Graph
Fetching from https://github.com/elegantchaos/RefreshableScrollView.git
Fetching from https://github.com/elegantchaos/XCTestExtensions.git
Fetching from https://github.com/elegantchaos/Matchable.git
Creating working copy of package ‘Matchable’
Checking out 1.0.7 of package ‘Matchable’
Creating working copy of package ‘RefreshableScrollView’
Checking out 1.3.1 of package ‘RefreshableScrollView’
Creating working copy of package ‘XCTestExtensions’
Checking out 1.5.1 of package ‘XCTestExtensions’
Resolve Package Graph
Resolved source packages:
  Matchable: https://github.com/elegantchaos/Matchable.git @ 1.0.7
  FastList: /Users/admin/builder/spi-builder-workspace
  XCTestExtensions: https://github.com/elegantchaos/XCTestExtensions.git @ 1.5.1
  RefreshableScrollView: https://github.com/elegantchaos/RefreshableScrollView.git @ 1.3.1
resolved source packages: Matchable, FastList, XCTestExtensions, RefreshableScrollView
2026-09-18 16:15:23.149 xcodebuild[531:3053] [MT] IDERunDestination: Supported platforms for the buildables in the current scheme is empty.
2026-09-18 16:15:23.299 xcodebuild[531:3053] [MT] IDERunDestination: Supported platforms for the buildables in the current scheme is empty.
2026-09-18 16:15:24.951 xcodebuild[531:3053] [MT] IDERunDestination: Supported platforms for the buildables in the current scheme is empty.
{
  "dependencies" : [
    {
      "identity" : "refreshablescrollview",
      "requirement" : {
        "range" : [
          {
            "lower_bound" : "1.3.1",
            "upper_bound" : "2.0.0"
          }
        ]
      },
      "type" : "sourceControl",
      "url" : "https://github.com/elegantchaos/RefreshableScrollView.git"
    },
    {
      "identity" : "xctestextensions",
      "requirement" : {
        "range" : [
          {
            "lower_bound" : "1.4.2",
            "upper_bound" : "2.0.0"
          }
        ]
      },
      "type" : "sourceControl",
      "url" : "https://github.com/elegantchaos/XCTestExtensions.git"
    }
  ],
  "manifest_display_name" : "FastList",
  "name" : "FastList",
  "path" : "/Users/admin/builder/spi-builder-workspace",
  "platforms" : [
    {
      "name" : "macos",
      "version" : "12.0"
    },
    {
      "name" : "ios",
      "version" : "15.0"
    },
    {
      "name" : "tvos",
      "version" : "15.0"
    },
    {
      "name" : "watchos",
      "version" : "8.0"
    }
  ],
  "products" : [
    {
      "name" : "FastList",
      "targets" : [
        "FastList"
      ],
      "type" : {
        "library" : [
          "automatic"
        ]
      }
    }
  ],
  "targets" : [
    {
      "c99name" : "FastListTests",
      "module_type" : "SwiftTarget",
      "name" : "FastListTests",
      "path" : "Tests/FastListTests",
      "product_dependencies" : [
        "XCTestExtensions"
      ],
      "sources" : [
        "FastListTests.swift"
      ],
      "target_dependencies" : [
        "FastList"
      ],
      "type" : "test"
    },
    {
      "c99name" : "FastList",
      "module_type" : "SwiftTarget",
      "name" : "FastList",
      "path" : "Sources/FastList",
      "product_dependencies" : [
        "RefreshableScrollView"
      ],
      "product_memberships" : [
        "FastList"
      ],
      "sources" : [
        "FastList.swift",
        "InnerListView.swift",
        "ListConfiguration.swift"
      ],
      "type" : "library"
    }
  ],
  "tools_version" : "5.5"
}
{
  "workspace" : {
    "name" : "FastList",
    "schemes" : [
      "FastList",
      "Matchable",
      "RefreshableScrollView",
      "XCTestExtensions"
    ]
  }
}
2026-09-18 16:16:15.792 xcodebuild[765:4664] [MT] IDERunDestination: Supported platforms for the buildables in the current scheme is empty.
2026-09-18 16:16:15.936 xcodebuild[765:4664] [MT] IDERunDestination: Supported platforms for the buildables in the current scheme is empty.
{
  "workspace" : {
    "name" : "FastList",
    "schemes" : [
      "FastList",
      "Matchable",
      "RefreshableScrollView",
      "XCTestExtensions"
    ]
  }
}
2026-09-18 16:16:16.865 xcodebuild[767:4715] [MT] IDERunDestination: Supported platforms for the buildables in the current scheme is empty.
2026-09-18 16:16:16.986 xcodebuild[767:4715] [MT] IDERunDestination: Supported platforms for the buildables in the current scheme is empty.
Running build ...
env DEVELOPER_DIR=/Applications/Xcode-27.0.0-Release.Candidate.app xcrun xcodebuild -IDEClonedSourcePackagesDirPathOverride=$PWD/.dependencies -skipMacroValidation -skipPackagePluginValidation -derivedDataPath $PWD/.derivedData build -scheme FastList -destination generic/platform=xrOS
Command line invocation:
    /Applications/Xcode-27.0.0-Release.Candidate.app/Contents/Developer/usr/bin/xcodebuild -IDEClonedSourcePackagesDirPathOverride=/Users/admin/builder/spi-builder-workspace/.dependencies -skipMacroValidation -skipPackagePluginValidation -derivedDataPath /Users/admin/builder/spi-builder-workspace/.derivedData build -scheme FastList -destination generic/platform=xrOS
Resolve Package Graph
Resolve Package Graph
Resolved source packages:
  FastList: /Users/admin/builder/spi-builder-workspace
  RefreshableScrollView: https://github.com/elegantchaos/RefreshableScrollView.git @ 1.3.1
  XCTestExtensions: https://github.com/elegantchaos/XCTestExtensions.git @ 1.5.1
  Matchable: https://github.com/elegantchaos/Matchable.git @ 1.0.7
ComputePackagePrebuildTargetDependencyGraph
Prepare packages
CreateBuildRequest
SendProjectDescription
CreateBuildOperation
ComputeTargetDependencyGraph
note: Building targets in dependency order
note: Target dependency graph (9 targets)
    Target 'FastListTests-product' in project 'FastList'
        ➜ Explicit dependency on target 'FastList' in project 'FastList'
        ➜ Explicit dependency on target 'RefreshableScrollView-product' in project 'RefreshableScrollView'
        ➜ Explicit dependency on target 'XCTestExtensions-product' in project 'XCTestExtensions'
    Target 'XCTestExtensions-product' in project 'XCTestExtensions'
        ➜ Explicit dependency on target 'XCTestExtensions' in project 'XCTestExtensions'
        ➜ Explicit dependency on target 'Matchable-product' in project 'Matchable'
    Target 'XCTestExtensions' in project 'XCTestExtensions'
        ➜ Explicit dependency on target 'Matchable-product' in project 'Matchable'
    Target 'Matchable-product' in project 'Matchable'
        ➜ Explicit dependency on target 'Matchable' in project 'Matchable'
    Target 'Matchable' in project 'Matchable' (no dependencies)
    Target 'FastList-product' in project 'FastList'
        ➜ Explicit dependency on target 'FastList' in project 'FastList'
        ➜ Explicit dependency on target 'RefreshableScrollView-product' in project 'RefreshableScrollView'
    Target 'FastList' in project 'FastList'
        ➜ Explicit dependency on target 'RefreshableScrollView-product' in project 'RefreshableScrollView'
    Target 'RefreshableScrollView-product' in project 'RefreshableScrollView'
        ➜ Explicit dependency on target 'RefreshableScrollView' in project 'RefreshableScrollView'
    Target 'RefreshableScrollView' in project 'RefreshableScrollView' (no dependencies)
GatherProvisioningInputs
CreateBuildDescription
ExecuteExternalTool /Applications/Xcode-27.0.0-Release.Candidate.app/Contents/Developer/Toolchains/XcodeDefault.xctoolchain/usr/bin/swiftc --version
ExecuteExternalTool /Applications/Xcode-27.0.0-Release.Candidate.app/Contents/Developer/Toolchains/XcodeDefault.xctoolchain/usr/bin/clang -v -E -dM -isysroot /Applications/Xcode-27.0.0-Release.Candidate.app/Contents/Developer/Platforms/XROS.platform/Developer/SDKs/XROS27.0.sdk -x c -c /dev/null
ExecuteExternalTool /Applications/Xcode-27.0.0-Release.Candidate.app/Contents/Developer/Toolchains/XcodeDefault.xctoolchain/usr/bin/ld -version_details
Build description signature: dc6f1ee750aeba76714a2d939616078a
Build description path: /Users/admin/builder/spi-builder-workspace/.derivedData/Build/Intermediates.noindex/XCBuildData/dc6f1ee750aeba76714a2d939616078a.xcbuilddata
CreateBuildDirectory /Users/admin/builder/spi-builder-workspace/.derivedData/ModuleCache.noindex
    cd /Users/admin/builder/spi-builder-workspace/.swiftpm/xcode
    builtin-create-build-directory /Users/admin/builder/spi-builder-workspace/.derivedData/ModuleCache.noindex
CreateBuildDirectory /Users/admin/builder/spi-builder-workspace/.derivedData/SDKExplicitPrecompiledModules
    cd /Users/admin/builder/spi-builder-workspace/.swiftpm/xcode
    builtin-create-build-directory /Users/admin/builder/spi-builder-workspace/.derivedData/SDKExplicitPrecompiledModules
CreateBuildDirectory /Users/admin/builder/spi-builder-workspace/.derivedData/CompilationCache.noindex
    cd /Users/admin/builder/spi-builder-workspace/.swiftpm/xcode
    builtin-create-build-directory /Users/admin/builder/spi-builder-workspace/.derivedData/CompilationCache.noindex
ClangStatCache /Applications/Xcode-27.0.0-Release.Candidate.app/Contents/Developer/Toolchains/XcodeDefault.xctoolchain/usr/bin/clang-stat-cache /Applications/Xcode-27.0.0-Release.Candidate.app/Contents/Developer/Platforms/XROS.platform/Developer/SDKs/XROS27.0.sdk /Users/admin/builder/spi-builder-workspace/.derivedData/SDKStatCaches.noindex/xros27.0-24M361-e829b21a6f8c9b70876ba0858053c044735bd543db762f57723cac368afd1ce4.sdkstatcache
    cd /Users/admin/builder/spi-builder-workspace/.swiftpm/xcode
    /Applications/Xcode-27.0.0-Release.Candidate.app/Contents/Developer/Toolchains/XcodeDefault.xctoolchain/usr/bin/clang-stat-cache /Applications/Xcode-27.0.0-Release.Candidate.app/Contents/Developer/Platforms/XROS.platform/Developer/SDKs/XROS27.0.sdk -o /Users/admin/builder/spi-builder-workspace/.derivedData/SDKStatCaches.noindex/xros27.0-24M361-e829b21a6f8c9b70876ba0858053c044735bd543db762f57723cac368afd1ce4.sdkstatcache
CreateBuildDirectory /Users/admin/builder/spi-builder-workspace/.derivedData/Build/Intermediates.noindex
    cd /Users/admin/builder/spi-builder-workspace/.swiftpm/xcode
    builtin-create-build-directory /Users/admin/builder/spi-builder-workspace/.derivedData/Build/Intermediates.noindex
CreateBuildDirectory /Users/admin/builder/spi-builder-workspace/.derivedData/Build/Products
    cd /Users/admin/builder/spi-builder-workspace/.swiftpm/xcode
    builtin-create-build-directory /Users/admin/builder/spi-builder-workspace/.derivedData/Build/Products
CreateBuildDirectory /Users/admin/builder/spi-builder-workspace/.derivedData/Build/Intermediates.noindex/SwiftExplicitPrecompiledModules
    cd /Users/admin/builder/spi-builder-workspace/.swiftpm/xcode
    builtin-create-build-directory /Users/admin/builder/spi-builder-workspace/.derivedData/Build/Intermediates.noindex/SwiftExplicitPrecompiledModules
CreateBuildDirectory /Users/admin/builder/spi-builder-workspace/.derivedData/Build/Intermediates.noindex/PrecompiledHeaders
    cd /Users/admin/builder/spi-builder-workspace/.swiftpm/xcode
    builtin-create-build-directory /Users/admin/builder/spi-builder-workspace/.derivedData/Build/Intermediates.noindex/PrecompiledHeaders
CreateBuildDirectory /Users/admin/builder/spi-builder-workspace/.derivedData/Build/Intermediates.noindex/ExplicitPrecompiledModules
    cd /Users/admin/builder/spi-builder-workspace/.swiftpm/xcode
    builtin-create-build-directory /Users/admin/builder/spi-builder-workspace/.derivedData/Build/Intermediates.noindex/ExplicitPrecompiledModules
CreateBuildDirectory /Users/admin/builder/spi-builder-workspace/.derivedData/Build/Intermediates.noindex/EagerLinkingTBDs/Debug-xros
    cd /Users/admin/builder/spi-builder-workspace/.swiftpm/xcode
    builtin-create-build-directory /Users/admin/builder/spi-builder-workspace/.derivedData/Build/Intermediates.noindex/EagerLinkingTBDs/Debug-xros
CreateBuildDirectory /Users/admin/builder/spi-builder-workspace/.derivedData/Build/Products/Debug-xros
    cd /Users/admin/builder/spi-builder-workspace/.swiftpm/xcode
    builtin-create-build-directory /Users/admin/builder/spi-builder-workspace/.derivedData/Build/Products/Debug-xros
CreateBuildDirectory /Users/admin/builder/spi-builder-workspace/.derivedData/Build/Products/Debug-xros/PackageFrameworks
    cd /Users/admin/builder/spi-builder-workspace/.swiftpm/xcode
    builtin-create-build-directory /Users/admin/builder/spi-builder-workspace/.derivedData/Build/Products/Debug-xros/PackageFrameworks
WriteAuxiliaryFile /Users/admin/builder/spi-builder-workspace/.derivedData/Build/Intermediates.noindex/XCTestExtensions.build/Debug-xros/XCTestExtensions-t.build/XCTestExtensions.modulemap (in target 'XCTestExtensions' from project 'XCTestExtensions')
    cd /Users/admin/builder/spi-builder-workspace/.dependencies/checkouts/XCTestExtensions
    write-file /Users/admin/builder/spi-builder-workspace/.derivedData/Build/Intermediates.noindex/XCTestExtensions.build/Debug-xros/XCTestExtensions-t.build/XCTestExtensions.modulemap
WriteAuxiliaryFile /Users/admin/builder/spi-builder-workspace/.derivedData/Build/Intermediates.noindex/XCTestExtensions.build/Debug-xros/XCTestExtensions-t.build/XCTestExtensions.DependencyMetadataFileList (in target 'XCTestExtensions' from project 'XCTestExtensions')
    cd /Users/admin/builder/spi-builder-workspace/.dependencies/checkouts/XCTestExtensions
    write-file /Users/admin/builder/spi-builder-workspace/.derivedData/Build/Intermediates.noindex/XCTestExtensions.build/Debug-xros/XCTestExtensions-t.build/XCTestExtensions.DependencyMetadataFileList
WriteAuxiliaryFile /Users/admin/builder/spi-builder-workspace/.derivedData/Build/Intermediates.noindex/XCTestExtensions.build/Debug-xros/XCTestExtensions-t.build/XCTestExtensions.DependencyStaticMetadataFileList (in target 'XCTestExtensions' from project 'XCTestExtensions')
    cd /Users/admin/builder/spi-builder-workspace/.dependencies/checkouts/XCTestExtensions
    write-file /Users/admin/builder/spi-builder-workspace/.derivedData/Build/Intermediates.noindex/XCTestExtensions.build/Debug-xros/XCTestExtensions-t.build/XCTestExtensions.DependencyStaticMetadataFileList
WriteAuxiliaryFile /Users/admin/builder/spi-builder-workspace/.derivedData/Build/Intermediates.noindex/XCTestExtensions.build/Debug-xros/XCTestExtensions-t.build/Objects-normal/arm64/XCTestExtensions.SwiftFileList (in target 'XCTestExtensions' from project 'XCTestExtensions')
    cd /Users/admin/builder/spi-builder-workspace/.dependencies/checkouts/XCTestExtensions
    write-file /Users/admin/builder/spi-builder-workspace/.derivedData/Build/Intermediates.noindex/XCTestExtensions.build/Debug-xros/XCTestExtensions-t.build/Objects-normal/arm64/XCTestExtensions.SwiftFileList
WriteAuxiliaryFile /Users/admin/builder/spi-builder-workspace/.derivedData/Build/Intermediates.noindex/XCTestExtensions.build/Debug-xros/XCTestExtensions-t.build/Objects-normal/arm64/XCTestExtensions.LinkFileList (in target 'XCTestExtensions' from project 'XCTestExtensions')
    cd /Users/admin/builder/spi-builder-workspace/.dependencies/checkouts/XCTestExtensions
    write-file /Users/admin/builder/spi-builder-workspace/.derivedData/Build/Intermediates.noindex/XCTestExtensions.build/Debug-xros/XCTestExtensions-t.build/Objects-normal/arm64/XCTestExtensions.LinkFileList
WriteAuxiliaryFile /Users/admin/builder/spi-builder-workspace/.derivedData/Build/Intermediates.noindex/XCTestExtensions.build/Debug-xros/XCTestExtensions-t.build/Objects-normal/arm64/XCTestExtensions.SwiftConstValuesFileList (in target 'XCTestExtensions' from project 'XCTestExtensions')
    cd /Users/admin/builder/spi-builder-workspace/.dependencies/checkouts/XCTestExtensions
    write-file /Users/admin/builder/spi-builder-workspace/.derivedData/Build/Intermediates.noindex/XCTestExtensions.build/Debug-xros/XCTestExtensions-t.build/Objects-normal/arm64/XCTestExtensions.SwiftConstValuesFileList
WriteAuxiliaryFile /Users/admin/builder/spi-builder-workspace/.derivedData/Build/Intermediates.noindex/XCTestExtensions.build/Debug-xros/XCTestExtensions-t.build/Objects-normal/arm64/XCTestExtensions-OutputFileMap.json (in target 'XCTestExtensions' from project 'XCTestExtensions')
    cd /Users/admin/builder/spi-builder-workspace/.dependencies/checkouts/XCTestExtensions
    write-file /Users/admin/builder/spi-builder-workspace/.derivedData/Build/Intermediates.noindex/XCTestExtensions.build/Debug-xros/XCTestExtensions-t.build/Objects-normal/arm64/XCTestExtensions-OutputFileMap.json
WriteAuxiliaryFile /Users/admin/builder/spi-builder-workspace/.derivedData/Build/Intermediates.noindex/XCTestExtensions.build/Debug-xros/XCTestExtensions-t.build/Objects-normal/arm64/XCTestExtensions_const_extract_protocols.json (in target 'XCTestExtensions' from project 'XCTestExtensions')
    cd /Users/admin/builder/spi-builder-workspace/.dependencies/checkouts/XCTestExtensions
    write-file /Users/admin/builder/spi-builder-workspace/.derivedData/Build/Intermediates.noindex/XCTestExtensions.build/Debug-xros/XCTestExtensions-t.build/Objects-normal/arm64/XCTestExtensions_const_extract_protocols.json
WriteAuxiliaryFile /Users/admin/builder/spi-builder-workspace/.derivedData/Build/Intermediates.noindex/RefreshableScrollView.build/Debug-xros/RefreshableScrollView-t.build/RefreshableScrollView.DependencyStaticMetadataFileList (in target 'RefreshableScrollView' from project 'RefreshableScrollView')
    cd /Users/admin/builder/spi-builder-workspace/.dependencies/checkouts/RefreshableScrollView
    write-file /Users/admin/builder/spi-builder-workspace/.derivedData/Build/Intermediates.noindex/RefreshableScrollView.build/Debug-xros/RefreshableScrollView-t.build/RefreshableScrollView.DependencyStaticMetadataFileList
WriteAuxiliaryFile /Users/admin/builder/spi-builder-workspace/.derivedData/Build/Intermediates.noindex/RefreshableScrollView.build/Debug-xros/RefreshableScrollView-t.build/RefreshableScrollView.DependencyMetadataFileList (in target 'RefreshableScrollView' from project 'RefreshableScrollView')
    cd /Users/admin/builder/spi-builder-workspace/.dependencies/checkouts/RefreshableScrollView
    write-file /Users/admin/builder/spi-builder-workspace/.derivedData/Build/Intermediates.noindex/RefreshableScrollView.build/Debug-xros/RefreshableScrollView-t.build/RefreshableScrollView.DependencyMetadataFileList
WriteAuxiliaryFile /Users/admin/builder/spi-builder-workspace/.derivedData/Build/Intermediates.noindex/RefreshableScrollView.build/Debug-xros/RefreshableScrollView-t.build/RefreshableScrollView.modulemap (in target 'RefreshableScrollView' from project 'RefreshableScrollView')
    cd /Users/admin/builder/spi-builder-workspace/.dependencies/checkouts/RefreshableScrollView
    write-file /Users/admin/builder/spi-builder-workspace/.derivedData/Build/Intermediates.noindex/RefreshableScrollView.build/Debug-xros/RefreshableScrollView-t.build/RefreshableScrollView.modulemap
Copy /Users/admin/builder/spi-builder-workspace/.derivedData/Build/Intermediates.noindex/GeneratedModuleMaps-xros/XCTestExtensions.modulemap /Users/admin/builder/spi-builder-workspace/.derivedData/Build/Intermediates.noindex/XCTestExtensions.build/Debug-xros/XCTestExtensions-t.build/XCTestExtensions.modulemap (in target 'XCTestExtensions' from project 'XCTestExtensions')
    cd /Users/admin/builder/spi-builder-workspace/.dependencies/checkouts/XCTestExtensions
    builtin-copy -exclude .DS_Store -exclude CVS -exclude .svn -exclude .git -exclude .hg -resolve-src-symlinks /Users/admin/builder/spi-builder-workspace/.derivedData/Build/Intermediates.noindex/XCTestExtensions.build/Debug-xros/XCTestExtensions-t.build/XCTestExtensions.modulemap /Users/admin/builder/spi-builder-workspace/.derivedData/Build/Intermediates.noindex/GeneratedModuleMaps-xros
WriteAuxiliaryFile /Users/admin/builder/spi-builder-workspace/.derivedData/Build/Intermediates.noindex/RefreshableScrollView.build/Debug-xros/RefreshableScrollView-t.build/Objects-normal/arm64/RefreshableScrollView_const_extract_protocols.json (in target 'RefreshableScrollView' from project 'RefreshableScrollView')
    cd /Users/admin/builder/spi-builder-workspace/.dependencies/checkouts/RefreshableScrollView
    write-file /Users/admin/builder/spi-builder-workspace/.derivedData/Build/Intermediates.noindex/RefreshableScrollView.build/Debug-xros/RefreshableScrollView-t.build/Objects-normal/arm64/RefreshableScrollView_const_extract_protocols.json
WriteAuxiliaryFile /Users/admin/builder/spi-builder-workspace/.derivedData/Build/Intermediates.noindex/RefreshableScrollView.build/Debug-xros/RefreshableScrollView-t.build/Objects-normal/arm64/RefreshableScrollView.SwiftFileList (in target 'RefreshableScrollView' from project 'RefreshableScrollView')
    cd /Users/admin/builder/spi-builder-workspace/.dependencies/checkouts/RefreshableScrollView
    write-file /Users/admin/builder/spi-builder-workspace/.derivedData/Build/Intermediates.noindex/RefreshableScrollView.build/Debug-xros/RefreshableScrollView-t.build/Objects-normal/arm64/RefreshableScrollView.SwiftFileList
WriteAuxiliaryFile /Users/admin/builder/spi-builder-workspace/.derivedData/Build/Intermediates.noindex/RefreshableScrollView.build/Debug-xros/RefreshableScrollView-t.build/Objects-normal/arm64/RefreshableScrollView.SwiftConstValuesFileList (in target 'RefreshableScrollView' from project 'RefreshableScrollView')
    cd /Users/admin/builder/spi-builder-workspace/.dependencies/checkouts/RefreshableScrollView
    write-file /Users/admin/builder/spi-builder-workspace/.derivedData/Build/Intermediates.noindex/RefreshableScrollView.build/Debug-xros/RefreshableScrollView-t.build/Objects-normal/arm64/RefreshableScrollView.SwiftConstValuesFileList
WriteAuxiliaryFile /Users/admin/builder/spi-builder-workspace/.derivedData/Build/Intermediates.noindex/RefreshableScrollView.build/Debug-xros/RefreshableScrollView-t.build/Objects-normal/arm64/RefreshableScrollView.LinkFileList (in target 'RefreshableScrollView' from project 'RefreshableScrollView')
    cd /Users/admin/builder/spi-builder-workspace/.dependencies/checkouts/RefreshableScrollView
    write-file /Users/admin/builder/spi-builder-workspace/.derivedData/Build/Intermediates.noindex/RefreshableScrollView.build/Debug-xros/RefreshableScrollView-t.build/Objects-normal/arm64/RefreshableScrollView.LinkFileList
WriteAuxiliaryFile /Users/admin/builder/spi-builder-workspace/.derivedData/Build/Intermediates.noindex/RefreshableScrollView.build/Debug-xros/RefreshableScrollView-t.build/Objects-normal/arm64/RefreshableScrollView-OutputFileMap.json (in target 'RefreshableScrollView' from project 'RefreshableScrollView')
    cd /Users/admin/builder/spi-builder-workspace/.dependencies/checkouts/RefreshableScrollView
    write-file /Users/admin/builder/spi-builder-workspace/.derivedData/Build/Intermediates.noindex/RefreshableScrollView.build/Debug-xros/RefreshableScrollView-t.build/Objects-normal/arm64/RefreshableScrollView-OutputFileMap.json
WriteAuxiliaryFile /Users/admin/builder/spi-builder-workspace/.derivedData/Build/Intermediates.noindex/Matchable.build/Debug-xros/Matchable-t.build/Objects-normal/arm64/Matchable_const_extract_protocols.json (in target 'Matchable' from project 'Matchable')
    cd /Users/admin/builder/spi-builder-workspace/.dependencies/checkouts/Matchable
    write-file /Users/admin/builder/spi-builder-workspace/.derivedData/Build/Intermediates.noindex/Matchable.build/Debug-xros/Matchable-t.build/Objects-normal/arm64/Matchable_const_extract_protocols.json
WriteAuxiliaryFile /Users/admin/builder/spi-builder-workspace/.derivedData/Build/Intermediates.noindex/Matchable.build/Debug-xros/Matchable-t.build/Objects-normal/arm64/Matchable.SwiftFileList (in target 'Matchable' from project 'Matchable')
    cd /Users/admin/builder/spi-builder-workspace/.dependencies/checkouts/Matchable
    write-file /Users/admin/builder/spi-builder-workspace/.derivedData/Build/Intermediates.noindex/Matchable.build/Debug-xros/Matchable-t.build/Objects-normal/arm64/Matchable.SwiftFileList
WriteAuxiliaryFile /Users/admin/builder/spi-builder-workspace/.derivedData/Build/Intermediates.noindex/Matchable.build/Debug-xros/Matchable-t.build/Objects-normal/arm64/Matchable.SwiftConstValuesFileList (in target 'Matchable' from project 'Matchable')
    cd /Users/admin/builder/spi-builder-workspace/.dependencies/checkouts/Matchable
    write-file /Users/admin/builder/spi-builder-workspace/.derivedData/Build/Intermediates.noindex/Matchable.build/Debug-xros/Matchable-t.build/Objects-normal/arm64/Matchable.SwiftConstValuesFileList
WriteAuxiliaryFile /Users/admin/builder/spi-builder-workspace/.derivedData/Build/Intermediates.noindex/Matchable.build/Debug-xros/Matchable-t.build/Objects-normal/arm64/Matchable.LinkFileList (in target 'Matchable' from project 'Matchable')
    cd /Users/admin/builder/spi-builder-workspace/.dependencies/checkouts/Matchable
    write-file /Users/admin/builder/spi-builder-workspace/.derivedData/Build/Intermediates.noindex/Matchable.build/Debug-xros/Matchable-t.build/Objects-normal/arm64/Matchable.LinkFileList
WriteAuxiliaryFile /Users/admin/builder/spi-builder-workspace/.derivedData/Build/Intermediates.noindex/Matchable.build/Debug-xros/Matchable-t.build/Objects-normal/arm64/Matchable-OutputFileMap.json (in target 'Matchable' from project 'Matchable')
    cd /Users/admin/builder/spi-builder-workspace/.dependencies/checkouts/Matchable
    write-file /Users/admin/builder/spi-builder-workspace/.derivedData/Build/Intermediates.noindex/Matchable.build/Debug-xros/Matchable-t.build/Objects-normal/arm64/Matchable-OutputFileMap.json
Copy /Users/admin/builder/spi-builder-workspace/.derivedData/Build/Intermediates.noindex/GeneratedModuleMaps-xros/RefreshableScrollView.modulemap /Users/admin/builder/spi-builder-workspace/.derivedData/Build/Intermediates.noindex/RefreshableScrollView.build/Debug-xros/RefreshableScrollView-t.build/RefreshableScrollView.modulemap (in target 'RefreshableScrollView' from project 'RefreshableScrollView')
    cd /Users/admin/builder/spi-builder-workspace/.dependencies/checkouts/RefreshableScrollView
    builtin-copy -exclude .DS_Store -exclude CVS -exclude .svn -exclude .git -exclude .hg -resolve-src-symlinks /Users/admin/builder/spi-builder-workspace/.derivedData/Build/Intermediates.noindex/RefreshableScrollView.build/Debug-xros/RefreshableScrollView-t.build/RefreshableScrollView.modulemap /Users/admin/builder/spi-builder-workspace/.derivedData/Build/Intermediates.noindex/GeneratedModuleMaps-xros
WriteAuxiliaryFile /Users/admin/builder/spi-builder-workspace/.derivedData/Build/Intermediates.noindex/Matchable.build/Debug-xros/Matchable-t.build/Matchable.modulemap (in target 'Matchable' from project 'Matchable')
    cd /Users/admin/builder/spi-builder-workspace/.dependencies/checkouts/Matchable
    write-file /Users/admin/builder/spi-builder-workspace/.derivedData/Build/Intermediates.noindex/Matchable.build/Debug-xros/Matchable-t.build/Matchable.modulemap
WriteAuxiliaryFile /Users/admin/builder/spi-builder-workspace/.derivedData/Build/Intermediates.noindex/Matchable.build/Debug-xros/Matchable-t.build/Matchable.DependencyStaticMetadataFileList (in target 'Matchable' from project 'Matchable')
    cd /Users/admin/builder/spi-builder-workspace/.dependencies/checkouts/Matchable
    write-file /Users/admin/builder/spi-builder-workspace/.derivedData/Build/Intermediates.noindex/Matchable.build/Debug-xros/Matchable-t.build/Matchable.DependencyStaticMetadataFileList
WriteAuxiliaryFile /Users/admin/builder/spi-builder-workspace/.derivedData/Build/Intermediates.noindex/Matchable.build/Debug-xros/Matchable-t.build/Matchable.DependencyMetadataFileList (in target 'Matchable' from project 'Matchable')
    cd /Users/admin/builder/spi-builder-workspace/.dependencies/checkouts/Matchable
    write-file /Users/admin/builder/spi-builder-workspace/.derivedData/Build/Intermediates.noindex/Matchable.build/Debug-xros/Matchable-t.build/Matchable.DependencyMetadataFileList
WriteAuxiliaryFile /Users/admin/builder/spi-builder-workspace/.derivedData/Build/Intermediates.noindex/FastList.build/Debug-xros/FastListTests-p.build/empty-FastListTests.plist (in target 'FastListTests-product' from project 'FastList')
    cd /Users/admin/builder/spi-builder-workspace
    write-file /Users/admin/builder/spi-builder-workspace/.derivedData/Build/Intermediates.noindex/FastList.build/Debug-xros/FastListTests-p.build/empty-FastListTests.plist
WriteAuxiliaryFile /Users/admin/builder/spi-builder-workspace/.derivedData/Build/Intermediates.noindex/FastList.build/Debug-xros/FastListTests-p.build/Objects-normal/arm64/FastListTests_const_extract_protocols.json (in target 'FastListTests-product' from project 'FastList')
    cd /Users/admin/builder/spi-builder-workspace
    write-file /Users/admin/builder/spi-builder-workspace/.derivedData/Build/Intermediates.noindex/FastList.build/Debug-xros/FastListTests-p.build/Objects-normal/arm64/FastListTests_const_extract_protocols.json
WriteAuxiliaryFile /Users/admin/builder/spi-builder-workspace/.derivedData/Build/Intermediates.noindex/FastList.build/Debug-xros/FastListTests-p.build/Objects-normal/arm64/FastListTests.SwiftFileList (in target 'FastListTests-product' from project 'FastList')
    cd /Users/admin/builder/spi-builder-workspace
    write-file /Users/admin/builder/spi-builder-workspace/.derivedData/Build/Intermediates.noindex/FastList.build/Debug-xros/FastListTests-p.build/Objects-normal/arm64/FastListTests.SwiftFileList
WriteAuxiliaryFile /Users/admin/builder/spi-builder-workspace/.derivedData/Build/Intermediates.noindex/FastList.build/Debug-xros/FastListTests-p.build/Objects-normal/arm64/FastListTests.SwiftConstValuesFileList (in target 'FastListTests-product' from project 'FastList')
    cd /Users/admin/builder/spi-builder-workspace
    write-file /Users/admin/builder/spi-builder-workspace/.derivedData/Build/Intermediates.noindex/FastList.build/Debug-xros/FastListTests-p.build/Objects-normal/arm64/FastListTests.SwiftConstValuesFileList
WriteAuxiliaryFile /Users/admin/builder/spi-builder-workspace/.derivedData/Build/Intermediates.noindex/FastList.build/Debug-xros/FastListTests-p.build/Objects-normal/arm64/FastListTests.LinkFileList (in target 'FastListTests-product' from project 'FastList')
    cd /Users/admin/builder/spi-builder-workspace
    write-file /Users/admin/builder/spi-builder-workspace/.derivedData/Build/Intermediates.noindex/FastList.build/Debug-xros/FastListTests-p.build/Objects-normal/arm64/FastListTests.LinkFileList
WriteAuxiliaryFile /Users/admin/builder/spi-builder-workspace/.derivedData/Build/Intermediates.noindex/FastList.build/Debug-xros/FastListTests-p.build/Objects-normal/arm64/FastListTests-OutputFileMap.json (in target 'FastListTests-product' from project 'FastList')
    cd /Users/admin/builder/spi-builder-workspace
    write-file /Users/admin/builder/spi-builder-workspace/.derivedData/Build/Intermediates.noindex/FastList.build/Debug-xros/FastListTests-p.build/Objects-normal/arm64/FastListTests-OutputFileMap.json
Copy /Users/admin/builder/spi-builder-workspace/.derivedData/Build/Intermediates.noindex/GeneratedModuleMaps-xros/Matchable.modulemap /Users/admin/builder/spi-builder-workspace/.derivedData/Build/Intermediates.noindex/Matchable.build/Debug-xros/Matchable-t.build/Matchable.modulemap (in target 'Matchable' from project 'Matchable')
    cd /Users/admin/builder/spi-builder-workspace/.dependencies/checkouts/Matchable
    builtin-copy -exclude .DS_Store -exclude CVS -exclude .svn -exclude .git -exclude .hg -resolve-src-symlinks /Users/admin/builder/spi-builder-workspace/.derivedData/Build/Intermediates.noindex/Matchable.build/Debug-xros/Matchable-t.build/Matchable.modulemap /Users/admin/builder/spi-builder-workspace/.derivedData/Build/Intermediates.noindex/GeneratedModuleMaps-xros
WriteAuxiliaryFile /Users/admin/builder/spi-builder-workspace/.derivedData/Build/Intermediates.noindex/FastList.build/Debug-xros/FastListTests-p.build/FastListTests.DependencyStaticMetadataFileList (in target 'FastListTests-product' from project 'FastList')
    cd /Users/admin/builder/spi-builder-workspace
    write-file /Users/admin/builder/spi-builder-workspace/.derivedData/Build/Intermediates.noindex/FastList.build/Debug-xros/FastListTests-p.build/FastListTests.DependencyStaticMetadataFileList
WriteAuxiliaryFile /Users/admin/builder/spi-builder-workspace/.derivedData/Build/Intermediates.noindex/FastList.build/Debug-xros/FastListTests-p.build/FastListTests.DependencyMetadataFileList (in target 'FastListTests-product' from project 'FastList')
    cd /Users/admin/builder/spi-builder-workspace
    write-file /Users/admin/builder/spi-builder-workspace/.derivedData/Build/Intermediates.noindex/FastList.build/Debug-xros/FastListTests-p.build/FastListTests.DependencyMetadataFileList
WriteAuxiliaryFile /Users/admin/builder/spi-builder-workspace/.derivedData/Build/Intermediates.noindex/FastList.build/Debug-xros/FastList-t.build/Objects-normal/arm64/FastList.SwiftFileList (in target 'FastList' from project 'FastList')
    cd /Users/admin/builder/spi-builder-workspace
    write-file /Users/admin/builder/spi-builder-workspace/.derivedData/Build/Intermediates.noindex/FastList.build/Debug-xros/FastList-t.build/Objects-normal/arm64/FastList.SwiftFileList
WriteAuxiliaryFile /Users/admin/builder/spi-builder-workspace/.derivedData/Build/Intermediates.noindex/FastList.build/Debug-xros/FastList-t.build/Objects-normal/arm64/FastList_const_extract_protocols.json (in target 'FastList' from project 'FastList')
    cd /Users/admin/builder/spi-builder-workspace
    write-file /Users/admin/builder/spi-builder-workspace/.derivedData/Build/Intermediates.noindex/FastList.build/Debug-xros/FastList-t.build/Objects-normal/arm64/FastList_const_extract_protocols.json
WriteAuxiliaryFile /Users/admin/builder/spi-builder-workspace/.derivedData/Build/Intermediates.noindex/FastList.build/Debug-xros/FastList-t.build/Objects-normal/arm64/FastList.SwiftConstValuesFileList (in target 'FastList' from project 'FastList')
    cd /Users/admin/builder/spi-builder-workspace
    write-file /Users/admin/builder/spi-builder-workspace/.derivedData/Build/Intermediates.noindex/FastList.build/Debug-xros/FastList-t.build/Objects-normal/arm64/FastList.SwiftConstValuesFileList
WriteAuxiliaryFile /Users/admin/builder/spi-builder-workspace/.derivedData/Build/Intermediates.noindex/FastList.build/Debug-xros/FastList-t.build/Objects-normal/arm64/FastList.LinkFileList (in target 'FastList' from project 'FastList')
    cd /Users/admin/builder/spi-builder-workspace
    write-file /Users/admin/builder/spi-builder-workspace/.derivedData/Build/Intermediates.noindex/FastList.build/Debug-xros/FastList-t.build/Objects-normal/arm64/FastList.LinkFileList
WriteAuxiliaryFile /Users/admin/builder/spi-builder-workspace/.derivedData/Build/Intermediates.noindex/FastList.build/Debug-xros/FastList-t.build/Objects-normal/arm64/FastList-OutputFileMap.json (in target 'FastList' from project 'FastList')
    cd /Users/admin/builder/spi-builder-workspace
    write-file /Users/admin/builder/spi-builder-workspace/.derivedData/Build/Intermediates.noindex/FastList.build/Debug-xros/FastList-t.build/Objects-normal/arm64/FastList-OutputFileMap.json
WriteAuxiliaryFile /Users/admin/builder/spi-builder-workspace/.derivedData/Build/Intermediates.noindex/FastList.build/Debug-xros/FastList-t.build/FastList.modulemap (in target 'FastList' from project 'FastList')
    cd /Users/admin/builder/spi-builder-workspace
    write-file /Users/admin/builder/spi-builder-workspace/.derivedData/Build/Intermediates.noindex/FastList.build/Debug-xros/FastList-t.build/FastList.modulemap
WriteAuxiliaryFile /Users/admin/builder/spi-builder-workspace/.derivedData/Build/Intermediates.noindex/FastList.build/Debug-xros/FastList-t.build/FastList.DependencyStaticMetadataFileList (in target 'FastList' from project 'FastList')
    cd /Users/admin/builder/spi-builder-workspace
    write-file /Users/admin/builder/spi-builder-workspace/.derivedData/Build/Intermediates.noindex/FastList.build/Debug-xros/FastList-t.build/FastList.DependencyStaticMetadataFileList
WriteAuxiliaryFile /Users/admin/builder/spi-builder-workspace/.derivedData/Build/Intermediates.noindex/FastList.build/Debug-xros/FastList-t.build/FastList.DependencyMetadataFileList (in target 'FastList' from project 'FastList')
    cd /Users/admin/builder/spi-builder-workspace
    write-file /Users/admin/builder/spi-builder-workspace/.derivedData/Build/Intermediates.noindex/FastList.build/Debug-xros/FastList-t.build/FastList.DependencyMetadataFileList
MkDir /Users/admin/builder/spi-builder-workspace/.derivedData/Build/Products/Debug-xros/FastListTests.xctest (in target 'FastListTests-product' from project 'FastList')
    cd /Users/admin/builder/spi-builder-workspace
    /bin/mkdir -p /Users/admin/builder/spi-builder-workspace/.derivedData/Build/Products/Debug-xros/FastListTests.xctest
Copy /Users/admin/builder/spi-builder-workspace/.derivedData/Build/Intermediates.noindex/GeneratedModuleMaps-xros/FastList.modulemap /Users/admin/builder/spi-builder-workspace/.derivedData/Build/Intermediates.noindex/FastList.build/Debug-xros/FastList-t.build/FastList.modulemap (in target 'FastList' from project 'FastList')
    cd /Users/admin/builder/spi-builder-workspace
    builtin-copy -exclude .DS_Store -exclude CVS -exclude .svn -exclude .git -exclude .hg -resolve-src-symlinks /Users/admin/builder/spi-builder-workspace/.derivedData/Build/Intermediates.noindex/FastList.build/Debug-xros/FastList-t.build/FastList.modulemap /Users/admin/builder/spi-builder-workspace/.derivedData/Build/Intermediates.noindex/GeneratedModuleMaps-xros
SwiftDriver RefreshableScrollView normal arm64 com.apple.xcode.tools.swift.compiler (in target 'RefreshableScrollView' from project 'RefreshableScrollView')
    cd /Users/admin/builder/spi-builder-workspace/.swiftpm/xcode
    builtin-SwiftDriver -- /Applications/Xcode-27.0.0-Release.Candidate.app/Contents/Developer/Toolchains/XcodeDefault.xctoolchain/usr/bin/swiftc -parse-as-library -module-name RefreshableScrollView -Onone @/Users/admin/builder/spi-builder-workspace/.derivedData/Build/Intermediates.noindex/RefreshableScrollView.build/Debug-xros/RefreshableScrollView-t.build/Objects-normal/arm64/RefreshableScrollView.SwiftFileList -DSWIFT_PACKAGE -DDEBUG -DSWIFT_MODULE_RESOURCE_BUNDLE_UNAVAILABLE -DXcode -plugin-path /Applications/Xcode-27.0.0-Release.Candidate.app/Contents/Developer/Toolchains/XcodeDefault.xctoolchain/usr/lib/swift/host/plugins/testing -enable-experimental-feature DebugDescriptionMacro -sdk /Applications/Xcode-27.0.0-Release.Candidate.app/Contents/Developer/Platforms/XROS.platform/Developer/SDKs/XROS27.0.sdk -target arm64-apple-xros1.0 -g -module-cache-path /Users/admin/builder/spi-builder-workspace/.derivedData/ModuleCache.noindex -Xfrontend -serialize-debugging-options -enable-testing -suppress-warnings -index-store-path /Users/admin/builder/spi-builder-workspace/.derivedData/Index.noindex/DataStore -Xcc -D_LIBCPP_HARDENING_MODE\=_LIBCPP_HARDENING_MODE_DEBUG -swift-version 5 -I /Users/admin/builder/spi-builder-workspace/.derivedData/Build/Products/Debug-xros -Isystem /Applications/Xcode-27.0.0-Release.Candidate.app/Contents/Developer/Platforms/XROS.platform/Developer/usr/lib -F /Users/admin/builder/spi-builder-workspace/.derivedData/Build/Products/Debug-xros -F /Applications/Xcode-27.0.0-Release.Candidate.app/Contents/Developer/Platforms/XROS.platform/Developer/Library/Frameworks -F /Applications/Xcode-27.0.0-Release.Candidate.app/Contents/Developer/Platforms/XROS.platform/Developer/SDKs/XROS27.0.sdk/Developer/Library/Frameworks -c -j10 -enable-batch-mode -incremental -Xcc -ivfsstatcache -Xcc /Users/admin/builder/spi-builder-workspace/.derivedData/SDKStatCaches.noindex/xros27.0-24M361-e829b21a6f8c9b70876ba0858053c044735bd543db762f57723cac368afd1ce4.sdkstatcache -output-file-map /Users/admin/builder/spi-builder-workspace/.derivedData/Build/Intermediates.noindex/RefreshableScrollView.build/Debug-xros/RefreshableScrollView-t.build/Objects-normal/arm64/RefreshableScrollView-OutputFileMap.json -save-temps -no-color-diagnostics -explicit-module-build -module-cache-path /Users/admin/builder/spi-builder-workspace/.derivedData/Build/Intermediates.noindex/SwiftExplicitPrecompiledModules -clang-scanner-module-cache-path /Users/admin/builder/spi-builder-workspace/.derivedData/ModuleCache.noindex -sdk-module-cache-path /Users/admin/builder/spi-builder-workspace/.derivedData/SDKExplicitPrecompiledModules -emit-dependencies -emit-module -emit-module-path /Users/admin/builder/spi-builder-workspace/.derivedData/Build/Intermediates.noindex/RefreshableScrollView.build/Debug-xros/RefreshableScrollView-t.build/Objects-normal/arm64/RefreshableScrollView.swiftmodule -serialize-diagnostics -dependency-scan-serialize-diagnostics-path /Users/admin/builder/spi-builder-workspace/.derivedData/Build/Intermediates.noindex/RefreshableScrollView.build/Debug-xros/RefreshableScrollView-t.build/Objects-normal/arm64/RefreshableScrollView-dependency-scan.dia -validate-clang-modules-once -clang-build-session-file /Users/admin/builder/spi-builder-workspace/.derivedData/ModuleCache.noindex/Session.modulevalidation -Xcc -fmodules-prune-interval\=86400 -Xcc -fmodules-prune-after\=345600 -emit-const-values -const-gather-protocols-list /Users/admin/builder/spi-builder-workspace/.derivedData/Build/Intermediates.noindex/RefreshableScrollView.build/Debug-xros/RefreshableScrollView-t.build/Objects-normal/arm64/RefreshableScrollView_const_extract_protocols.json -Xcc -I/Users/admin/builder/spi-builder-workspace/.derivedData/Build/Products/Debug-xros/include -Xcc -I/Users/admin/builder/spi-builder-workspace/.derivedData/Build/Intermediates.noindex/RefreshableScrollView.build/Debug-xros/RefreshableScrollView-t.build/DerivedSources-normal/arm64 -Xcc -I/Users/admin/builder/spi-builder-workspace/.derivedData/Build/Intermediates.noindex/RefreshableScrollView.build/Debug-xros/RefreshableScrollView-t.build/DerivedSources/arm64 -Xcc -I/Users/admin/builder/spi-builder-workspace/.derivedData/Build/Intermediates.noindex/RefreshableScrollView.build/Debug-xros/RefreshableScrollView-t.build/DerivedSources -Xcc -DSWIFT_PACKAGE -Xcc -DDEBUG\=1 -emit-objc-header -emit-objc-header-path /Users/admin/builder/spi-builder-workspace/.derivedData/Build/Intermediates.noindex/RefreshableScrollView.build/Debug-xros/RefreshableScrollView-t.build/Objects-normal/arm64/RefreshableScrollView-Swift.h -working-directory /Users/admin/builder/spi-builder-workspace/.swiftpm/xcode -experimental-emit-module-separately -disable-cmo
SwiftDriver Matchable normal arm64 com.apple.xcode.tools.swift.compiler (in target 'Matchable' from project 'Matchable')
    cd /Users/admin/builder/spi-builder-workspace/.swiftpm/xcode
    builtin-SwiftDriver -- /Applications/Xcode-27.0.0-Release.Candidate.app/Contents/Developer/Toolchains/XcodeDefault.xctoolchain/usr/bin/swiftc -parse-as-library -module-name Matchable -Onone @/Users/admin/builder/spi-builder-workspace/.derivedData/Build/Intermediates.noindex/Matchable.build/Debug-xros/Matchable-t.build/Objects-normal/arm64/Matchable.SwiftFileList -DSWIFT_PACKAGE -DDEBUG -DSWIFT_MODULE_RESOURCE_BUNDLE_UNAVAILABLE -DXcode -plugin-path /Applications/Xcode-27.0.0-Release.Candidate.app/Contents/Developer/Toolchains/XcodeDefault.xctoolchain/usr/lib/swift/host/plugins/testing -enable-experimental-feature DebugDescriptionMacro -sdk /Applications/Xcode-27.0.0-Release.Candidate.app/Contents/Developer/Platforms/XROS.platform/Developer/SDKs/XROS27.0.sdk -target arm64-apple-xros1.0 -g -module-cache-path /Users/admin/builder/spi-builder-workspace/.derivedData/ModuleCache.noindex -Xfrontend -serialize-debugging-options -enable-testing -suppress-warnings -index-store-path /Users/admin/builder/spi-builder-workspace/.derivedData/Index.noindex/DataStore -Xcc -D_LIBCPP_HARDENING_MODE\=_LIBCPP_HARDENING_MODE_DEBUG -swift-version 5 -I /Users/admin/builder/spi-builder-workspace/.derivedData/Build/Products/Debug-xros -Isystem /Applications/Xcode-27.0.0-Release.Candidate.app/Contents/Developer/Platforms/XROS.platform/Developer/usr/lib -F /Users/admin/builder/spi-builder-workspace/.derivedData/Build/Products/Debug-xros -F /Applications/Xcode-27.0.0-Release.Candidate.app/Contents/Developer/Platforms/XROS.platform/Developer/Library/Frameworks -F /Applications/Xcode-27.0.0-Release.Candidate.app/Contents/Developer/Platforms/XROS.platform/Developer/SDKs/XROS27.0.sdk/Developer/Library/Frameworks -c -j10 -enable-batch-mode -incremental -Xcc -ivfsstatcache -Xcc /Users/admin/builder/spi-builder-workspace/.derivedData/SDKStatCaches.noindex/xros27.0-24M361-e829b21a6f8c9b70876ba0858053c044735bd543db762f57723cac368afd1ce4.sdkstatcache -output-file-map /Users/admin/builder/spi-builder-workspace/.derivedData/Build/Intermediates.noindex/Matchable.build/Debug-xros/Matchable-t.build/Objects-normal/arm64/Matchable-OutputFileMap.json -save-temps -no-color-diagnostics -explicit-module-build -module-cache-path /Users/admin/builder/spi-builder-workspace/.derivedData/Build/Intermediates.noindex/SwiftExplicitPrecompiledModules -clang-scanner-module-cache-path /Users/admin/builder/spi-builder-workspace/.derivedData/ModuleCache.noindex -sdk-module-cache-path /Users/admin/builder/spi-builder-workspace/.derivedData/SDKExplicitPrecompiledModules -emit-dependencies -emit-module -emit-module-path /Users/admin/builder/spi-builder-workspace/.derivedData/Build/Intermediates.noindex/Matchable.build/Debug-xros/Matchable-t.build/Objects-normal/arm64/Matchable.swiftmodule -serialize-diagnostics -dependency-scan-serialize-diagnostics-path /Users/admin/builder/spi-builder-workspace/.derivedData/Build/Intermediates.noindex/Matchable.build/Debug-xros/Matchable-t.build/Objects-normal/arm64/Matchable-dependency-scan.dia -validate-clang-modules-once -clang-build-session-file /Users/admin/builder/spi-builder-workspace/.derivedData/ModuleCache.noindex/Session.modulevalidation -Xcc -fmodules-prune-interval\=86400 -Xcc -fmodules-prune-after\=345600 -emit-const-values -const-gather-protocols-list /Users/admin/builder/spi-builder-workspace/.derivedData/Build/Intermediates.noindex/Matchable.build/Debug-xros/Matchable-t.build/Objects-normal/arm64/Matchable_const_extract_protocols.json -Xcc -I/Users/admin/builder/spi-builder-workspace/.derivedData/Build/Products/Debug-xros/include -Xcc -I/Users/admin/builder/spi-builder-workspace/.derivedData/Build/Intermediates.noindex/Matchable.build/Debug-xros/Matchable-t.build/DerivedSources-normal/arm64 -Xcc -I/Users/admin/builder/spi-builder-workspace/.derivedData/Build/Intermediates.noindex/Matchable.build/Debug-xros/Matchable-t.build/DerivedSources/arm64 -Xcc -I/Users/admin/builder/spi-builder-workspace/.derivedData/Build/Intermediates.noindex/Matchable.build/Debug-xros/Matchable-t.build/DerivedSources -Xcc -DSWIFT_PACKAGE -Xcc -DDEBUG\=1 -emit-objc-header -emit-objc-header-path /Users/admin/builder/spi-builder-workspace/.derivedData/Build/Intermediates.noindex/Matchable.build/Debug-xros/Matchable-t.build/Objects-normal/arm64/Matchable-Swift.h -working-directory /Users/admin/builder/spi-builder-workspace/.swiftpm/xcode -experimental-emit-module-separately -disable-cmo
SwiftExplicitDependencyGeneratePcm arm64 /Users/admin/builder/spi-builder-workspace/.derivedData/SDKExplicitPrecompiledModules/ptrauth-1WBA714DZSVUL5JQDJ08CLKZ.pcm
SwiftExplicitDependencyGeneratePcm arm64 /Users/admin/builder/spi-builder-workspace/.derivedData/SDKExplicitPrecompiledModules/_Builtin_float-6WKHNW5S40U2QGHXXGETUDIRA.pcm
SwiftExplicitDependencyGeneratePcm arm64 /Users/admin/builder/spi-builder-workspace/.derivedData/SDKExplicitPrecompiledModules/_Builtin_stdbool-5BU2ADS7JXQMYENKQHW9X8XOU.pcm
SwiftExplicitDependencyGeneratePcm arm64 /Users/admin/builder/spi-builder-workspace/.derivedData/SDKExplicitPrecompiledModules/_AvailabilityInternal-1Q8IQP6M38UWSGZ95UCEY2M44.pcm
SwiftExplicitDependencyGeneratePcm arm64 /Users/admin/builder/spi-builder-workspace/.derivedData/SDKExplicitPrecompiledModules/_SwiftConcurrencyShims-C8XHKSHX96D5YYALNM4W70Z0O.pcm
SwiftExplicitDependencyGeneratePcm arm64 /Users/admin/builder/spi-builder-workspace/.derivedData/SDKExplicitPrecompiledModules/SwiftShims-CI4H5RO9IYFFWQ2COB512Q2S9.pcm
SwiftExplicitDependencyGeneratePcm arm64 /Users/admin/builder/spi-builder-workspace/.derivedData/SDKExplicitPrecompiledModules/ptrcheck-BXA97MNLI4BB0HF5I8MJE403D.pcm
SwiftExplicitDependencyGeneratePcm arm64 /Users/admin/builder/spi-builder-workspace/.derivedData/SDKExplicitPrecompiledModules/_Builtin_stddef-5NQ9Z1GV07GBSRQGAQCGXGVRI.pcm
SwiftExplicitDependencyGeneratePcm arm64 /Users/admin/builder/spi-builder-workspace/.derivedData/SDKExplicitPrecompiledModules/_Builtin_stdarg-CDA349K2K4US766844K8E0PVA.pcm
SwiftExplicitDependencyGeneratePcm arm64 /Users/admin/builder/spi-builder-workspace/.derivedData/SDKExplicitPrecompiledModules/_DarwinFoundation1-5RGRVV2TZ6WC4WZW5IXF8NQ04.pcm
SwiftExplicitDependencyGeneratePcm arm64 /Users/admin/builder/spi-builder-workspace/.derivedData/SDKExplicitPrecompiledModules/_Builtin_limits-425JDMN5HPM3D0UEI8LEHP6NM.pcm
SwiftExplicitDependencyGeneratePcm arm64 /Users/admin/builder/spi-builder-workspace/.derivedData/SDKExplicitPrecompiledModules/_DarwinFoundation2-ENTECK156YEWITZRRBTOCE4KR.pcm
SwiftExplicitDependencyGeneratePcm arm64 /Users/admin/builder/spi-builder-workspace/.derivedData/SDKExplicitPrecompiledModules/string_h-2GT67HHHHK5CF1V1S31LH0PU2.pcm
SwiftExplicitDependencyGeneratePcm arm64 /Users/admin/builder/spi-builder-workspace/.derivedData/SDKExplicitPrecompiledModules/sys_types-AYM0BHR77VKMWZCO2T0XGV2HF.pcm
SwiftExplicitDependencyGeneratePcm arm64 /Users/admin/builder/spi-builder-workspace/.derivedData/SDKExplicitPrecompiledModules/_Builtin_stdint-8OR6T47OOYJA90ZBO3N1USDE.pcm
SwiftExplicitDependencyGeneratePcm arm64 /Users/admin/builder/spi-builder-workspace/.derivedData/SDKExplicitPrecompiledModules/_DarwinFoundation3-9ZHN6JKBS40BBA81RQMV8H0IC.pcm
SwiftExplicitDependencyGeneratePcm arm64 /Users/admin/builder/spi-builder-workspace/.derivedData/SDKExplicitPrecompiledModules/DeveloperToolsSupport-46GOQP8J1QTHLYQSJW81T8UZ3.pcm
SwiftExplicitDependencyGeneratePcm arm64 /Users/admin/builder/spi-builder-workspace/.derivedData/SDKExplicitPrecompiledModules/ShaderGraph-AW1O397P711WTY8KSK8LZX9YA.pcm
SwiftExplicitDependencyGeneratePcm arm64 /Users/admin/builder/spi-builder-workspace/.derivedData/SDKExplicitPrecompiledModules/_Builtin_tgmath-BPYSMHWI520EQRL2HW519ZY7Z.pcm
SwiftExplicitDependencyGeneratePcm arm64 /Users/admin/builder/spi-builder-workspace/.derivedData/SDKExplicitPrecompiledModules/_Builtin_intrinsics-BC5IJI3YI34RQ61ZNVDRDZ6RN.pcm
SwiftExplicitDependencyGeneratePcm arm64 /Users/admin/builder/spi-builder-workspace/.derivedData/SDKExplicitPrecompiledModules/_Builtin_stdatomic-1VUZPM79PNCAHXVBERD53WRSF.pcm
SwiftExplicitDependencyGeneratePcm arm64 /Users/admin/builder/spi-builder-workspace/.derivedData/SDKExplicitPrecompiledModules/_Builtin_inttypes-11B64KJD36B3YOHBR1BBXBJY8.pcm
SwiftExplicitDependencyGeneratePcm arm64 /Users/admin/builder/spi-builder-workspace/.derivedData/SDKExplicitPrecompiledModules/Darwin-60P5LVNQO3ESRRM5DCJ05PFNK.pcm
SwiftExplicitDependencyGeneratePcm arm64 /Users/admin/builder/spi-builder-workspace/.derivedData/SDKExplicitPrecompiledModules/simd-9XXAB17Y6E4BBPQADD61NZ23.pcm
SwiftExplicitDependencyGeneratePcm arm64 /Users/admin/builder/spi-builder-workspace/.derivedData/SDKExplicitPrecompiledModules/MachO-3XTHY7HWV6RF3KXKYQVHUBUXK.pcm
SwiftExplicitDependencyGeneratePcm arm64 /Users/admin/builder/spi-builder-workspace/.derivedData/SDKExplicitPrecompiledModules/ObjectiveC-26TIBFYCEJZVP216ZZAU1X8KN.pcm
SwiftExplicitDependencyGeneratePcm arm64 /Users/admin/builder/spi-builder-workspace/.derivedData/SDKExplicitPrecompiledModules/os_object-692CJ8BG6RE5H04487EJJOVXW.pcm
SwiftExplicitDependencyGeneratePcm arm64 /Users/admin/builder/spi-builder-workspace/.derivedData/SDKExplicitPrecompiledModules/os_workgroup-4U1VXMWIZD80E7PRUQF2G7P9X.pcm
SwiftExplicitDependencyGeneratePcm arm64 /Users/admin/builder/spi-builder-workspace/.derivedData/SDKExplicitPrecompiledModules/Dispatch-CLT3466HKC22GCKAWSCNG0H7T.pcm
SwiftExplicitDependencyGeneratePcm arm64 /Users/admin/builder/spi-builder-workspace/.derivedData/SDKExplicitPrecompiledModules/dnssd-CCUV1M8EULNEQJUXO7L0PJAL4.pcm
SwiftExplicitDependencyGeneratePcm arm64 /Users/admin/builder/spi-builder-workspace/.derivedData/SDKExplicitPrecompiledModules/XPC-EP5EU7FNGP4VOA3EDM18P1KHO.pcm
SwiftExplicitDependencyGeneratePcm arm64 /Users/admin/builder/spi-builder-workspace/.derivedData/SDKExplicitPrecompiledModules/CoreFoundation-AVLTZVCXBU2TO75JCN4AGU8XJ.pcm
SwiftExplicitDependencyGeneratePcm arm64 /Users/admin/builder/spi-builder-workspace/.derivedData/SDKExplicitPrecompiledModules/Spatial-5E0I2846LO3ZE24CSVR2O57TI.pcm
SwiftExplicitDependencyGeneratePcm arm64 /Users/admin/builder/spi-builder-workspace/.derivedData/SDKExplicitPrecompiledModules/os-1004XEJ3IXOOAU0KL58SM3D0K.pcm
SwiftExplicitDependencyGeneratePcm arm64 /Users/admin/builder/spi-builder-workspace/.derivedData/SDKExplicitPrecompiledModules/Security-8TH2M8WJIQMET4SADWX0N8372.pcm
SwiftExplicitDependencyGeneratePcm arm64 /Users/admin/builder/spi-builder-workspace/.derivedData/SDKExplicitPrecompiledModules/CoreGraphics-BFUJ177R223UT2ZI327ZTZY91.pcm
SwiftExplicitDependencyGeneratePcm arm64 /Users/admin/builder/spi-builder-workspace/.derivedData/SDKExplicitPrecompiledModules/CoreAudioTypes-45UXYEQRN95KG6BF2CW0QIYK9.pcm
SwiftExplicitDependencyGeneratePcm arm64 /Users/admin/builder/spi-builder-workspace/.derivedData/SDKExplicitPrecompiledModules/CFNetwork-5MI70N1VLDQSWTX4COWLMSIRO.pcm
SwiftExplicitDependencyGeneratePcm arm64 /Users/admin/builder/spi-builder-workspace/.derivedData/SDKExplicitPrecompiledModules/CoreAudio-CXS3C78T5TQDGLEGXIBJ04WJ4.pcm
SwiftExplicitDependencyGeneratePcm arm64 /Users/admin/builder/spi-builder-workspace/.derivedData/SDKExplicitPrecompiledModules/Foundation-8GON1KVEKRN3NOQI8RETBRWJP.pcm
SwiftExplicitDependencyGeneratePcm arm64 /Users/admin/builder/spi-builder-workspace/.derivedData/SDKExplicitPrecompiledModules/CoreText-6F9TY5TEPCCZ1K2KYM4GMEGHD.pcm
SwiftExplicitDependencyGeneratePcm arm64 /Users/admin/builder/spi-builder-workspace/.derivedData/SDKExplicitPrecompiledModules/ImageIO-5CC6COR9KJYI1UBL7CSHLU2OG.pcm
SwiftExplicitDependencyGeneratePcm arm64 /Users/admin/builder/spi-builder-workspace/.derivedData/SDKExplicitPrecompiledModules/FileProvider-C9I28SI56F2SEVH1BCWTKGODO.pcm
SwiftExplicitDependencyGeneratePcm arm64 /Users/admin/builder/spi-builder-workspace/.derivedData/SDKExplicitPrecompiledModules/Symbols-8G2XC01RPQ5HYIZE6JNUT864I.pcm
SwiftEmitModule normal arm64 Emitting\ module\ for\ Matchable (in target 'Matchable' from project 'Matchable')
SwiftCompile normal arm64 (in target 'Matchable' from project 'Matchable')
    cd /Users/admin/builder/spi-builder-workspace/.swiftpm/xcode

SwiftExplicitDependencyGeneratePcm arm64 /Users/admin/builder/spi-builder-workspace/.derivedData/SDKExplicitPrecompiledModules/OSLog-BNGT87TS0GMBFF7TY70HHB69.pcm
SwiftExplicitDependencyGeneratePcm arm64 /Users/admin/builder/spi-builder-workspace/.derivedData/SDKExplicitPrecompiledModules/CoreTransferable-8TBYAKHCX6UC8QQSS7BD8GQK5.pcm
SwiftExplicitDependencyGeneratePcm arm64 /Users/admin/builder/spi-builder-workspace/.derivedData/SDKExplicitPrecompiledModules/UserNotifications-8IIV1V1FPNAPA4LY1Y23LOM2N.pcm
SwiftExplicitDependencyGeneratePcm arm64 /Users/admin/builder/spi-builder-workspace/.derivedData/SDKExplicitPrecompiledModules/Accessibility-1DR4J4YDVDGAYQTZ0FKZ1PU09.pcm
SwiftExplicitDependencyGeneratePcm arm64 /Users/admin/builder/spi-builder-workspace/.derivedData/SDKExplicitPrecompiledModules/UniformTypeIdentifiers-E5KMWDZEKS4QW9RO1KBRDEXV6.pcm
SwiftExplicitDependencyGeneratePcm arm64 /Users/admin/builder/spi-builder-workspace/.derivedData/SDKExplicitPrecompiledModules/CoreMIDI-7L19IC4ZH9BPYLVTD8IIFWN9R.pcm
SwiftExplicitDependencyGeneratePcm arm64 /Users/admin/builder/spi-builder-workspace/.derivedData/SDKExplicitPrecompiledModules/Network-EQPZZF3W6BWG89K0PY9NZO3T0.pcm
SwiftExplicitDependencyGeneratePcm arm64 /Users/admin/builder/spi-builder-workspace/.derivedData/SDKExplicitPrecompiledModules/LocalAuthentication-9MSPUJ85OBXBTOD7NJCT1GZ0O.pcm
SwiftExplicitDependencyGeneratePcm arm64 /Users/admin/builder/spi-builder-workspace/.derivedData/SDKExplicitPrecompiledModules/IOSurface-5FE9U89GVFF9A7X7AGO2R8ENI.pcm
SwiftExplicitDependencyGeneratePcm arm64 /Users/admin/builder/spi-builder-workspace/.derivedData/SDKExplicitPrecompiledModules/UIUtilities-AOVGLUWEAN6CG2UZFNESGSP6C.pcm
SwiftExplicitDependencyGeneratePcm arm64 /Users/admin/builder/spi-builder-workspace/.derivedData/SDKExplicitPrecompiledModules/DataDetection-BANTQ3WXXGKZJYC0LLB3MD9K0.pcm
SwiftExplicitDependencyGeneratePcm arm64 /Users/admin/builder/spi-builder-workspace/.derivedData/SDKExplicitPrecompiledModules/_LocationEssentials-8GQGFVARUE99D8VJX3TINY0VP.pcm
SwiftExplicitDependencyGeneratePcm arm64 /Users/admin/builder/spi-builder-workspace/.derivedData/SDKExplicitPrecompiledModules/CoreData-73N6Z547OZUEZ8ADGEC6XRHWN.pcm
SwiftCompile normal arm64 Compiling\ RawRepresentable+Matchable.swift /Users/admin/builder/spi-builder-workspace/.dependencies/checkouts/Matchable/Sources/Matchable/RawRepresentable+Matchable.swift (in target 'Matchable' from project 'Matchable')
SwiftCompile normal arm64 /Users/admin/builder/spi-builder-workspace/.dependencies/checkouts/Matchable/Sources/Matchable/RawRepresentable+Matchable.swift (in target 'Matchable' from project 'Matchable')
    cd /Users/admin/builder/spi-builder-workspace/.swiftpm/xcode
    builtin-SwiftPerFileCompile RawRepresentable+Matchable.swift
SwiftCompile normal arm64 Compiling\ Bool+Matchable.swift,\ Collections+Matchable.swift /Users/admin/builder/spi-builder-workspace/.dependencies/checkouts/Matchable/Sources/Matchable/Bool+Matchable.swift /Users/admin/builder/spi-builder-workspace/.dependencies/checkouts/Matchable/Sources/Matchable/Collections+Matchable.swift (in target 'Matchable' from project 'Matchable')
SwiftCompile normal arm64 /Users/admin/builder/spi-builder-workspace/.dependencies/checkouts/Matchable/Sources/Matchable/Bool+Matchable.swift (in target 'Matchable' from project 'Matchable')
    cd /Users/admin/builder/spi-builder-workspace/.swiftpm/xcode
    builtin-SwiftPerFileCompile Bool+Matchable.swift
SwiftCompile normal arm64 /Users/admin/builder/spi-builder-workspace/.dependencies/checkouts/Matchable/Sources/Matchable/Collections+Matchable.swift (in target 'Matchable' from project 'Matchable')
    cd /Users/admin/builder/spi-builder-workspace/.swiftpm/xcode
    builtin-SwiftPerFileCompile Collections+Matchable.swift
SwiftExplicitDependencyGeneratePcm arm64 /Users/admin/builder/spi-builder-workspace/.derivedData/SDKExplicitPrecompiledModules/AudioToolbox-2K3S8EA590EB3GMH6D6784BWZ.pcm
SwiftExplicitDependencyGeneratePcm arm64 /Users/admin/builder/spi-builder-workspace/.derivedData/SDKExplicitPrecompiledModules/AVRouting-55P8FRNK50AFZOMMB2LBBOX33.pcm
SwiftCompile normal arm64 Compiling\ Optional+Matchable.swift /Users/admin/builder/spi-builder-workspace/.dependencies/checkouts/Matchable/Sources/Matchable/Optional+Matchable.swift (in target 'Matchable' from project 'Matchable')
SwiftCompile normal arm64 /Users/admin/builder/spi-builder-workspace/.dependencies/checkouts/Matchable/Sources/Matchable/Optional+Matchable.swift (in target 'Matchable' from project 'Matchable')
    cd /Users/admin/builder/spi-builder-workspace/.swiftpm/xcode
    builtin-SwiftPerFileCompile Optional+Matchable.swift
SwiftExplicitDependencyGeneratePcm arm64 /Users/admin/builder/spi-builder-workspace/.derivedData/SDKExplicitPrecompiledModules/OpenGLES-56BKSYXNVAP91BYZRWAKQZKGI.pcm
SwiftExplicitDependencyGeneratePcm arm64 /Users/admin/builder/spi-builder-workspace/.derivedData/SDKExplicitPrecompiledModules/Metal-EKNUM9P3PRIBHZK1ZBD6BA2T7.pcm
SwiftCompile normal arm64 Compiling\ String+Matchable.swift /Users/admin/builder/spi-builder-workspace/.dependencies/checkouts/Matchable/Sources/Matchable/String+Matchable.swift (in target 'Matchable' from project 'Matchable')
SwiftCompile normal arm64 /Users/admin/builder/spi-builder-workspace/.dependencies/checkouts/Matchable/Sources/Matchable/String+Matchable.swift (in target 'Matchable' from project 'Matchable')
    cd /Users/admin/builder/spi-builder-workspace/.swiftpm/xcode
    builtin-SwiftPerFileCompile String+Matchable.swift
SwiftExplicitDependencyGeneratePcm arm64 /Users/admin/builder/spi-builder-workspace/.derivedData/SDKExplicitPrecompiledModules/CoreLocation-1SN37095DAPVJ068LLP9TBDQX.pcm
SwiftCompile normal arm64 Compiling\ Integer+Matchable.swift /Users/admin/builder/spi-builder-workspace/.dependencies/checkouts/Matchable/Sources/Matchable/Integer+Matchable.swift (in target 'Matchable' from project 'Matchable')
SwiftCompile normal arm64 /Users/admin/builder/spi-builder-workspace/.dependencies/checkouts/Matchable/Sources/Matchable/Integer+Matchable.swift (in target 'Matchable' from project 'Matchable')
    cd /Users/admin/builder/spi-builder-workspace/.swiftpm/xcode
    builtin-SwiftPerFileCompile Integer+Matchable.swift
SwiftDriverJobDiscovery normal arm64 Emitting module for Matchable (in target 'Matchable' from project 'Matchable')
SwiftDriver\ Compilation\ Requirements Matchable normal arm64 com.apple.xcode.tools.swift.compiler (in target 'Matchable' from project 'Matchable')
    cd /Users/admin/builder/spi-builder-workspace/.swiftpm/xcode
    builtin-Swift-Compilation-Requirements -- /Applications/Xcode-27.0.0-Release.Candidate.app/Contents/Developer/Toolchains/XcodeDefault.xctoolchain/usr/bin/swiftc -parse-as-library -module-name Matchable -Onone @/Users/admin/builder/spi-builder-workspace/.derivedData/Build/Intermediates.noindex/Matchable.build/Debug-xros/Matchable-t.build/Objects-normal/arm64/Matchable.SwiftFileList -DSWIFT_PACKAGE -DDEBUG -DSWIFT_MODULE_RESOURCE_BUNDLE_UNAVAILABLE -DXcode -plugin-path /Applications/Xcode-27.0.0-Release.Candidate.app/Contents/Developer/Toolchains/XcodeDefault.xctoolchain/usr/lib/swift/host/plugins/testing -enable-experimental-feature DebugDescriptionMacro -sdk /Applications/Xcode-27.0.0-Release.Candidate.app/Contents/Developer/Platforms/XROS.platform/Developer/SDKs/XROS27.0.sdk -target arm64-apple-xros1.0 -g -module-cache-path /Users/admin/builder/spi-builder-workspace/.derivedData/ModuleCache.noindex -Xfrontend -serialize-debugging-options -enable-testing -suppress-warnings -index-store-path /Users/admin/builder/spi-builder-workspace/.derivedData/Index.noindex/DataStore -Xcc -D_LIBCPP_HARDENING_MODE\=_LIBCPP_HARDENING_MODE_DEBUG -swift-version 5 -I /Users/admin/builder/spi-builder-workspace/.derivedData/Build/Products/Debug-xros -Isystem /Applications/Xcode-27.0.0-Release.Candidate.app/Contents/Developer/Platforms/XROS.platform/Developer/usr/lib -F /Users/admin/builder/spi-builder-workspace/.derivedData/Build/Products/Debug-xros -F /Applications/Xcode-27.0.0-Release.Candidate.app/Contents/Developer/Platforms/XROS.platform/Developer/Library/Frameworks -F /Applications/Xcode-27.0.0-Release.Candidate.app/Contents/Developer/Platforms/XROS.platform/Developer/SDKs/XROS27.0.sdk/Developer/Library/Frameworks -c -j10 -enable-batch-mode -incremental -Xcc -ivfsstatcache -Xcc /Users/admin/builder/spi-builder-workspace/.derivedData/SDKStatCaches.noindex/xros27.0-24M361-e829b21a6f8c9b70876ba0858053c044735bd543db762f57723cac368afd1ce4.sdkstatcache -output-file-map /Users/admin/builder/spi-builder-workspace/.derivedData/Build/Intermediates.noindex/Matchable.build/Debug-xros/Matchable-t.build/Objects-normal/arm64/Matchable-OutputFileMap.json -save-temps -no-color-diagnostics -explicit-module-build -module-cache-path /Users/admin/builder/spi-builder-workspace/.derivedData/Build/Intermediates.noindex/SwiftExplicitPrecompiledModules -clang-scanner-module-cache-path /Users/admin/builder/spi-builder-workspace/.derivedData/ModuleCache.noindex -sdk-module-cache-path /Users/admin/builder/spi-builder-workspace/.derivedData/SDKExplicitPrecompiledModules -emit-dependencies -emit-module -emit-module-path /Users/admin/builder/spi-builder-workspace/.derivedData/Build/Intermediates.noindex/Matchable.build/Debug-xros/Matchable-t.build/Objects-normal/arm64/Matchable.swiftmodule -serialize-diagnostics -dependency-scan-serialize-diagnostics-path /Users/admin/builder/spi-builder-workspace/.derivedData/Build/Intermediates.noindex/Matchable.build/Debug-xros/Matchable-t.build/Objects-normal/arm64/Matchable-dependency-scan.dia -validate-clang-modules-once -clang-build-session-file /Users/admin/builder/spi-builder-workspace/.derivedData/ModuleCache.noindex/Session.modulevalidation -Xcc -fmodules-prune-interval\=86400 -Xcc -fmodules-prune-after\=345600 -emit-const-values -const-gather-protocols-list /Users/admin/builder/spi-builder-workspace/.derivedData/Build/Intermediates.noindex/Matchable.build/Debug-xros/Matchable-t.build/Objects-normal/arm64/Matchable_const_extract_protocols.json -Xcc -I/Users/admin/builder/spi-builder-workspace/.derivedData/Build/Products/Debug-xros/include -Xcc -I/Users/admin/builder/spi-builder-workspace/.derivedData/Build/Intermediates.noindex/Matchable.build/Debug-xros/Matchable-t.build/DerivedSources-normal/arm64 -Xcc -I/Users/admin/builder/spi-builder-workspace/.derivedData/Build/Intermediates.noindex/Matchable.build/Debug-xros/Matchable-t.build/DerivedSources/arm64 -Xcc -I/Users/admin/builder/spi-builder-workspace/.derivedData/Build/Intermediates.noindex/Matchable.build/Debug-xros/Matchable-t.build/DerivedSources -Xcc -DSWIFT_PACKAGE -Xcc -DDEBUG\=1 -emit-objc-header -emit-objc-header-path /Users/admin/builder/spi-builder-workspace/.derivedData/Build/Intermediates.noindex/Matchable.build/Debug-xros/Matchable-t.build/Objects-normal/arm64/Matchable-Swift.h -working-directory /Users/admin/builder/spi-builder-workspace/.swiftpm/xcode -experimental-emit-module-separately -disable-cmo
SwiftCompile normal arm64 Compiling\ Date+Matchable.swift /Users/admin/builder/spi-builder-workspace/.dependencies/checkouts/Matchable/Sources/Matchable/Date+Matchable.swift (in target 'Matchable' from project 'Matchable')
SwiftCompile normal arm64 /Users/admin/builder/spi-builder-workspace/.dependencies/checkouts/Matchable/Sources/Matchable/Date+Matchable.swift (in target 'Matchable' from project 'Matchable')
    cd /Users/admin/builder/spi-builder-workspace/.swiftpm/xcode
    builtin-SwiftPerFileCompile Date+Matchable.swift
SwiftMergeGeneratedHeaders /Users/admin/builder/spi-builder-workspace/.derivedData/Build/Intermediates.noindex/GeneratedModuleMaps-xros/Matchable-Swift.h /Users/admin/builder/spi-builder-workspace/.derivedData/Build/Intermediates.noindex/Matchable.build/Debug-xros/Matchable-t.build/Objects-normal/arm64/Matchable-Swift.h (in target 'Matchable' from project 'Matchable')
    cd /Users/admin/builder/spi-builder-workspace/.dependencies/checkouts/Matchable
    builtin-swiftHeaderTool -arch arm64 /Users/admin/builder/spi-builder-workspace/.derivedData/Build/Intermediates.noindex/Matchable.build/Debug-xros/Matchable-t.build/Objects-normal/arm64/Matchable-Swift.h -o /Users/admin/builder/spi-builder-workspace/.derivedData/Build/Intermediates.noindex/GeneratedModuleMaps-xros/Matchable-Swift.h
Copy /Users/admin/builder/spi-builder-workspace/.derivedData/Build/Products/Debug-xros/Matchable.swiftmodule/arm64-apple-xros.swiftmodule /Users/admin/builder/spi-builder-workspace/.derivedData/Build/Intermediates.noindex/Matchable.build/Debug-xros/Matchable-t.build/Objects-normal/arm64/Matchable.swiftmodule (in target 'Matchable' from project 'Matchable')
    cd /Users/admin/builder/spi-builder-workspace/.dependencies/checkouts/Matchable
    builtin-copy -exclude .DS_Store -exclude CVS -exclude .svn -exclude .git -exclude .hg -resolve-src-symlinks -rename /Users/admin/builder/spi-builder-workspace/.derivedData/Build/Intermediates.noindex/Matchable.build/Debug-xros/Matchable-t.build/Objects-normal/arm64/Matchable.swiftmodule /Users/admin/builder/spi-builder-workspace/.derivedData/Build/Products/Debug-xros/Matchable.swiftmodule/arm64-apple-xros.swiftmodule
Copy /Users/admin/builder/spi-builder-workspace/.derivedData/Build/Products/Debug-xros/Matchable.swiftmodule/arm64-apple-xros.swiftdoc /Users/admin/builder/spi-builder-workspace/.derivedData/Build/Intermediates.noindex/Matchable.build/Debug-xros/Matchable-t.build/Objects-normal/arm64/Matchable.swiftdoc (in target 'Matchable' from project 'Matchable')
    cd /Users/admin/builder/spi-builder-workspace/.dependencies/checkouts/Matchable
    builtin-copy -exclude .DS_Store -exclude CVS -exclude .svn -exclude .git -exclude .hg -resolve-src-symlinks -rename /Users/admin/builder/spi-builder-workspace/.derivedData/Build/Intermediates.noindex/Matchable.build/Debug-xros/Matchable-t.build/Objects-normal/arm64/Matchable.swiftdoc /Users/admin/builder/spi-builder-workspace/.derivedData/Build/Products/Debug-xros/Matchable.swiftmodule/arm64-apple-xros.swiftdoc
Copy /Users/admin/builder/spi-builder-workspace/.derivedData/Build/Products/Debug-xros/Matchable.swiftmodule/arm64-apple-xros.abi.json /Users/admin/builder/spi-builder-workspace/.derivedData/Build/Intermediates.noindex/Matchable.build/Debug-xros/Matchable-t.build/Objects-normal/arm64/Matchable.abi.json (in target 'Matchable' from project 'Matchable')
    cd /Users/admin/builder/spi-builder-workspace/.dependencies/checkouts/Matchable
    builtin-copy -exclude .DS_Store -exclude CVS -exclude .svn -exclude .git -exclude .hg -resolve-src-symlinks -rename /Users/admin/builder/spi-builder-workspace/.derivedData/Build/Intermediates.noindex/Matchable.build/Debug-xros/Matchable-t.build/Objects-normal/arm64/Matchable.abi.json /Users/admin/builder/spi-builder-workspace/.derivedData/Build/Products/Debug-xros/Matchable.swiftmodule/arm64-apple-xros.abi.json
Copy /Users/admin/builder/spi-builder-workspace/.derivedData/Build/Products/Debug-xros/Matchable.swiftmodule/Project/arm64-apple-xros.swiftsourceinfo /Users/admin/builder/spi-builder-workspace/.derivedData/Build/Intermediates.noindex/Matchable.build/Debug-xros/Matchable-t.build/Objects-normal/arm64/Matchable.swiftsourceinfo (in target 'Matchable' from project 'Matchable')
    cd /Users/admin/builder/spi-builder-workspace/.dependencies/checkouts/Matchable
    builtin-copy -exclude .DS_Store -exclude CVS -exclude .svn -exclude .git -exclude .hg -resolve-src-symlinks -rename /Users/admin/builder/spi-builder-workspace/.derivedData/Build/Intermediates.noindex/Matchable.build/Debug-xros/Matchable-t.build/Objects-normal/arm64/Matchable.swiftsourceinfo /Users/admin/builder/spi-builder-workspace/.derivedData/Build/Products/Debug-xros/Matchable.swiftmodule/Project/arm64-apple-xros.swiftsourceinfo
SwiftCompile normal arm64 Compiling\ FloatingPoint+Matchable.swift /Users/admin/builder/spi-builder-workspace/.dependencies/checkouts/Matchable/Sources/Matchable/FloatingPoint+Matchable.swift (in target 'Matchable' from project 'Matchable')
SwiftCompile normal arm64 /Users/admin/builder/spi-builder-workspace/.dependencies/checkouts/Matchable/Sources/Matchable/FloatingPoint+Matchable.swift (in target 'Matchable' from project 'Matchable')
    cd /Users/admin/builder/spi-builder-workspace/.swiftpm/xcode
    builtin-SwiftPerFileCompile FloatingPoint+Matchable.swift
SwiftCompile normal arm64 Compiling\ Matchable.swift /Users/admin/builder/spi-builder-workspace/.dependencies/checkouts/Matchable/Sources/Matchable/Matchable.swift (in target 'Matchable' from project 'Matchable')
SwiftCompile normal arm64 /Users/admin/builder/spi-builder-workspace/.dependencies/checkouts/Matchable/Sources/Matchable/Matchable.swift (in target 'Matchable' from project 'Matchable')
    cd /Users/admin/builder/spi-builder-workspace/.swiftpm/xcode
    builtin-SwiftPerFileCompile Matchable.swift
SwiftExplicitDependencyGeneratePcm arm64 /Users/admin/builder/spi-builder-workspace/.derivedData/SDKExplicitPrecompiledModules/CoreMotion-10LV922UPGE28QX2SOIO7ALIZ.pcm
SwiftCompile normal arm64 Compiling\ MatchableCompound.swift /Users/admin/builder/spi-builder-workspace/.dependencies/checkouts/Matchable/Sources/Matchable/MatchableCompound.swift (in target 'Matchable' from project 'Matchable')
SwiftCompile normal arm64 /Users/admin/builder/spi-builder-workspace/.dependencies/checkouts/Matchable/Sources/Matchable/MatchableCompound.swift (in target 'Matchable' from project 'Matchable')
    cd /Users/admin/builder/spi-builder-workspace/.swiftpm/xcode
    builtin-SwiftPerFileCompile MatchableCompound.swift
SwiftExplicitDependencyCompileModuleFromInterface arm64 /Users/admin/builder/spi-builder-workspace/.derivedData/SDKExplicitPrecompiledModules/ShaderGraph-URHKVVOFZL5Z.swiftmodule
SwiftExplicitDependencyGeneratePcm arm64 /Users/admin/builder/spi-builder-workspace/.derivedData/SDKExplicitPrecompiledModules/CoreVideo-E12HJSJSLO0YKWYBES11UKJ02.pcm
SwiftExplicitDependencyGeneratePcm arm64 /Users/admin/builder/spi-builder-workspace/.derivedData/SDKExplicitPrecompiledModules/CoreImage-8WF1P230U10QM666EQMNV7OF1.pcm
SwiftExplicitDependencyGeneratePcm arm64 /Users/admin/builder/spi-builder-workspace/.derivedData/SDKExplicitPrecompiledModules/CoreML-37QYERWC0RQN4IY4377UD0TY1.pcm
SwiftExplicitDependencyGeneratePcm arm64 /Users/admin/builder/spi-builder-workspace/.derivedData/SDKExplicitPrecompiledModules/ARKitFoundation-3N77COW7DLP77CM0PWZXSR9BD.pcm
SwiftExplicitDependencyGeneratePcm arm64 /Users/admin/builder/spi-builder-workspace/.derivedData/SDKExplicitPrecompiledModules/QuartzCore-12T8WVKUNCL1N7VXH87MM4YOB.pcm
SwiftExplicitDependencyGeneratePcm arm64 /Users/admin/builder/spi-builder-workspace/.derivedData/SDKExplicitPrecompiledModules/CoreMedia-D1IBHC28BRHWLNUG1Q75G5YN0.pcm
SwiftExplicitDependencyGeneratePcm arm64 /Users/admin/builder/spi-builder-workspace/.derivedData/SDKExplicitPrecompiledModules/UIKit-2D2PMAAE45TMO6S28UCGCO5BR.pcm
SwiftExplicitDependencyGeneratePcm arm64 /Users/admin/builder/spi-builder-workspace/.derivedData/SDKExplicitPrecompiledModules/MediaToolbox-1J5U29ERBPNPI1HKEJHXOP8EV.pcm
SwiftDriverJobDiscovery normal arm64 Compiling MatchableCompound.swift (in target 'Matchable' from project 'Matchable')
SwiftExplicitDependencyGeneratePcm arm64 /Users/admin/builder/spi-builder-workspace/.derivedData/SDKExplicitPrecompiledModules/VideoToolbox-7I4MDYIPJ4IWU1ZSL4JE3I7M6.pcm
SwiftDriverJobDiscovery normal arm64 Compiling Bool+Matchable.swift, Collections+Matchable.swift (in target 'Matchable' from project 'Matchable')
SwiftExplicitDependencyGeneratePcm arm64 /Users/admin/builder/spi-builder-workspace/.derivedData/SDKExplicitPrecompiledModules/Vision-DVVG9MQGC3IMTVPTC1691MQ6Z.pcm
SwiftExplicitDependencyGeneratePcm arm64 /Users/admin/builder/spi-builder-workspace/.derivedData/SDKExplicitPrecompiledModules/AVFAudio-E8GATWFYYBEBB41O9N0LRRGYC.pcm
SwiftExplicitDependencyGeneratePcm arm64 /Users/admin/builder/spi-builder-workspace/.derivedData/SDKExplicitPrecompiledModules/SwiftUICore-6OBBMA39VFD4CB6SG2PE41FAP.pcm
SwiftDriverJobDiscovery normal arm64 Compiling RawRepresentable+Matchable.swift (in target 'Matchable' from project 'Matchable')
SwiftCompile normal arm64 Compiling\ MatchFailedError.swift /Users/admin/builder/spi-builder-workspace/.dependencies/checkouts/Matchable/Sources/Matchable/MatchFailedError.swift (in target 'Matchable' from project 'Matchable')
SwiftCompile normal arm64 /Users/admin/builder/spi-builder-workspace/.dependencies/checkouts/Matchable/Sources/Matchable/MatchFailedError.swift (in target 'Matchable' from project 'Matchable')
    cd /Users/admin/builder/spi-builder-workspace/.swiftpm/xcode
    builtin-SwiftPerFileCompile MatchFailedError.swift
SwiftDriverJobDiscovery normal arm64 Compiling FloatingPoint+Matchable.swift (in target 'Matchable' from project 'Matchable')
SwiftDriverJobDiscovery normal arm64 Compiling Date+Matchable.swift (in target 'Matchable' from project 'Matchable')
SwiftDriverJobDiscovery normal arm64 Compiling Optional+Matchable.swift (in target 'Matchable' from project 'Matchable')
SwiftDriverJobDiscovery normal arm64 Compiling Integer+Matchable.swift (in target 'Matchable' from project 'Matchable')
SwiftDriverJobDiscovery normal arm64 Compiling String+Matchable.swift (in target 'Matchable' from project 'Matchable')
SwiftDriver XCTestExtensions normal arm64 com.apple.xcode.tools.swift.compiler (in target 'XCTestExtensions' from project 'XCTestExtensions')
    cd /Users/admin/builder/spi-builder-workspace/.swiftpm/xcode
    builtin-SwiftDriver -- /Applications/Xcode-27.0.0-Release.Candidate.app/Contents/Developer/Toolchains/XcodeDefault.xctoolchain/usr/bin/swiftc -parse-as-library -module-name XCTestExtensions -Onone @/Users/admin/builder/spi-builder-workspace/.derivedData/Build/Intermediates.noindex/XCTestExtensions.build/Debug-xros/XCTestExtensions-t.build/Objects-normal/arm64/XCTestExtensions.SwiftFileList -DSWIFT_PACKAGE -DDEBUG -DSWIFT_MODULE_RESOURCE_BUNDLE_UNAVAILABLE -DXcode -plugin-path /Applications/Xcode-27.0.0-Release.Candidate.app/Contents/Developer/Toolchains/XcodeDefault.xctoolchain/usr/lib/swift/host/plugins/testing -enable-experimental-feature DebugDescriptionMacro -sdk /Applications/Xcode-27.0.0-Release.Candidate.app/Contents/Developer/Platforms/XROS.platform/Developer/SDKs/XROS27.0.sdk -target arm64-apple-xros1.0 -g -module-cache-path /Users/admin/builder/spi-builder-workspace/.derivedData/ModuleCache.noindex -Xfrontend -serialize-debugging-options -enable-testing -suppress-warnings -index-store-path /Users/admin/builder/spi-builder-workspace/.derivedData/Index.noindex/DataStore -Xcc -D_LIBCPP_HARDENING_MODE\=_LIBCPP_HARDENING_MODE_DEBUG -swift-version 5 -I /Users/admin/builder/spi-builder-workspace/.derivedData/Build/Products/Debug-xros -Isystem /Applications/Xcode-27.0.0-Release.Candidate.app/Contents/Developer/Platforms/XROS.platform/Developer/usr/lib -F /Users/admin/builder/spi-builder-workspace/.derivedData/Build/Products/Debug-xros/PackageFrameworks -F /Users/admin/builder/spi-builder-workspace/.derivedData/Build/Products/Debug-xros -F /Applications/Xcode-27.0.0-Release.Candidate.app/Contents/Developer/Platforms/XROS.platform/Developer/Library/Frameworks -F /Applications/Xcode-27.0.0-Release.Candidate.app/Contents/Developer/Platforms/XROS.platform/Developer/SDKs/XROS27.0.sdk/Developer/Library/Frameworks -c -j10 -enable-batch-mode -incremental -Xcc -ivfsstatcache -Xcc /Users/admin/builder/spi-builder-workspace/.derivedData/SDKStatCaches.noindex/xros27.0-24M361-e829b21a6f8c9b70876ba0858053c044735bd543db762f57723cac368afd1ce4.sdkstatcache -output-file-map /Users/admin/builder/spi-builder-workspace/.derivedData/Build/Intermediates.noindex/XCTestExtensions.build/Debug-xros/XCTestExtensions-t.build/Objects-normal/arm64/XCTestExtensions-OutputFileMap.json -save-temps -no-color-diagnostics -explicit-module-build -module-cache-path /Users/admin/builder/spi-builder-workspace/.derivedData/Build/Intermediates.noindex/SwiftExplicitPrecompiledModules -clang-scanner-module-cache-path /Users/admin/builder/spi-builder-workspace/.derivedData/ModuleCache.noindex -sdk-module-cache-path /Users/admin/builder/spi-builder-workspace/.derivedData/SDKExplicitPrecompiledModules -emit-dependencies -emit-module -emit-module-path /Users/admin/builder/spi-builder-workspace/.derivedData/Build/Intermediates.noindex/XCTestExtensions.build/Debug-xros/XCTestExtensions-t.build/Objects-normal/arm64/XCTestExtensions.swiftmodule -serialize-diagnostics -dependency-scan-serialize-diagnostics-path /Users/admin/builder/spi-builder-workspace/.derivedData/Build/Intermediates.noindex/XCTestExtensions.build/Debug-xros/XCTestExtensions-t.build/Objects-normal/arm64/XCTestExtensions-dependency-scan.dia -validate-clang-modules-once -clang-build-session-file /Users/admin/builder/spi-builder-workspace/.derivedData/ModuleCache.noindex/Session.modulevalidation -Xcc -fmodules-prune-interval\=86400 -Xcc -fmodules-prune-after\=345600 -emit-const-values -const-gather-protocols-list /Users/admin/builder/spi-builder-workspace/.derivedData/Build/Intermediates.noindex/XCTestExtensions.build/Debug-xros/XCTestExtensions-t.build/Objects-normal/arm64/XCTestExtensions_const_extract_protocols.json -Xcc -I/Users/admin/builder/spi-builder-workspace/.derivedData/Build/Products/Debug-xros/include -Xcc -I/Users/admin/builder/spi-builder-workspace/.derivedData/Build/Intermediates.noindex/XCTestExtensions.build/Debug-xros/XCTestExtensions-t.build/DerivedSources-normal/arm64 -Xcc -I/Users/admin/builder/spi-builder-workspace/.derivedData/Build/Intermediates.noindex/XCTestExtensions.build/Debug-xros/XCTestExtensions-t.build/DerivedSources/arm64 -Xcc -I/Users/admin/builder/spi-builder-workspace/.derivedData/Build/Intermediates.noindex/XCTestExtensions.build/Debug-xros/XCTestExtensions-t.build/DerivedSources -Xcc -DSWIFT_PACKAGE -Xcc -DDEBUG\=1 -emit-objc-header -emit-objc-header-path /Users/admin/builder/spi-builder-workspace/.derivedData/Build/Intermediates.noindex/XCTestExtensions.build/Debug-xros/XCTestExtensions-t.build/Objects-normal/arm64/XCTestExtensions-Swift.h -working-directory /Users/admin/builder/spi-builder-workspace/.swiftpm/xcode -experimental-emit-module-separately -disable-cmo
SwiftDriverJobDiscovery normal arm64 Compiling Matchable.swift (in target 'Matchable' from project 'Matchable')
SwiftExplicitDependencyGeneratePcm arm64 /Users/admin/builder/spi-builder-workspace/.derivedData/SDKExplicitPrecompiledModules/SwiftUI-77PUPXISY3V3TUF5FJEHUQC86.pcm
SwiftExplicitDependencyGeneratePcm arm64 /Users/admin/builder/spi-builder-workspace/.derivedData/SDKExplicitPrecompiledModules/GameController-7QL0VMQHE24OWQFUR0UFT89DW.pcm
SwiftDriverJobDiscovery normal arm64 Compiling MatchFailedError.swift (in target 'Matchable' from project 'Matchable')
SwiftDriver\ Compilation Matchable normal arm64 com.apple.xcode.tools.swift.compiler (in target 'Matchable' from project 'Matchable')
    cd /Users/admin/builder/spi-builder-workspace/.swiftpm/xcode
    builtin-Swift-Compilation -- /Applications/Xcode-27.0.0-Release.Candidate.app/Contents/Developer/Toolchains/XcodeDefault.xctoolchain/usr/bin/swiftc -parse-as-library -module-name Matchable -Onone @/Users/admin/builder/spi-builder-workspace/.derivedData/Build/Intermediates.noindex/Matchable.build/Debug-xros/Matchable-t.build/Objects-normal/arm64/Matchable.SwiftFileList -DSWIFT_PACKAGE -DDEBUG -DSWIFT_MODULE_RESOURCE_BUNDLE_UNAVAILABLE -DXcode -plugin-path /Applications/Xcode-27.0.0-Release.Candidate.app/Contents/Developer/Toolchains/XcodeDefault.xctoolchain/usr/lib/swift/host/plugins/testing -enable-experimental-feature DebugDescriptionMacro -sdk /Applications/Xcode-27.0.0-Release.Candidate.app/Contents/Developer/Platforms/XROS.platform/Developer/SDKs/XROS27.0.sdk -target arm64-apple-xros1.0 -g -module-cache-path /Users/admin/builder/spi-builder-workspace/.derivedData/ModuleCache.noindex -Xfrontend -serialize-debugging-options -enable-testing -suppress-warnings -index-store-path /Users/admin/builder/spi-builder-workspace/.derivedData/Index.noindex/DataStore -Xcc -D_LIBCPP_HARDENING_MODE\=_LIBCPP_HARDENING_MODE_DEBUG -swift-version 5 -I /Users/admin/builder/spi-builder-workspace/.derivedData/Build/Products/Debug-xros -Isystem /Applications/Xcode-27.0.0-Release.Candidate.app/Contents/Developer/Platforms/XROS.platform/Developer/usr/lib -F /Users/admin/builder/spi-builder-workspace/.derivedData/Build/Products/Debug-xros -F /Applications/Xcode-27.0.0-Release.Candidate.app/Contents/Developer/Platforms/XROS.platform/Developer/Library/Frameworks -F /Applications/Xcode-27.0.0-Release.Candidate.app/Contents/Developer/Platforms/XROS.platform/Developer/SDKs/XROS27.0.sdk/Developer/Library/Frameworks -c -j10 -enable-batch-mode -incremental -Xcc -ivfsstatcache -Xcc /Users/admin/builder/spi-builder-workspace/.derivedData/SDKStatCaches.noindex/xros27.0-24M361-e829b21a6f8c9b70876ba0858053c044735bd543db762f57723cac368afd1ce4.sdkstatcache -output-file-map /Users/admin/builder/spi-builder-workspace/.derivedData/Build/Intermediates.noindex/Matchable.build/Debug-xros/Matchable-t.build/Objects-normal/arm64/Matchable-OutputFileMap.json -save-temps -no-color-diagnostics -explicit-module-build -module-cache-path /Users/admin/builder/spi-builder-workspace/.derivedData/Build/Intermediates.noindex/SwiftExplicitPrecompiledModules -clang-scanner-module-cache-path /Users/admin/builder/spi-builder-workspace/.derivedData/ModuleCache.noindex -sdk-module-cache-path /Users/admin/builder/spi-builder-workspace/.derivedData/SDKExplicitPrecompiledModules -emit-dependencies -emit-module -emit-module-path /Users/admin/builder/spi-builder-workspace/.derivedData/Build/Intermediates.noindex/Matchable.build/Debug-xros/Matchable-t.build/Objects-normal/arm64/Matchable.swiftmodule -serialize-diagnostics -dependency-scan-serialize-diagnostics-path /Users/admin/builder/spi-builder-workspace/.derivedData/Build/Intermediates.noindex/Matchable.build/Debug-xros/Matchable-t.build/Objects-normal/arm64/Matchable-dependency-scan.dia -validate-clang-modules-once -clang-build-session-file /Users/admin/builder/spi-builder-workspace/.derivedData/ModuleCache.noindex/Session.modulevalidation -Xcc -fmodules-prune-interval\=86400 -Xcc -fmodules-prune-after\=345600 -emit-const-values -const-gather-protocols-list /Users/admin/builder/spi-builder-workspace/.derivedData/Build/Intermediates.noindex/Matchable.build/Debug-xros/Matchable-t.build/Objects-normal/arm64/Matchable_const_extract_protocols.json -Xcc -I/Users/admin/builder/spi-builder-workspace/.derivedData/Build/Products/Debug-xros/include -Xcc -I/Users/admin/builder/spi-builder-workspace/.derivedData/Build/Intermediates.noindex/Matchable.build/Debug-xros/Matchable-t.build/DerivedSources-normal/arm64 -Xcc -I/Users/admin/builder/spi-builder-workspace/.derivedData/Build/Intermediates.noindex/Matchable.build/Debug-xros/Matchable-t.build/DerivedSources/arm64 -Xcc -I/Users/admin/builder/spi-builder-workspace/.derivedData/Build/Intermediates.noindex/Matchable.build/Debug-xros/Matchable-t.build/DerivedSources -Xcc -DSWIFT_PACKAGE -Xcc -DDEBUG\=1 -emit-objc-header -emit-objc-header-path /Users/admin/builder/spi-builder-workspace/.derivedData/Build/Intermediates.noindex/Matchable.build/Debug-xros/Matchable-t.build/Objects-normal/arm64/Matchable-Swift.h -working-directory /Users/admin/builder/spi-builder-workspace/.swiftpm/xcode -experimental-emit-module-separately -disable-cmo
Ld /Users/admin/builder/spi-builder-workspace/.derivedData/Build/Products/Debug-xros/Matchable.o normal (in target 'Matchable' from project 'Matchable')
    cd /Users/admin/builder/spi-builder-workspace/.dependencies/checkouts/Matchable
    /Applications/Xcode-27.0.0-Release.Candidate.app/Contents/Developer/Toolchains/XcodeDefault.xctoolchain/usr/bin/clang -Xlinker -reproducible -target arm64-apple-xros1.0 -r -isysroot /Applications/Xcode-27.0.0-Release.Candidate.app/Contents/Developer/Platforms/XROS.platform/Developer/SDKs/XROS27.0.sdk -O0 -w -Xlinker -no_warn_duplicate_libraries -F/Users/admin/builder/spi-builder-workspace/.derivedData/Build/Intermediates.noindex/EagerLinkingTBDs/Debug-xros -F/Users/admin/builder/spi-builder-workspace/.derivedData/Build/Products/Debug-xros -iframework /Applications/Xcode-27.0.0-Release.Candidate.app/Contents/Developer/Platforms/XROS.platform/Developer/Library/Frameworks -iframework /Applications/Xcode-27.0.0-Release.Candidate.app/Contents/Developer/Platforms/XROS.platform/Developer/SDKs/XROS27.0.sdk/Developer/Library/Frameworks -filelist /Users/admin/builder/spi-builder-workspace/.derivedData/Build/Intermediates.noindex/Matchable.build/Debug-xros/Matchable-t.build/Objects-normal/arm64/Matchable.LinkFileList -nostdlib -Xlinker -object_path_lto -Xlinker /Users/admin/builder/spi-builder-workspace/.derivedData/Build/Intermediates.noindex/Matchable.build/Debug-xros/Matchable-t.build/Objects-normal/arm64/Matchable_lto.o -Xlinker -no_deduplicate -Xlinker -dependency_info -Xlinker /Users/admin/builder/spi-builder-workspace/.derivedData/Build/Intermediates.noindex/Matchable.build/Debug-xros/Matchable-t.build/Objects-normal/arm64/Matchable_dependency_info.dat -fobjc-link-runtime -L/Applications/Xcode-27.0.0-Release.Candidate.app/Contents/Developer/Toolchains/XcodeDefault.xctoolchain/usr/lib/swift/xros -L/usr/lib/swift -Xlinker -add_ast_path -Xlinker /Users/admin/builder/spi-builder-workspace/.derivedData/Build/Intermediates.noindex/Matchable.build/Debug-xros/Matchable-t.build/Objects-normal/arm64/Matchable.swiftmodule -o /Users/admin/builder/spi-builder-workspace/.derivedData/Build/Products/Debug-xros/Matchable.o
SwiftExplicitDependencyGeneratePcm arm64 /Users/admin/builder/spi-builder-workspace/.derivedData/SDKExplicitPrecompiledModules/AVFoundation-DFCX8GQJWVA3CZBITWEHAZEFX.pcm
ExtractAppIntentsMetadata (in target 'Matchable' from project 'Matchable')
    cd /Users/admin/builder/spi-builder-workspace/.dependencies/checkouts/Matchable
    /Applications/Xcode-27.0.0-Release.Candidate.app/Contents/Developer/Toolchains/XcodeDefault.xctoolchain/usr/bin/appintentsmetadataprocessor --toolchain-dir /var/run/com.apple.security.cryptexd/mnt/com.apple.MobileAsset.MetalToolchain-v27.1.266.1.ADYw4l/Metal.xctoolchain --module-name Matchable --sdk-root /Applications/Xcode-27.0.0-Release.Candidate.app/Contents/Developer/Platforms/XROS.platform/Developer/SDKs/XROS27.0.sdk --xcode-version 27A266a --platform-family xrOS --deployment-target 1.0 --bundle-identifier matchable.Matchable --output /Users/admin/builder/spi-builder-workspace/.derivedData/Build/Products/Debug-xros/Matchable.appintents --target-triple arm64-apple-xros1.0 --binary-file /Users/admin/builder/spi-builder-workspace/.derivedData/Build/Products/Debug-xros/Matchable.o --dependency-file /Users/admin/builder/spi-builder-workspace/.derivedData/Build/Intermediates.noindex/Matchable.build/Debug-xros/Matchable-t.build/Objects-normal/arm64/Matchable_dependency_info.dat --stringsdata-file /Users/admin/builder/spi-builder-workspace/.derivedData/Build/Intermediates.noindex/Matchable.build/Debug-xros/Matchable-t.build/Objects-normal/arm64/ExtractedAppShortcutsMetadata.stringsdata --source-file-list /Users/admin/builder/spi-builder-workspace/.derivedData/Build/Intermediates.noindex/Matchable.build/Debug-xros/Matchable-t.build/Objects-normal/arm64/Matchable.SwiftFileList --metadata-file-list /Users/admin/builder/spi-builder-workspace/.derivedData/Build/Intermediates.noindex/Matchable.build/Debug-xros/Matchable-t.build/Matchable.DependencyMetadataFileList --static-metadata-file-list /Users/admin/builder/spi-builder-workspace/.derivedData/Build/Intermediates.noindex/Matchable.build/Debug-xros/Matchable-t.build/Matchable.DependencyStaticMetadataFileList --swift-const-vals-list /Users/admin/builder/spi-builder-workspace/.derivedData/Build/Intermediates.noindex/Matchable.build/Debug-xros/Matchable-t.build/Objects-normal/arm64/Matchable.SwiftConstValuesFileList --force --compile-time-extraction --deployment-aware-processing --no-app-shortcuts-localization
2026-09-18 16:16:27.609 appintentsmetadataprocessor[923:5404] Starting appintentsmetadataprocessor export
2026-09-18 16:16:27.700 appintentsmetadataprocessor[923:5404] Extracted no relevant App Intents symbols, skipping writing output
SwiftExplicitDependencyGeneratePcm arm64 /Users/admin/builder/spi-builder-workspace/.derivedData/SDKExplicitPrecompiledModules/ARKitCore-307YVPJLQNB66BTBIONHZNP86.pcm
SwiftExplicitDependencyGeneratePcm arm64 /Users/admin/builder/spi-builder-workspace/.derivedData/Build/Intermediates.noindex/SwiftExplicitPrecompiledModules/XCUIAutomation-H5WV6GKK3U1PX81ORPJTQUHR.pcm
SwiftExplicitDependencyGeneratePcm arm64 /Users/admin/builder/spi-builder-workspace/.derivedData/SDKExplicitPrecompiledModules/CoreServices-E5J3ISJP36PGDWYO5RAH4PILU.pcm
SwiftExplicitDependencyGeneratePcm arm64 /Users/admin/builder/spi-builder-workspace/.derivedData/Build/Intermediates.noindex/SwiftExplicitPrecompiledModules/XCTest-8UXH2X7DOSRVJFCAILI3M8WH.pcm
SwiftExplicitDependencyCompileModuleFromInterface arm64 /Users/admin/builder/spi-builder-workspace/.derivedData/Build/Intermediates.noindex/SwiftExplicitPrecompiledModules/XCUIAutomation-1ULB2S2VXDY9G.swiftmodule
SwiftExplicitDependencyGeneratePcm arm64 /Users/admin/builder/spi-builder-workspace/.derivedData/SDKExplicitPrecompiledModules/ARKit-27VDPOZ50FG2MJG7OFV6IFQYQ.pcm
SwiftCompile normal arm64 Compiling\ IndicatorView.swift /Users/admin/builder/spi-builder-workspace/.dependencies/checkouts/RefreshableScrollView/Sources/RefreshableScrollView/IndicatorView.swift (in target 'RefreshableScrollView' from project 'RefreshableScrollView')
SwiftCompile normal arm64 /Users/admin/builder/spi-builder-workspace/.dependencies/checkouts/RefreshableScrollView/Sources/RefreshableScrollView/IndicatorView.swift (in target 'RefreshableScrollView' from project 'RefreshableScrollView')
    cd /Users/admin/builder/spi-builder-workspace/.swiftpm/xcode
    builtin-SwiftPerFileCompile IndicatorView.swift
SwiftCompile normal arm64 Compiling\ RefreshState.swift /Users/admin/builder/spi-builder-workspace/.dependencies/checkouts/RefreshableScrollView/Sources/RefreshableScrollView/RefreshState.swift (in target 'RefreshableScrollView' from project 'RefreshableScrollView')
SwiftCompile normal arm64 /Users/admin/builder/spi-builder-workspace/.dependencies/checkouts/RefreshableScrollView/Sources/RefreshableScrollView/RefreshState.swift (in target 'RefreshableScrollView' from project 'RefreshableScrollView')
    cd /Users/admin/builder/spi-builder-workspace/.swiftpm/xcode
    builtin-SwiftPerFileCompile RefreshState.swift
SwiftEmitModule normal arm64 Emitting\ module\ for\ RefreshableScrollView (in target 'RefreshableScrollView' from project 'RefreshableScrollView')
SwiftCompile normal arm64 (in target 'RefreshableScrollView' from project 'RefreshableScrollView')
    cd /Users/admin/builder/spi-builder-workspace/.swiftpm/xcode

SwiftCompile normal arm64 Compiling\ NativeRefreshableScrollView.swift /Users/admin/builder/spi-builder-workspace/.dependencies/checkouts/RefreshableScrollView/Sources/RefreshableScrollView/NativeRefreshableScrollView.swift (in target 'RefreshableScrollView' from project 'RefreshableScrollView')
SwiftCompile normal arm64 /Users/admin/builder/spi-builder-workspace/.dependencies/checkouts/RefreshableScrollView/Sources/RefreshableScrollView/NativeRefreshableScrollView.swift (in target 'RefreshableScrollView' from project 'RefreshableScrollView')
    cd /Users/admin/builder/spi-builder-workspace/.swiftpm/xcode
    builtin-SwiftPerFileCompile NativeRefreshableScrollView.swift
SwiftCompile normal arm64 Compiling\ RefreshableScrollView.swift /Users/admin/builder/spi-builder-workspace/.dependencies/checkouts/RefreshableScrollView/Sources/RefreshableScrollView/RefreshableScrollView.swift (in target 'RefreshableScrollView' from project 'RefreshableScrollView')
SwiftCompile normal arm64 /Users/admin/builder/spi-builder-workspace/.dependencies/checkouts/RefreshableScrollView/Sources/RefreshableScrollView/RefreshableScrollView.swift (in target 'RefreshableScrollView' from project 'RefreshableScrollView')
    cd /Users/admin/builder/spi-builder-workspace/.swiftpm/xcode
    builtin-SwiftPerFileCompile RefreshableScrollView.swift
SwiftCompile normal arm64 Compiling\ BoundsReaderView.swift /Users/admin/builder/spi-builder-workspace/.dependencies/checkouts/RefreshableScrollView/Sources/RefreshableScrollView/BoundsReaderView.swift (in target 'RefreshableScrollView' from project 'RefreshableScrollView')
SwiftCompile normal arm64 /Users/admin/builder/spi-builder-workspace/.dependencies/checkouts/RefreshableScrollView/Sources/RefreshableScrollView/BoundsReaderView.swift (in target 'RefreshableScrollView' from project 'RefreshableScrollView')
    cd /Users/admin/builder/spi-builder-workspace/.swiftpm/xcode
    builtin-SwiftPerFileCompile BoundsReaderView.swift
SwiftCompile normal arm64 Compiling\ CustomActivityView.swift /Users/admin/builder/spi-builder-workspace/.dependencies/checkouts/RefreshableScrollView/Sources/RefreshableScrollView/CustomActivityView.swift (in target 'RefreshableScrollView' from project 'RefreshableScrollView')
SwiftCompile normal arm64 /Users/admin/builder/spi-builder-workspace/.dependencies/checkouts/RefreshableScrollView/Sources/RefreshableScrollView/CustomActivityView.swift (in target 'RefreshableScrollView' from project 'RefreshableScrollView')
    cd /Users/admin/builder/spi-builder-workspace/.swiftpm/xcode
    builtin-SwiftPerFileCompile CustomActivityView.swift
SwiftExplicitDependencyCompileModuleFromInterface arm64 /Users/admin/builder/spi-builder-workspace/.derivedData/Build/Intermediates.noindex/SwiftExplicitPrecompiledModules/XCTest-3R6MGK98ZOBMC.swiftmodule
SwiftEmitModule normal arm64 Emitting\ module\ for\ XCTestExtensions (in target 'XCTestExtensions' from project 'XCTestExtensions')
SwiftCompile normal arm64 (in target 'XCTestExtensions' from project 'XCTestExtensions')
    cd /Users/admin/builder/spi-builder-workspace/.swiftpm/xcode

SwiftCompile normal arm64 Compiling\ XCTestRunner.swift /Users/admin/builder/spi-builder-workspace/.dependencies/checkouts/XCTestExtensions/Sources/XCTestExtensions/XCTestRunner.swift (in target 'XCTestExtensions' from project 'XCTestExtensions')
SwiftCompile normal arm64 /Users/admin/builder/spi-builder-workspace/.dependencies/checkouts/XCTestExtensions/Sources/XCTestExtensions/XCTestRunner.swift (in target 'XCTestExtensions' from project 'XCTestExtensions')
    cd /Users/admin/builder/spi-builder-workspace/.swiftpm/xcode
    builtin-SwiftPerFileCompile XCTestRunner.swift
SwiftCompile normal arm64 Compiling\ XCTAssert+Collections.swift,\ XCTAssert+Matching.swift /Users/admin/builder/spi-builder-workspace/.dependencies/checkouts/XCTestExtensions/Sources/XCTestExtensions/XCTAssert+Collections.swift /Users/admin/builder/spi-builder-workspace/.dependencies/checkouts/XCTestExtensions/Sources/XCTestExtensions/XCTAssert+Matching.swift (in target 'XCTestExtensions' from project 'XCTestExtensions')
SwiftCompile normal arm64 /Users/admin/builder/spi-builder-workspace/.dependencies/checkouts/XCTestExtensions/Sources/XCTestExtensions/XCTAssert+Collections.swift (in target 'XCTestExtensions' from project 'XCTestExtensions')
    cd /Users/admin/builder/spi-builder-workspace/.swiftpm/xcode
    builtin-SwiftPerFileCompile XCTAssert+Collections.swift
SwiftCompile normal arm64 /Users/admin/builder/spi-builder-workspace/.dependencies/checkouts/XCTestExtensions/Sources/XCTestExtensions/XCTAssert+Matching.swift (in target 'XCTestExtensions' from project 'XCTestExtensions')
    cd /Users/admin/builder/spi-builder-workspace/.swiftpm/xcode
    builtin-SwiftPerFileCompile XCTAssert+Matching.swift
SwiftCompile normal arm64 Compiling\ XCTAssert+Result.swift,\ XCTAssert+Types.swift /Users/admin/builder/spi-builder-workspace/.dependencies/checkouts/XCTestExtensions/Sources/XCTestExtensions/XCTAssert+Result.swift /Users/admin/builder/spi-builder-workspace/.dependencies/checkouts/XCTestExtensions/Sources/XCTestExtensions/XCTAssert+Types.swift (in target 'XCTestExtensions' from project 'XCTestExtensions')
SwiftCompile normal arm64 /Users/admin/builder/spi-builder-workspace/.dependencies/checkouts/XCTestExtensions/Sources/XCTestExtensions/XCTAssert+Result.swift (in target 'XCTestExtensions' from project 'XCTestExtensions')
    cd /Users/admin/builder/spi-builder-workspace/.swiftpm/xcode
    builtin-SwiftPerFileCompile XCTAssert+Result.swift
SwiftCompile normal arm64 /Users/admin/builder/spi-builder-workspace/.dependencies/checkouts/XCTestExtensions/Sources/XCTestExtensions/XCTAssert+Types.swift (in target 'XCTestExtensions' from project 'XCTestExtensions')
    cd /Users/admin/builder/spi-builder-workspace/.swiftpm/xcode
    builtin-SwiftPerFileCompile XCTAssert+Types.swift
SwiftDriverJobDiscovery normal arm64 Emitting module for RefreshableScrollView (in target 'RefreshableScrollView' from project 'RefreshableScrollView')
SwiftDriver\ Compilation\ Requirements RefreshableScrollView normal arm64 com.apple.xcode.tools.swift.compiler (in target 'RefreshableScrollView' from project 'RefreshableScrollView')
    cd /Users/admin/builder/spi-builder-workspace/.swiftpm/xcode
    builtin-Swift-Compilation-Requirements -- /Applications/Xcode-27.0.0-Release.Candidate.app/Contents/Developer/Toolchains/XcodeDefault.xctoolchain/usr/bin/swiftc -parse-as-library -module-name RefreshableScrollView -Onone @/Users/admin/builder/spi-builder-workspace/.derivedData/Build/Intermediates.noindex/RefreshableScrollView.build/Debug-xros/RefreshableScrollView-t.build/Objects-normal/arm64/RefreshableScrollView.SwiftFileList -DSWIFT_PACKAGE -DDEBUG -DSWIFT_MODULE_RESOURCE_BUNDLE_UNAVAILABLE -DXcode -plugin-path /Applications/Xcode-27.0.0-Release.Candidate.app/Contents/Developer/Toolchains/XcodeDefault.xctoolchain/usr/lib/swift/host/plugins/testing -enable-experimental-feature DebugDescriptionMacro -sdk /Applications/Xcode-27.0.0-Release.Candidate.app/Contents/Developer/Platforms/XROS.platform/Developer/SDKs/XROS27.0.sdk -target arm64-apple-xros1.0 -g -module-cache-path /Users/admin/builder/spi-builder-workspace/.derivedData/ModuleCache.noindex -Xfrontend -serialize-debugging-options -enable-testing -suppress-warnings -index-store-path /Users/admin/builder/spi-builder-workspace/.derivedData/Index.noindex/DataStore -Xcc -D_LIBCPP_HARDENING_MODE\=_LIBCPP_HARDENING_MODE_DEBUG -swift-version 5 -I /Users/admin/builder/spi-builder-workspace/.derivedData/Build/Products/Debug-xros -Isystem /Applications/Xcode-27.0.0-Release.Candidate.app/Contents/Developer/Platforms/XROS.platform/Developer/usr/lib -F /Users/admin/builder/spi-builder-workspace/.derivedData/Build/Products/Debug-xros -F /Applications/Xcode-27.0.0-Release.Candidate.app/Contents/Developer/Platforms/XROS.platform/Developer/Library/Frameworks -F /Applications/Xcode-27.0.0-Release.Candidate.app/Contents/Developer/Platforms/XROS.platform/Developer/SDKs/XROS27.0.sdk/Developer/Library/Frameworks -c -j10 -enable-batch-mode -incremental -Xcc -ivfsstatcache -Xcc /Users/admin/builder/spi-builder-workspace/.derivedData/SDKStatCaches.noindex/xros27.0-24M361-e829b21a6f8c9b70876ba0858053c044735bd543db762f57723cac368afd1ce4.sdkstatcache -output-file-map /Users/admin/builder/spi-builder-workspace/.derivedData/Build/Intermediates.noindex/RefreshableScrollView.build/Debug-xros/RefreshableScrollView-t.build/Objects-normal/arm64/RefreshableScrollView-OutputFileMap.json -save-temps -no-color-diagnostics -explicit-module-build -module-cache-path /Users/admin/builder/spi-builder-workspace/.derivedData/Build/Intermediates.noindex/SwiftExplicitPrecompiledModules -clang-scanner-module-cache-path /Users/admin/builder/spi-builder-workspace/.derivedData/ModuleCache.noindex -sdk-module-cache-path /Users/admin/builder/spi-builder-workspace/.derivedData/SDKExplicitPrecompiledModules -emit-dependencies -emit-module -emit-module-path /Users/admin/builder/spi-builder-workspace/.derivedData/Build/Intermediates.noindex/RefreshableScrollView.build/Debug-xros/RefreshableScrollView-t.build/Objects-normal/arm64/RefreshableScrollView.swiftmodule -serialize-diagnostics -dependency-scan-serialize-diagnostics-path /Users/admin/builder/spi-builder-workspace/.derivedData/Build/Intermediates.noindex/RefreshableScrollView.build/Debug-xros/RefreshableScrollView-t.build/Objects-normal/arm64/RefreshableScrollView-dependency-scan.dia -validate-clang-modules-once -clang-build-session-file /Users/admin/builder/spi-builder-workspace/.derivedData/ModuleCache.noindex/Session.modulevalidation -Xcc -fmodules-prune-interval\=86400 -Xcc -fmodules-prune-after\=345600 -emit-const-values -const-gather-protocols-list /Users/admin/builder/spi-builder-workspace/.derivedData/Build/Intermediates.noindex/RefreshableScrollView.build/Debug-xros/RefreshableScrollView-t.build/Objects-normal/arm64/RefreshableScrollView_const_extract_protocols.json -Xcc -I/Users/admin/builder/spi-builder-workspace/.derivedData/Build/Products/Debug-xros/include -Xcc -I/Users/admin/builder/spi-builder-workspace/.derivedData/Build/Intermediates.noindex/RefreshableScrollView.build/Debug-xros/RefreshableScrollView-t.build/DerivedSources-normal/arm64 -Xcc -I/Users/admin/builder/spi-builder-workspace/.derivedData/Build/Intermediates.noindex/RefreshableScrollView.build/Debug-xros/RefreshableScrollView-t.build/DerivedSources/arm64 -Xcc -I/Users/admin/builder/spi-builder-workspace/.derivedData/Build/Intermediates.noindex/RefreshableScrollView.build/Debug-xros/RefreshableScrollView-t.build/DerivedSources -Xcc -DSWIFT_PACKAGE -Xcc -DDEBUG\=1 -emit-objc-header -emit-objc-header-path /Users/admin/builder/spi-builder-workspace/.derivedData/Build/Intermediates.noindex/RefreshableScrollView.build/Debug-xros/RefreshableScrollView-t.build/Objects-normal/arm64/RefreshableScrollView-Swift.h -working-directory /Users/admin/builder/spi-builder-workspace/.swiftpm/xcode -experimental-emit-module-separately -disable-cmo
SwiftDriverJobDiscovery normal arm64 Compiling XCTestRunner.swift (in target 'XCTestExtensions' from project 'XCTestExtensions')
SwiftCompile normal arm64 Compiling\ XCUIApplication+UITesting.swift /Users/admin/builder/spi-builder-workspace/.dependencies/checkouts/XCTestExtensions/Sources/XCTestExtensions/XCUIApplication+UITesting.swift (in target 'XCTestExtensions' from project 'XCTestExtensions')
/Users/admin/builder/spi-builder-workspace/.dependencies/checkouts/XCTestExtensions/Sources/XCTestExtensions/XCUIApplication+UITesting.swift:66:26: error: cannot find 'Host' in scope
 64 |             deviceName = UIDevice.current.name
 65 |         #else
 66 |             deviceName = Host.current().name
    |                          `- error: cannot find 'Host' in scope
 67 |         #endif
 68 |         if let deviceName {
Failed frontend command:
/Applications/Xcode-27.0.0-Release.Candidate.app/Contents/Developer/Toolchains/XcodeDefault.xctoolchain/usr/bin/swift-frontend -frontend -c /Users/admin/builder/spi-builder-workspace/.dependencies/checkouts/XCTestExtensions/Sources/XCTestExtensions/XCTAssert+Collections.swift /Users/admin/builder/spi-builder-workspace/.dependencies/checkouts/XCTestExtensions/Sources/XCTestExtensions/XCTAssert+Matching.swift /Users/admin/builder/spi-builder-workspace/.dependencies/checkouts/XCTestExtensions/Sources/XCTestExtensions/XCTAssert+Result.swift /Users/admin/builder/spi-builder-workspace/.dependencies/checkouts/XCTestExtensions/Sources/XCTestExtensions/XCTAssert+Types.swift /Users/admin/builder/spi-builder-workspace/.dependencies/checkouts/XCTestExtensions/Sources/XCTestExtensions/XCTAssertEqual+Data.swift /Users/admin/builder/spi-builder-workspace/.dependencies/checkouts/XCTestExtensions/Sources/XCTestExtensions/XCTAssertEqual+Result.swift /Users/admin/builder/spi-builder-workspace/.dependencies/checkouts/XCTestExtensions/Sources/XCTestExtensions/XCTAssertEqual+String.swift /Users/admin/builder/spi-builder-workspace/.dependencies/checkouts/XCTestExtensions/Sources/XCTestExtensions/XCTestCase+Combine.swift /Users/admin/builder/spi-builder-workspace/.dependencies/checkouts/XCTestExtensions/Sources/XCTestExtensions/XCTestCase+JSON.swift /Users/admin/builder/spi-builder-workspace/.dependencies/checkouts/XCTestExtensions/Sources/XCTestExtensions/XCTestCase+Resources.swift /Users/admin/builder/spi-builder-workspace/.dependencies/checkouts/XCTestExtensions/Sources/XCTestExtensions/XCTestCase+WaitForAsync.swift /Users/admin/builder/spi-builder-workspace/.dependencies/checkouts/XCTestExtensions/Sources/XCTestExtensions/XCTestMonitor.swift /Users/admin/builder/spi-builder-workspace/.dependencies/checkouts/XCTestExtensions/Sources/XCTestExtensions/XCTestRunner.swift -primary-file /Users/admin/builder/spi-builder-workspace/.dependencies/checkouts/XCTestExtensions/Sources/XCTestExtensions/XCUIApplication+UITesting.swift -emit-dependencies-path /Users/admin/builder/spi-builder-workspace/.derivedData/Build/Intermediates.noindex/XCTestExtensions.build/Debug-xros/XCTestExtensions-t.build/Objects-normal/arm64/XCUIApplication+UITesting.d -emit-const-values-path /Users/admin/builder/spi-builder-workspace/.derivedData/Build/Intermediates.noindex/XCTestExtensions.build/Debug-xros/XCTestExtensions-t.build/Objects-normal/arm64/XCUIApplication+UITesting.swiftconstvalues -emit-reference-dependencies-path /Users/admin/builder/spi-builder-workspace/.derivedData/Build/Intermediates.noindex/XCTestExtensions.build/Debug-xros/XCTestExtensions-t.build/Objects-normal/arm64/XCUIApplication+UITesting.swiftdeps -serialize-diagnostics-path /Users/admin/builder/spi-builder-workspace/.derivedData/Build/Intermediates.noindex/XCTestExtensions.build/Debug-xros/XCTestExtensions-t.build/Objects-normal/arm64/XCUIApplication+UITesting.dia -target arm64-apple-xros1.0 -module-can-import-version Combine 3023 0 -disable-cross-import-overlay-search -load-resolved-plugin /Applications/Xcode-27.0.0-Release.Candidate.app/Contents/Developer/Platforms/XROS.platform/Developer/usr/lib/swift/host/plugins/libFoundationMacros.dylib\#/Applications/Xcode-27.0.0-Release.Candidate.app/Contents/Developer/Platforms/XROS.platform/Developer/usr/bin/swift-plugin-server\#FoundationMacros -load-resolved-plugin /Applications/Xcode-27.0.0-Release.Candidate.app/Contents/Developer/Platforms/XROS.platform/Developer/usr/lib/swift/host/plugins/libObservationMacros.dylib\#/Applications/Xcode-27.0.0-Release.Candidate.app/Contents/Developer/Platforms/XROS.platform/Developer/usr/bin/swift-plugin-server\#ObservationMacros -load-resolved-plugin /Applications/Xcode-27.0.0-Release.Candidate.app/Contents/Developer/Platforms/XROS.platform/Developer/usr/lib/swift/host/plugins/libPreviewsMacros.dylib\#/Applications/Xcode-27.0.0-Release.Candidate.app/Contents/Developer/Platforms/XROS.platform/Developer/usr/bin/swift-plugin-server\#PreviewsMacros -load-resolved-plugin /Applications/Xcode-27.0.0-Release.Candidate.app/Contents/Developer/Platforms/XROS.platform/Developer/usr/lib/swift/host/plugins/libSwiftMacros.dylib\#/Applications/Xcode-27.0.0-Release.Candidate.app/Contents/Developer/Platforms/XROS.platform/Developer/usr/bin/swift-plugin-server\#SwiftMacros -load-resolved-plugin /Applications/Xcode-27.0.0-Release.Candidate.app/Contents/Developer/Platforms/XROS.platform/Developer/usr/lib/swift/host/plugins/libSwiftUIMacros.dylib\#/Applications/Xcode-27.0.0-Release.Candidate.app/Contents/Developer/Platforms/XROS.platform/Developer/usr/bin/swift-plugin-server\#SwiftUIMacros -disable-implicit-swift-modules -Xcc -fno-implicit-modules -Xcc -fno-implicit-module-maps -explicit-swift-module-map-file /Users/admin/builder/spi-builder-workspace/.derivedData/Build/Intermediates.noindex/XCTestExtensions.build/Debug-xros/XCTestExtensions-t.build/Objects-normal/arm64/XCTestExtensions-dependencies-1.json -Xllvm -aarch64-use-tbi -enable-objc-interop -stack-check -sdk /Applications/Xcode-27.0.0-Release.Candidate.app/Contents/Developer/Platforms/XROS.platform/Developer/SDKs/XROS27.0.sdk -I /Users/admin/builder/spi-builder-workspace/.derivedData/Build/Products/Debug-xros -Isystem /Applications/Xcode-27.0.0-Release.Candidate.app/Contents/Developer/Platforms/XROS.platform/Developer/usr/lib -F /Users/admin/builder/spi-builder-workspace/.derivedData/Build/Products/Debug-xros/PackageFrameworks -F /Users/admin/builder/spi-builder-workspace/.derivedData/Build/Products/Debug-xros -F /Applications/Xcode-27.0.0-Release.Candidate.app/Contents/Developer/Platforms/XROS.platform/Developer/Library/Frameworks -F /Applications/Xcode-27.0.0-Release.Candidate.app/Contents/Developer/Platforms/XROS.platform/Developer/SDKs/XROS27.0.sdk/Developer/Library/Frameworks -module-cache-path /Users/admin/builder/spi-builder-workspace/.derivedData/Build/Intermediates.noindex/SwiftExplicitPrecompiledModules -no-color-diagnostics -Xcc -fno-color-diagnostics -enable-testing -g -debug-info-format\=dwarf -dwarf-version\=4 -suppress-warnings -swift-version 5 -Onone -D SWIFT_PACKAGE -D DEBUG -D SWIFT_MODULE_RESOURCE_BUNDLE_UNAVAILABLE -D Xcode -serialize-debugging-options -enable-experimental-feature DebugDescriptionMacro -empty-abi-descriptor -validate-clang-modules-once -clang-build-session-file /Users/admin/builder/spi-builder-workspace/.derivedData/ModuleCache.noindex/Session.modulevalidation -Xcc -working-directory -Xcc /Users/admin/builder/spi-builder-workspace/.swiftpm/xcode -enable-anonymous-context-mangled-names -file-compilation-dir /Users/admin/builder/spi-builder-workspace/.swiftpm/xcode -Xcc -D_LIBCPP_HARDENING_MODE\=_LIBCPP_HARDENING_MODE_DEBUG -Xcc -ivfsstatcache -Xcc /Users/admin/builder/spi-builder-workspace/.derivedData/SDKStatCaches.noindex/xros27.0-24M361-e829b21a6f8c9b70876ba0858053c044735bd543db762f57723cac368afd1ce4.sdkstatcache -Xcc -fmodules-prune-interval\=86400 -Xcc -fmodules-prune-after\=345600 -Xcc -I/Users/admin/builder/spi-builder-workspace/.derivedData/Build/Products/Debug-xros/include -Xcc -I/Users/admin/builder/spi-builder-workspace/.derivedData/Build/Intermediates.noindex/XCTestExtensions.build/Debug-xros/XCTestExtensions-t.build/DerivedSources-normal/arm64 -Xcc -I/Users/admin/builder/spi-builder-workspace/.derivedData/Build/Intermediates.noindex/XCTestExtensions.build/Debug-xros/XCTestExtensions-t.build/DerivedSources/arm64 -Xcc -I/Users/admin/builder/spi-builder-workspace/.derivedData/Build/Intermediates.noindex/XCTestExtensions.build/Debug-xros/XCTestExtensions-t.build/DerivedSources -Xcc -DSWIFT_PACKAGE -Xcc -DDEBUG\=1 -no-auto-bridging-header-chaining -module-name XCTestExtensions -const-gather-protocols-file /Users/admin/builder/spi-builder-workspace/.derivedData/Build/Intermediates.noindex/XCTestExtensions.build/Debug-xros/XCTestExtensions-t.build/Objects-normal/arm64/XCTestExtensions_const_extract_protocols.json -disable-clang-spi -clang-target arm64-apple-xros27.0 -target-sdk-version 27.0 -target-sdk-name xros27.0 -in-process-plugin-server-path /Applications/Xcode-27.0.0-Release.Candidate.app/Contents/Developer/Toolchains/XcodeDefault.xctoolchain/usr/lib/swift/host/libSwiftInProcPluginServer.dylib -parse-as-library -o /Users/admin/builder/spi-builder-workspace/.derivedData/Build/Intermediates.noindex/XCTestExtensions.build/Debug-xros/XCTestExtensions-t.build/Objects-normal/arm64/XCUIApplication+UITesting.o -debug-module-path /Users/admin/builder/spi-builder-workspace/.derivedData/Build/Intermediates.noindex/XCTestExtensions.build/Debug-xros/XCTestExtensions-t.build/Objects-normal/arm64/XCTestExtensions.swiftmodule -index-unit-output-path /XCTestExtensions.build/Debug-xros/XCTestExtensions-t.build/Objects-normal/arm64/XCUIApplication+UITesting.o -index-store-path /Users/admin/builder/spi-builder-workspace/.derivedData/Index.noindex/DataStore -index-system-modules
SwiftCompile normal arm64 /Users/admin/builder/spi-builder-workspace/.dependencies/checkouts/XCTestExtensions/Sources/XCTestExtensions/XCUIApplication+UITesting.swift (in target 'XCTestExtensions' from project 'XCTestExtensions')
    cd /Users/admin/builder/spi-builder-workspace/.swiftpm/xcode
    builtin-SwiftPerFileCompile XCUIApplication+UITesting.swift
SwiftMergeGeneratedHeaders /Users/admin/builder/spi-builder-workspace/.derivedData/Build/Intermediates.noindex/GeneratedModuleMaps-xros/RefreshableScrollView-Swift.h /Users/admin/builder/spi-builder-workspace/.derivedData/Build/Intermediates.noindex/RefreshableScrollView.build/Debug-xros/RefreshableScrollView-t.build/Objects-normal/arm64/RefreshableScrollView-Swift.h (in target 'RefreshableScrollView' from project 'RefreshableScrollView')
    cd /Users/admin/builder/spi-builder-workspace/.dependencies/checkouts/RefreshableScrollView
    builtin-swiftHeaderTool -arch arm64 /Users/admin/builder/spi-builder-workspace/.derivedData/Build/Intermediates.noindex/RefreshableScrollView.build/Debug-xros/RefreshableScrollView-t.build/Objects-normal/arm64/RefreshableScrollView-Swift.h -o /Users/admin/builder/spi-builder-workspace/.derivedData/Build/Intermediates.noindex/GeneratedModuleMaps-xros/RefreshableScrollView-Swift.h
SwiftDriverJobDiscovery normal arm64 Emitting module for XCTestExtensions (in target 'XCTestExtensions' from project 'XCTestExtensions')
SwiftDriver\ Compilation\ Requirements XCTestExtensions normal arm64 com.apple.xcode.tools.swift.compiler (in target 'XCTestExtensions' from project 'XCTestExtensions')
    cd /Users/admin/builder/spi-builder-workspace/.swiftpm/xcode
    builtin-Swift-Compilation-Requirements -- /Applications/Xcode-27.0.0-Release.Candidate.app/Contents/Developer/Toolchains/XcodeDefault.xctoolchain/usr/bin/swiftc -parse-as-library -module-name XCTestExtensions -Onone @/Users/admin/builder/spi-builder-workspace/.derivedData/Build/Intermediates.noindex/XCTestExtensions.build/Debug-xros/XCTestExtensions-t.build/Objects-normal/arm64/XCTestExtensions.SwiftFileList -DSWIFT_PACKAGE -DDEBUG -DSWIFT_MODULE_RESOURCE_BUNDLE_UNAVAILABLE -DXcode -plugin-path /Applications/Xcode-27.0.0-Release.Candidate.app/Contents/Developer/Toolchains/XcodeDefault.xctoolchain/usr/lib/swift/host/plugins/testing -enable-experimental-feature DebugDescriptionMacro -sdk /Applications/Xcode-27.0.0-Release.Candidate.app/Contents/Developer/Platforms/XROS.platform/Developer/SDKs/XROS27.0.sdk -target arm64-apple-xros1.0 -g -module-cache-path /Users/admin/builder/spi-builder-workspace/.derivedData/ModuleCache.noindex -Xfrontend -serialize-debugging-options -enable-testing -suppress-warnings -index-store-path /Users/admin/builder/spi-builder-workspace/.derivedData/Index.noindex/DataStore -Xcc -D_LIBCPP_HARDENING_MODE\=_LIBCPP_HARDENING_MODE_DEBUG -swift-version 5 -I /Users/admin/builder/spi-builder-workspace/.derivedData/Build/Products/Debug-xros -Isystem /Applications/Xcode-27.0.0-Release.Candidate.app/Contents/Developer/Platforms/XROS.platform/Developer/usr/lib -F /Users/admin/builder/spi-builder-workspace/.derivedData/Build/Products/Debug-xros/PackageFrameworks -F /Users/admin/builder/spi-builder-workspace/.derivedData/Build/Products/Debug-xros -F /Applications/Xcode-27.0.0-Release.Candidate.app/Contents/Developer/Platforms/XROS.platform/Developer/Library/Frameworks -F /Applications/Xcode-27.0.0-Release.Candidate.app/Contents/Developer/Platforms/XROS.platform/Developer/SDKs/XROS27.0.sdk/Developer/Library/Frameworks -c -j10 -enable-batch-mode -incremental -Xcc -ivfsstatcache -Xcc /Users/admin/builder/spi-builder-workspace/.derivedData/SDKStatCaches.noindex/xros27.0-24M361-e829b21a6f8c9b70876ba0858053c044735bd543db762f57723cac368afd1ce4.sdkstatcache -output-file-map /Users/admin/builder/spi-builder-workspace/.derivedData/Build/Intermediates.noindex/XCTestExtensions.build/Debug-xros/XCTestExtensions-t.build/Objects-normal/arm64/XCTestExtensions-OutputFileMap.json -save-temps -no-color-diagnostics -explicit-module-build -module-cache-path /Users/admin/builder/spi-builder-workspace/.derivedData/Build/Intermediates.noindex/SwiftExplicitPrecompiledModules -clang-scanner-module-cache-path /Users/admin/builder/spi-builder-workspace/.derivedData/ModuleCache.noindex -sdk-module-cache-path /Users/admin/builder/spi-builder-workspace/.derivedData/SDKExplicitPrecompiledModules -emit-dependencies -emit-module -emit-module-path /Users/admin/builder/spi-builder-workspace/.derivedData/Build/Intermediates.noindex/XCTestExtensions.build/Debug-xros/XCTestExtensions-t.build/Objects-normal/arm64/XCTestExtensions.swiftmodule -serialize-diagnostics -dependency-scan-serialize-diagnostics-path /Users/admin/builder/spi-builder-workspace/.derivedData/Build/Intermediates.noindex/XCTestExtensions.build/Debug-xros/XCTestExtensions-t.build/Objects-normal/arm64/XCTestExtensions-dependency-scan.dia -validate-clang-modules-once -clang-build-session-file /Users/admin/builder/spi-builder-workspace/.derivedData/ModuleCache.noindex/Session.modulevalidation -Xcc -fmodules-prune-interval\=86400 -Xcc -fmodules-prune-after\=345600 -emit-const-values -const-gather-protocols-list /Users/admin/builder/spi-builder-workspace/.derivedData/Build/Intermediates.noindex/XCTestExtensions.build/Debug-xros/XCTestExtensions-t.build/Objects-normal/arm64/XCTestExtensions_const_extract_protocols.json -Xcc -I/Users/admin/builder/spi-builder-workspace/.derivedData/Build/Products/Debug-xros/include -Xcc -I/Users/admin/builder/spi-builder-workspace/.derivedData/Build/Intermediates.noindex/XCTestExtensions.build/Debug-xros/XCTestExtensions-t.build/DerivedSources-normal/arm64 -Xcc -I/Users/admin/builder/spi-builder-workspace/.derivedData/Build/Intermediates.noindex/XCTestExtensions.build/Debug-xros/XCTestExtensions-t.build/DerivedSources/arm64 -Xcc -I/Users/admin/builder/spi-builder-workspace/.derivedData/Build/Intermediates.noindex/XCTestExtensions.build/Debug-xros/XCTestExtensions-t.build/DerivedSources -Xcc -DSWIFT_PACKAGE -Xcc -DDEBUG\=1 -emit-objc-header -emit-objc-header-path /Users/admin/builder/spi-builder-workspace/.derivedData/Build/Intermediates.noindex/XCTestExtensions.build/Debug-xros/XCTestExtensions-t.build/Objects-normal/arm64/XCTestExtensions-Swift.h -working-directory /Users/admin/builder/spi-builder-workspace/.swiftpm/xcode -experimental-emit-module-separately -disable-cmo
Copy /Users/admin/builder/spi-builder-workspace/.derivedData/Build/Products/Debug-xros/RefreshableScrollView.swiftmodule/arm64-apple-xros.swiftmodule /Users/admin/builder/spi-builder-workspace/.derivedData/Build/Intermediates.noindex/RefreshableScrollView.build/Debug-xros/RefreshableScrollView-t.build/Objects-normal/arm64/RefreshableScrollView.swiftmodule (in target 'RefreshableScrollView' from project 'RefreshableScrollView')
    cd /Users/admin/builder/spi-builder-workspace/.dependencies/checkouts/RefreshableScrollView
    builtin-copy -exclude .DS_Store -exclude CVS -exclude .svn -exclude .git -exclude .hg -resolve-src-symlinks -rename /Users/admin/builder/spi-builder-workspace/.derivedData/Build/Intermediates.noindex/RefreshableScrollView.build/Debug-xros/RefreshableScrollView-t.build/Objects-normal/arm64/RefreshableScrollView.swiftmodule /Users/admin/builder/spi-builder-workspace/.derivedData/Build/Products/Debug-xros/RefreshableScrollView.swiftmodule/arm64-apple-xros.swiftmodule
SwiftMergeGeneratedHeaders /Users/admin/builder/spi-builder-workspace/.derivedData/Build/Intermediates.noindex/GeneratedModuleMaps-xros/XCTestExtensions-Swift.h /Users/admin/builder/spi-builder-workspace/.derivedData/Build/Intermediates.noindex/XCTestExtensions.build/Debug-xros/XCTestExtensions-t.build/Objects-normal/arm64/XCTestExtensions-Swift.h (in target 'XCTestExtensions' from project 'XCTestExtensions')
    cd /Users/admin/builder/spi-builder-workspace/.dependencies/checkouts/XCTestExtensions
    builtin-swiftHeaderTool -arch arm64 /Users/admin/builder/spi-builder-workspace/.derivedData/Build/Intermediates.noindex/XCTestExtensions.build/Debug-xros/XCTestExtensions-t.build/Objects-normal/arm64/XCTestExtensions-Swift.h -o /Users/admin/builder/spi-builder-workspace/.derivedData/Build/Intermediates.noindex/GeneratedModuleMaps-xros/XCTestExtensions-Swift.h
Copy /Users/admin/builder/spi-builder-workspace/.derivedData/Build/Products/Debug-xros/XCTestExtensions.swiftmodule/arm64-apple-xros.swiftmodule /Users/admin/builder/spi-builder-workspace/.derivedData/Build/Intermediates.noindex/XCTestExtensions.build/Debug-xros/XCTestExtensions-t.build/Objects-normal/arm64/XCTestExtensions.swiftmodule (in target 'XCTestExtensions' from project 'XCTestExtensions')
    cd /Users/admin/builder/spi-builder-workspace/.dependencies/checkouts/XCTestExtensions
    builtin-copy -exclude .DS_Store -exclude CVS -exclude .svn -exclude .git -exclude .hg -resolve-src-symlinks -rename /Users/admin/builder/spi-builder-workspace/.derivedData/Build/Intermediates.noindex/XCTestExtensions.build/Debug-xros/XCTestExtensions-t.build/Objects-normal/arm64/XCTestExtensions.swiftmodule /Users/admin/builder/spi-builder-workspace/.derivedData/Build/Products/Debug-xros/XCTestExtensions.swiftmodule/arm64-apple-xros.swiftmodule
Copy /Users/admin/builder/spi-builder-workspace/.derivedData/Build/Products/Debug-xros/XCTestExtensions.swiftmodule/arm64-apple-xros.swiftdoc /Users/admin/builder/spi-builder-workspace/.derivedData/Build/Intermediates.noindex/XCTestExtensions.build/Debug-xros/XCTestExtensions-t.build/Objects-normal/arm64/XCTestExtensions.swiftdoc (in target 'XCTestExtensions' from project 'XCTestExtensions')
    cd /Users/admin/builder/spi-builder-workspace/.dependencies/checkouts/XCTestExtensions
    builtin-copy -exclude .DS_Store -exclude CVS -exclude .svn -exclude .git -exclude .hg -resolve-src-symlinks -rename /Users/admin/builder/spi-builder-workspace/.derivedData/Build/Intermediates.noindex/XCTestExtensions.build/Debug-xros/XCTestExtensions-t.build/Objects-normal/arm64/XCTestExtensions.swiftdoc /Users/admin/builder/spi-builder-workspace/.derivedData/Build/Products/Debug-xros/XCTestExtensions.swiftmodule/arm64-apple-xros.swiftdoc
Copy /Users/admin/builder/spi-builder-workspace/.derivedData/Build/Products/Debug-xros/XCTestExtensions.swiftmodule/arm64-apple-xros.abi.json /Users/admin/builder/spi-builder-workspace/.derivedData/Build/Intermediates.noindex/XCTestExtensions.build/Debug-xros/XCTestExtensions-t.build/Objects-normal/arm64/XCTestExtensions.abi.json (in target 'XCTestExtensions' from project 'XCTestExtensions')
    cd /Users/admin/builder/spi-builder-workspace/.dependencies/checkouts/XCTestExtensions
    builtin-copy -exclude .DS_Store -exclude CVS -exclude .svn -exclude .git -exclude .hg -resolve-src-symlinks -rename /Users/admin/builder/spi-builder-workspace/.derivedData/Build/Intermediates.noindex/XCTestExtensions.build/Debug-xros/XCTestExtensions-t.build/Objects-normal/arm64/XCTestExtensions.abi.json /Users/admin/builder/spi-builder-workspace/.derivedData/Build/Products/Debug-xros/XCTestExtensions.swiftmodule/arm64-apple-xros.abi.json
Copy /Users/admin/builder/spi-builder-workspace/.derivedData/Build/Products/Debug-xros/XCTestExtensions.swiftmodule/Project/arm64-apple-xros.swiftsourceinfo /Users/admin/builder/spi-builder-workspace/.derivedData/Build/Intermediates.noindex/XCTestExtensions.build/Debug-xros/XCTestExtensions-t.build/Objects-normal/arm64/XCTestExtensions.swiftsourceinfo (in target 'XCTestExtensions' from project 'XCTestExtensions')
    cd /Users/admin/builder/spi-builder-workspace/.dependencies/checkouts/XCTestExtensions
    builtin-copy -exclude .DS_Store -exclude CVS -exclude .svn -exclude .git -exclude .hg -resolve-src-symlinks -rename /Users/admin/builder/spi-builder-workspace/.derivedData/Build/Intermediates.noindex/XCTestExtensions.build/Debug-xros/XCTestExtensions-t.build/Objects-normal/arm64/XCTestExtensions.swiftsourceinfo /Users/admin/builder/spi-builder-workspace/.derivedData/Build/Products/Debug-xros/XCTestExtensions.swiftmodule/Project/arm64-apple-xros.swiftsourceinfo
Copy /Users/admin/builder/spi-builder-workspace/.derivedData/Build/Products/Debug-xros/RefreshableScrollView.swiftmodule/arm64-apple-xros.swiftdoc /Users/admin/builder/spi-builder-workspace/.derivedData/Build/Intermediates.noindex/RefreshableScrollView.build/Debug-xros/RefreshableScrollView-t.build/Objects-normal/arm64/RefreshableScrollView.swiftdoc (in target 'RefreshableScrollView' from project 'RefreshableScrollView')
    cd /Users/admin/builder/spi-builder-workspace/.dependencies/checkouts/RefreshableScrollView
    builtin-copy -exclude .DS_Store -exclude CVS -exclude .svn -exclude .git -exclude .hg -resolve-src-symlinks -rename /Users/admin/builder/spi-builder-workspace/.derivedData/Build/Intermediates.noindex/RefreshableScrollView.build/Debug-xros/RefreshableScrollView-t.build/Objects-normal/arm64/RefreshableScrollView.swiftdoc /Users/admin/builder/spi-builder-workspace/.derivedData/Build/Products/Debug-xros/RefreshableScrollView.swiftmodule/arm64-apple-xros.swiftdoc
Copy /Users/admin/builder/spi-builder-workspace/.derivedData/Build/Products/Debug-xros/RefreshableScrollView.swiftmodule/arm64-apple-xros.abi.json /Users/admin/builder/spi-builder-workspace/.derivedData/Build/Intermediates.noindex/RefreshableScrollView.build/Debug-xros/RefreshableScrollView-t.build/Objects-normal/arm64/RefreshableScrollView.abi.json (in target 'RefreshableScrollView' from project 'RefreshableScrollView')
    cd /Users/admin/builder/spi-builder-workspace/.dependencies/checkouts/RefreshableScrollView
    builtin-copy -exclude .DS_Store -exclude CVS -exclude .svn -exclude .git -exclude .hg -resolve-src-symlinks -rename /Users/admin/builder/spi-builder-workspace/.derivedData/Build/Intermediates.noindex/RefreshableScrollView.build/Debug-xros/RefreshableScrollView-t.build/Objects-normal/arm64/RefreshableScrollView.abi.json /Users/admin/builder/spi-builder-workspace/.derivedData/Build/Products/Debug-xros/RefreshableScrollView.swiftmodule/arm64-apple-xros.abi.json
Copy /Users/admin/builder/spi-builder-workspace/.derivedData/Build/Products/Debug-xros/RefreshableScrollView.swiftmodule/Project/arm64-apple-xros.swiftsourceinfo /Users/admin/builder/spi-builder-workspace/.derivedData/Build/Intermediates.noindex/RefreshableScrollView.build/Debug-xros/RefreshableScrollView-t.build/Objects-normal/arm64/RefreshableScrollView.swiftsourceinfo (in target 'RefreshableScrollView' from project 'RefreshableScrollView')
    cd /Users/admin/builder/spi-builder-workspace/.dependencies/checkouts/RefreshableScrollView
    builtin-copy -exclude .DS_Store -exclude CVS -exclude .svn -exclude .git -exclude .hg -resolve-src-symlinks -rename /Users/admin/builder/spi-builder-workspace/.derivedData/Build/Intermediates.noindex/RefreshableScrollView.build/Debug-xros/RefreshableScrollView-t.build/Objects-normal/arm64/RefreshableScrollView.swiftsourceinfo /Users/admin/builder/spi-builder-workspace/.derivedData/Build/Products/Debug-xros/RefreshableScrollView.swiftmodule/Project/arm64-apple-xros.swiftsourceinfo
SwiftCompile normal arm64 Compiling\ XCTAssertEqual+String.swift,\ XCTestCase+Combine.swift /Users/admin/builder/spi-builder-workspace/.dependencies/checkouts/XCTestExtensions/Sources/XCTestExtensions/XCTAssertEqual+String.swift /Users/admin/builder/spi-builder-workspace/.dependencies/checkouts/XCTestExtensions/Sources/XCTestExtensions/XCTestCase+Combine.swift (in target 'XCTestExtensions' from project 'XCTestExtensions')
SwiftCompile normal arm64 /Users/admin/builder/spi-builder-workspace/.dependencies/checkouts/XCTestExtensions/Sources/XCTestExtensions/XCTAssertEqual+String.swift (in target 'XCTestExtensions' from project 'XCTestExtensions')
    cd /Users/admin/builder/spi-builder-workspace/.swiftpm/xcode
    builtin-SwiftPerFileCompile XCTAssertEqual+String.swift
SwiftCompile normal arm64 /Users/admin/builder/spi-builder-workspace/.dependencies/checkouts/XCTestExtensions/Sources/XCTestExtensions/XCTestCase+Combine.swift (in target 'XCTestExtensions' from project 'XCTestExtensions')
    cd /Users/admin/builder/spi-builder-workspace/.swiftpm/xcode
    builtin-SwiftPerFileCompile XCTestCase+Combine.swift
SwiftCompile normal arm64 Compiling\ XCTestCase+Resources.swift /Users/admin/builder/spi-builder-workspace/.dependencies/checkouts/XCTestExtensions/Sources/XCTestExtensions/XCTestCase+Resources.swift (in target 'XCTestExtensions' from project 'XCTestExtensions')
SwiftCompile normal arm64 /Users/admin/builder/spi-builder-workspace/.dependencies/checkouts/XCTestExtensions/Sources/XCTestExtensions/XCTestCase+Resources.swift (in target 'XCTestExtensions' from project 'XCTestExtensions')
    cd /Users/admin/builder/spi-builder-workspace/.swiftpm/xcode
    builtin-SwiftPerFileCompile XCTestCase+Resources.swift
PruneExplicitPrecompiledModules /Users/admin/builder/spi-builder-workspace/.derivedData/Build/Intermediates.noindex/SwiftExplicitPrecompiledModules
PruneExplicitPrecompiledModules /Users/admin/builder/spi-builder-workspace/.derivedData/Build/Intermediates.noindex/ExplicitPrecompiledModules
PruneExplicitPrecompiledModules /Users/admin/builder/spi-builder-workspace/.derivedData/SDKExplicitPrecompiledModules
2026-09-18 16:16:17.859 xcodebuild[768:4747] [MT] IDERunDestination: Supported platforms for the buildables in the current scheme is empty.
2026-09-18 16:16:18.002 xcodebuild[768:4747] [MT] IDERunDestination: Supported platforms for the buildables in the current scheme is empty.
** BUILD FAILED **
The following build commands failed:
	SwiftCompile normal arm64 Compiling\ XCUIApplication+UITesting.swift /Users/admin/builder/spi-builder-workspace/.dependencies/checkouts/XCTestExtensions/Sources/XCTestExtensions/XCUIApplication+UITesting.swift (in target 'XCTestExtensions' from project 'XCTestExtensions')
	SwiftCompile normal arm64 /Users/admin/builder/spi-builder-workspace/.dependencies/checkouts/XCTestExtensions/Sources/XCTestExtensions/XCUIApplication+UITesting.swift (in target 'XCTestExtensions' from project 'XCTestExtensions')
	Building workspace FastList with scheme FastList
(3 failures)
Command line invocation:
    /Applications/Xcode-27.0.0-Release.Candidate.app/Contents/Developer/usr/bin/xcodebuild -IDEClonedSourcePackagesDirPathOverride=/Users/admin/builder/spi-builder-workspace/.dependencies -resolvePackageDependencies
Resolve Package Graph
Resolved source packages:
  FastList: /Users/admin/builder/spi-builder-workspace
  XCTestExtensions: https://github.com/elegantchaos/XCTestExtensions.git @ 1.5.1
  Matchable: https://github.com/elegantchaos/Matchable.git @ 1.0.7
  RefreshableScrollView: https://github.com/elegantchaos/RefreshableScrollView.git @ 1.3.1
resolved source packages: FastList, XCTestExtensions, Matchable, RefreshableScrollView
2026-09-18 16:16:30.629 xcodebuild[946:5534] [MT] IDERunDestination: Supported platforms for the buildables in the current scheme is empty.
2026-09-18 16:16:30.728 xcodebuild[946:5534] [MT] IDERunDestination: Supported platforms for the buildables in the current scheme is empty.
{
  "dependencies" : [
    {
      "identity" : "refreshablescrollview",
      "requirement" : {
        "range" : [
          {
            "lower_bound" : "1.3.1",
            "upper_bound" : "2.0.0"
          }
        ]
      },
      "type" : "sourceControl",
      "url" : "https://github.com/elegantchaos/RefreshableScrollView.git"
    },
    {
      "identity" : "xctestextensions",
      "requirement" : {
        "range" : [
          {
            "lower_bound" : "1.4.2",
            "upper_bound" : "2.0.0"
          }
        ]
      },
      "type" : "sourceControl",
      "url" : "https://github.com/elegantchaos/XCTestExtensions.git"
    }
  ],
  "manifest_display_name" : "FastList",
  "name" : "FastList",
  "path" : "/Users/admin/builder/spi-builder-workspace",
  "platforms" : [
    {
      "name" : "macos",
      "version" : "12.0"
    },
    {
      "name" : "ios",
      "version" : "15.0"
    },
    {
      "name" : "tvos",
      "version" : "15.0"
    },
    {
      "name" : "watchos",
      "version" : "8.0"
    }
  ],
  "products" : [
    {
      "name" : "FastList",
      "targets" : [
        "FastList"
      ],
      "type" : {
        "library" : [
          "automatic"
        ]
      }
    }
  ],
  "targets" : [
    {
      "c99name" : "FastListTests",
      "module_type" : "SwiftTarget",
      "name" : "FastListTests",
      "path" : "Tests/FastListTests",
      "product_dependencies" : [
        "XCTestExtensions"
      ],
      "sources" : [
        "FastListTests.swift"
      ],
      "target_dependencies" : [
        "FastList"
      ],
      "type" : "test"
    },
    {
      "c99name" : "FastList",
      "module_type" : "SwiftTarget",
      "name" : "FastList",
      "path" : "Sources/FastList",
      "product_dependencies" : [
        "RefreshableScrollView"
      ],
      "product_memberships" : [
        "FastList"
      ],
      "sources" : [
        "FastList.swift",
        "InnerListView.swift",
        "ListConfiguration.swift"
      ],
      "type" : "library"
    }
  ],
  "tools_version" : "5.5"
}
{
  "workspace" : {
    "name" : "FastList",
    "schemes" : [
      "FastList",
      "Matchable",
      "RefreshableScrollView",
      "XCTestExtensions"
    ]
  }
}
2026-09-18 16:16:31.810 xcodebuild[954:5605] [MT] IDERunDestination: Supported platforms for the buildables in the current scheme is empty.
2026-09-18 16:16:31.910 xcodebuild[954:5605] [MT] IDERunDestination: Supported platforms for the buildables in the current scheme is empty.
{
  "workspace" : {
    "name" : "FastList",
    "schemes" : [
      "FastList",
      "Matchable",
      "RefreshableScrollView",
      "XCTestExtensions"
    ]
  }
}
2026-09-18 16:16:32.763 xcodebuild[956:5634] [MT] IDERunDestination: Supported platforms for the buildables in the current scheme is empty.
2026-09-18 16:16:32.867 xcodebuild[956:5634] [MT] IDERunDestination: Supported platforms for the buildables in the current scheme is empty.
Running build ...
env DEVELOPER_DIR=/Applications/Xcode-27.0.0-Release.Candidate.app xcrun xcodebuild -IDEClonedSourcePackagesDirPathOverride=$PWD/.dependencies -skipMacroValidation -skipPackagePluginValidation -derivedDataPath $PWD/.derivedData build -scheme FastList -destination generic/platform=xrOS
Command line invocation:
    /Applications/Xcode-27.0.0-Release.Candidate.app/Contents/Developer/usr/bin/xcodebuild -IDEClonedSourcePackagesDirPathOverride=/Users/admin/builder/spi-builder-workspace/.dependencies -skipMacroValidation -skipPackagePluginValidation -derivedDataPath /Users/admin/builder/spi-builder-workspace/.derivedData build -scheme FastList -destination generic/platform=xrOS
Resolve Package Graph
Resolved source packages:
  FastList: /Users/admin/builder/spi-builder-workspace
  XCTestExtensions: https://github.com/elegantchaos/XCTestExtensions.git @ 1.5.1
  RefreshableScrollView: https://github.com/elegantchaos/RefreshableScrollView.git @ 1.3.1
  Matchable: https://github.com/elegantchaos/Matchable.git @ 1.0.7
ComputePackagePrebuildTargetDependencyGraph
Prepare packages
CreateBuildRequest
SendProjectDescription
CreateBuildOperation
ComputeTargetDependencyGraph
note: Building targets in dependency order
note: Target dependency graph (9 targets)
    Target 'FastListTests-product' in project 'FastList'
        ➜ Explicit dependency on target 'FastList' in project 'FastList'
        ➜ Explicit dependency on target 'RefreshableScrollView-product' in project 'RefreshableScrollView'
        ➜ Explicit dependency on target 'XCTestExtensions-product' in project 'XCTestExtensions'
    Target 'XCTestExtensions-product' in project 'XCTestExtensions'
        ➜ Explicit dependency on target 'XCTestExtensions' in project 'XCTestExtensions'
        ➜ Explicit dependency on target 'Matchable-product' in project 'Matchable'
    Target 'XCTestExtensions' in project 'XCTestExtensions'
        ➜ Explicit dependency on target 'Matchable-product' in project 'Matchable'
    Target 'Matchable-product' in project 'Matchable'
        ➜ Explicit dependency on target 'Matchable' in project 'Matchable'
    Target 'Matchable' in project 'Matchable' (no dependencies)
    Target 'FastList-product' in project 'FastList'
        ➜ Explicit dependency on target 'FastList' in project 'FastList'
        ➜ Explicit dependency on target 'RefreshableScrollView-product' in project 'RefreshableScrollView'
    Target 'FastList' in project 'FastList'
        ➜ Explicit dependency on target 'RefreshableScrollView-product' in project 'RefreshableScrollView'
    Target 'RefreshableScrollView-product' in project 'RefreshableScrollView'
        ➜ Explicit dependency on target 'RefreshableScrollView' in project 'RefreshableScrollView'
    Target 'RefreshableScrollView' in project 'RefreshableScrollView' (no dependencies)
GatherProvisioningInputs
CreateBuildDescription
ClangStatCache /Applications/Xcode-27.0.0-Release.Candidate.app/Contents/Developer/Toolchains/XcodeDefault.xctoolchain/usr/bin/clang-stat-cache /Applications/Xcode-27.0.0-Release.Candidate.app/Contents/Developer/Platforms/XROS.platform/Developer/SDKs/XROS27.0.sdk /Users/admin/builder/spi-builder-workspace/.derivedData/SDKStatCaches.noindex/xros27.0-24M361-e829b21a6f8c9b70876ba0858053c044735bd543db762f57723cac368afd1ce4.sdkstatcache
    cd /Users/admin/builder/spi-builder-workspace/.swiftpm/xcode
    /Applications/Xcode-27.0.0-Release.Candidate.app/Contents/Developer/Toolchains/XcodeDefault.xctoolchain/usr/bin/clang-stat-cache /Applications/Xcode-27.0.0-Release.Candidate.app/Contents/Developer/Platforms/XROS.platform/Developer/SDKs/XROS27.0.sdk -o /Users/admin/builder/spi-builder-workspace/.derivedData/SDKStatCaches.noindex/xros27.0-24M361-e829b21a6f8c9b70876ba0858053c044735bd543db762f57723cac368afd1ce4.sdkstatcache
SwiftDriver RefreshableScrollView normal arm64 com.apple.xcode.tools.swift.compiler (in target 'RefreshableScrollView' from project 'RefreshableScrollView')
    cd /Users/admin/builder/spi-builder-workspace/.swiftpm/xcode
    builtin-SwiftDriver -- /Applications/Xcode-27.0.0-Release.Candidate.app/Contents/Developer/Toolchains/XcodeDefault.xctoolchain/usr/bin/swiftc -parse-as-library -module-name RefreshableScrollView -Onone @/Users/admin/builder/spi-builder-workspace/.derivedData/Build/Intermediates.noindex/RefreshableScrollView.build/Debug-xros/RefreshableScrollView-t.build/Objects-normal/arm64/RefreshableScrollView.SwiftFileList -DSWIFT_PACKAGE -DDEBUG -DSWIFT_MODULE_RESOURCE_BUNDLE_UNAVAILABLE -DXcode -plugin-path /Applications/Xcode-27.0.0-Release.Candidate.app/Contents/Developer/Toolchains/XcodeDefault.xctoolchain/usr/lib/swift/host/plugins/testing -enable-experimental-feature DebugDescriptionMacro -sdk /Applications/Xcode-27.0.0-Release.Candidate.app/Contents/Developer/Platforms/XROS.platform/Developer/SDKs/XROS27.0.sdk -target arm64-apple-xros1.0 -g -module-cache-path /Users/admin/builder/spi-builder-workspace/.derivedData/ModuleCache.noindex -Xfrontend -serialize-debugging-options -enable-testing -suppress-warnings -index-store-path /Users/admin/builder/spi-builder-workspace/.derivedData/Index.noindex/DataStore -Xcc -D_LIBCPP_HARDENING_MODE\=_LIBCPP_HARDENING_MODE_DEBUG -swift-version 5 -I /Users/admin/builder/spi-builder-workspace/.derivedData/Build/Products/Debug-xros -Isystem /Applications/Xcode-27.0.0-Release.Candidate.app/Contents/Developer/Platforms/XROS.platform/Developer/usr/lib -F /Users/admin/builder/spi-builder-workspace/.derivedData/Build/Products/Debug-xros -F /Applications/Xcode-27.0.0-Release.Candidate.app/Contents/Developer/Platforms/XROS.platform/Developer/Library/Frameworks -F /Applications/Xcode-27.0.0-Release.Candidate.app/Contents/Developer/Platforms/XROS.platform/Developer/SDKs/XROS27.0.sdk/Developer/Library/Frameworks -c -j10 -enable-batch-mode -incremental -Xcc -ivfsstatcache -Xcc /Users/admin/builder/spi-builder-workspace/.derivedData/SDKStatCaches.noindex/xros27.0-24M361-e829b21a6f8c9b70876ba0858053c044735bd543db762f57723cac368afd1ce4.sdkstatcache -output-file-map /Users/admin/builder/spi-builder-workspace/.derivedData/Build/Intermediates.noindex/RefreshableScrollView.build/Debug-xros/RefreshableScrollView-t.build/Objects-normal/arm64/RefreshableScrollView-OutputFileMap.json -save-temps -no-color-diagnostics -explicit-module-build -module-cache-path /Users/admin/builder/spi-builder-workspace/.derivedData/Build/Intermediates.noindex/SwiftExplicitPrecompiledModules -clang-scanner-module-cache-path /Users/admin/builder/spi-builder-workspace/.derivedData/ModuleCache.noindex -sdk-module-cache-path /Users/admin/builder/spi-builder-workspace/.derivedData/SDKExplicitPrecompiledModules -emit-dependencies -emit-module -emit-module-path /Users/admin/builder/spi-builder-workspace/.derivedData/Build/Intermediates.noindex/RefreshableScrollView.build/Debug-xros/RefreshableScrollView-t.build/Objects-normal/arm64/RefreshableScrollView.swiftmodule -serialize-diagnostics -dependency-scan-serialize-diagnostics-path /Users/admin/builder/spi-builder-workspace/.derivedData/Build/Intermediates.noindex/RefreshableScrollView.build/Debug-xros/RefreshableScrollView-t.build/Objects-normal/arm64/RefreshableScrollView-dependency-scan.dia -validate-clang-modules-once -clang-build-session-file /Users/admin/builder/spi-builder-workspace/.derivedData/ModuleCache.noindex/Session.modulevalidation -Xcc -fmodules-prune-interval\=86400 -Xcc -fmodules-prune-after\=345600 -emit-const-values -const-gather-protocols-list /Users/admin/builder/spi-builder-workspace/.derivedData/Build/Intermediates.noindex/RefreshableScrollView.build/Debug-xros/RefreshableScrollView-t.build/Objects-normal/arm64/RefreshableScrollView_const_extract_protocols.json -Xcc -I/Users/admin/builder/spi-builder-workspace/.derivedData/Build/Products/Debug-xros/include -Xcc -I/Users/admin/builder/spi-builder-workspace/.derivedData/Build/Intermediates.noindex/RefreshableScrollView.build/Debug-xros/RefreshableScrollView-t.build/DerivedSources-normal/arm64 -Xcc -I/Users/admin/builder/spi-builder-workspace/.derivedData/Build/Intermediates.noindex/RefreshableScrollView.build/Debug-xros/RefreshableScrollView-t.build/DerivedSources/arm64 -Xcc -I/Users/admin/builder/spi-builder-workspace/.derivedData/Build/Intermediates.noindex/RefreshableScrollView.build/Debug-xros/RefreshableScrollView-t.build/DerivedSources -Xcc -DSWIFT_PACKAGE -Xcc -DDEBUG\=1 -emit-objc-header -emit-objc-header-path /Users/admin/builder/spi-builder-workspace/.derivedData/Build/Intermediates.noindex/RefreshableScrollView.build/Debug-xros/RefreshableScrollView-t.build/Objects-normal/arm64/RefreshableScrollView-Swift.h -working-directory /Users/admin/builder/spi-builder-workspace/.swiftpm/xcode -experimental-emit-module-separately -disable-cmo
SwiftDriver XCTestExtensions normal arm64 com.apple.xcode.tools.swift.compiler (in target 'XCTestExtensions' from project 'XCTestExtensions')
    cd /Users/admin/builder/spi-builder-workspace/.swiftpm/xcode
    builtin-SwiftDriver -- /Applications/Xcode-27.0.0-Release.Candidate.app/Contents/Developer/Toolchains/XcodeDefault.xctoolchain/usr/bin/swiftc -parse-as-library -module-name XCTestExtensions -Onone @/Users/admin/builder/spi-builder-workspace/.derivedData/Build/Intermediates.noindex/XCTestExtensions.build/Debug-xros/XCTestExtensions-t.build/Objects-normal/arm64/XCTestExtensions.SwiftFileList -DSWIFT_PACKAGE -DDEBUG -DSWIFT_MODULE_RESOURCE_BUNDLE_UNAVAILABLE -DXcode -plugin-path /Applications/Xcode-27.0.0-Release.Candidate.app/Contents/Developer/Toolchains/XcodeDefault.xctoolchain/usr/lib/swift/host/plugins/testing -enable-experimental-feature DebugDescriptionMacro -sdk /Applications/Xcode-27.0.0-Release.Candidate.app/Contents/Developer/Platforms/XROS.platform/Developer/SDKs/XROS27.0.sdk -target arm64-apple-xros1.0 -g -module-cache-path /Users/admin/builder/spi-builder-workspace/.derivedData/ModuleCache.noindex -Xfrontend -serialize-debugging-options -enable-testing -suppress-warnings -index-store-path /Users/admin/builder/spi-builder-workspace/.derivedData/Index.noindex/DataStore -Xcc -D_LIBCPP_HARDENING_MODE\=_LIBCPP_HARDENING_MODE_DEBUG -swift-version 5 -I /Users/admin/builder/spi-builder-workspace/.derivedData/Build/Products/Debug-xros -Isystem /Applications/Xcode-27.0.0-Release.Candidate.app/Contents/Developer/Platforms/XROS.platform/Developer/usr/lib -F /Users/admin/builder/spi-builder-workspace/.derivedData/Build/Products/Debug-xros/PackageFrameworks -F /Users/admin/builder/spi-builder-workspace/.derivedData/Build/Products/Debug-xros -F /Applications/Xcode-27.0.0-Release.Candidate.app/Contents/Developer/Platforms/XROS.platform/Developer/Library/Frameworks -F /Applications/Xcode-27.0.0-Release.Candidate.app/Contents/Developer/Platforms/XROS.platform/Developer/SDKs/XROS27.0.sdk/Developer/Library/Frameworks -c -j10 -enable-batch-mode -incremental -Xcc -ivfsstatcache -Xcc /Users/admin/builder/spi-builder-workspace/.derivedData/SDKStatCaches.noindex/xros27.0-24M361-e829b21a6f8c9b70876ba0858053c044735bd543db762f57723cac368afd1ce4.sdkstatcache -output-file-map /Users/admin/builder/spi-builder-workspace/.derivedData/Build/Intermediates.noindex/XCTestExtensions.build/Debug-xros/XCTestExtensions-t.build/Objects-normal/arm64/XCTestExtensions-OutputFileMap.json -save-temps -no-color-diagnostics -explicit-module-build -module-cache-path /Users/admin/builder/spi-builder-workspace/.derivedData/Build/Intermediates.noindex/SwiftExplicitPrecompiledModules -clang-scanner-module-cache-path /Users/admin/builder/spi-builder-workspace/.derivedData/ModuleCache.noindex -sdk-module-cache-path /Users/admin/builder/spi-builder-workspace/.derivedData/SDKExplicitPrecompiledModules -emit-dependencies -emit-module -emit-module-path /Users/admin/builder/spi-builder-workspace/.derivedData/Build/Intermediates.noindex/XCTestExtensions.build/Debug-xros/XCTestExtensions-t.build/Objects-normal/arm64/XCTestExtensions.swiftmodule -serialize-diagnostics -dependency-scan-serialize-diagnostics-path /Users/admin/builder/spi-builder-workspace/.derivedData/Build/Intermediates.noindex/XCTestExtensions.build/Debug-xros/XCTestExtensions-t.build/Objects-normal/arm64/XCTestExtensions-dependency-scan.dia -validate-clang-modules-once -clang-build-session-file /Users/admin/builder/spi-builder-workspace/.derivedData/ModuleCache.noindex/Session.modulevalidation -Xcc -fmodules-prune-interval\=86400 -Xcc -fmodules-prune-after\=345600 -emit-const-values -const-gather-protocols-list /Users/admin/builder/spi-builder-workspace/.derivedData/Build/Intermediates.noindex/XCTestExtensions.build/Debug-xros/XCTestExtensions-t.build/Objects-normal/arm64/XCTestExtensions_const_extract_protocols.json -Xcc -I/Users/admin/builder/spi-builder-workspace/.derivedData/Build/Products/Debug-xros/include -Xcc -I/Users/admin/builder/spi-builder-workspace/.derivedData/Build/Intermediates.noindex/XCTestExtensions.build/Debug-xros/XCTestExtensions-t.build/DerivedSources-normal/arm64 -Xcc -I/Users/admin/builder/spi-builder-workspace/.derivedData/Build/Intermediates.noindex/XCTestExtensions.build/Debug-xros/XCTestExtensions-t.build/DerivedSources/arm64 -Xcc -I/Users/admin/builder/spi-builder-workspace/.derivedData/Build/Intermediates.noindex/XCTestExtensions.build/Debug-xros/XCTestExtensions-t.build/DerivedSources -Xcc -DSWIFT_PACKAGE -Xcc -DDEBUG\=1 -emit-objc-header -emit-objc-header-path /Users/admin/builder/spi-builder-workspace/.derivedData/Build/Intermediates.noindex/XCTestExtensions.build/Debug-xros/XCTestExtensions-t.build/Objects-normal/arm64/XCTestExtensions-Swift.h -working-directory /Users/admin/builder/spi-builder-workspace/.swiftpm/xcode -experimental-emit-module-separately -disable-cmo
SwiftDriver FastList normal arm64 com.apple.xcode.tools.swift.compiler (in target 'FastList' from project 'FastList')
    cd /Users/admin/builder/spi-builder-workspace/.swiftpm/xcode
    builtin-SwiftDriver -- /Applications/Xcode-27.0.0-Release.Candidate.app/Contents/Developer/Toolchains/XcodeDefault.xctoolchain/usr/bin/swiftc -parse-as-library -module-name FastList -Onone @/Users/admin/builder/spi-builder-workspace/.derivedData/Build/Intermediates.noindex/FastList.build/Debug-xros/FastList-t.build/Objects-normal/arm64/FastList.SwiftFileList -DSWIFT_PACKAGE -DDEBUG -DSWIFT_MODULE_RESOURCE_BUNDLE_UNAVAILABLE -DXcode -plugin-path /Applications/Xcode-27.0.0-Release.Candidate.app/Contents/Developer/Toolchains/XcodeDefault.xctoolchain/usr/lib/swift/host/plugins/testing -enable-experimental-feature DebugDescriptionMacro -sdk /Applications/Xcode-27.0.0-Release.Candidate.app/Contents/Developer/Platforms/XROS.platform/Developer/SDKs/XROS27.0.sdk -target arm64-apple-xros1.0 -g -module-cache-path /Users/admin/builder/spi-builder-workspace/.derivedData/ModuleCache.noindex -Xfrontend -serialize-debugging-options -enable-testing -index-store-path /Users/admin/builder/spi-builder-workspace/.derivedData/Index.noindex/DataStore -Xcc -D_LIBCPP_HARDENING_MODE\=_LIBCPP_HARDENING_MODE_DEBUG -swift-version 5 -I /Users/admin/builder/spi-builder-workspace/.derivedData/Build/Products/Debug-xros -Isystem /Applications/Xcode-27.0.0-Release.Candidate.app/Contents/Developer/Platforms/XROS.platform/Developer/usr/lib -F /Users/admin/builder/spi-builder-workspace/.derivedData/Build/Products/Debug-xros/PackageFrameworks -F /Users/admin/builder/spi-builder-workspace/.derivedData/Build/Products/Debug-xros -F /Applications/Xcode-27.0.0-Release.Candidate.app/Contents/Developer/Platforms/XROS.platform/Developer/Library/Frameworks -F /Applications/Xcode-27.0.0-Release.Candidate.app/Contents/Developer/Platforms/XROS.platform/Developer/SDKs/XROS27.0.sdk/Developer/Library/Frameworks -c -j10 -enable-batch-mode -incremental -Xcc -ivfsstatcache -Xcc /Users/admin/builder/spi-builder-workspace/.derivedData/SDKStatCaches.noindex/xros27.0-24M361-e829b21a6f8c9b70876ba0858053c044735bd543db762f57723cac368afd1ce4.sdkstatcache -output-file-map /Users/admin/builder/spi-builder-workspace/.derivedData/Build/Intermediates.noindex/FastList.build/Debug-xros/FastList-t.build/Objects-normal/arm64/FastList-OutputFileMap.json -save-temps -no-color-diagnostics -explicit-module-build -module-cache-path /Users/admin/builder/spi-builder-workspace/.derivedData/Build/Intermediates.noindex/SwiftExplicitPrecompiledModules -clang-scanner-module-cache-path /Users/admin/builder/spi-builder-workspace/.derivedData/ModuleCache.noindex -sdk-module-cache-path /Users/admin/builder/spi-builder-workspace/.derivedData/SDKExplicitPrecompiledModules -emit-dependencies -emit-module -emit-module-path /Users/admin/builder/spi-builder-workspace/.derivedData/Build/Intermediates.noindex/FastList.build/Debug-xros/FastList-t.build/Objects-normal/arm64/FastList.swiftmodule -serialize-diagnostics -dependency-scan-serialize-diagnostics-path /Users/admin/builder/spi-builder-workspace/.derivedData/Build/Intermediates.noindex/FastList.build/Debug-xros/FastList-t.build/Objects-normal/arm64/FastList-dependency-scan.dia -validate-clang-modules-once -clang-build-session-file /Users/admin/builder/spi-builder-workspace/.derivedData/ModuleCache.noindex/Session.modulevalidation -Xcc -fmodules-prune-interval\=86400 -Xcc -fmodules-prune-after\=345600 -emit-const-values -const-gather-protocols-list /Users/admin/builder/spi-builder-workspace/.derivedData/Build/Intermediates.noindex/FastList.build/Debug-xros/FastList-t.build/Objects-normal/arm64/FastList_const_extract_protocols.json -Xcc -I/Users/admin/builder/spi-builder-workspace/.derivedData/Build/Products/Debug-xros/include -Xcc -I/Users/admin/builder/spi-builder-workspace/.derivedData/Build/Intermediates.noindex/FastList.build/Debug-xros/FastList-t.build/DerivedSources-normal/arm64 -Xcc -I/Users/admin/builder/spi-builder-workspace/.derivedData/Build/Intermediates.noindex/FastList.build/Debug-xros/FastList-t.build/DerivedSources/arm64 -Xcc -I/Users/admin/builder/spi-builder-workspace/.derivedData/Build/Intermediates.noindex/FastList.build/Debug-xros/FastList-t.build/DerivedSources -Xcc -DSWIFT_PACKAGE -Xcc -DDEBUG\=1 -emit-objc-header -emit-objc-header-path /Users/admin/builder/spi-builder-workspace/.derivedData/Build/Intermediates.noindex/FastList.build/Debug-xros/FastList-t.build/Objects-normal/arm64/FastList-Swift.h -working-directory /Users/admin/builder/spi-builder-workspace/.swiftpm/xcode -experimental-emit-module-separately -disable-cmo
SwiftCompile normal arm64 Compiling\ XCTestCase+WaitForAsync.swift /Users/admin/builder/spi-builder-workspace/.dependencies/checkouts/XCTestExtensions/Sources/XCTestExtensions/XCTestCase+WaitForAsync.swift (in target 'XCTestExtensions' from project 'XCTestExtensions')
SwiftCompile normal arm64 /Users/admin/builder/spi-builder-workspace/.dependencies/checkouts/XCTestExtensions/Sources/XCTestExtensions/XCTestCase+WaitForAsync.swift (in target 'XCTestExtensions' from project 'XCTestExtensions')
    cd /Users/admin/builder/spi-builder-workspace/.swiftpm/xcode
    builtin-SwiftPerFileCompile XCTestCase+WaitForAsync.swift
SwiftCompile normal arm64 Compiling\ XCTestCase+Resources.swift /Users/admin/builder/spi-builder-workspace/.dependencies/checkouts/XCTestExtensions/Sources/XCTestExtensions/XCTestCase+Resources.swift (in target 'XCTestExtensions' from project 'XCTestExtensions')
SwiftCompile normal arm64 /Users/admin/builder/spi-builder-workspace/.dependencies/checkouts/XCTestExtensions/Sources/XCTestExtensions/XCTestCase+Resources.swift (in target 'XCTestExtensions' from project 'XCTestExtensions')
    cd /Users/admin/builder/spi-builder-workspace/.swiftpm/xcode
    builtin-SwiftPerFileCompile XCTestCase+Resources.swift
SwiftCompile normal arm64 Compiling\ XCTAssert+Collections.swift,\ XCTAssert+Matching.swift /Users/admin/builder/spi-builder-workspace/.dependencies/checkouts/XCTestExtensions/Sources/XCTestExtensions/XCTAssert+Collections.swift /Users/admin/builder/spi-builder-workspace/.dependencies/checkouts/XCTestExtensions/Sources/XCTestExtensions/XCTAssert+Matching.swift (in target 'XCTestExtensions' from project 'XCTestExtensions')
SwiftCompile normal arm64 /Users/admin/builder/spi-builder-workspace/.dependencies/checkouts/XCTestExtensions/Sources/XCTestExtensions/XCTAssert+Collections.swift (in target 'XCTestExtensions' from project 'XCTestExtensions')
    cd /Users/admin/builder/spi-builder-workspace/.swiftpm/xcode
    builtin-SwiftPerFileCompile XCTAssert+Collections.swift
SwiftCompile normal arm64 /Users/admin/builder/spi-builder-workspace/.dependencies/checkouts/XCTestExtensions/Sources/XCTestExtensions/XCTAssert+Matching.swift (in target 'XCTestExtensions' from project 'XCTestExtensions')
    cd /Users/admin/builder/spi-builder-workspace/.swiftpm/xcode
    builtin-SwiftPerFileCompile XCTAssert+Matching.swift
SwiftCompile normal arm64 Compiling\ XCTAssertEqual+Data.swift,\ XCTAssertEqual+Result.swift /Users/admin/builder/spi-builder-workspace/.dependencies/checkouts/XCTestExtensions/Sources/XCTestExtensions/XCTAssertEqual+Data.swift /Users/admin/builder/spi-builder-workspace/.dependencies/checkouts/XCTestExtensions/Sources/XCTestExtensions/XCTAssertEqual+Result.swift (in target 'XCTestExtensions' from project 'XCTestExtensions')
SwiftCompile normal arm64 /Users/admin/builder/spi-builder-workspace/.dependencies/checkouts/XCTestExtensions/Sources/XCTestExtensions/XCTAssertEqual+Data.swift (in target 'XCTestExtensions' from project 'XCTestExtensions')
    cd /Users/admin/builder/spi-builder-workspace/.swiftpm/xcode
    builtin-SwiftPerFileCompile XCTAssertEqual+Data.swift
SwiftCompile normal arm64 /Users/admin/builder/spi-builder-workspace/.dependencies/checkouts/XCTestExtensions/Sources/XCTestExtensions/XCTAssertEqual+Result.swift (in target 'XCTestExtensions' from project 'XCTestExtensions')
    cd /Users/admin/builder/spi-builder-workspace/.swiftpm/xcode
    builtin-SwiftPerFileCompile XCTAssertEqual+Result.swift
SwiftCompile normal arm64 Compiling\ XCTAssert+Result.swift,\ XCTAssert+Types.swift /Users/admin/builder/spi-builder-workspace/.dependencies/checkouts/XCTestExtensions/Sources/XCTestExtensions/XCTAssert+Result.swift /Users/admin/builder/spi-builder-workspace/.dependencies/checkouts/XCTestExtensions/Sources/XCTestExtensions/XCTAssert+Types.swift (in target 'XCTestExtensions' from project 'XCTestExtensions')
SwiftCompile normal arm64 /Users/admin/builder/spi-builder-workspace/.dependencies/checkouts/XCTestExtensions/Sources/XCTestExtensions/XCTAssert+Result.swift (in target 'XCTestExtensions' from project 'XCTestExtensions')
    cd /Users/admin/builder/spi-builder-workspace/.swiftpm/xcode
    builtin-SwiftPerFileCompile XCTAssert+Result.swift
SwiftCompile normal arm64 /Users/admin/builder/spi-builder-workspace/.dependencies/checkouts/XCTestExtensions/Sources/XCTestExtensions/XCTAssert+Types.swift (in target 'XCTestExtensions' from project 'XCTestExtensions')
    cd /Users/admin/builder/spi-builder-workspace/.swiftpm/xcode
    builtin-SwiftPerFileCompile XCTAssert+Types.swift
SwiftCompile normal arm64 Compiling\ XCTAssertEqual+String.swift /Users/admin/builder/spi-builder-workspace/.dependencies/checkouts/XCTestExtensions/Sources/XCTestExtensions/XCTAssertEqual+String.swift (in target 'XCTestExtensions' from project 'XCTestExtensions')
SwiftCompile normal arm64 /Users/admin/builder/spi-builder-workspace/.dependencies/checkouts/XCTestExtensions/Sources/XCTestExtensions/XCTAssertEqual+String.swift (in target 'XCTestExtensions' from project 'XCTestExtensions')
    cd /Users/admin/builder/spi-builder-workspace/.swiftpm/xcode
    builtin-SwiftPerFileCompile XCTAssertEqual+String.swift
SwiftCompile normal arm64 Compiling\ XCTestCase+JSON.swift /Users/admin/builder/spi-builder-workspace/.dependencies/checkouts/XCTestExtensions/Sources/XCTestExtensions/XCTestCase+JSON.swift (in target 'XCTestExtensions' from project 'XCTestExtensions')
SwiftCompile normal arm64 /Users/admin/builder/spi-builder-workspace/.dependencies/checkouts/XCTestExtensions/Sources/XCTestExtensions/XCTestCase+JSON.swift (in target 'XCTestExtensions' from project 'XCTestExtensions')
    cd /Users/admin/builder/spi-builder-workspace/.swiftpm/xcode
    builtin-SwiftPerFileCompile XCTestCase+JSON.swift
SwiftCompile normal arm64 Compiling\ XCTestMonitor.swift /Users/admin/builder/spi-builder-workspace/.dependencies/checkouts/XCTestExtensions/Sources/XCTestExtensions/XCTestMonitor.swift (in target 'XCTestExtensions' from project 'XCTestExtensions')
SwiftCompile normal arm64 /Users/admin/builder/spi-builder-workspace/.dependencies/checkouts/XCTestExtensions/Sources/XCTestExtensions/XCTestMonitor.swift (in target 'XCTestExtensions' from project 'XCTestExtensions')
    cd /Users/admin/builder/spi-builder-workspace/.swiftpm/xcode
    builtin-SwiftPerFileCompile XCTestMonitor.swift
SwiftEmitModule normal arm64 Emitting\ module\ for\ XCTestExtensions (in target 'XCTestExtensions' from project 'XCTestExtensions')
SwiftCompile normal arm64 (in target 'XCTestExtensions' from project 'XCTestExtensions')
    cd /Users/admin/builder/spi-builder-workspace/.swiftpm/xcode

SwiftEmitModule normal arm64 Emitting\ module\ for\ RefreshableScrollView (in target 'RefreshableScrollView' from project 'RefreshableScrollView')
SwiftCompile normal arm64 (in target 'RefreshableScrollView' from project 'RefreshableScrollView')
    cd /Users/admin/builder/spi-builder-workspace/.swiftpm/xcode

SwiftDriverJobDiscovery normal arm64 Compiling XCTestCase+WaitForAsync.swift (in target 'XCTestExtensions' from project 'XCTestExtensions')
SwiftCompile normal arm64 Compiling\ XCUIApplication+UITesting.swift /Users/admin/builder/spi-builder-workspace/.dependencies/checkouts/XCTestExtensions/Sources/XCTestExtensions/XCUIApplication+UITesting.swift (in target 'XCTestExtensions' from project 'XCTestExtensions')
/Users/admin/builder/spi-builder-workspace/.dependencies/checkouts/XCTestExtensions/Sources/XCTestExtensions/XCUIApplication+UITesting.swift:66:26: error: cannot find 'Host' in scope
 64 |             deviceName = UIDevice.current.name
 65 |         #else
 66 |             deviceName = Host.current().name
    |                          `- error: cannot find 'Host' in scope
 67 |         #endif
 68 |         if let deviceName {
Failed frontend command:
/Applications/Xcode-27.0.0-Release.Candidate.app/Contents/Developer/Toolchains/XcodeDefault.xctoolchain/usr/bin/swift-frontend -frontend -c /Users/admin/builder/spi-builder-workspace/.dependencies/checkouts/XCTestExtensions/Sources/XCTestExtensions/XCTAssert+Collections.swift /Users/admin/builder/spi-builder-workspace/.dependencies/checkouts/XCTestExtensions/Sources/XCTestExtensions/XCTAssert+Matching.swift /Users/admin/builder/spi-builder-workspace/.dependencies/checkouts/XCTestExtensions/Sources/XCTestExtensions/XCTAssert+Result.swift /Users/admin/builder/spi-builder-workspace/.dependencies/checkouts/XCTestExtensions/Sources/XCTestExtensions/XCTAssert+Types.swift /Users/admin/builder/spi-builder-workspace/.dependencies/checkouts/XCTestExtensions/Sources/XCTestExtensions/XCTAssertEqual+Data.swift /Users/admin/builder/spi-builder-workspace/.dependencies/checkouts/XCTestExtensions/Sources/XCTestExtensions/XCTAssertEqual+Result.swift /Users/admin/builder/spi-builder-workspace/.dependencies/checkouts/XCTestExtensions/Sources/XCTestExtensions/XCTAssertEqual+String.swift /Users/admin/builder/spi-builder-workspace/.dependencies/checkouts/XCTestExtensions/Sources/XCTestExtensions/XCTestCase+Combine.swift /Users/admin/builder/spi-builder-workspace/.dependencies/checkouts/XCTestExtensions/Sources/XCTestExtensions/XCTestCase+JSON.swift /Users/admin/builder/spi-builder-workspace/.dependencies/checkouts/XCTestExtensions/Sources/XCTestExtensions/XCTestCase+Resources.swift /Users/admin/builder/spi-builder-workspace/.dependencies/checkouts/XCTestExtensions/Sources/XCTestExtensions/XCTestCase+WaitForAsync.swift /Users/admin/builder/spi-builder-workspace/.dependencies/checkouts/XCTestExtensions/Sources/XCTestExtensions/XCTestMonitor.swift /Users/admin/builder/spi-builder-workspace/.dependencies/checkouts/XCTestExtensions/Sources/XCTestExtensions/XCTestRunner.swift -primary-file /Users/admin/builder/spi-builder-workspace/.dependencies/checkouts/XCTestExtensions/Sources/XCTestExtensions/XCUIApplication+UITesting.swift -emit-dependencies-path /Users/admin/builder/spi-builder-workspace/.derivedData/Build/Intermediates.noindex/XCTestExtensions.build/Debug-xros/XCTestExtensions-t.build/Objects-normal/arm64/XCUIApplication+UITesting.d -emit-const-values-path /Users/admin/builder/spi-builder-workspace/.derivedData/Build/Intermediates.noindex/XCTestExtensions.build/Debug-xros/XCTestExtensions-t.build/Objects-normal/arm64/XCUIApplication+UITesting.swiftconstvalues -emit-reference-dependencies-path /Users/admin/builder/spi-builder-workspace/.derivedData/Build/Intermediates.noindex/XCTestExtensions.build/Debug-xros/XCTestExtensions-t.build/Objects-normal/arm64/XCUIApplication+UITesting.swiftdeps -serialize-diagnostics-path /Users/admin/builder/spi-builder-workspace/.derivedData/Build/Intermediates.noindex/XCTestExtensions.build/Debug-xros/XCTestExtensions-t.build/Objects-normal/arm64/XCUIApplication+UITesting.dia -target arm64-apple-xros1.0 -module-can-import-version Combine 3023 0 -disable-cross-import-overlay-search -load-resolved-plugin /Applications/Xcode-27.0.0-Release.Candidate.app/Contents/Developer/Platforms/XROS.platform/Developer/usr/lib/swift/host/plugins/libFoundationMacros.dylib\#/Applications/Xcode-27.0.0-Release.Candidate.app/Contents/Developer/Platforms/XROS.platform/Developer/usr/bin/swift-plugin-server\#FoundationMacros -load-resolved-plugin /Applications/Xcode-27.0.0-Release.Candidate.app/Contents/Developer/Platforms/XROS.platform/Developer/usr/lib/swift/host/plugins/libObservationMacros.dylib\#/Applications/Xcode-27.0.0-Release.Candidate.app/Contents/Developer/Platforms/XROS.platform/Developer/usr/bin/swift-plugin-server\#ObservationMacros -load-resolved-plugin /Applications/Xcode-27.0.0-Release.Candidate.app/Contents/Developer/Platforms/XROS.platform/Developer/usr/lib/swift/host/plugins/libPreviewsMacros.dylib\#/Applications/Xcode-27.0.0-Release.Candidate.app/Contents/Developer/Platforms/XROS.platform/Developer/usr/bin/swift-plugin-server\#PreviewsMacros -load-resolved-plugin /Applications/Xcode-27.0.0-Release.Candidate.app/Contents/Developer/Platforms/XROS.platform/Developer/usr/lib/swift/host/plugins/libSwiftMacros.dylib\#/Applications/Xcode-27.0.0-Release.Candidate.app/Contents/Developer/Platforms/XROS.platform/Developer/usr/bin/swift-plugin-server\#SwiftMacros -load-resolved-plugin /Applications/Xcode-27.0.0-Release.Candidate.app/Contents/Developer/Platforms/XROS.platform/Developer/usr/lib/swift/host/plugins/libSwiftUIMacros.dylib\#/Applications/Xcode-27.0.0-Release.Candidate.app/Contents/Developer/Platforms/XROS.platform/Developer/usr/bin/swift-plugin-server\#SwiftUIMacros -disable-implicit-swift-modules -Xcc -fno-implicit-modules -Xcc -fno-implicit-module-maps -explicit-swift-module-map-file /Users/admin/builder/spi-builder-workspace/.derivedData/Build/Intermediates.noindex/XCTestExtensions.build/Debug-xros/XCTestExtensions-t.build/Objects-normal/arm64/XCTestExtensions-dependencies-1.json -Xllvm -aarch64-use-tbi -enable-objc-interop -stack-check -sdk /Applications/Xcode-27.0.0-Release.Candidate.app/Contents/Developer/Platforms/XROS.platform/Developer/SDKs/XROS27.0.sdk -I /Users/admin/builder/spi-builder-workspace/.derivedData/Build/Products/Debug-xros -Isystem /Applications/Xcode-27.0.0-Release.Candidate.app/Contents/Developer/Platforms/XROS.platform/Developer/usr/lib -F /Users/admin/builder/spi-builder-workspace/.derivedData/Build/Products/Debug-xros/PackageFrameworks -F /Users/admin/builder/spi-builder-workspace/.derivedData/Build/Products/Debug-xros -F /Applications/Xcode-27.0.0-Release.Candidate.app/Contents/Developer/Platforms/XROS.platform/Developer/Library/Frameworks -F /Applications/Xcode-27.0.0-Release.Candidate.app/Contents/Developer/Platforms/XROS.platform/Developer/SDKs/XROS27.0.sdk/Developer/Library/Frameworks -module-cache-path /Users/admin/builder/spi-builder-workspace/.derivedData/Build/Intermediates.noindex/SwiftExplicitPrecompiledModules -no-color-diagnostics -Xcc -fno-color-diagnostics -enable-testing -g -debug-info-format\=dwarf -dwarf-version\=4 -suppress-warnings -swift-version 5 -Onone -D SWIFT_PACKAGE -D DEBUG -D SWIFT_MODULE_RESOURCE_BUNDLE_UNAVAILABLE -D Xcode -serialize-debugging-options -enable-experimental-feature DebugDescriptionMacro -empty-abi-descriptor -validate-clang-modules-once -clang-build-session-file /Users/admin/builder/spi-builder-workspace/.derivedData/ModuleCache.noindex/Session.modulevalidation -Xcc -working-directory -Xcc /Users/admin/builder/spi-builder-workspace/.swiftpm/xcode -enable-anonymous-context-mangled-names -file-compilation-dir /Users/admin/builder/spi-builder-workspace/.swiftpm/xcode -Xcc -D_LIBCPP_HARDENING_MODE\=_LIBCPP_HARDENING_MODE_DEBUG -Xcc -ivfsstatcache -Xcc /Users/admin/builder/spi-builder-workspace/.derivedData/SDKStatCaches.noindex/xros27.0-24M361-e829b21a6f8c9b70876ba0858053c044735bd543db762f57723cac368afd1ce4.sdkstatcache -Xcc -fmodules-prune-interval\=86400 -Xcc -fmodules-prune-after\=345600 -Xcc -I/Users/admin/builder/spi-builder-workspace/.derivedData/Build/Products/Debug-xros/include -Xcc -I/Users/admin/builder/spi-builder-workspace/.derivedData/Build/Intermediates.noindex/XCTestExtensions.build/Debug-xros/XCTestExtensions-t.build/DerivedSources-normal/arm64 -Xcc -I/Users/admin/builder/spi-builder-workspace/.derivedData/Build/Intermediates.noindex/XCTestExtensions.build/Debug-xros/XCTestExtensions-t.build/DerivedSources/arm64 -Xcc -I/Users/admin/builder/spi-builder-workspace/.derivedData/Build/Intermediates.noindex/XCTestExtensions.build/Debug-xros/XCTestExtensions-t.build/DerivedSources -Xcc -DSWIFT_PACKAGE -Xcc -DDEBUG\=1 -no-auto-bridging-header-chaining -module-name XCTestExtensions -const-gather-protocols-file /Users/admin/builder/spi-builder-workspace/.derivedData/Build/Intermediates.noindex/XCTestExtensions.build/Debug-xros/XCTestExtensions-t.build/Objects-normal/arm64/XCTestExtensions_const_extract_protocols.json -disable-clang-spi -clang-target arm64-apple-xros27.0 -target-sdk-version 27.0 -target-sdk-name xros27.0 -in-process-plugin-server-path /Applications/Xcode-27.0.0-Release.Candidate.app/Contents/Developer/Toolchains/XcodeDefault.xctoolchain/usr/lib/swift/host/libSwiftInProcPluginServer.dylib -parse-as-library -o /Users/admin/builder/spi-builder-workspace/.derivedData/Build/Intermediates.noindex/XCTestExtensions.build/Debug-xros/XCTestExtensions-t.build/Objects-normal/arm64/XCUIApplication+UITesting.o -debug-module-path /Users/admin/builder/spi-builder-workspace/.derivedData/Build/Intermediates.noindex/XCTestExtensions.build/Debug-xros/XCTestExtensions-t.build/Objects-normal/arm64/XCTestExtensions.swiftmodule -index-unit-output-path /XCTestExtensions.build/Debug-xros/XCTestExtensions-t.build/Objects-normal/arm64/XCUIApplication+UITesting.o -index-store-path /Users/admin/builder/spi-builder-workspace/.derivedData/Index.noindex/DataStore -index-system-modules
SwiftCompile normal arm64 /Users/admin/builder/spi-builder-workspace/.dependencies/checkouts/XCTestExtensions/Sources/XCTestExtensions/XCUIApplication+UITesting.swift (in target 'XCTestExtensions' from project 'XCTestExtensions')
    cd /Users/admin/builder/spi-builder-workspace/.swiftpm/xcode
    builtin-SwiftPerFileCompile XCUIApplication+UITesting.swift
SwiftDriverJobDiscovery normal arm64 Compiling XCTAssert+Collections.swift, XCTAssert+Matching.swift (in target 'XCTestExtensions' from project 'XCTestExtensions')
SwiftCompile normal arm64 Compiling\ XCTestCase+Combine.swift /Users/admin/builder/spi-builder-workspace/.dependencies/checkouts/XCTestExtensions/Sources/XCTestExtensions/XCTestCase+Combine.swift (in target 'XCTestExtensions' from project 'XCTestExtensions')
SwiftCompile normal arm64 /Users/admin/builder/spi-builder-workspace/.dependencies/checkouts/XCTestExtensions/Sources/XCTestExtensions/XCTestCase+Combine.swift (in target 'XCTestExtensions' from project 'XCTestExtensions')
    cd /Users/admin/builder/spi-builder-workspace/.swiftpm/xcode
    builtin-SwiftPerFileCompile XCTestCase+Combine.swift
SwiftDriverJobDiscovery normal arm64 Compiling XCTestCase+JSON.swift (in target 'XCTestExtensions' from project 'XCTestExtensions')
SwiftCompile normal arm64 Compiling\ IndicatorView.swift /Users/admin/builder/spi-builder-workspace/.dependencies/checkouts/RefreshableScrollView/Sources/RefreshableScrollView/IndicatorView.swift (in target 'RefreshableScrollView' from project 'RefreshableScrollView')
SwiftCompile normal arm64 /Users/admin/builder/spi-builder-workspace/.dependencies/checkouts/RefreshableScrollView/Sources/RefreshableScrollView/IndicatorView.swift (in target 'RefreshableScrollView' from project 'RefreshableScrollView')
    cd /Users/admin/builder/spi-builder-workspace/.swiftpm/xcode
    builtin-SwiftPerFileCompile IndicatorView.swift
SwiftDriverJobDiscovery normal arm64 Compiling XCTAssertEqual+String.swift (in target 'XCTestExtensions' from project 'XCTestExtensions')
SwiftCompile normal arm64 Compiling\ RefreshState.swift /Users/admin/builder/spi-builder-workspace/.dependencies/checkouts/RefreshableScrollView/Sources/RefreshableScrollView/RefreshState.swift (in target 'RefreshableScrollView' from project 'RefreshableScrollView')
SwiftCompile normal arm64 /Users/admin/builder/spi-builder-workspace/.dependencies/checkouts/RefreshableScrollView/Sources/RefreshableScrollView/RefreshState.swift (in target 'RefreshableScrollView' from project 'RefreshableScrollView')
    cd /Users/admin/builder/spi-builder-workspace/.swiftpm/xcode
    builtin-SwiftPerFileCompile RefreshState.swift
SwiftDriverJobDiscovery normal arm64 Compiling XCTAssert+Result.swift, XCTAssert+Types.swift (in target 'XCTestExtensions' from project 'XCTestExtensions')
SwiftCompile normal arm64 Compiling\ CustomActivityView.swift /Users/admin/builder/spi-builder-workspace/.dependencies/checkouts/RefreshableScrollView/Sources/RefreshableScrollView/CustomActivityView.swift (in target 'RefreshableScrollView' from project 'RefreshableScrollView')
SwiftCompile normal arm64 /Users/admin/builder/spi-builder-workspace/.dependencies/checkouts/RefreshableScrollView/Sources/RefreshableScrollView/CustomActivityView.swift (in target 'RefreshableScrollView' from project 'RefreshableScrollView')
    cd /Users/admin/builder/spi-builder-workspace/.swiftpm/xcode
    builtin-SwiftPerFileCompile CustomActivityView.swift
SwiftCompile normal arm64 Compiling\ NativeRefreshableScrollView.swift /Users/admin/builder/spi-builder-workspace/.dependencies/checkouts/RefreshableScrollView/Sources/RefreshableScrollView/NativeRefreshableScrollView.swift (in target 'RefreshableScrollView' from project 'RefreshableScrollView')
SwiftCompile normal arm64 /Users/admin/builder/spi-builder-workspace/.dependencies/checkouts/RefreshableScrollView/Sources/RefreshableScrollView/NativeRefreshableScrollView.swift (in target 'RefreshableScrollView' from project 'RefreshableScrollView')
    cd /Users/admin/builder/spi-builder-workspace/.swiftpm/xcode
    builtin-SwiftPerFileCompile NativeRefreshableScrollView.swift
SwiftDriverJobDiscovery normal arm64 Compiling XCTestMonitor.swift (in target 'XCTestExtensions' from project 'XCTestExtensions')
SwiftCompile normal arm64 Compiling\ RefreshableScrollView.swift /Users/admin/builder/spi-builder-workspace/.dependencies/checkouts/RefreshableScrollView/Sources/RefreshableScrollView/RefreshableScrollView.swift (in target 'RefreshableScrollView' from project 'RefreshableScrollView')
SwiftCompile normal arm64 /Users/admin/builder/spi-builder-workspace/.dependencies/checkouts/RefreshableScrollView/Sources/RefreshableScrollView/RefreshableScrollView.swift (in target 'RefreshableScrollView' from project 'RefreshableScrollView')
    cd /Users/admin/builder/spi-builder-workspace/.swiftpm/xcode
    builtin-SwiftPerFileCompile RefreshableScrollView.swift
SwiftEmitModule normal arm64 Emitting\ module\ for\ FastList (in target 'FastList' from project 'FastList')
SwiftCompile normal arm64 (in target 'FastList' from project 'FastList')
    cd /Users/admin/builder/spi-builder-workspace/.swiftpm/xcode

SwiftDriverJobDiscovery normal arm64 Compiling XCTAssertEqual+Data.swift, XCTAssertEqual+Result.swift (in target 'XCTestExtensions' from project 'XCTestExtensions')
SwiftCompile normal arm64 Compiling\ BoundsReaderView.swift /Users/admin/builder/spi-builder-workspace/.dependencies/checkouts/RefreshableScrollView/Sources/RefreshableScrollView/BoundsReaderView.swift (in target 'RefreshableScrollView' from project 'RefreshableScrollView')
SwiftCompile normal arm64 /Users/admin/builder/spi-builder-workspace/.dependencies/checkouts/RefreshableScrollView/Sources/RefreshableScrollView/BoundsReaderView.swift (in target 'RefreshableScrollView' from project 'RefreshableScrollView')
    cd /Users/admin/builder/spi-builder-workspace/.swiftpm/xcode
    builtin-SwiftPerFileCompile BoundsReaderView.swift
SwiftDriverJobDiscovery normal arm64 Compiling XCTestCase+Resources.swift (in target 'XCTestExtensions' from project 'XCTestExtensions')
SwiftCompile normal arm64 Compiling\ InnerListView.swift /Users/admin/builder/spi-builder-workspace/Sources/FastList/InnerListView.swift (in target 'FastList' from project 'FastList')
SwiftCompile normal arm64 /Users/admin/builder/spi-builder-workspace/Sources/FastList/InnerListView.swift (in target 'FastList' from project 'FastList')
    cd /Users/admin/builder/spi-builder-workspace/.swiftpm/xcode
    builtin-SwiftPerFileCompile InnerListView.swift
SwiftDriverJobDiscovery normal arm64 Compiling XCTestCase+Combine.swift (in target 'XCTestExtensions' from project 'XCTestExtensions')
SwiftCompile normal arm64 Compiling\ FastList.swift /Users/admin/builder/spi-builder-workspace/Sources/FastList/FastList.swift (in target 'FastList' from project 'FastList')
SwiftCompile normal arm64 /Users/admin/builder/spi-builder-workspace/Sources/FastList/FastList.swift (in target 'FastList' from project 'FastList')
    cd /Users/admin/builder/spi-builder-workspace/.swiftpm/xcode
    builtin-SwiftPerFileCompile FastList.swift
PruneExplicitPrecompiledModules /Users/admin/builder/spi-builder-workspace/.derivedData/Build/Intermediates.noindex/ExplicitPrecompiledModules
PruneExplicitPrecompiledModules /Users/admin/builder/spi-builder-workspace/.derivedData/Build/Intermediates.noindex/SwiftExplicitPrecompiledModules
PruneExplicitPrecompiledModules /Users/admin/builder/spi-builder-workspace/.derivedData/SDKExplicitPrecompiledModules
2026-09-18 16:16:33.747 xcodebuild[957:5660] [MT] IDERunDestination: Supported platforms for the buildables in the current scheme is empty.
2026-09-18 16:16:33.851 xcodebuild[957:5660] [MT] IDERunDestination: Supported platforms for the buildables in the current scheme is empty.
** BUILD FAILED **
The following build commands failed:
	SwiftCompile normal arm64 Compiling\ XCUIApplication+UITesting.swift /Users/admin/builder/spi-builder-workspace/.dependencies/checkouts/XCTestExtensions/Sources/XCTestExtensions/XCUIApplication+UITesting.swift (in target 'XCTestExtensions' from project 'XCTestExtensions')
	SwiftCompile normal arm64 /Users/admin/builder/spi-builder-workspace/.dependencies/checkouts/XCTestExtensions/Sources/XCTestExtensions/XCUIApplication+UITesting.swift (in target 'XCTestExtensions' from project 'XCTestExtensions')
	Building workspace FastList with scheme FastList
(3 failures)
BUILD FAILURE 6.4 visionOS