Build Information
Failed to build LocalizableUI, reference 0.3.8 (d6dfe2), with Swift 6.4 for macOS (Xcode) using Xcode 27.0 on 16 Sep 2026 09:54:41 UTC.
Build Command
No build command. This typically means the build failed at an early stage where we determine the build command.Build Log
========================================
RunAll
========================================
Builder version: 5.1.0
Interrupt handler set up.
========================================
Checkout
========================================
Clone URL: https://github.com/weiss19ja/LocalizableUI.git
Reference: 0.3.8
Initialized empty Git repository in /Users/admin/builder/spi-builder-workspace/.git/
From https://github.com/weiss19ja/LocalizableUI
* tag 0.3.8 -> FETCH_HEAD
HEAD is now at d6dfe24 Release 0.3.8
Cloned https://github.com/weiss19ja/LocalizableUI.git
Revision (git rev-parse @):
d6dfe242e6a44d1a2726ddbf79a18ccb878508dc
SUCCESS checkout https://github.com/weiss19ja/LocalizableUI.git at 0.3.8
========================================
Build
========================================
Selected platform: macosXcodebuild
Swift version: 6.4
Building package at path: $PWD
https://github.com/weiss19ja/LocalizableUI.git
Command line invocation:
/Applications/Xcode-27.0.0-Release.Candidate.app/Contents/Developer/usr/bin/xcodebuild -IDEClonedSourcePackagesDirPathOverride=/Users/admin/builder/spi-builder-workspace/.dependencies -resolvePackageDependencies
2026-09-16 05:54:40.412 xcodebuild[559:3038] Writing error result bundle to /var/folders/xq/y_g06wb113726d38xsyx71_h0000gn/T/ResultBundle_2026-16-09_05-54-0040.xcresult
xcodebuild: error: The directory /Users/admin/builder/spi-builder-workspace contains 2 projects, including multiple projects with the current extension (.xcodeproj). Specify the project to use with the -project option.
Command line invocation:
/Applications/Xcode-27.0.0-Release.Candidate.app/Contents/Developer/usr/bin/xcodebuild -IDEClonedSourcePackagesDirPathOverride=/Users/admin/builder/spi-builder-workspace/.dependencies -resolvePackageDependencies
2026-09-16 05:54:41.420 xcodebuild[569:3116] Writing error result bundle to /var/folders/xq/y_g06wb113726d38xsyx71_h0000gn/T/ResultBundle_2026-16-09_05-54-0041.xcresult
xcodebuild: error: The directory /Users/admin/builder/spi-builder-workspace contains 2 projects, including multiple projects with the current extension (.xcodeproj). Specify the project to use with the -project option.
BUILD FAILURE 6.4 macosXcodebuild