The Swift Package Index logo.Swift Package Index

Build Information

Failed to build EngineeringMode, reference 0.0.1 (c9ceab), with Swift 6.1 for macOS (SPM) on 12 Jul 2026 02:45:50 UTC.

Build Command

env DEVELOPER_DIR=/Applications/Xcode-16.3.0.app xcrun swift build --arch arm64

Build Log

========================================
RunAll
========================================
Builder version: undefined version: run 'make version' to update
Interrupt handler set up.
========================================
Checkout
========================================
Clone URL: https://github.com/ananay/EngineeringMode.git
Reference: 0.0.1
Initialized empty Git repository in /Users/admin/builder/spi-builder-workspace/.git/
From https://github.com/ananay/EngineeringMode
 * tag               0.0.1      -> FETCH_HEAD
HEAD is now at c9ceab7 Update README.md
Cloned https://github.com/ananay/EngineeringMode.git
Revision (git rev-parse @):
c9ceab787b270f82a7ed262cb3e6da0e91286511
SUCCESS checkout https://github.com/ananay/EngineeringMode.git at 0.0.1
========================================
Build
========================================
Selected platform:         macosSpm
Swift version:             6.1
Building package at path:  $PWD
https://github.com/ananay/EngineeringMode.git
https://github.com/ananay/EngineeringMode.git
{
  "dependencies" : [
  ],
  "manifest_display_name" : "EngineeringMode",
  "name" : "EngineeringMode",
  "path" : "/Users/admin/builder/spi-builder-workspace",
  "platforms" : [
    {
      "name" : "ios",
      "version" : "14.0"
    },
    {
      "name" : "macos",
      "version" : "11.0"
    }
  ],
  "products" : [
    {
      "name" : "EngineeringMode",
      "targets" : [
        "EngineeringMode"
      ],
      "type" : {
        "library" : [
          "automatic"
        ]
      }
    }
  ],
  "targets" : [
    {
      "c99name" : "EngineeringModeTests",
      "module_type" : "SwiftTarget",
      "name" : "EngineeringModeTests",
      "path" : "Tests/EngineeringModeTests",
      "sources" : [
        "EngineeringModeTests.swift"
      ],
      "target_dependencies" : [
        "EngineeringMode"
      ],
      "type" : "test"
    },
    {
      "c99name" : "EngineeringMode",
      "module_type" : "SwiftTarget",
      "name" : "EngineeringMode",
      "path" : "Sources/EngineeringMode",
      "product_memberships" : [
        "EngineeringMode"
      ],
      "sources" : [
        "EngineeringMode.swift",
        "EngineeringModeMainView.swift",
        "NetworkView.swift",
        "NotificationsView.swift",
        "PermissionsView.swift",
        "UserDefaultsView.swift"
      ],
      "type" : "library"
    }
  ],
  "tools_version" : "5.8"
}
Running build ...
env DEVELOPER_DIR=/Applications/Xcode-16.3.0.app xcrun swift build --arch arm64 -Xswiftc -Xfrontend -Xswiftc -stats-output-dir -Xswiftc -Xfrontend -Xswiftc .stats -Xswiftc -strict-concurrency=complete -Xswiftc -enable-upcoming-feature -Xswiftc StrictConcurrency -Xswiftc -enable-upcoming-feature -Xswiftc DisableOutwardActorInference -Xswiftc -enable-upcoming-feature -Xswiftc GlobalActorIsolatedTypesUsability -Xswiftc -enable-upcoming-feature -Xswiftc InferSendableFromCaptures
Building for debugging...
[0/2] Write sources
[1/2] Write swift-version-2F0A5646E1D333AE.txt
[3/9] Compiling EngineeringMode UserDefaultsView.swift
/Users/admin/builder/spi-builder-workspace/Sources/EngineeringMode/PermissionsView.swift:15:8: error: no such module 'HomeKit'
 13 | import CoreMotion
 14 | import HealthKit
 15 | import HomeKit
    |        `- error: no such module 'HomeKit'
 16 | import CoreBluetooth
 17 | import CoreTelephony
[4/9] Compiling EngineeringMode NotificationsView.swift
/Users/admin/builder/spi-builder-workspace/Sources/EngineeringMode/PermissionsView.swift:15:8: error: no such module 'HomeKit'
 13 | import CoreMotion
 14 | import HealthKit
 15 | import HomeKit
    |        `- error: no such module 'HomeKit'
 16 | import CoreBluetooth
 17 | import CoreTelephony
[5/9] Compiling EngineeringMode NetworkView.swift
/Users/admin/builder/spi-builder-workspace/Sources/EngineeringMode/PermissionsView.swift:15:8: error: no such module 'HomeKit'
 13 | import CoreMotion
 14 | import HealthKit
 15 | import HomeKit
    |        `- error: no such module 'HomeKit'
 16 | import CoreBluetooth
 17 | import CoreTelephony
[6/9] Compiling EngineeringMode EngineeringModeMainView.swift
/Users/admin/builder/spi-builder-workspace/Sources/EngineeringMode/PermissionsView.swift:15:8: error: no such module 'HomeKit'
 13 | import CoreMotion
 14 | import HealthKit
 15 | import HomeKit
    |        `- error: no such module 'HomeKit'
 16 | import CoreBluetooth
 17 | import CoreTelephony
error: emit-module command failed with exit code 1 (use -v to see invocation)
[7/9] Emitting module EngineeringMode
/Users/admin/builder/spi-builder-workspace/Sources/EngineeringMode/PermissionsView.swift:15:8: error: no such module 'HomeKit'
 13 | import CoreMotion
 14 | import HealthKit
 15 | import HomeKit
    |        `- error: no such module 'HomeKit'
 16 | import CoreBluetooth
 17 | import CoreTelephony
[8/9] Compiling EngineeringMode PermissionsView.swift
/Users/admin/builder/spi-builder-workspace/Sources/EngineeringMode/PermissionsView.swift:15:8: error: no such module 'HomeKit'
 13 | import CoreMotion
 14 | import HealthKit
 15 | import HomeKit
    |        `- error: no such module 'HomeKit'
 16 | import CoreBluetooth
 17 | import CoreTelephony
[9/9] Compiling EngineeringMode EngineeringMode.swift
/Users/admin/builder/spi-builder-workspace/Sources/EngineeringMode/PermissionsView.swift:15:8: error: no such module 'HomeKit'
 13 | import CoreMotion
 14 | import HealthKit
 15 | import HomeKit
    |        `- error: no such module 'HomeKit'
 16 | import CoreBluetooth
 17 | import CoreTelephony
Running build ...
env DEVELOPER_DIR=/Applications/Xcode-16.3.0.app xcrun swift build --arch arm64
[0/1] Planning build
Building for debugging...
[0/1] Write swift-version-2F0A5646E1D333AE.txt
[2/8] Compiling EngineeringMode PermissionsView.swift
/Users/admin/builder/spi-builder-workspace/Sources/EngineeringMode/PermissionsView.swift:15:8: error: no such module 'HomeKit'
 13 | import CoreMotion
 14 | import HealthKit
 15 | import HomeKit
    |        `- error: no such module 'HomeKit'
 16 | import CoreBluetooth
 17 | import CoreTelephony
[3/8] Compiling EngineeringMode NotificationsView.swift
/Users/admin/builder/spi-builder-workspace/Sources/EngineeringMode/PermissionsView.swift:15:8: error: no such module 'HomeKit'
 13 | import CoreMotion
 14 | import HealthKit
 15 | import HomeKit
    |        `- error: no such module 'HomeKit'
 16 | import CoreBluetooth
 17 | import CoreTelephony
[4/8] Compiling EngineeringMode UserDefaultsView.swift
/Users/admin/builder/spi-builder-workspace/Sources/EngineeringMode/PermissionsView.swift:15:8: error: no such module 'HomeKit'
 13 | import CoreMotion
 14 | import HealthKit
 15 | import HomeKit
    |        `- error: no such module 'HomeKit'
 16 | import CoreBluetooth
 17 | import CoreTelephony
error: emit-module command failed with exit code 1 (use -v to see invocation)
[5/8] Emitting module EngineeringMode
/Users/admin/builder/spi-builder-workspace/Sources/EngineeringMode/PermissionsView.swift:15:8: error: no such module 'HomeKit'
 13 | import CoreMotion
 14 | import HealthKit
 15 | import HomeKit
    |        `- error: no such module 'HomeKit'
 16 | import CoreBluetooth
 17 | import CoreTelephony
[6/8] Compiling EngineeringMode EngineeringModeMainView.swift
/Users/admin/builder/spi-builder-workspace/Sources/EngineeringMode/PermissionsView.swift:15:8: error: no such module 'HomeKit'
 13 | import CoreMotion
 14 | import HealthKit
 15 | import HomeKit
    |        `- error: no such module 'HomeKit'
 16 | import CoreBluetooth
 17 | import CoreTelephony
[7/8] Compiling EngineeringMode EngineeringMode.swift
/Users/admin/builder/spi-builder-workspace/Sources/EngineeringMode/PermissionsView.swift:15:8: error: no such module 'HomeKit'
 13 | import CoreMotion
 14 | import HealthKit
 15 | import HomeKit
    |        `- error: no such module 'HomeKit'
 16 | import CoreBluetooth
 17 | import CoreTelephony
[8/8] Compiling EngineeringMode NetworkView.swift
/Users/admin/builder/spi-builder-workspace/Sources/EngineeringMode/PermissionsView.swift:15:8: error: no such module 'HomeKit'
 13 | import CoreMotion
 14 | import HealthKit
 15 | import HomeKit
    |        `- error: no such module 'HomeKit'
 16 | import CoreBluetooth
 17 | import CoreTelephony
BUILD FAILURE 6.1 macosSpm