The Swift Package Index logo.Swift Package Index

Build Information

Failed to build SwiftAIAgent, reference main (1bce23), with Swift 6.4 for tvOS using Xcode 27.0 on 23 Sep 2026 02:55:18 UTC.

Build Command

env DEVELOPER_DIR=/Applications/Xcode-27.0.0-Release.Candidate.app xcrun xcodebuild -IDEClonedSourcePackagesDirPathOverride=$PWD/.dependencies -skipMacroValidation -skipPackagePluginValidation -derivedDataPath $PWD/.derivedData build -scheme SwiftAIAgent-Package -destination generic/platform=tvOS

Build Log

    cd /Users/admin/builder/spi-builder-workspace
    builtin-swiftHeaderTool -arch arm64 /Users/admin/builder/spi-builder-workspace/.derivedData/Build/Intermediates.noindex/SwiftAIAgent.build/Debug-appletvos/GeminiSDK-t.build/Objects-normal/arm64/GeminiSDK-Swift.h -o /Users/admin/builder/spi-builder-workspace/.derivedData/Build/Intermediates.noindex/GeneratedModuleMaps-appletvos/GeminiSDK-Swift.h
SwiftDriverJobDiscovery normal arm64 Compiling JSONAny.swift, Modality.swift (in target 'GeminiSDK' from project 'SwiftAIAgent')
Copy /Users/admin/builder/spi-builder-workspace/.derivedData/Build/Products/Debug-appletvos/GeminiSDK.swiftmodule/arm64-apple-tvos.swiftmodule /Users/admin/builder/spi-builder-workspace/.derivedData/Build/Intermediates.noindex/SwiftAIAgent.build/Debug-appletvos/GeminiSDK-t.build/Objects-normal/arm64/GeminiSDK.swiftmodule (in target 'GeminiSDK' from project 'SwiftAIAgent')
    cd /Users/admin/builder/spi-builder-workspace
    builtin-copy -exclude .DS_Store -exclude CVS -exclude .svn -exclude .git -exclude .hg -resolve-src-symlinks -rename /Users/admin/builder/spi-builder-workspace/.derivedData/Build/Intermediates.noindex/SwiftAIAgent.build/Debug-appletvos/GeminiSDK-t.build/Objects-normal/arm64/GeminiSDK.swiftmodule /Users/admin/builder/spi-builder-workspace/.derivedData/Build/Products/Debug-appletvos/GeminiSDK.swiftmodule/arm64-apple-tvos.swiftmodule
Copy /Users/admin/builder/spi-builder-workspace/.derivedData/Build/Products/Debug-appletvos/GeminiSDK.swiftmodule/arm64-apple-tvos.swiftdoc /Users/admin/builder/spi-builder-workspace/.derivedData/Build/Intermediates.noindex/SwiftAIAgent.build/Debug-appletvos/GeminiSDK-t.build/Objects-normal/arm64/GeminiSDK.swiftdoc (in target 'GeminiSDK' from project 'SwiftAIAgent')
    cd /Users/admin/builder/spi-builder-workspace
    builtin-copy -exclude .DS_Store -exclude CVS -exclude .svn -exclude .git -exclude .hg -resolve-src-symlinks -rename /Users/admin/builder/spi-builder-workspace/.derivedData/Build/Intermediates.noindex/SwiftAIAgent.build/Debug-appletvos/GeminiSDK-t.build/Objects-normal/arm64/GeminiSDK.swiftdoc /Users/admin/builder/spi-builder-workspace/.derivedData/Build/Products/Debug-appletvos/GeminiSDK.swiftmodule/arm64-apple-tvos.swiftdoc
Copy /Users/admin/builder/spi-builder-workspace/.derivedData/Build/Products/Debug-appletvos/GeminiSDK.swiftmodule/arm64-apple-tvos.abi.json /Users/admin/builder/spi-builder-workspace/.derivedData/Build/Intermediates.noindex/SwiftAIAgent.build/Debug-appletvos/GeminiSDK-t.build/Objects-normal/arm64/GeminiSDK.abi.json (in target 'GeminiSDK' from project 'SwiftAIAgent')
    cd /Users/admin/builder/spi-builder-workspace
    builtin-copy -exclude .DS_Store -exclude CVS -exclude .svn -exclude .git -exclude .hg -resolve-src-symlinks -rename /Users/admin/builder/spi-builder-workspace/.derivedData/Build/Intermediates.noindex/SwiftAIAgent.build/Debug-appletvos/GeminiSDK-t.build/Objects-normal/arm64/GeminiSDK.abi.json /Users/admin/builder/spi-builder-workspace/.derivedData/Build/Products/Debug-appletvos/GeminiSDK.swiftmodule/arm64-apple-tvos.abi.json
Copy /Users/admin/builder/spi-builder-workspace/.derivedData/Build/Products/Debug-appletvos/GeminiSDK.swiftmodule/Project/arm64-apple-tvos.swiftsourceinfo /Users/admin/builder/spi-builder-workspace/.derivedData/Build/Intermediates.noindex/SwiftAIAgent.build/Debug-appletvos/GeminiSDK-t.build/Objects-normal/arm64/GeminiSDK.swiftsourceinfo (in target 'GeminiSDK' from project 'SwiftAIAgent')
    cd /Users/admin/builder/spi-builder-workspace
    builtin-copy -exclude .DS_Store -exclude CVS -exclude .svn -exclude .git -exclude .hg -resolve-src-symlinks -rename /Users/admin/builder/spi-builder-workspace/.derivedData/Build/Intermediates.noindex/SwiftAIAgent.build/Debug-appletvos/GeminiSDK-t.build/Objects-normal/arm64/GeminiSDK.swiftsourceinfo /Users/admin/builder/spi-builder-workspace/.derivedData/Build/Products/Debug-appletvos/GeminiSDK.swiftmodule/Project/arm64-apple-tvos.swiftsourceinfo
SwiftDriver SwiftAIAgent normal arm64 com.apple.xcode.tools.swift.compiler (in target 'SwiftAIAgent' from project 'SwiftAIAgent')
    cd /Users/admin/builder/spi-builder-workspace/.swiftpm/xcode
    builtin-SwiftDriver -- /Applications/Xcode-27.0.0-Release.Candidate.app/Contents/Developer/Toolchains/XcodeDefault.xctoolchain/usr/bin/swiftc -parse-as-library -module-name SwiftAIAgent -Onone @/Users/admin/builder/spi-builder-workspace/.derivedData/Build/Intermediates.noindex/SwiftAIAgent.build/Debug-appletvos/SwiftAIAgent-t.build/Objects-normal/arm64/SwiftAIAgent.SwiftFileList -DSWIFT_PACKAGE -DDEBUG -DSWIFT_MODULE_RESOURCE_BUNDLE_UNAVAILABLE -Xcc -fmodule-map-file\=/Users/admin/builder/spi-builder-workspace/.dependencies/checkouts/swift-system/Sources/CSystem/include/module.modulemap -DXcode -plugin-path /Applications/Xcode-27.0.0-Release.Candidate.app/Contents/Developer/Toolchains/XcodeDefault.xctoolchain/usr/lib/swift/host/plugins/testing -enable-experimental-feature DebugDescriptionMacro -sdk /Applications/Xcode-27.0.0-Release.Candidate.app/Contents/Developer/Platforms/AppleTVOS.platform/Developer/SDKs/AppleTVOS27.0.sdk -target arm64-apple-tvos16.0 -g -module-cache-path /Users/admin/builder/spi-builder-workspace/.derivedData/ModuleCache.noindex -Xfrontend -serialize-debugging-options -profile-coverage-mapping -profile-generate -enable-testing -index-store-path /Users/admin/builder/spi-builder-workspace/.derivedData/Index.noindex/DataStore -Xcc -D_LIBCPP_HARDENING_MODE\=_LIBCPP_HARDENING_MODE_DEBUG -swift-version 6 -I /Users/admin/builder/spi-builder-workspace/.derivedData/Build/Products/Debug-appletvos -Isystem /Applications/Xcode-27.0.0-Release.Candidate.app/Contents/Developer/Platforms/AppleTVOS.platform/Developer/usr/lib -F /Users/admin/builder/spi-builder-workspace/.derivedData/Build/Products/Debug-appletvos/PackageFrameworks -F /Users/admin/builder/spi-builder-workspace/.derivedData/Build/Products/Debug-appletvos -F /Applications/Xcode-27.0.0-Release.Candidate.app/Contents/Developer/Platforms/AppleTVOS.platform/Developer/Library/Frameworks -F /Applications/Xcode-27.0.0-Release.Candidate.app/Contents/Developer/Platforms/AppleTVOS.platform/Developer/SDKs/AppleTVOS27.0.sdk/Developer/Library/Frameworks -Xfrontend -load-plugin-executable -Xfrontend /Users/admin/builder/spi-builder-workspace/.derivedData/Build/Products/Debug/AIAgentMacroDefinitions\#AIAgentMacroDefinitions -c -j10 -enable-batch-mode -incremental -Xcc -ivfsstatcache -Xcc /Users/admin/builder/spi-builder-workspace/.derivedData/SDKStatCaches.noindex/appletvos27.0-24J360-e829b21a6f8c9b70876ba0858053c044b32bfd8d43560033f8d89884cdb90028.sdkstatcache -output-file-map /Users/admin/builder/spi-builder-workspace/.derivedData/Build/Intermediates.noindex/SwiftAIAgent.build/Debug-appletvos/SwiftAIAgent-t.build/Objects-normal/arm64/SwiftAIAgent-OutputFileMap.json -save-temps -no-color-diagnostics -explicit-module-build -module-cache-path /Users/admin/builder/spi-builder-workspace/.derivedData/Build/Intermediates.noindex/SwiftExplicitPrecompiledModules -clang-scanner-module-cache-path /Users/admin/builder/spi-builder-workspace/.derivedData/ModuleCache.noindex -sdk-module-cache-path /Users/admin/builder/spi-builder-workspace/.derivedData/SDKExplicitPrecompiledModules -emit-dependencies -emit-module -emit-module-path /Users/admin/builder/spi-builder-workspace/.derivedData/Build/Intermediates.noindex/SwiftAIAgent.build/Debug-appletvos/SwiftAIAgent-t.build/Objects-normal/arm64/SwiftAIAgent.swiftmodule -serialize-diagnostics -dependency-scan-serialize-diagnostics-path /Users/admin/builder/spi-builder-workspace/.derivedData/Build/Intermediates.noindex/SwiftAIAgent.build/Debug-appletvos/SwiftAIAgent-t.build/Objects-normal/arm64/SwiftAIAgent-dependency-scan.dia -validate-clang-modules-once -clang-build-session-file /Users/admin/builder/spi-builder-workspace/.derivedData/ModuleCache.noindex/Session.modulevalidation -Xcc -fmodules-prune-interval\=86400 -Xcc -fmodules-prune-after\=345600 -package-name spi_builder_workspace -emit-const-values -const-gather-protocols-list /Users/admin/builder/spi-builder-workspace/.derivedData/Build/Intermediates.noindex/SwiftAIAgent.build/Debug-appletvos/SwiftAIAgent-t.build/Objects-normal/arm64/SwiftAIAgent_const_extract_protocols.json -Xcc -I/Users/admin/builder/spi-builder-workspace/.dependencies/checkouts/swift-system/Sources/CSystem/include -Xcc -I/Users/admin/builder/spi-builder-workspace/.derivedData/Build/Products/Debug-appletvos/include -Xcc -I/Users/admin/builder/spi-builder-workspace/.derivedData/Build/Intermediates.noindex/SwiftAIAgent.build/Debug-appletvos/SwiftAIAgent-t.build/DerivedSources-normal/arm64 -Xcc -I/Users/admin/builder/spi-builder-workspace/.derivedData/Build/Intermediates.noindex/SwiftAIAgent.build/Debug-appletvos/SwiftAIAgent-t.build/DerivedSources/arm64 -Xcc -I/Users/admin/builder/spi-builder-workspace/.derivedData/Build/Intermediates.noindex/SwiftAIAgent.build/Debug-appletvos/SwiftAIAgent-t.build/DerivedSources -Xcc -DSWIFT_PACKAGE -Xcc -DDEBUG\=1 -emit-objc-header -emit-objc-header-path /Users/admin/builder/spi-builder-workspace/.derivedData/Build/Intermediates.noindex/SwiftAIAgent.build/Debug-appletvos/SwiftAIAgent-t.build/Objects-normal/arm64/SwiftAIAgent-Swift.h -working-directory /Users/admin/builder/spi-builder-workspace/.swiftpm/xcode -experimental-emit-module-separately -disable-cmo
SwiftDriverJobDiscovery normal arm64 Compiling HarmCategory.swift, HarmProbability.swift (in target 'GeminiSDK' from project 'SwiftAIAgent')
SwiftDriverJobDiscovery normal arm64 Compiling NWWaitingHandler.swift, TLSConfiguration.swift, RedirectState.swift, RequestBag+StateMachine.swift, RequestBag+Tracing.swift, RequestBag.swift, RequestValidation.swift (in target 'AsyncHTTPClient' from project 'async-http-client')
SwiftDriver Common normal arm64 com.apple.xcode.tools.swift.compiler (in target 'Common' from project 'GoogleSwiftSDK')
    cd /Users/admin/builder/spi-builder-workspace/.swiftpm/xcode
    builtin-SwiftDriver -- /Applications/Xcode-27.0.0-Release.Candidate.app/Contents/Developer/Toolchains/XcodeDefault.xctoolchain/usr/bin/swiftc -parse-as-library -module-name Common -Onone @/Users/admin/builder/spi-builder-workspace/.derivedData/Build/Intermediates.noindex/GoogleSwiftSDK.build/Debug-appletvos/Common-t.build/Objects-normal/arm64/Common.SwiftFileList -DSWIFT_PACKAGE -DDEBUG -DSWIFT_MODULE_RESOURCE_BUNDLE_UNAVAILABLE -Xcc -fmodule-map-file\=/Users/admin/builder/spi-builder-workspace/.derivedData/Build/Intermediates.noindex/GeneratedModuleMaps-appletvos/CNIOLLHTTP.modulemap -Xcc -fmodule-map-file\=/Users/admin/builder/spi-builder-workspace/.derivedData/Build/Intermediates.noindex/GeneratedModuleMaps-appletvos/CNIOBoringSSLShims.modulemap -Xcc -fmodule-map-file\=/Users/admin/builder/spi-builder-workspace/.dependencies/checkouts/swift-nio-ssl/Sources/CNIOBoringSSL/include/module.modulemap -Xcc -fmodule-map-file\=/Users/admin/builder/spi-builder-workspace/.derivedData/Build/Intermediates.noindex/GeneratedModuleMaps-appletvos/CNIOExtrasZlib.modulemap -Xcc -fmodule-map-file\=/Users/admin/builder/spi-builder-workspace/.derivedData/Build/Intermediates.noindex/GeneratedModuleMaps-appletvos/CNIOPosix.modulemap -Xcc -fmodule-map-file\=/Users/admin/builder/spi-builder-workspace/.derivedData/Build/Intermediates.noindex/GeneratedModuleMaps-appletvos/CNIOWASI.modulemap -Xcc -fmodule-map-file\=/Users/admin/builder/spi-builder-workspace/.dependencies/checkouts/swift-nio/Sources/CNIOWindows/include/module.modulemap -Xcc -fmodule-map-file\=/Users/admin/builder/spi-builder-workspace/.derivedData/Build/Intermediates.noindex/GeneratedModuleMaps-appletvos/CNIOLinux.modulemap -Xcc -fmodule-map-file\=/Users/admin/builder/spi-builder-workspace/.derivedData/Build/Intermediates.noindex/GeneratedModuleMaps-appletvos/CNIODarwin.modulemap -Xcc -fmodule-map-file\=/Users/admin/builder/spi-builder-workspace/.derivedData/Build/Intermediates.noindex/GeneratedModuleMaps-appletvos/CNIOFreeBSD.modulemap -Xcc -fmodule-map-file\=/Users/admin/builder/spi-builder-workspace/.derivedData/Build/Intermediates.noindex/GeneratedModuleMaps-appletvos/CNIOOpenBSD.modulemap -Xcc -fmodule-map-file\=/Users/admin/builder/spi-builder-workspace/.derivedData/Build/Intermediates.noindex/GeneratedModuleMaps-appletvos/CNIOAtomics.modulemap -Xcc -fmodule-map-file\=/Users/admin/builder/spi-builder-workspace/.dependencies/checkouts/swift-atomics/Sources/_AtomicsShims/include/module.modulemap -Xcc -fmodule-map-file\=/Users/admin/builder/spi-builder-workspace/.dependencies/checkouts/swift-numerics/Sources/_NumericsShims/include/module.modulemap -Xcc -fmodule-map-file\=/Users/admin/builder/spi-builder-workspace/.dependencies/checkouts/swift-system/Sources/CSystem/include/module.modulemap -Xcc -fmodule-map-file\=/Users/admin/builder/spi-builder-workspace/.derivedData/Build/Intermediates.noindex/GeneratedModuleMaps-appletvos/CAsyncHTTPClient.modulemap -Xcc -fmodule-map-file\=/Users/admin/builder/spi-builder-workspace/.dependencies/checkouts/jwt-kit/Sources/CJWTKitBoringSSL/include/module.modulemap -DXcode -plugin-path /Applications/Xcode-27.0.0-Release.Candidate.app/Contents/Developer/Toolchains/XcodeDefault.xctoolchain/usr/lib/swift/host/plugins/testing -enable-experimental-feature DebugDescriptionMacro -sdk /Applications/Xcode-27.0.0-Release.Candidate.app/Contents/Developer/Platforms/AppleTVOS.platform/Developer/SDKs/AppleTVOS27.0.sdk -target arm64-apple-tvos16.0 -g -module-cache-path /Users/admin/builder/spi-builder-workspace/.derivedData/ModuleCache.noindex -Xfrontend -serialize-debugging-options -profile-coverage-mapping -profile-generate -enable-testing -suppress-warnings -index-store-path /Users/admin/builder/spi-builder-workspace/.derivedData/Index.noindex/DataStore -Xcc -D_LIBCPP_HARDENING_MODE\=_LIBCPP_HARDENING_MODE_DEBUG -swift-version 6 -I /Users/admin/builder/spi-builder-workspace/.derivedData/Build/Products/Debug-appletvos -Isystem /Applications/Xcode-27.0.0-Release.Candidate.app/Contents/Developer/Platforms/AppleTVOS.platform/Developer/usr/lib -F /Users/admin/builder/spi-builder-workspace/.derivedData/Build/Products/Debug-appletvos/PackageFrameworks -F /Users/admin/builder/spi-builder-workspace/.derivedData/Build/Products/Debug-appletvos -F /Applications/Xcode-27.0.0-Release.Candidate.app/Contents/Developer/Platforms/AppleTVOS.platform/Developer/Library/Frameworks -F /Applications/Xcode-27.0.0-Release.Candidate.app/Contents/Developer/Platforms/AppleTVOS.platform/Developer/SDKs/AppleTVOS27.0.sdk/Developer/Library/Frameworks -c -j10 -enable-batch-mode -incremental -Xcc -ivfsstatcache -Xcc /Users/admin/builder/spi-builder-workspace/.derivedData/SDKStatCaches.noindex/appletvos27.0-24J360-e829b21a6f8c9b70876ba0858053c044b32bfd8d43560033f8d89884cdb90028.sdkstatcache -output-file-map /Users/admin/builder/spi-builder-workspace/.derivedData/Build/Intermediates.noindex/GoogleSwiftSDK.build/Debug-appletvos/Common-t.build/Objects-normal/arm64/Common-OutputFileMap.json -save-temps -no-color-diagnostics -explicit-module-build -module-cache-path /Users/admin/builder/spi-builder-workspace/.derivedData/Build/Intermediates.noindex/SwiftExplicitPrecompiledModules -clang-scanner-module-cache-path /Users/admin/builder/spi-builder-workspace/.derivedData/ModuleCache.noindex -sdk-module-cache-path /Users/admin/builder/spi-builder-workspace/.derivedData/SDKExplicitPrecompiledModules -emit-dependencies -emit-module -emit-module-path /Users/admin/builder/spi-builder-workspace/.derivedData/Build/Intermediates.noindex/GoogleSwiftSDK.build/Debug-appletvos/Common-t.build/Objects-normal/arm64/Common.swiftmodule -serialize-diagnostics -dependency-scan-serialize-diagnostics-path /Users/admin/builder/spi-builder-workspace/.derivedData/Build/Intermediates.noindex/GoogleSwiftSDK.build/Debug-appletvos/Common-t.build/Objects-normal/arm64/Common-dependency-scan.dia -user-module-version 1.0.4 -validate-clang-modules-once -clang-build-session-file /Users/admin/builder/spi-builder-workspace/.derivedData/ModuleCache.noindex/Session.modulevalidation -Xcc -fmodules-prune-interval\=86400 -Xcc -fmodules-prune-after\=345600 -package-name googleswiftsdk -emit-const-values -const-gather-protocols-list /Users/admin/builder/spi-builder-workspace/.derivedData/Build/Intermediates.noindex/GoogleSwiftSDK.build/Debug-appletvos/Common-t.build/Objects-normal/arm64/Common_const_extract_protocols.json -Xcc -I/Users/admin/builder/spi-builder-workspace/.dependencies/checkouts/swift-nio/Sources/CNIOLLHTTP/include -Xcc -I/Users/admin/builder/spi-builder-workspace/.dependencies/checkouts/swift-nio-ssl/Sources/CNIOBoringSSLShims/include -Xcc -I/Users/admin/builder/spi-builder-workspace/.dependencies/checkouts/swift-nio-ssl/Sources/CNIOBoringSSL/include -Xcc -I/Users/admin/builder/spi-builder-workspace/.dependencies/checkouts/swift-nio-extras/Sources/CNIOExtrasZlib/include -Xcc -I/Users/admin/builder/spi-builder-workspace/.dependencies/checkouts/swift-nio/Sources/CNIOPosix/include -Xcc -I/Users/admin/builder/spi-builder-workspace/.dependencies/checkouts/swift-nio/Sources/CNIOWASI/include -Xcc -I/Users/admin/builder/spi-builder-workspace/.dependencies/checkouts/swift-nio/Sources/CNIOWindows/include -Xcc -I/Users/admin/builder/spi-builder-workspace/.dependencies/checkouts/swift-nio/Sources/CNIOLinux/include -Xcc -I/Users/admin/builder/spi-builder-workspace/.dependencies/checkouts/swift-nio/Sources/CNIODarwin/include -Xcc -I/Users/admin/builder/spi-builder-workspace/.dependencies/checkouts/swift-nio/Sources/CNIOFreeBSD/include -Xcc -I/Users/admin/builder/spi-builder-workspace/.dependencies/checkouts/swift-nio/Sources/CNIOOpenBSD/include -Xcc -I/Users/admin/builder/spi-builder-workspace/.dependencies/checkouts/swift-nio/Sources/CNIOAtomics/include -Xcc -I/Users/admin/builder/spi-builder-workspace/.dependencies/checkouts/swift-atomics/Sources/_AtomicsShims/include -Xcc -I/Users/admin/builder/spi-builder-workspace/.dependencies/checkouts/swift-numerics/Sources/_NumericsShims/include -Xcc -I/Users/admin/builder/spi-builder-workspace/.dependencies/checkouts/swift-system/Sources/CSystem/include -Xcc -I/Users/admin/builder/spi-builder-workspace/.dependencies/checkouts/async-http-client/Sources/CAsyncHTTPClient/include -Xcc -I/Users/admin/builder/spi-builder-workspace/.dependencies/checkouts/jwt-kit/Sources/CJWTKitBoringSSL/include -Xcc -I/Users/admin/builder/spi-builder-workspace/.derivedData/Build/Products/Debug-appletvos/include -Xcc -I/Users/admin/builder/spi-builder-workspace/.derivedData/Build/Intermediates.noindex/GoogleSwiftSDK.build/Debug-appletvos/Common-t.build/DerivedSources-normal/arm64 -Xcc -I/Users/admin/builder/spi-builder-workspace/.derivedData/Build/Intermediates.noindex/GoogleSwiftSDK.build/Debug-appletvos/Common-t.build/DerivedSources/arm64 -Xcc -I/Users/admin/builder/spi-builder-workspace/.derivedData/Build/Intermediates.noindex/GoogleSwiftSDK.build/Debug-appletvos/Common-t.build/DerivedSources -Xcc -DSWIFT_PACKAGE -Xcc -DDEBUG\=1 -emit-objc-header -emit-objc-header-path /Users/admin/builder/spi-builder-workspace/.derivedData/Build/Intermediates.noindex/GoogleSwiftSDK.build/Debug-appletvos/Common-t.build/Objects-normal/arm64/Common-Swift.h -working-directory /Users/admin/builder/spi-builder-workspace/.swiftpm/xcode -experimental-emit-module-separately -disable-cmo
SwiftDriverJobDiscovery normal arm64 Compiling SafetyRating.swift (in target 'GeminiSDK' from project 'SwiftAIAgent')
SwiftDriverJobDiscovery normal arm64 Compiling VoiceName.swift (in target 'GeminiSDK' from project 'SwiftAIAgent')
SwiftDriverJobDiscovery normal arm64 Compiling AsyncHTTPClientTransport.swift (in target 'OpenAPIAsyncHTTPClient' from project 'swift-openapi-async-http-client')
SwiftDriverJobDiscovery normal arm64 Compiling RunGeneration.swift (in target 'GeminiSDK' from project 'SwiftAIAgent')
SwiftDriver\ Compilation OpenAPIAsyncHTTPClient normal arm64 com.apple.xcode.tools.swift.compiler (in target 'OpenAPIAsyncHTTPClient' from project 'swift-openapi-async-http-client')
    cd /Users/admin/builder/spi-builder-workspace/.swiftpm/xcode
    builtin-Swift-Compilation -- /Applications/Xcode-27.0.0-Release.Candidate.app/Contents/Developer/Toolchains/XcodeDefault.xctoolchain/usr/bin/swiftc -parse-as-library -module-name OpenAPIAsyncHTTPClient -Onone @/Users/admin/builder/spi-builder-workspace/.derivedData/Build/Intermediates.noindex/swift-openapi-async-http-client.build/Debug-appletvos/OpenAPIAsyncHTTPClient-t.build/Objects-normal/arm64/OpenAPIAsyncHTTPClient.SwiftFileList -DSWIFT_PACKAGE -DDEBUG -DSWIFT_MODULE_RESOURCE_BUNDLE_UNAVAILABLE -Xcc -fmodule-map-file\=/Users/admin/builder/spi-builder-workspace/.derivedData/Build/Intermediates.noindex/GeneratedModuleMaps-appletvos/CNIOLLHTTP.modulemap -Xcc -fmodule-map-file\=/Users/admin/builder/spi-builder-workspace/.derivedData/Build/Intermediates.noindex/GeneratedModuleMaps-appletvos/CNIOBoringSSLShims.modulemap -Xcc -fmodule-map-file\=/Users/admin/builder/spi-builder-workspace/.dependencies/checkouts/swift-nio-ssl/Sources/CNIOBoringSSL/include/module.modulemap -Xcc -fmodule-map-file\=/Users/admin/builder/spi-builder-workspace/.derivedData/Build/Intermediates.noindex/GeneratedModuleMaps-appletvos/CNIOExtrasZlib.modulemap -Xcc -fmodule-map-file\=/Users/admin/builder/spi-builder-workspace/.derivedData/Build/Intermediates.noindex/GeneratedModuleMaps-appletvos/CNIOPosix.modulemap -Xcc -fmodule-map-file\=/Users/admin/builder/spi-builder-workspace/.derivedData/Build/Intermediates.noindex/GeneratedModuleMaps-appletvos/CNIOWASI.modulemap -Xcc -fmodule-map-file\=/Users/admin/builder/spi-builder-workspace/.dependencies/checkouts/swift-nio/Sources/CNIOWindows/include/module.modulemap -Xcc -fmodule-map-file\=/Users/admin/builder/spi-builder-workspace/.derivedData/Build/Intermediates.noindex/GeneratedModuleMaps-appletvos/CNIOLinux.modulemap -Xcc -fmodule-map-file\=/Users/admin/builder/spi-builder-workspace/.derivedData/Build/Intermediates.noindex/GeneratedModuleMaps-appletvos/CNIODarwin.modulemap -Xcc -fmodule-map-file\=/Users/admin/builder/spi-builder-workspace/.derivedData/Build/Intermediates.noindex/GeneratedModuleMaps-appletvos/CNIOFreeBSD.modulemap -Xcc -fmodule-map-file\=/Users/admin/builder/spi-builder-workspace/.derivedData/Build/Intermediates.noindex/GeneratedModuleMaps-appletvos/CNIOOpenBSD.modulemap -Xcc -fmodule-map-file\=/Users/admin/builder/spi-builder-workspace/.derivedData/Build/Intermediates.noindex/GeneratedModuleMaps-appletvos/CNIOAtomics.modulemap -Xcc -fmodule-map-file\=/Users/admin/builder/spi-builder-workspace/.dependencies/checkouts/swift-atomics/Sources/_AtomicsShims/include/module.modulemap -Xcc -fmodule-map-file\=/Users/admin/builder/spi-builder-workspace/.dependencies/checkouts/swift-numerics/Sources/_NumericsShims/include/module.modulemap -Xcc -fmodule-map-file\=/Users/admin/builder/spi-builder-workspace/.dependencies/checkouts/swift-system/Sources/CSystem/include/module.modulemap -Xcc -fmodule-map-file\=/Users/admin/builder/spi-builder-workspace/.derivedData/Build/Intermediates.noindex/GeneratedModuleMaps-appletvos/CAsyncHTTPClient.modulemap -DXcode -enable-upcoming-feature ExistentialAny -enable-upcoming-feature MemberImportVisibility -plugin-path /Applications/Xcode-27.0.0-Release.Candidate.app/Contents/Developer/Toolchains/XcodeDefault.xctoolchain/usr/lib/swift/host/plugins/testing -enable-experimental-feature DebugDescriptionMacro -sdk /Applications/Xcode-27.0.0-Release.Candidate.app/Contents/Developer/Platforms/AppleTVOS.platform/Developer/SDKs/AppleTVOS27.0.sdk -target arm64-apple-tvos15.0 -g -module-cache-path /Users/admin/builder/spi-builder-workspace/.derivedData/ModuleCache.noindex -Xfrontend -serialize-debugging-options -profile-coverage-mapping -profile-generate -enable-testing -suppress-warnings -index-store-path /Users/admin/builder/spi-builder-workspace/.derivedData/Index.noindex/DataStore -Xcc -D_LIBCPP_HARDENING_MODE\=_LIBCPP_HARDENING_MODE_DEBUG -swift-version 6 -I /Users/admin/builder/spi-builder-workspace/.derivedData/Build/Products/Debug-appletvos -Isystem /Applications/Xcode-27.0.0-Release.Candidate.app/Contents/Developer/Platforms/AppleTVOS.platform/Developer/usr/lib -F /Users/admin/builder/spi-builder-workspace/.derivedData/Build/Products/Debug-appletvos/PackageFrameworks -F /Users/admin/builder/spi-builder-workspace/.derivedData/Build/Products/Debug-appletvos -F /Applications/Xcode-27.0.0-Release.Candidate.app/Contents/Developer/Platforms/AppleTVOS.platform/Developer/Library/Frameworks -F /Applications/Xcode-27.0.0-Release.Candidate.app/Contents/Developer/Platforms/AppleTVOS.platform/Developer/SDKs/AppleTVOS27.0.sdk/Developer/Library/Frameworks -c -j10 -enable-batch-mode -incremental -Xcc -ivfsstatcache -Xcc /Users/admin/builder/spi-builder-workspace/.derivedData/SDKStatCaches.noindex/appletvos27.0-24J360-e829b21a6f8c9b70876ba0858053c044b32bfd8d43560033f8d89884cdb90028.sdkstatcache -output-file-map /Users/admin/builder/spi-builder-workspace/.derivedData/Build/Intermediates.noindex/swift-openapi-async-http-client.build/Debug-appletvos/OpenAPIAsyncHTTPClient-t.build/Objects-normal/arm64/OpenAPIAsyncHTTPClient-OutputFileMap.json -save-temps -no-color-diagnostics -explicit-module-build -module-cache-path /Users/admin/builder/spi-builder-workspace/.derivedData/Build/Intermediates.noindex/SwiftExplicitPrecompiledModules -clang-scanner-module-cache-path /Users/admin/builder/spi-builder-workspace/.derivedData/ModuleCache.noindex -sdk-module-cache-path /Users/admin/builder/spi-builder-workspace/.derivedData/SDKExplicitPrecompiledModules -emit-dependencies -emit-module -emit-module-path /Users/admin/builder/spi-builder-workspace/.derivedData/Build/Intermediates.noindex/swift-openapi-async-http-client.build/Debug-appletvos/OpenAPIAsyncHTTPClient-t.build/Objects-normal/arm64/OpenAPIAsyncHTTPClient.swiftmodule -serialize-diagnostics -dependency-scan-serialize-diagnostics-path /Users/admin/builder/spi-builder-workspace/.derivedData/Build/Intermediates.noindex/swift-openapi-async-http-client.build/Debug-appletvos/OpenAPIAsyncHTTPClient-t.build/Objects-normal/arm64/OpenAPIAsyncHTTPClient-dependency-scan.dia -user-module-version 1.5.0 -validate-clang-modules-once -clang-build-session-file /Users/admin/builder/spi-builder-workspace/.derivedData/ModuleCache.noindex/Session.modulevalidation -Xcc -fmodules-prune-interval\=86400 -Xcc -fmodules-prune-after\=345600 -package-name swift_openapi_async_http_client -emit-const-values -const-gather-protocols-list /Users/admin/builder/spi-builder-workspace/.derivedData/Build/Intermediates.noindex/swift-openapi-async-http-client.build/Debug-appletvos/OpenAPIAsyncHTTPClient-t.build/Objects-normal/arm64/OpenAPIAsyncHTTPClient_const_extract_protocols.json -Xcc -I/Users/admin/builder/spi-builder-workspace/.dependencies/checkouts/swift-nio/Sources/CNIOLLHTTP/include -Xcc -I/Users/admin/builder/spi-builder-workspace/.dependencies/checkouts/swift-nio-ssl/Sources/CNIOBoringSSLShims/include -Xcc -I/Users/admin/builder/spi-builder-workspace/.dependencies/checkouts/swift-nio-ssl/Sources/CNIOBoringSSL/include -Xcc -I/Users/admin/builder/spi-builder-workspace/.dependencies/checkouts/swift-nio-extras/Sources/CNIOExtrasZlib/include -Xcc -I/Users/admin/builder/spi-builder-workspace/.dependencies/checkouts/swift-nio/Sources/CNIOPosix/include -Xcc -I/Users/admin/builder/spi-builder-workspace/.dependencies/checkouts/swift-nio/Sources/CNIOWASI/include -Xcc -I/Users/admin/builder/spi-builder-workspace/.dependencies/checkouts/swift-nio/Sources/CNIOWindows/include -Xcc -I/Users/admin/builder/spi-builder-workspace/.dependencies/checkouts/swift-nio/Sources/CNIOLinux/include -Xcc -I/Users/admin/builder/spi-builder-workspace/.dependencies/checkouts/swift-nio/Sources/CNIODarwin/include -Xcc -I/Users/admin/builder/spi-builder-workspace/.dependencies/checkouts/swift-nio/Sources/CNIOFreeBSD/include -Xcc -I/Users/admin/builder/spi-builder-workspace/.dependencies/checkouts/swift-nio/Sources/CNIOOpenBSD/include -Xcc -I/Users/admin/builder/spi-builder-workspace/.dependencies/checkouts/swift-nio/Sources/CNIOAtomics/include -Xcc -I/Users/admin/builder/spi-builder-workspace/.dependencies/checkouts/swift-atomics/Sources/_AtomicsShims/include -Xcc -I/Users/admin/builder/spi-builder-workspace/.dependencies/checkouts/swift-numerics/Sources/_NumericsShims/include -Xcc -I/Users/admin/builder/spi-builder-workspace/.dependencies/checkouts/swift-system/Sources/CSystem/include -Xcc -I/Users/admin/builder/spi-builder-workspace/.dependencies/checkouts/async-http-client/Sources/CAsyncHTTPClient/include -Xcc -I/Users/admin/builder/spi-builder-workspace/.derivedData/Build/Products/Debug-appletvos/include -Xcc -I/Users/admin/builder/spi-builder-workspace/.derivedData/Build/Intermediates.noindex/swift-openapi-async-http-client.build/Debug-appletvos/OpenAPIAsyncHTTPClient-t.build/DerivedSources-normal/arm64 -Xcc -I/Users/admin/builder/spi-builder-workspace/.derivedData/Build/Intermediates.noindex/swift-openapi-async-http-client.build/Debug-appletvos/OpenAPIAsyncHTTPClient-t.build/DerivedSources/arm64 -Xcc -I/Users/admin/builder/spi-builder-workspace/.derivedData/Build/Intermediates.noindex/swift-openapi-async-http-client.build/Debug-appletvos/OpenAPIAsyncHTTPClient-t.build/DerivedSources -Xcc -DSWIFT_PACKAGE -Xcc -DDEBUG\=1 -emit-objc-header -emit-objc-header-path /Users/admin/builder/spi-builder-workspace/.derivedData/Build/Intermediates.noindex/swift-openapi-async-http-client.build/Debug-appletvos/OpenAPIAsyncHTTPClient-t.build/Objects-normal/arm64/OpenAPIAsyncHTTPClient-Swift.h -working-directory /Users/admin/builder/spi-builder-workspace/.swiftpm/xcode -experimental-emit-module-separately -disable-cmo
SwiftCompile normal arm64 Compiling\ AIAgentTool.swift,\ MCPServer.swift,\ AIAgentConfiguration.swift /Users/admin/builder/spi-builder-workspace/Sources/SwiftAIAgent/Agent/AIAgentTool.swift /Users/admin/builder/spi-builder-workspace/Sources/SwiftAIAgent/Agent/MCPServer.swift /Users/admin/builder/spi-builder-workspace/Sources/SwiftAIAgent/Agent/Model/AIAgentConfiguration.swift (in target 'SwiftAIAgent' from project 'SwiftAIAgent')
/Users/admin/builder/spi-builder-workspace/Sources/SwiftAIAgent/Agent/MCPServer.swift:28:31: error: cannot find 'Process' in scope
 26 |         switch self {
 27 |             case let .stdio(command, args, _):
 28 |                 let process = Process()
    |                               `- error: cannot find 'Process' in scope
 29 |                 process.executableURL = URL(fileURLWithPath: command)  // Make sure uvx is available
 30 |                 process.arguments = args
/Users/admin/builder/spi-builder-workspace/Sources/SwiftAIAgent/Agent/MCPServer.swift:68:31: warning: string interpolation produces a debug description for an optional value; did you mean to make this explicit?
 66 |         {
 67 |             "name": "\(name)",
 68 |             "description": "\(description)",
    |                               |- warning: string interpolation produces a debug description for an optional value; did you mean to make this explicit?
    |                               |- note: provide a default value to avoid this warning
    |                               `- note: use 'String(describing:)' to silence this warning
 69 |             "parametersJsonSchema":  \(inputSchema.jsonSchema)
 70 |         }
/Users/admin/builder/spi-builder-workspace/Sources/SwiftAIAgent/Agent/MCPServer.swift:102:54: error: cannot convert value of type '(text: String, annotations: Resource.Annotations?, _meta: Metadata?)' to expected argument type 'String'
100 |     var aiAgentOutput: AIAgentOutput {
101 |         switch self {
102 |             case let .text(text): AIAgentOutput.text(text)
    |                                                      `- error: cannot convert value of type '(text: String, annotations: Resource.Annotations?, _meta: Metadata?)' to expected argument type 'String'
103 |             case let .audio(data: data, mimeType: _):
104 |                 AIAgentOutput.audio(Data(base64Encoded: data) ?? Data())
Failed frontend command:
/Applications/Xcode-27.0.0-Release.Candidate.app/Contents/Developer/Toolchains/XcodeDefault.xctoolchain/usr/bin/swift-frontend -frontend -c /Users/admin/builder/spi-builder-workspace/Sources/SwiftAIAgent/AIModels/Gemini.swift /Users/admin/builder/spi-builder-workspace/Sources/SwiftAIAgent/Agent/AIAgent.swift /Users/admin/builder/spi-builder-workspace/Sources/SwiftAIAgent/Agent/AIAgentContext.swift /Users/admin/builder/spi-builder-workspace/Sources/SwiftAIAgent/Agent/AIAgentModel.swift /Users/admin/builder/spi-builder-workspace/Sources/SwiftAIAgent/Agent/AIAgentOutput+File.swift /Users/admin/builder/spi-builder-workspace/Sources/SwiftAIAgent/Agent/AIAgentOutput.swift -primary-file /Users/admin/builder/spi-builder-workspace/Sources/SwiftAIAgent/Agent/AIAgentTool.swift -primary-file /Users/admin/builder/spi-builder-workspace/Sources/SwiftAIAgent/Agent/MCPServer.swift -primary-file /Users/admin/builder/spi-builder-workspace/Sources/SwiftAIAgent/Agent/Model/AIAgentConfiguration.swift /Users/admin/builder/spi-builder-workspace/Sources/SwiftAIAgent/Agent/Model/AIAgentError.swift /Users/admin/builder/spi-builder-workspace/Sources/SwiftAIAgent/Agent/Model/ToolCallingValue.swift /Users/admin/builder/spi-builder-workspace/Sources/SwiftAIAgent/Agent/Runtime.swift /Users/admin/builder/spi-builder-workspace/Sources/SwiftAIAgent/Agent/Tools/AIAgentOutputIO.swift /Users/admin/builder/spi-builder-workspace/Sources/SwiftAIAgent/Agents/GoalManager.swift /Users/admin/builder/spi-builder-workspace/Sources/SwiftAIAgent/Agents/GoalManagerConfiguration.swift /Users/admin/builder/spi-builder-workspace/Sources/SwiftAIAgent/Agents/GoalManagerError.swift /Users/admin/builder/spi-builder-workspace/Sources/SwiftAIAgent/Agents/GoalManagerExecutionState.swift /Users/admin/builder/spi-builder-workspace/Sources/SwiftAIAgent/Agents/Workflow.swift /Users/admin/builder/spi-builder-workspace/Sources/SwiftAIAgent/Common/AsAsyncSequence.swift /Users/admin/builder/spi-builder-workspace/Sources/SwiftAIAgent/Logger/Logger.swift /Users/admin/builder/spi-builder-workspace/Sources/SwiftAIAgent/Models/AIGoalClarification.swift /Users/admin/builder/spi-builder-workspace/Sources/SwiftAIAgent/Models/AIStrategy.swift /Users/admin/builder/spi-builder-workspace/Sources/SwiftAIAgent/Models/AITask.swift -supplementary-output-file-map /Users/admin/builder/spi-builder-workspace/.derivedData/Build/Intermediates.noindex/SwiftAIAgent.build/Debug-appletvos/SwiftAIAgent-t.build/Objects-normal/arm64/supplementaryOutputs-196 -target arm64-apple-tvos16.0 -module-can-import-version System 5027.0.67 0 -disable-cross-import-overlay-search -load-resolved-plugin \#/Users/admin/builder/spi-builder-workspace/.derivedData/Build/Products/Debug/AIAgentMacroDefinitions\#AIAgentMacroDefinitions -load-resolved-plugin /Applications/Xcode-27.0.0-Release.Candidate.app/Contents/Developer/Platforms/AppleTVOS.platform/Developer/usr/lib/swift/host/plugins/libFoundationMacros.dylib\#/Applications/Xcode-27.0.0-Release.Candidate.app/Contents/Developer/Platforms/AppleTVOS.platform/Developer/usr/bin/swift-plugin-server\#FoundationMacros -load-resolved-plugin /Applications/Xcode-27.0.0-Release.Candidate.app/Contents/Developer/Platforms/AppleTVOS.platform/Developer/usr/lib/swift/host/plugins/libObservationMacros.dylib\#/Applications/Xcode-27.0.0-Release.Candidate.app/Contents/Developer/Platforms/AppleTVOS.platform/Developer/usr/bin/swift-plugin-server\#ObservationMacros -load-resolved-plugin /Applications/Xcode-27.0.0-Release.Candidate.app/Contents/Developer/Platforms/AppleTVOS.platform/Developer/usr/lib/swift/host/plugins/libSwiftMacros.dylib\#/Applications/Xcode-27.0.0-Release.Candidate.app/Contents/Developer/Platforms/AppleTVOS.platform/Developer/usr/bin/swift-plugin-server\#SwiftMacros -disable-implicit-swift-modules -Xcc -fno-implicit-modules -Xcc -fno-implicit-module-maps -explicit-swift-module-map-file /Users/admin/builder/spi-builder-workspace/.derivedData/Build/Intermediates.noindex/SwiftAIAgent.build/Debug-appletvos/SwiftAIAgent-t.build/Objects-normal/arm64/SwiftAIAgent-dependencies-1.json -Xllvm -aarch64-use-tbi -enable-objc-interop -stack-check -sdk /Applications/Xcode-27.0.0-Release.Candidate.app/Contents/Developer/Platforms/AppleTVOS.platform/Developer/SDKs/AppleTVOS27.0.sdk -I /Users/admin/builder/spi-builder-workspace/.derivedData/Build/Products/Debug-appletvos -Isystem /Applications/Xcode-27.0.0-Release.Candidate.app/Contents/Developer/Platforms/AppleTVOS.platform/Developer/usr/lib -F /Users/admin/builder/spi-builder-workspace/.derivedData/Build/Products/Debug-appletvos/PackageFrameworks -F /Users/admin/builder/spi-builder-workspace/.derivedData/Build/Products/Debug-appletvos -F /Applications/Xcode-27.0.0-Release.Candidate.app/Contents/Developer/Platforms/AppleTVOS.platform/Developer/Library/Frameworks -F /Applications/Xcode-27.0.0-Release.Candidate.app/Contents/Developer/Platforms/AppleTVOS.platform/Developer/SDKs/AppleTVOS27.0.sdk/Developer/Library/Frameworks -module-cache-path /Users/admin/builder/spi-builder-workspace/.derivedData/Build/Intermediates.noindex/SwiftExplicitPrecompiledModules -no-color-diagnostics -Xcc -fno-color-diagnostics -enable-testing -g -debug-info-format\=dwarf -dwarf-version\=4 -profile-generate -profile-coverage-mapping -swift-version 6 -Onone -D SWIFT_PACKAGE -D DEBUG -D SWIFT_MODULE_RESOURCE_BUNDLE_UNAVAILABLE -D Xcode -serialize-debugging-options -load-plugin-executable /Users/admin/builder/spi-builder-workspace/.derivedData/Build/Products/Debug/AIAgentMacroDefinitions\#AIAgentMacroDefinitions -enable-experimental-feature DebugDescriptionMacro -empty-abi-descriptor -validate-clang-modules-once -clang-build-session-file /Users/admin/builder/spi-builder-workspace/.derivedData/ModuleCache.noindex/Session.modulevalidation -Xcc -working-directory -Xcc /Users/admin/builder/spi-builder-workspace/.swiftpm/xcode -enable-anonymous-context-mangled-names -file-compilation-dir /Users/admin/builder/spi-builder-workspace/.swiftpm/xcode -Xcc -fmodule-map-file\=/Users/admin/builder/spi-builder-workspace/.dependencies/checkouts/swift-system/Sources/CSystem/include/module.modulemap -Xcc -D_LIBCPP_HARDENING_MODE\=_LIBCPP_HARDENING_MODE_DEBUG -Xcc -ivfsstatcache -Xcc /Users/admin/builder/spi-builder-workspace/.derivedData/SDKStatCaches.noindex/appletvos27.0-24J360-e829b21a6f8c9b70876ba0858053c044b32bfd8d43560033f8d89884cdb90028.sdkstatcache -Xcc -fmodules-prune-interval\=86400 -Xcc -fmodules-prune-after\=345600 -Xcc -I/Users/admin/builder/spi-builder-workspace/.dependencies/checkouts/swift-system/Sources/CSystem/include -Xcc -I/Users/admin/builder/spi-builder-workspace/.derivedData/Build/Products/Debug-appletvos/include -Xcc -I/Users/admin/builder/spi-builder-workspace/.derivedData/Build/Intermediates.noindex/SwiftAIAgent.build/Debug-appletvos/SwiftAIAgent-t.build/DerivedSources-normal/arm64 -Xcc -I/Users/admin/builder/spi-builder-workspace/.derivedData/Build/Intermediates.noindex/SwiftAIAgent.build/Debug-appletvos/SwiftAIAgent-t.build/DerivedSources/arm64 -Xcc -I/Users/admin/builder/spi-builder-workspace/.derivedData/Build/Intermediates.noindex/SwiftAIAgent.build/Debug-appletvos/SwiftAIAgent-t.build/DerivedSources -Xcc -DSWIFT_PACKAGE -Xcc -DDEBUG\=1 -no-auto-bridging-header-chaining -module-name SwiftAIAgent -package-name spi_builder_workspace -const-gather-protocols-file /Users/admin/builder/spi-builder-workspace/.derivedData/Build/Intermediates.noindex/SwiftAIAgent.build/Debug-appletvos/SwiftAIAgent-t.build/Objects-normal/arm64/SwiftAIAgent_const_extract_protocols.json -disable-clang-spi -clang-target arm64-apple-tvos27.0 -target-sdk-version 27.0 -target-sdk-name appletvos27.0 -in-process-plugin-server-path /Applications/Xcode-27.0.0-Release.Candidate.app/Contents/Developer/Toolchains/XcodeDefault.xctoolchain/usr/lib/swift/host/libSwiftInProcPluginServer.dylib -parse-as-library -o /Users/admin/builder/spi-builder-workspace/.derivedData/Build/Intermediates.noindex/SwiftAIAgent.build/Debug-appletvos/SwiftAIAgent-t.build/Objects-normal/arm64/AIAgentTool.o -o /Users/admin/builder/spi-builder-workspace/.derivedData/Build/Intermediates.noindex/SwiftAIAgent.build/Debug-appletvos/SwiftAIAgent-t.build/Objects-normal/arm64/MCPServer.o -o /Users/admin/builder/spi-builder-workspace/.derivedData/Build/Intermediates.noindex/SwiftAIAgent.build/Debug-appletvos/SwiftAIAgent-t.build/Objects-normal/arm64/AIAgentConfiguration.o -debug-module-path /Users/admin/builder/spi-builder-workspace/.derivedData/Build/Intermediates.noindex/SwiftAIAgent.build/Debug-appletvos/SwiftAIAgent-t.build/Objects-normal/arm64/SwiftAIAgent.swiftmodule -index-unit-output-path /SwiftAIAgent.build/Debug-appletvos/SwiftAIAgent-t.build/Objects-normal/arm64/AIAgentTool.o -index-unit-output-path /SwiftAIAgent.build/Debug-appletvos/SwiftAIAgent-t.build/Objects-normal/arm64/MCPServer.o -index-unit-output-path /SwiftAIAgent.build/Debug-appletvos/SwiftAIAgent-t.build/Objects-normal/arm64/AIAgentConfiguration.o -index-store-path /Users/admin/builder/spi-builder-workspace/.derivedData/Index.noindex/DataStore -index-system-modules
SwiftCompile normal arm64 /Users/admin/builder/spi-builder-workspace/Sources/SwiftAIAgent/Agent/AIAgentTool.swift (in target 'SwiftAIAgent' from project 'SwiftAIAgent')
    cd /Users/admin/builder/spi-builder-workspace/.swiftpm/xcode
    builtin-SwiftPerFileCompile AIAgentTool.swift
SwiftCompile normal arm64 /Users/admin/builder/spi-builder-workspace/Sources/SwiftAIAgent/Agent/MCPServer.swift (in target 'SwiftAIAgent' from project 'SwiftAIAgent')
    cd /Users/admin/builder/spi-builder-workspace/.swiftpm/xcode
    builtin-SwiftPerFileCompile MCPServer.swift
SwiftCompile normal arm64 /Users/admin/builder/spi-builder-workspace/Sources/SwiftAIAgent/Agent/Model/AIAgentConfiguration.swift (in target 'SwiftAIAgent' from project 'SwiftAIAgent')
    cd /Users/admin/builder/spi-builder-workspace/.swiftpm/xcode
    builtin-SwiftPerFileCompile AIAgentConfiguration.swift
SwiftCompile normal arm64 Compiling\ AIAgentError.swift,\ ToolCallingValue.swift /Users/admin/builder/spi-builder-workspace/Sources/SwiftAIAgent/Agent/Model/AIAgentError.swift /Users/admin/builder/spi-builder-workspace/Sources/SwiftAIAgent/Agent/Model/ToolCallingValue.swift (in target 'SwiftAIAgent' from project 'SwiftAIAgent')
SwiftCompile normal arm64 /Users/admin/builder/spi-builder-workspace/Sources/SwiftAIAgent/Agent/Model/AIAgentError.swift (in target 'SwiftAIAgent' from project 'SwiftAIAgent')
    cd /Users/admin/builder/spi-builder-workspace/.swiftpm/xcode
    builtin-SwiftPerFileCompile AIAgentError.swift
SwiftCompile normal arm64 /Users/admin/builder/spi-builder-workspace/Sources/SwiftAIAgent/Agent/Model/ToolCallingValue.swift (in target 'SwiftAIAgent' from project 'SwiftAIAgent')
    cd /Users/admin/builder/spi-builder-workspace/.swiftpm/xcode
    builtin-SwiftPerFileCompile ToolCallingValue.swift
SwiftCompile normal arm64 Compiling\ AIStrategy.swift,\ AITask.swift /Users/admin/builder/spi-builder-workspace/Sources/SwiftAIAgent/Models/AIStrategy.swift /Users/admin/builder/spi-builder-workspace/Sources/SwiftAIAgent/Models/AITask.swift (in target 'SwiftAIAgent' from project 'SwiftAIAgent')
SwiftCompile normal arm64 /Users/admin/builder/spi-builder-workspace/Sources/SwiftAIAgent/Models/AIStrategy.swift (in target 'SwiftAIAgent' from project 'SwiftAIAgent')
    cd /Users/admin/builder/spi-builder-workspace/.swiftpm/xcode
    builtin-SwiftPerFileCompile AIStrategy.swift
SwiftCompile normal arm64 /Users/admin/builder/spi-builder-workspace/Sources/SwiftAIAgent/Models/AITask.swift (in target 'SwiftAIAgent' from project 'SwiftAIAgent')
    cd /Users/admin/builder/spi-builder-workspace/.swiftpm/xcode
    builtin-SwiftPerFileCompile AITask.swift
SwiftEmitModule normal arm64 Emitting\ module\ for\ SwiftAIAgent (in target 'SwiftAIAgent' from project 'SwiftAIAgent')
SwiftCompile normal arm64 (in target 'SwiftAIAgent' from project 'SwiftAIAgent')
    cd /Users/admin/builder/spi-builder-workspace/.swiftpm/xcode

SwiftCompile normal arm64 Compiling\ GoalManagerError.swift,\ GoalManagerExecutionState.swift /Users/admin/builder/spi-builder-workspace/Sources/SwiftAIAgent/Agents/GoalManagerError.swift /Users/admin/builder/spi-builder-workspace/Sources/SwiftAIAgent/Agents/GoalManagerExecutionState.swift (in target 'SwiftAIAgent' from project 'SwiftAIAgent')
SwiftCompile normal arm64 /Users/admin/builder/spi-builder-workspace/Sources/SwiftAIAgent/Agents/GoalManagerError.swift (in target 'SwiftAIAgent' from project 'SwiftAIAgent')
    cd /Users/admin/builder/spi-builder-workspace/.swiftpm/xcode
    builtin-SwiftPerFileCompile GoalManagerError.swift
SwiftCompile normal arm64 /Users/admin/builder/spi-builder-workspace/Sources/SwiftAIAgent/Agents/GoalManagerExecutionState.swift (in target 'SwiftAIAgent' from project 'SwiftAIAgent')
    cd /Users/admin/builder/spi-builder-workspace/.swiftpm/xcode
    builtin-SwiftPerFileCompile GoalManagerExecutionState.swift
SwiftCompile normal arm64 Compiling\ Workflow.swift,\ AsAsyncSequence.swift /Users/admin/builder/spi-builder-workspace/Sources/SwiftAIAgent/Agents/Workflow.swift /Users/admin/builder/spi-builder-workspace/Sources/SwiftAIAgent/Common/AsAsyncSequence.swift (in target 'SwiftAIAgent' from project 'SwiftAIAgent')
SwiftCompile normal arm64 /Users/admin/builder/spi-builder-workspace/Sources/SwiftAIAgent/Agents/Workflow.swift (in target 'SwiftAIAgent' from project 'SwiftAIAgent')
    cd /Users/admin/builder/spi-builder-workspace/.swiftpm/xcode
    builtin-SwiftPerFileCompile Workflow.swift
SwiftCompile normal arm64 /Users/admin/builder/spi-builder-workspace/Sources/SwiftAIAgent/Common/AsAsyncSequence.swift (in target 'SwiftAIAgent' from project 'SwiftAIAgent')
    cd /Users/admin/builder/spi-builder-workspace/.swiftpm/xcode
    builtin-SwiftPerFileCompile AsAsyncSequence.swift
SwiftCompile normal arm64 Compiling\ Gemini.swift,\ AIAgent.swift,\ AIAgentContext.swift /Users/admin/builder/spi-builder-workspace/Sources/SwiftAIAgent/AIModels/Gemini.swift /Users/admin/builder/spi-builder-workspace/Sources/SwiftAIAgent/Agent/AIAgent.swift /Users/admin/builder/spi-builder-workspace/Sources/SwiftAIAgent/Agent/AIAgentContext.swift (in target 'SwiftAIAgent' from project 'SwiftAIAgent')
SwiftCompile normal arm64 /Users/admin/builder/spi-builder-workspace/Sources/SwiftAIAgent/AIModels/Gemini.swift (in target 'SwiftAIAgent' from project 'SwiftAIAgent')
    cd /Users/admin/builder/spi-builder-workspace/.swiftpm/xcode
    builtin-SwiftPerFileCompile Gemini.swift
SwiftCompile normal arm64 /Users/admin/builder/spi-builder-workspace/Sources/SwiftAIAgent/Agent/AIAgent.swift (in target 'SwiftAIAgent' from project 'SwiftAIAgent')
    cd /Users/admin/builder/spi-builder-workspace/.swiftpm/xcode
    builtin-SwiftPerFileCompile AIAgent.swift
SwiftCompile normal arm64 /Users/admin/builder/spi-builder-workspace/Sources/SwiftAIAgent/Agent/AIAgentContext.swift (in target 'SwiftAIAgent' from project 'SwiftAIAgent')
    cd /Users/admin/builder/spi-builder-workspace/.swiftpm/xcode
    builtin-SwiftPerFileCompile AIAgentContext.swift
SwiftDriverJobDiscovery normal arm64 Compiling GeminiOutput.swift, GeminiRequest.swift (in target 'GeminiSDK' from project 'SwiftAIAgent')
SwiftCompile normal arm64 Compiling\ AIAgentModel.swift,\ AIAgentOutput+File.swift,\ AIAgentOutput.swift /Users/admin/builder/spi-builder-workspace/Sources/SwiftAIAgent/Agent/AIAgentModel.swift /Users/admin/builder/spi-builder-workspace/Sources/SwiftAIAgent/Agent/AIAgentOutput+File.swift /Users/admin/builder/spi-builder-workspace/Sources/SwiftAIAgent/Agent/AIAgentOutput.swift (in target 'SwiftAIAgent' from project 'SwiftAIAgent')
SwiftCompile normal arm64 /Users/admin/builder/spi-builder-workspace/Sources/SwiftAIAgent/Agent/AIAgentModel.swift (in target 'SwiftAIAgent' from project 'SwiftAIAgent')
    cd /Users/admin/builder/spi-builder-workspace/.swiftpm/xcode
    builtin-SwiftPerFileCompile AIAgentModel.swift
SwiftCompile normal arm64 /Users/admin/builder/spi-builder-workspace/Sources/SwiftAIAgent/Agent/AIAgentOutput+File.swift (in target 'SwiftAIAgent' from project 'SwiftAIAgent')
    cd /Users/admin/builder/spi-builder-workspace/.swiftpm/xcode
    builtin-SwiftPerFileCompile AIAgentOutput+File.swift
SwiftCompile normal arm64 /Users/admin/builder/spi-builder-workspace/Sources/SwiftAIAgent/Agent/AIAgentOutput.swift (in target 'SwiftAIAgent' from project 'SwiftAIAgent')
    cd /Users/admin/builder/spi-builder-workspace/.swiftpm/xcode
    builtin-SwiftPerFileCompile AIAgentOutput.swift
SwiftEmitModule normal arm64 Emitting\ module\ for\ Common (in target 'Common' from project 'GoogleSwiftSDK')
SwiftCompile normal arm64 (in target 'Common' from project 'GoogleSwiftSDK')
    cd /Users/admin/builder/spi-builder-workspace/.swiftpm/xcode

SwiftDriverJobDiscovery normal arm64 Compiling HTTPConnectionPool+Manager.swift, HTTPConnectionPool.swift, HTTPExecutableRequest.swift, HTTPRequestStateMachine+Demand.swift, HTTPRequestStateMachine.swift, RequestBodyLength.swift, RequestFramingMetadata.swift (in target 'AsyncHTTPClient' from project 'async-http-client')
SwiftCompile normal arm64 Compiling\ GoalManager.swift,\ GoalManagerConfiguration.swift /Users/admin/builder/spi-builder-workspace/Sources/SwiftAIAgent/Agents/GoalManager.swift /Users/admin/builder/spi-builder-workspace/Sources/SwiftAIAgent/Agents/GoalManagerConfiguration.swift (in target 'SwiftAIAgent' from project 'SwiftAIAgent')
SwiftCompile normal arm64 /Users/admin/builder/spi-builder-workspace/Sources/SwiftAIAgent/Agents/GoalManager.swift (in target 'SwiftAIAgent' from project 'SwiftAIAgent')
    cd /Users/admin/builder/spi-builder-workspace/.swiftpm/xcode
    builtin-SwiftPerFileCompile GoalManager.swift
SwiftCompile normal arm64 /Users/admin/builder/spi-builder-workspace/Sources/SwiftAIAgent/Agents/GoalManagerConfiguration.swift (in target 'SwiftAIAgent' from project 'SwiftAIAgent')
    cd /Users/admin/builder/spi-builder-workspace/.swiftpm/xcode
    builtin-SwiftPerFileCompile GoalManagerConfiguration.swift
SwiftDriverJobDiscovery normal arm64 Compiling GoalManagerError.swift, GoalManagerExecutionState.swift (in target 'SwiftAIAgent' from project 'SwiftAIAgent')
SwiftCompile normal arm64 Compiling\ Runtime.swift,\ AIAgentOutputIO.swift /Users/admin/builder/spi-builder-workspace/Sources/SwiftAIAgent/Agent/Runtime.swift /Users/admin/builder/spi-builder-workspace/Sources/SwiftAIAgent/Agent/Tools/AIAgentOutputIO.swift (in target 'SwiftAIAgent' from project 'SwiftAIAgent')
SwiftCompile normal arm64 /Users/admin/builder/spi-builder-workspace/Sources/SwiftAIAgent/Agent/Runtime.swift (in target 'SwiftAIAgent' from project 'SwiftAIAgent')
    cd /Users/admin/builder/spi-builder-workspace/.swiftpm/xcode
    builtin-SwiftPerFileCompile Runtime.swift
SwiftCompile normal arm64 /Users/admin/builder/spi-builder-workspace/Sources/SwiftAIAgent/Agent/Tools/AIAgentOutputIO.swift (in target 'SwiftAIAgent' from project 'SwiftAIAgent')
    cd /Users/admin/builder/spi-builder-workspace/.swiftpm/xcode
    builtin-SwiftPerFileCompile AIAgentOutputIO.swift
PruneExplicitPrecompiledModules /Users/admin/builder/spi-builder-workspace/.derivedData/Build/Intermediates.noindex/SwiftExplicitPrecompiledModules
PruneExplicitPrecompiledModules /Users/admin/builder/spi-builder-workspace/.derivedData/SDKExplicitPrecompiledModules
PruneExplicitPrecompiledModules /Users/admin/builder/spi-builder-workspace/.derivedData/Build/Intermediates.noindex/ExplicitPrecompiledModules
2026-09-22 22:53:57.187 xcodebuild[1803:9011] [MT] IDERunDestination: Supported platforms for the buildables in the current scheme is empty.
** BUILD FAILED **
The following build commands failed:
	SwiftCompile normal arm64 Compiling\ AIAgentTool.swift,\ MCPServer.swift,\ AIAgentConfiguration.swift /Users/admin/builder/spi-builder-workspace/Sources/SwiftAIAgent/Agent/AIAgentTool.swift /Users/admin/builder/spi-builder-workspace/Sources/SwiftAIAgent/Agent/MCPServer.swift /Users/admin/builder/spi-builder-workspace/Sources/SwiftAIAgent/Agent/Model/AIAgentConfiguration.swift (in target 'SwiftAIAgent' from project 'SwiftAIAgent')
	SwiftCompile normal arm64 /Users/admin/builder/spi-builder-workspace/Sources/SwiftAIAgent/Agent/MCPServer.swift (in target 'SwiftAIAgent' from project 'SwiftAIAgent')
	Building workspace SwiftAIAgent with scheme SwiftAIAgent-Package
(3 failures)
Command line invocation:
    /Applications/Xcode-27.0.0-Release.Candidate.app/Contents/Developer/usr/bin/xcodebuild -IDEClonedSourcePackagesDirPathOverride=/Users/admin/builder/spi-builder-workspace/.dependencies -resolvePackageDependencies
Resolve Package Graph
Resolved source packages:
  swift-certificates: https://github.com/apple/swift-certificates.git @ 1.21.0
  swift-nio: https://github.com/apple/swift-nio.git @ 2.103.0
  swift-openapi-async-http-client: https://github.com/swift-server/swift-openapi-async-http-client @ 1.5.0
  swift-numerics: https://github.com/apple/swift-numerics.git @ 1.1.1
  swift-http-structured-headers: https://github.com/apple/swift-http-structured-headers.git @ 1.7.0
  swift-atomics: https://github.com/apple/swift-atomics.git @ 1.3.1
  swift-http-types: https://github.com/apple/swift-http-types @ 1.8.0
  SwiftSoup: https://github.com/scinfu/SwiftSoup.git @ 2.13.9
  swift-asn1: https://github.com/apple/swift-asn1.git @ 1.7.3
  swift-distributed-tracing: https://github.com/apple/swift-distributed-tracing.git @ 1.5.0
  swift-nio-transport-services: https://github.com/apple/swift-nio-transport-services.git @ 1.28.0
  mcp-swift-sdk: https://github.com/modelcontextprotocol/swift-sdk.git @ 0.12.1
  swift-service-context: https://github.com/apple/swift-service-context.git @ 1.3.0
  SwiftAIAgent: /Users/admin/builder/spi-builder-workspace
  jwt-kit: https://github.com/vapor/jwt-kit.git @ 4.13.5
  swift-nio-http2: https://github.com/apple/swift-nio-http2.git @ 1.46.0
  swift-algorithms: https://github.com/apple/swift-algorithms.git @ 1.2.1
  GoogleAPITokenManager: https://github.com/ShenghaiWang/GoogleAPITokenManager.git @ 1.0.2
  swift-syntax: https://github.com/swiftlang/swift-syntax.git @ 600.0.1
  swift-openapi-runtime: https://github.com/apple/swift-openapi-runtime @ 1.12.1
  swift-crypto: https://github.com/apple/swift-crypto.git @ 3.15.1
  swift-log: https://github.com/apple/swift-log.git @ 1.15.1
  swift-configuration: https://github.com/apple/swift-configuration.git @ 1.2.1
  EventSource: https://github.com/mattt/eventsource.git @ 1.5.1
  swift-service-lifecycle: https://github.com/swift-server/swift-service-lifecycle @ 2.12.0
  GoogleSwiftSDK: https://github.com/ShenghaiWang/GoogleSwiftSDK.git @ 1.0.4
  swift-collections: https://github.com/apple/swift-collections @ 1.7.0
  swift-async-algorithms: https://github.com/apple/swift-async-algorithms.git @ 1.1.5
  swift-nio-ssl: https://github.com/apple/swift-nio-ssl.git @ 2.37.5
  swift-system: https://github.com/apple/swift-system @ 1.8.1
  async-http-client: https://github.com/swift-server/async-http-client.git @ 1.36.1
  swift-nio-extras: https://github.com/apple/swift-nio-extras.git @ 1.35.1
resolved source packages: swift-certificates, swift-nio, swift-openapi-async-http-client, swift-numerics, swift-http-structured-headers, swift-atomics, swift-http-types, SwiftSoup, swift-asn1, swift-distributed-tracing, swift-nio-transport-services, mcp-swift-sdk, swift-service-context, SwiftAIAgent, jwt-kit, swift-nio-http2, swift-algorithms, GoogleAPITokenManager, swift-syntax, swift-openapi-runtime, swift-crypto, swift-log, swift-configuration, EventSource, swift-service-lifecycle, GoogleSwiftSDK, swift-collections, swift-async-algorithms, swift-nio-ssl, swift-system, async-http-client, swift-nio-extras
2026-09-22 22:55:07.069 xcodebuild[4775:19168] [MT] IDERunDestination: Supported platforms for the buildables in the current scheme is empty.
{
  "dependencies" : [
    {
      "identity" : "swift-sdk",
      "requirement" : {
        "range" : [
          {
            "lower_bound" : "0.10.0",
            "upper_bound" : "1.0.0"
          }
        ]
      },
      "type" : "sourceControl",
      "url" : "https://github.com/modelcontextprotocol/swift-sdk.git"
    },
    {
      "identity" : "swift-syntax",
      "requirement" : {
        "range" : [
          {
            "lower_bound" : "600.0.0-latest",
            "upper_bound" : "601.0.0"
          }
        ]
      },
      "type" : "sourceControl",
      "url" : "https://github.com/swiftlang/swift-syntax.git"
    },
    {
      "identity" : "swift-system",
      "requirement" : {
        "range" : [
          {
            "lower_bound" : "1.6.1",
            "upper_bound" : "2.0.0"
          }
        ]
      },
      "type" : "sourceControl",
      "url" : "https://github.com/apple/swift-system"
    },
    {
      "identity" : "swiftsoup",
      "requirement" : {
        "range" : [
          {
            "lower_bound" : "2.10.1",
            "upper_bound" : "3.0.0"
          }
        ]
      },
      "type" : "sourceControl",
      "url" : "https://github.com/scinfu/SwiftSoup.git"
    },
    {
      "identity" : "googleswiftsdk",
      "requirement" : {
        "range" : [
          {
            "lower_bound" : "1.0.4",
            "upper_bound" : "2.0.0"
          }
        ]
      },
      "type" : "sourceControl",
      "url" : "https://github.com/ShenghaiWang/GoogleSwiftSDK.git"
    },
    {
      "identity" : "googleapitokenmanager",
      "requirement" : {
        "range" : [
          {
            "lower_bound" : "1.0.2",
            "upper_bound" : "2.0.0"
          }
        ]
      },
      "type" : "sourceControl",
      "url" : "https://github.com/ShenghaiWang/GoogleAPITokenManager.git"
    }
  ],
  "manifest_display_name" : "SwiftAIAgent",
  "name" : "SwiftAIAgent",
  "path" : "/Users/admin/builder/spi-builder-workspace",
  "platforms" : [
    {
      "name" : "macos",
      "version" : "13.0"
    },
    {
      "name" : "maccatalyst",
      "version" : "16.0"
    },
    {
      "name" : "ios",
      "version" : "16.0"
    },
    {
      "name" : "watchos",
      "version" : "9.0"
    },
    {
      "name" : "tvos",
      "version" : "16.0"
    },
    {
      "name" : "visionos",
      "version" : "1.0"
    }
  ],
  "products" : [
    {
      "name" : "SwiftAIAgent",
      "targets" : [
        "SwiftAIAgent"
      ],
      "type" : {
        "library" : [
          "automatic"
        ]
      }
    },
    {
      "name" : "AIAgentMacros",
      "targets" : [
        "AIAgentMacros"
      ],
      "type" : {
        "library" : [
          "automatic"
        ]
      }
    },
    {
      "name" : "AITools",
      "targets" : [
        "AITools"
      ],
      "type" : {
        "library" : [
          "automatic"
        ]
      }
    },
    {
      "name" : "Client",
      "targets" : [
        "Client"
      ],
      "type" : {
        "executable" : null
      }
    },
    {
      "name" : "AIAgentMacroDefinitions",
      "targets" : [
        "AIAgentMacroDefinitions"
      ],
      "type" : {
        "macro" : null
      }
    }
  ],
  "targets" : [
    {
      "c99name" : "SwiftAIAgentTests",
      "module_type" : "SwiftTarget",
      "name" : "SwiftAIAgentTests",
      "path" : "Tests/SwiftAIAgentTests",
      "sources" : [
        "AIAgentOutput+FileTests.swift",
        "FunctionCallingTests.swift",
        "Mock/MockModel.swift",
        "ToolCallingValueTests.swift",
        "WorkflowTests.swift"
      ],
      "target_dependencies" : [
        "SwiftAIAgent"
      ],
      "type" : "test"
    },
    {
      "c99name" : "SwiftAIAgent",
      "module_type" : "SwiftTarget",
      "name" : "SwiftAIAgent",
      "path" : "Sources/SwiftAIAgent",
      "product_dependencies" : [
        "MCP"
      ],
      "product_memberships" : [
        "SwiftAIAgent",
        "Client"
      ],
      "sources" : [
        "AIModels/Gemini.swift",
        "Agent/AIAgent.swift",
        "Agent/AIAgentContext.swift",
        "Agent/AIAgentModel.swift",
        "Agent/AIAgentOutput+File.swift",
        "Agent/AIAgentOutput.swift",
        "Agent/AIAgentTool.swift",
        "Agent/MCPServer.swift",
        "Agent/Model/AIAgentConfiguration.swift",
        "Agent/Model/AIAgentError.swift",
        "Agent/Model/ToolCallingValue.swift",
        "Agent/Runtime.swift",
        "Agent/Tools/AIAgentOutputIO.swift",
        "Agents/GoalManager.swift",
        "Agents/GoalManagerConfiguration.swift",
        "Agents/GoalManagerError.swift",
        "Agents/GoalManagerExecutionState.swift",
        "Agents/Workflow.swift",
        "Common/AsAsyncSequence.swift",
        "Logger/Logger.swift",
        "Models/AIGoalClarification.swift",
        "Models/AIStrategy.swift",
        "Models/AITask.swift"
      ],
      "target_dependencies" : [
        "AIAgentMacros",
        "GeminiSDK"
      ],
      "type" : "library"
    },
    {
      "c99name" : "GeminiSDKTests",
      "module_type" : "SwiftTarget",
      "name" : "GeminiSDKTests",
      "path" : "Tests/GeminiSDKTests",
      "sources" : [
        "GeminiSDKTests.swift"
      ],
      "target_dependencies" : [
        "AIAgentMacros",
        "GeminiSDK"
      ],
      "type" : "test"
    },
    {
      "c99name" : "GeminiSDK",
      "module_type" : "SwiftTarget",
      "name" : "GeminiSDK",
      "path" : "Sources/GeminiSDK",
      "product_memberships" : [
        "SwiftAIAgent",
        "AITools",
        "Client"
      ],
      "sources" : [
        "Error.swift",
        "GeminiSDK.swift",
        "Models/BlockReason.swift",
        "Models/Content.swift",
        "Models/GeminiOutput.swift",
        "Models/GeminiRequest.swift",
        "Models/GeminiResponse.swift",
        "Models/HarmBlockThreshold.swift",
        "Models/HarmCategory.swift",
        "Models/HarmProbability.swift",
        "Models/JSONAny.swift",
        "Models/Modality.swift",
        "Models/SafetyRating.swift",
        "Models/Schema.swift",
        "Models/VoiceName.swift",
        "RunGeneration.swift"
      ],
      "target_dependencies" : [
        "AIAgentMacros"
      ],
      "type" : "library"
    },
    {
      "c99name" : "Client",
      "module_type" : "SwiftTarget",
      "name" : "Client",
      "path" : "Sources/Client",
      "product_dependencies" : [
        "SystemPackage",
        "MCP"
      ],
      "product_memberships" : [
        "Client"
      ],
      "sources" : [
        "AutoWorkflow.swift",
        "GeminiSpeechGeneration.swift",
        "ManualWorkflow.swift",
        "main.swift"
      ],
      "target_dependencies" : [
        "AIAgentMacros",
        "GeminiSDK",
        "SwiftAIAgent",
        "AITools"
      ],
      "type" : "executable"
    },
    {
      "c99name" : "AIToolsTests",
      "module_type" : "SwiftTarget",
      "name" : "AIToolsTests",
      "path" : "Tests/AIToolsTests",
      "sources" : [
        "GoogleSearchTests.swift"
      ],
      "target_dependencies" : [
        "AIAgentMacros",
        "AITools"
      ],
      "type" : "test"
    },
    {
      "c99name" : "AITools",
      "module_type" : "SwiftTarget",
      "name" : "AITools",
      "path" : "Sources/AITools",
      "product_dependencies" : [
        "GoogleCalendarSDK",
        "GoogleGmailSDK",
        "GoogleSheetsSDK",
        "GoogleSlidesSDK",
        "GoogleDocsSDK",
        "SwiftSoup",
        "GoogleAPITokenManager"
      ],
      "product_memberships" : [
        "AITools",
        "Client"
      ],
      "sources" : [
        "DateTime.swift",
        "Fetch.swift",
        "FileIO.swift",
        "GeminiImage.swift",
        "Google/GoogleCalendar.swift",
        "Google/GoogleClient.swift",
        "Google/GoogleDocs.swift",
        "Google/GoogleGmail.swift",
        "Google/GoogleSearch.swift",
        "Google/GoogleSheets.swift",
        "Google/GoogleSlides.swift",
        "Models/FontSettings.swift",
        "Models/RgbColor.swift"
      ],
      "target_dependencies" : [
        "AIAgentMacros",
        "GeminiSDK"
      ],
      "type" : "library"
    },
    {
      "c99name" : "AIAgentMacrosTests",
      "module_type" : "SwiftTarget",
      "name" : "AIAgentMacrosTests",
      "path" : "Tests/AIAgentMacrosTests",
      "product_dependencies" : [
        "SwiftSyntaxMacrosTestSupport",
        "SwiftParser"
      ],
      "sources" : [
        "AIModelOutputTests.swift",
        "AIToolMacroTest.swift",
        "Common.swift",
        "TraceMacroTests.swift"
      ],
      "target_dependencies" : [
        "AIAgentMacros",
        "AIAgentMacroDefinitions"
      ],
      "type" : "test"
    },
    {
      "c99name" : "AIAgentMacros",
      "module_type" : "SwiftTarget",
      "name" : "AIAgentMacros",
      "path" : "Sources/AIAgentMacros",
      "product_memberships" : [
        "SwiftAIAgent",
        "AIAgentMacros",
        "AITools",
        "Client"
      ],
      "sources" : [
        "AIModelMacros.swift",
        "Array+AIModelSchema.swift"
      ],
      "target_dependencies" : [
        "AIAgentMacroDefinitions"
      ],
      "type" : "library"
    },
    {
      "c99name" : "AIAgentMacroDefinitions",
      "module_type" : "SwiftTarget",
      "name" : "AIAgentMacroDefinitions",
      "path" : "Sources/AIAgentMacroDefinitions",
      "product_dependencies" : [
        "SwiftSyntaxMacros",
        "SwiftCompilerPlugin"
      ],
      "product_memberships" : [
        "SwiftAIAgent",
        "AIAgentMacros",
        "AITools",
        "Client",
        "AIAgentMacroDefinitions"
      ],
      "sources" : [
        "AIAgentMacroPlugin.swift",
        "AIModelSchemaMacro.swift",
        "AIToolMacro.swift",
        "Helpers/EnumCaseDeclSyntaxEntension.swift",
        "Helpers/EnumDeclSyntaxExtension.swift",
        "Helpers/FunctionDeclSyntaxExtension.swift",
        "Helpers/FunctionParameterSyntaxExtension.swift",
        "Helpers/JSONType.swift",
        "Helpers/StringExtension.swift",
        "Helpers/StructDeclSyntaxExtension.swift",
        "Helpers/TriviaExtension.swift",
        "Helpers/TypeAnnotationSyntaxExtension.swift",
        "Helpers/TypeSyntaxExtension.swift",
        "Helpers/VariableDeclSyntaxExtension.swift",
        "Models/EnumCaseSchema.swift",
        "Models/PropertySchema.swift",
        "TraceMacro.swift"
      ],
      "type" : "macro"
    }
  ],
  "tools_version" : "6.1"
}
{
  "workspace" : {
    "name" : "SwiftAIAgent",
    "schemes" : [
      "AIAgentMacros",
      "AITools",
      "Client",
      "SwiftAIAgent",
      "SwiftAIAgent-Package"
    ]
  }
}
2026-09-22 22:55:10.063 xcodebuild[4784:19247] [MT] IDERunDestination: Supported platforms for the buildables in the current scheme is empty.
Running build ...
env DEVELOPER_DIR=/Applications/Xcode-27.0.0-Release.Candidate.app xcrun xcodebuild -IDEClonedSourcePackagesDirPathOverride=$PWD/.dependencies -skipMacroValidation -skipPackagePluginValidation -derivedDataPath $PWD/.derivedData build -scheme SwiftAIAgent-Package -destination generic/platform=tvOS
Command line invocation:
    /Applications/Xcode-27.0.0-Release.Candidate.app/Contents/Developer/usr/bin/xcodebuild -IDEClonedSourcePackagesDirPathOverride=/Users/admin/builder/spi-builder-workspace/.dependencies -skipMacroValidation -skipPackagePluginValidation -derivedDataPath /Users/admin/builder/spi-builder-workspace/.derivedData build -scheme SwiftAIAgent-Package -destination generic/platform=tvOS
Resolve Package Graph
Resolved source packages:
  swift-http-types: https://github.com/apple/swift-http-types @ 1.8.0
  GoogleSwiftSDK: https://github.com/ShenghaiWang/GoogleSwiftSDK.git @ 1.0.4
  swift-openapi-runtime: https://github.com/apple/swift-openapi-runtime @ 1.12.1
  swift-service-context: https://github.com/apple/swift-service-context.git @ 1.3.0
  swift-crypto: https://github.com/apple/swift-crypto.git @ 3.15.1
  async-http-client: https://github.com/swift-server/async-http-client.git @ 1.36.1
  swift-openapi-async-http-client: https://github.com/swift-server/swift-openapi-async-http-client @ 1.5.0
  swift-numerics: https://github.com/apple/swift-numerics.git @ 1.1.1
  swift-atomics: https://github.com/apple/swift-atomics.git @ 1.3.1
  swift-log: https://github.com/apple/swift-log.git @ 1.15.1
  swift-system: https://github.com/apple/swift-system @ 1.8.1
  swift-nio-extras: https://github.com/apple/swift-nio-extras.git @ 1.35.1
  swift-nio-transport-services: https://github.com/apple/swift-nio-transport-services.git @ 1.28.0
  jwt-kit: https://github.com/vapor/jwt-kit.git @ 4.13.5
  swift-nio-http2: https://github.com/apple/swift-nio-http2.git @ 1.46.0
  GoogleAPITokenManager: https://github.com/ShenghaiWang/GoogleAPITokenManager.git @ 1.0.2
  swift-async-algorithms: https://github.com/apple/swift-async-algorithms.git @ 1.1.5
  swift-distributed-tracing: https://github.com/apple/swift-distributed-tracing.git @ 1.5.0
  SwiftAIAgent: /Users/admin/builder/spi-builder-workspace
  swift-nio: https://github.com/apple/swift-nio.git @ 2.103.0
  swift-nio-ssl: https://github.com/apple/swift-nio-ssl.git @ 2.37.5
  swift-collections: https://github.com/apple/swift-collections @ 1.7.0
  EventSource: https://github.com/mattt/eventsource.git @ 1.5.1
  swift-configuration: https://github.com/apple/swift-configuration.git @ 1.2.1
  swift-syntax: https://github.com/swiftlang/swift-syntax.git @ 600.0.1
  swift-asn1: https://github.com/apple/swift-asn1.git @ 1.7.3
  swift-algorithms: https://github.com/apple/swift-algorithms.git @ 1.2.1
  mcp-swift-sdk: https://github.com/modelcontextprotocol/swift-sdk.git @ 0.12.1
  SwiftSoup: https://github.com/scinfu/SwiftSoup.git @ 2.13.9
  swift-http-structured-headers: https://github.com/apple/swift-http-structured-headers.git @ 1.7.0
  swift-certificates: https://github.com/apple/swift-certificates.git @ 1.21.0
  swift-service-lifecycle: https://github.com/swift-server/swift-service-lifecycle @ 2.12.0
ComputePackagePrebuildTargetDependencyGraph
Prepare packages
CreateBuildRequest
SendProjectDescription
CreateBuildOperation
ComputeTargetDependencyGraph
note: Building targets in dependency order
note: Target dependency graph (127 targets)
    Target 'Client-product' in project 'SwiftAIAgent'
        ➜ Explicit dependency on target 'AIAgentMacroDefinitions' in project 'SwiftAIAgent'
        ➜ Explicit dependency on target 'AIAgentMacros' in project 'SwiftAIAgent'
        ➜ Explicit dependency on target 'GeminiSDK' in project 'SwiftAIAgent'
        ➜ Explicit dependency on target 'SwiftAIAgent' in project 'SwiftAIAgent'
        ➜ Explicit dependency on target 'AITools' in project 'SwiftAIAgent'
        ➜ Explicit dependency on target 'MCP-product' in project 'mcp-swift-sdk'
        ➜ Explicit dependency on target 'GoogleCalendarSDK-product' in project 'GoogleSwiftSDK'
        ➜ Explicit dependency on target 'GoogleGmailSDK-product' in project 'GoogleSwiftSDK'
        ➜ Explicit dependency on target 'GoogleSheetsSDK-product' in project 'GoogleSwiftSDK'
        ➜ Explicit dependency on target 'GoogleSlidesSDK-product' in project 'GoogleSwiftSDK'
        ➜ Explicit dependency on target 'GoogleDocsSDK-product' in project 'GoogleSwiftSDK'
        ➜ Explicit dependency on target 'SwiftSoup-product' in project 'SwiftSoup'
        ➜ Explicit dependency on target 'GoogleAPITokenManager-product' in project 'GoogleAPITokenManager'
        ➜ Explicit dependency on target 'SystemPackage-product' in project 'swift-system'
    Target 'AITools-product' in project 'SwiftAIAgent'
        ➜ Explicit dependency on target 'AITools' in project 'SwiftAIAgent'
        ➜ Explicit dependency on target 'AIAgentMacroDefinitions' in project 'SwiftAIAgent'
        ➜ Explicit dependency on target 'AIAgentMacros' in project 'SwiftAIAgent'
        ➜ Explicit dependency on target 'GeminiSDK' in project 'SwiftAIAgent'
        ➜ Explicit dependency on target 'GoogleCalendarSDK-product' in project 'GoogleSwiftSDK'
        ➜ Explicit dependency on target 'GoogleGmailSDK-product' in project 'GoogleSwiftSDK'
        ➜ Explicit dependency on target 'GoogleSheetsSDK-product' in project 'GoogleSwiftSDK'
        ➜ Explicit dependency on target 'GoogleSlidesSDK-product' in project 'GoogleSwiftSDK'
        ➜ Explicit dependency on target 'GoogleDocsSDK-product' in project 'GoogleSwiftSDK'
        ➜ Explicit dependency on target 'SwiftSoup-product' in project 'SwiftSoup'
        ➜ Explicit dependency on target 'GoogleAPITokenManager-product' in project 'GoogleAPITokenManager'
    Target 'AITools' in project 'SwiftAIAgent'
        ➜ Explicit dependency on target 'AIAgentMacroDefinitions' in project 'SwiftAIAgent'
        ➜ Explicit dependency on target 'AIAgentMacros' in project 'SwiftAIAgent'
        ➜ Explicit dependency on target 'GeminiSDK' in project 'SwiftAIAgent'
        ➜ Explicit dependency on target 'GoogleCalendarSDK-product' in project 'GoogleSwiftSDK'
        ➜ Explicit dependency on target 'GoogleGmailSDK-product' in project 'GoogleSwiftSDK'
        ➜ Explicit dependency on target 'GoogleSheetsSDK-product' in project 'GoogleSwiftSDK'
        ➜ Explicit dependency on target 'GoogleSlidesSDK-product' in project 'GoogleSwiftSDK'
        ➜ Explicit dependency on target 'GoogleDocsSDK-product' in project 'GoogleSwiftSDK'
        ➜ Explicit dependency on target 'SwiftSoup-product' in project 'SwiftSoup'
        ➜ Explicit dependency on target 'GoogleAPITokenManager-product' in project 'GoogleAPITokenManager'
    Target 'SwiftSoup-product' in project 'SwiftSoup'
        ➜ Explicit dependency on target 'SwiftSoup' in project 'SwiftSoup'
    Target 'SwiftSoup' in project 'SwiftSoup' (no dependencies)
    Target 'GoogleDocsSDK-product' in project 'GoogleSwiftSDK'
        ➜ Explicit dependency on target 'GoogleDocsSDK' in project 'GoogleSwiftSDK'
        ➜ Explicit dependency on target 'Common' in project 'GoogleSwiftSDK'
        ➜ Explicit dependency on target 'OpenAPIRuntime-product' in project 'swift-openapi-runtime'
        ➜ Explicit dependency on target 'OpenAPIAsyncHTTPClient-product' in project 'swift-openapi-async-http-client'
        ➜ Explicit dependency on target 'GoogleAPITokenManager-product' in project 'GoogleAPITokenManager'
    Target 'GoogleDocsSDK' in project 'GoogleSwiftSDK'
        ➜ Explicit dependency on target 'Common' in project 'GoogleSwiftSDK'
        ➜ Explicit dependency on target 'OpenAPIRuntime-product' in project 'swift-openapi-runtime'
        ➜ Explicit dependency on target 'OpenAPIAsyncHTTPClient-product' in project 'swift-openapi-async-http-client'
        ➜ Explicit dependency on target 'GoogleAPITokenManager-product' in project 'GoogleAPITokenManager'
    Target 'GoogleSlidesSDK-product' in project 'GoogleSwiftSDK'
        ➜ Explicit dependency on target 'GoogleSlidesSDK' in project 'GoogleSwiftSDK'
        ➜ Explicit dependency on target 'Common' in project 'GoogleSwiftSDK'
        ➜ Explicit dependency on target 'OpenAPIRuntime-product' in project 'swift-openapi-runtime'
        ➜ Explicit dependency on target 'OpenAPIAsyncHTTPClient-product' in project 'swift-openapi-async-http-client'
        ➜ Explicit dependency on target 'GoogleAPITokenManager-product' in project 'GoogleAPITokenManager'
    Target 'GoogleSlidesSDK' in project 'GoogleSwiftSDK'
        ➜ Explicit dependency on target 'Common' in project 'GoogleSwiftSDK'
        ➜ Explicit dependency on target 'OpenAPIRuntime-product' in project 'swift-openapi-runtime'
        ➜ Explicit dependency on target 'OpenAPIAsyncHTTPClient-product' in project 'swift-openapi-async-http-client'
        ➜ Explicit dependency on target 'GoogleAPITokenManager-product' in project 'GoogleAPITokenManager'
    Target 'GoogleSheetsSDK-product' in project 'GoogleSwiftSDK'
        ➜ Explicit dependency on target 'GoogleSheetsSDK' in project 'GoogleSwiftSDK'
        ➜ Explicit dependency on target 'Common' in project 'GoogleSwiftSDK'
        ➜ Explicit dependency on target 'OpenAPIRuntime-product' in project 'swift-openapi-runtime'
        ➜ Explicit dependency on target 'OpenAPIAsyncHTTPClient-product' in project 'swift-openapi-async-http-client'
        ➜ Explicit dependency on target 'GoogleAPITokenManager-product' in project 'GoogleAPITokenManager'
    Target 'GoogleSheetsSDK' in project 'GoogleSwiftSDK'
        ➜ Explicit dependency on target 'Common' in project 'GoogleSwiftSDK'
        ➜ Explicit dependency on target 'OpenAPIRuntime-product' in project 'swift-openapi-runtime'
        ➜ Explicit dependency on target 'OpenAPIAsyncHTTPClient-product' in project 'swift-openapi-async-http-client'
        ➜ Explicit dependency on target 'GoogleAPITokenManager-product' in project 'GoogleAPITokenManager'
    Target 'GoogleGmailSDK-product' in project 'GoogleSwiftSDK'
        ➜ Explicit dependency on target 'GoogleGmailSDK' in project 'GoogleSwiftSDK'
        ➜ Explicit dependency on target 'Common' in project 'GoogleSwiftSDK'
        ➜ Explicit dependency on target 'OpenAPIRuntime-product' in project 'swift-openapi-runtime'
        ➜ Explicit dependency on target 'OpenAPIAsyncHTTPClient-product' in project 'swift-openapi-async-http-client'
        ➜ Explicit dependency on target 'GoogleAPITokenManager-product' in project 'GoogleAPITokenManager'
    Target 'GoogleGmailSDK' in project 'GoogleSwiftSDK'
        ➜ Explicit dependency on target 'Common' in project 'GoogleSwiftSDK'
        ➜ Explicit dependency on target 'OpenAPIRuntime-product' in project 'swift-openapi-runtime'
        ➜ Explicit dependency on target 'OpenAPIAsyncHTTPClient-product' in project 'swift-openapi-async-http-client'
        ➜ Explicit dependency on target 'GoogleAPITokenManager-product' in project 'GoogleAPITokenManager'
    Target 'GoogleCalendarSDK-product' in project 'GoogleSwiftSDK'
        ➜ Explicit dependency on target 'GoogleCalendarSDK' in project 'GoogleSwiftSDK'
        ➜ Explicit dependency on target 'Common' in project 'GoogleSwiftSDK'
        ➜ Explicit dependency on target 'OpenAPIRuntime-product' in project 'swift-openapi-runtime'
        ➜ Explicit dependency on target 'OpenAPIAsyncHTTPClient-product' in project 'swift-openapi-async-http-client'
        ➜ Explicit dependency on target 'GoogleAPITokenManager-product' in project 'GoogleAPITokenManager'
    Target 'GoogleCalendarSDK' in project 'GoogleSwiftSDK'
        ➜ Explicit dependency on target 'Common' in project 'GoogleSwiftSDK'
        ➜ Explicit dependency on target 'OpenAPIRuntime-product' in project 'swift-openapi-runtime'
        ➜ Explicit dependency on target 'OpenAPIAsyncHTTPClient-product' in project 'swift-openapi-async-http-client'
        ➜ Explicit dependency on target 'GoogleAPITokenManager-product' in project 'GoogleAPITokenManager'
    Target 'Common' in project 'GoogleSwiftSDK'
        ➜ Explicit dependency on target 'OpenAPIRuntime-product' in project 'swift-openapi-runtime'
        ➜ Explicit dependency on target 'OpenAPIAsyncHTTPClient-product' in project 'swift-openapi-async-http-client'
        ➜ Explicit dependency on target 'GoogleAPITokenManager-product' in project 'GoogleAPITokenManager'
    Target 'GoogleAPITokenManager-product' in project 'GoogleAPITokenManager'
        ➜ Explicit dependency on target 'GoogleAPITokenManager' in project 'GoogleAPITokenManager'
        ➜ Explicit dependency on target 'JWTKit-product' in project 'jwt-kit'
        ➜ Explicit dependency on target 'Crypto-product' in project 'swift-crypto'
    Target 'GoogleAPITokenManager' in project 'GoogleAPITokenManager'
        ➜ Explicit dependency on target 'JWTKit-product' in project 'jwt-kit'
        ➜ Explicit dependency on target 'Crypto-product' in project 'swift-crypto'
    Target 'JWTKit-product' in project 'jwt-kit'
        ➜ Explicit dependency on target 'JWTKit' in project 'jwt-kit'
        ➜ Explicit dependency on target 'CJWTKitBoringSSL' in project 'jwt-kit'
        ➜ Explicit dependency on target 'Crypto-product' in project 'swift-crypto'
    Target 'JWTKit' in project 'jwt-kit'
        ➜ Explicit dependency on target 'CJWTKitBoringSSL' in project 'jwt-kit'
        ➜ Explicit dependency on target 'Crypto-product' in project 'swift-crypto'
    Target 'Crypto-product' in project 'swift-crypto'
        ➜ Explicit dependency on target 'Crypto' in project 'swift-crypto'
        ➜ Explicit dependency on target 'swift-crypto_Crypto' in project 'swift-crypto'
    Target 'Crypto' in project 'swift-crypto'
        ➜ Explicit dependency on target 'swift-crypto_Crypto' in project 'swift-crypto'
    Target 'swift-crypto_Crypto' in project 'swift-crypto' (no dependencies)
    Target 'CJWTKitBoringSSL' in project 'jwt-kit' (no dependencies)
    Target 'OpenAPIAsyncHTTPClient-product' in project 'swift-openapi-async-http-client'
        ➜ Explicit dependency on target 'OpenAPIAsyncHTTPClient' in project 'swift-openapi-async-http-client'
        ➜ Explicit dependency on target 'OpenAPIRuntime-product' in project 'swift-openapi-runtime'
        ➜ Explicit dependency on target 'HTTPTypes-product' in project 'swift-http-types'
        ➜ Explicit dependency on target 'AsyncHTTPClient-product' in project 'async-http-client'
    Target 'OpenAPIAsyncHTTPClient' in project 'swift-openapi-async-http-client'
        ➜ Explicit dependency on target 'OpenAPIRuntime-product' in project 'swift-openapi-runtime'
        ➜ Explicit dependency on target 'HTTPTypes-product' in project 'swift-http-types'
        ➜ Explicit dependency on target 'AsyncHTTPClient-product' in project 'async-http-client'
    Target 'AsyncHTTPClient-product' in project 'async-http-client'
        ➜ Explicit dependency on target 'AsyncHTTPClient' in project 'async-http-client'
        ➜ Explicit dependency on target 'CAsyncHTTPClient' in project 'async-http-client'
        ➜ Explicit dependency on target 'NIO-product' in project 'swift-nio'
        ➜ Explicit dependency on target 'NIOTLS-product' in project 'swift-nio'
        ➜ Explicit dependency on target 'NIOCore-product' in project 'swift-nio'
        ➜ Explicit dependency on target 'NIOPosix-product' in project 'swift-nio'
        ➜ Explicit dependency on target 'NIOHTTP1-product' in project 'swift-nio'
        ➜ Explicit dependency on target 'NIOConcurrencyHelpers-product' in project 'swift-nio'
        ➜ Explicit dependency on target 'NIOHTTP2-product' in project 'swift-nio-http2'
        ➜ Explicit dependency on target 'NIOSSL-product' in project 'swift-nio-ssl'
        ➜ Explicit dependency on target 'NIOHTTPCompression-product' in project 'swift-nio-extras'
        ➜ Explicit dependency on target 'NIOSOCKS-product' in project 'swift-nio-extras'
        ➜ Explicit dependency on target 'NIOTransportServices-product' in project 'swift-nio-transport-services'
        ➜ Explicit dependency on target 'Atomics-product' in project 'swift-atomics'
        ➜ Explicit dependency on target 'Algorithms-product' in project 'swift-algorithms'
        ➜ Explicit dependency on target 'Configuration-product' in project 'swift-configuration'
        ➜ Explicit dependency on target 'Logging-product' in project 'swift-log'
        ➜ Explicit dependency on target 'Tracing-product' in project 'swift-distributed-tracing'
        ➜ Explicit dependency on target 'ServiceContextModule-product' in project 'swift-service-context'
    Target 'AsyncHTTPClient' in project 'async-http-client'
        ➜ Explicit dependency on target 'CAsyncHTTPClient' in project 'async-http-client'
        ➜ Explicit dependency on target 'NIO-product' in project 'swift-nio'
        ➜ Explicit dependency on target 'NIOTLS-product' in project 'swift-nio'
        ➜ Explicit dependency on target 'NIOCore-product' in project 'swift-nio'
        ➜ Explicit dependency on target 'NIOPosix-product' in project 'swift-nio'
        ➜ Explicit dependency on target 'NIOHTTP1-product' in project 'swift-nio'
        ➜ Explicit dependency on target 'NIOConcurrencyHelpers-product' in project 'swift-nio'
        ➜ Explicit dependency on target 'NIOHTTP2-product' in project 'swift-nio-http2'
        ➜ Explicit dependency on target 'NIOSSL-product' in project 'swift-nio-ssl'
        ➜ Explicit dependency on target 'NIOHTTPCompression-product' in project 'swift-nio-extras'
        ➜ Explicit dependency on target 'NIOSOCKS-product' in project 'swift-nio-extras'
        ➜ Explicit dependency on target 'NIOTransportServices-product' in project 'swift-nio-transport-services'
        ➜ Explicit dependency on target 'Atomics-product' in project 'swift-atomics'
        ➜ Explicit dependency on target 'Algorithms-product' in project 'swift-algorithms'
        ➜ Explicit dependency on target 'Configuration-product' in project 'swift-configuration'
        ➜ Explicit dependency on target 'Logging-product' in project 'swift-log'
        ➜ Explicit dependency on target 'Tracing-product' in project 'swift-distributed-tracing'
        ➜ Explicit dependency on target 'ServiceContextModule-product' in project 'swift-service-context'
    Target 'Tracing-product' in project 'swift-distributed-tracing'
        ➜ Explicit dependency on target 'Tracing' in project 'swift-distributed-tracing'
        ➜ Explicit dependency on target 'Instrumentation' in project 'swift-distributed-tracing'
        ➜ Explicit dependency on target 'ServiceContextModule-product' in project 'swift-service-context'
    Target 'Tracing' in project 'swift-distributed-tracing'
        ➜ Explicit dependency on target 'Instrumentation' in project 'swift-distributed-tracing'
        ➜ Explicit dependency on target 'ServiceContextModule-product' in project 'swift-service-context'
    Target 'Instrumentation' in project 'swift-distributed-tracing'
        ➜ Explicit dependency on target 'ServiceContextModule-product' in project 'swift-service-context'
    Target 'ServiceContextModule-product' in project 'swift-service-context'
        ➜ Explicit dependency on target 'ServiceContextModule' in project 'swift-service-context'
    Target 'ServiceContextModule' in project 'swift-service-context' (no dependencies)
    Target 'Configuration-product' in project 'swift-configuration'
        ➜ Explicit dependency on target 'Configuration' in project 'swift-configuration'
        ➜ Explicit dependency on target 'SystemPackage-product' in project 'swift-system'
        ➜ Explicit dependency on target 'DequeModule-product' in project 'swift-collections'
    Target 'Configuration' in project 'swift-configuration'
        ➜ Explicit dependency on target 'SystemPackage-product' in project 'swift-system'
        ➜ Explicit dependency on target 'DequeModule-product' in project 'swift-collections'
    Target 'Algorithms-product' in project 'swift-algorithms'
        ➜ Explicit dependency on target 'Algorithms' in project 'swift-algorithms'
        ➜ Explicit dependency on target 'RealModule-product' in project 'swift-numerics'
    Target 'Algorithms' in project 'swift-algorithms'
        ➜ Explicit dependency on target 'RealModule-product' in project 'swift-numerics'
    Target 'RealModule-product' in project 'swift-numerics'
        ➜ Explicit dependency on target 'RealModule' in project 'swift-numerics'
        ➜ Explicit dependency on target '_NumericsShims' in project 'swift-numerics'
    Target 'RealModule' in project 'swift-numerics'
        ➜ Explicit dependency on target '_NumericsShims' in project 'swift-numerics'
    Target '_NumericsShims' in project 'swift-numerics' (no dependencies)
    Target 'NIOTransportServices-product' in project 'swift-nio-transport-services'
        ➜ Explicit dependency on target 'NIOTransportServices' in project 'swift-nio-transport-services'
        ➜ Explicit dependency on target 'NIO-product' in project 'swift-nio'
        ➜ Explicit dependency on target 'NIOCore-product' in project 'swift-nio'
        ➜ Explicit dependency on target 'NIOFoundationCompat-product' in project 'swift-nio'
        ➜ Explicit dependency on target 'NIOTLS-product' in project 'swift-nio'
        ➜ Explicit dependency on target 'Atomics-product' in project 'swift-atomics'
    Target 'NIOTransportServices' in project 'swift-nio-transport-services'
        ➜ Explicit dependency on target 'NIO-product' in project 'swift-nio'
        ➜ Explicit dependency on target 'NIOCore-product' in project 'swift-nio'
        ➜ Explicit dependency on target 'NIOFoundationCompat-product' in project 'swift-nio'
        ➜ Explicit dependency on target 'NIOTLS-product' in project 'swift-nio'
        ➜ Explicit dependency on target 'Atomics-product' in project 'swift-atomics'
    Target 'NIOFoundationCompat-product' in project 'swift-nio'
        ➜ Explicit dependency on target 'NIOFoundationCompat' in project 'swift-nio'
        ➜ Explicit dependency on target 'CNIOAtomics' in project 'swift-nio'
        ➜ Explicit dependency on target 'NIOConcurrencyHelpers' in project 'swift-nio'
        ➜ Explicit dependency on target '_NIOBase64' in project 'swift-nio'
        ➜ Explicit dependency on target 'CNIOOpenBSD' in project 'swift-nio'
        ➜ Explicit dependency on target 'CNIOFreeBSD' in project 'swift-nio'
        ➜ Explicit dependency on target 'CNIODarwin' in project 'swift-nio'
        ➜ Explicit dependency on target 'CNIOLinux' in project 'swift-nio'
        ➜ Explicit dependency on target 'CNIOWindows' in project 'swift-nio'
        ➜ Explicit dependency on target 'CNIOWASI' in project 'swift-nio'
        ➜ Explicit dependency on target '_NIODataStructures' in project 'swift-nio'
        ➜ Explicit dependency on target 'NIOCore' in project 'swift-nio'
        ➜ Explicit dependency on target 'NIOEmbedded' in project 'swift-nio'
        ➜ Explicit dependency on target 'CNIOPosix' in project 'swift-nio'
        ➜ Explicit dependency on target 'NIOPosix' in project 'swift-nio'
        ➜ Explicit dependency on target 'NIO' in project 'swift-nio'
        ➜ Explicit dependency on target 'NIOFoundationEssentialsCompat' in project 'swift-nio'
        ➜ Explicit dependency on target 'DequeModule-product' in project 'swift-collections'
        ➜ Explicit dependency on target 'Atomics-product' in project 'swift-atomics'
    Target 'NIOFoundationCompat' in project 'swift-nio'
        ➜ Explicit dependency on target 'CNIOAtomics' in project 'swift-nio'
        ➜ Explicit dependency on target 'NIOConcurrencyHelpers' in project 'swift-nio'
        ➜ Explicit dependency on target '_NIOBase64' in project 'swift-nio'
        ➜ Explicit dependency on target 'CNIOOpenBSD' in project 'swift-nio'
        ➜ Explicit dependency on target 'CNIOFreeBSD' in project 'swift-nio'
        ➜ Explicit dependency on target 'CNIODarwin' in project 'swift-nio'
        ➜ Explicit dependency on target 'CNIOLinux' in project 'swift-nio'
        ➜ Explicit dependency on target 'CNIOWindows' in project 'swift-nio'
        ➜ Explicit dependency on target 'CNIOWASI' in project 'swift-nio'
        ➜ Explicit dependency on target '_NIODataStructures' in project 'swift-nio'
        ➜ Explicit dependency on target 'NIOCore' in project 'swift-nio'
        ➜ Explicit dependency on target 'NIOEmbedded' in project 'swift-nio'
        ➜ Explicit dependency on target 'CNIOPosix' in project 'swift-nio'
        ➜ Explicit dependency on target 'NIOPosix' in project 'swift-nio'
        ➜ Explicit dependency on target 'NIO' in project 'swift-nio'
        ➜ Explicit dependency on target 'NIOFoundationEssentialsCompat' in project 'swift-nio'
        ➜ Explicit dependency on target 'DequeModule-product' in project 'swift-collections'
        ➜ Explicit dependency on target 'Atomics-product' in project 'swift-atomics'
    Target 'NIOFoundationEssentialsCompat' in project 'swift-nio'
        ➜ Explicit dependency on target 'CNIOAtomics' in project 'swift-nio'
        ➜ Explicit dependency on target 'NIOConcurrencyHelpers' in project 'swift-nio'
        ➜ Explicit dependency on target '_NIOBase64' in project 'swift-nio'
        ➜ Explicit dependency on target 'CNIOOpenBSD' in project 'swift-nio'
        ➜ Explicit dependency on target 'CNIOFreeBSD' in project 'swift-nio'
        ➜ Explicit dependency on target 'CNIODarwin' in project 'swift-nio'
        ➜ Explicit dependency on target 'CNIOLinux' in project 'swift-nio'
        ➜ Explicit dependency on target 'CNIOWindows' in project 'swift-nio'
        ➜ Explicit dependency on target 'CNIOWASI' in project 'swift-nio'
        ➜ Explicit dependency on target '_NIODataStructures' in project 'swift-nio'
        ➜ Explicit dependency on target 'NIOCore' in project 'swift-nio'
        ➜ Explicit dependency on target 'DequeModule-product' in project 'swift-collections'
        ➜ Explicit dependency on target 'Atomics-product' in project 'swift-atomics'
    Target 'NIOSOCKS-product' in project 'swift-nio-extras'
        ➜ Explicit dependency on target 'NIOSOCKS' in project 'swift-nio-extras'
        ➜ Explicit dependency on target 'NIO-product' in project 'swift-nio'
        ➜ Explicit dependency on target 'NIOCore-product' in project 'swift-nio'
    Target 'NIOSOCKS' in project 'swift-nio-extras'
        ➜ Explicit dependency on target 'NIO-product' in project 'swift-nio'
        ➜ Explicit dependency on target 'NIOCore-product' in project 'swift-nio'
    Target 'NIOHTTPCompression-product' in project 'swift-nio-extras'
        ➜ Explicit dependency on target 'NIOHTTPCompression' in project 'swift-nio-extras'
        ➜ Explicit dependency on target 'CNIOExtrasZlib' in project 'swift-nio-extras'
        ➜ Explicit dependency on target 'NIO-product' in project 'swift-nio'
        ➜ Explicit dependency on target 'NIOCore-product' in project 'swift-nio'
        ➜ Explicit dependency on target 'NIOHTTP1-product' in project 'swift-nio'
    Target 'NIOHTTPCompression' in project 'swift-nio-extras'
        ➜ Explicit dependency on target 'CNIOExtrasZlib' in project 'swift-nio-extras'
        ➜ Explicit dependency on target 'NIO-product' in project 'swift-nio'
        ➜ Explicit dependency on target 'NIOCore-product' in project 'swift-nio'
        ➜ Explicit dependency on target 'NIOHTTP1-product' in project 'swift-nio'
    Target 'CNIOExtrasZlib' in project 'swift-nio-extras' (no dependencies)
    Target 'NIOSSL-product' in project 'swift-nio-ssl'
        ➜ Explicit dependency on target 'NIOSSL' in project 'swift-nio-ssl'
        ➜ Explicit dependency on target 'swift-nio-ssl_NIOSSL' in project 'swift-nio-ssl'
        ➜ Explicit dependency on target 'CNIOBoringSSL' in project 'swift-nio-ssl'
        ➜ Explicit dependency on target 'CNIOBoringSSLShims' in project 'swift-nio-ssl'
        ➜ Explicit dependency on target 'NIO-product' in project 'swift-nio'
        ➜ Explicit dependency on target 'NIOCore-product' in project 'swift-nio'
        ➜ Explicit dependency on target 'NIOConcurrencyHelpers-product' in project 'swift-nio'
        ➜ Explicit dependency on target 'NIOTLS-product' in project 'swift-nio'
    Target 'NIOSSL' in project 'swift-nio-ssl'
        ➜ Explicit dependency on target 'swift-nio-ssl_NIOSSL' in project 'swift-nio-ssl'
        ➜ Explicit dependency on target 'CNIOBoringSSL' in project 'swift-nio-ssl'
        ➜ Explicit dependency on target 'CNIOBoringSSLShims' in project 'swift-nio-ssl'
        ➜ Explicit dependency on target 'NIO-product' in project 'swift-nio'
        ➜ Explicit dependency on target 'NIOCore-product' in project 'swift-nio'
        ➜ Explicit dependency on target 'NIOConcurrencyHelpers-product' in project 'swift-nio'
        ➜ Explicit dependency on target 'NIOTLS-product' in project 'swift-nio'
    Target 'CNIOBoringSSLShims' in project 'swift-nio-ssl'
        ➜ Explicit dependency on target 'CNIOBoringSSL' in project 'swift-nio-ssl'
    Target 'CNIOBoringSSL' in project 'swift-nio-ssl' (no dependencies)
    Target 'swift-nio-ssl_NIOSSL' in project 'swift-nio-ssl' (no dependencies)
    Target 'NIOHTTP2-product' in project 'swift-nio-http2'
        ➜ Explicit dependency on target 'NIOHTTP2' in project 'swift-nio-http2'
        ➜ Explicit dependency on target 'NIOHPACK' in project 'swift-nio-http2'
        ➜ Explicit dependency on target 'NIO-product' in project 'swift-nio'
        ➜ Explicit dependency on target 'NIOCore-product' in project 'swift-nio'
        ➜ Explicit dependency on target 'NIOConcurrencyHelpers-product' in project 'swift-nio'
        ➜ Explicit dependency on target 'NIOHTTP1-product' in project 'swift-nio'
        ➜ Explicit dependency on target 'NIOTLS-product' in project 'swift-nio'
        ➜ Explicit dependency on target 'Atomics-product' in project 'swift-atomics'
    Target 'NIOHTTP2' in project 'swift-nio-http2'
        ➜ Explicit dependency on target 'NIOHPACK' in project 'swift-nio-http2'
        ➜ Explicit dependency on target 'NIO-product' in project 'swift-nio'
        ➜ Explicit dependency on target 'NIOCore-product' in project 'swift-nio'
        ➜ Explicit dependency on target 'NIOConcurrencyHelpers-product' in project 'swift-nio'
        ➜ Explicit dependency on target 'NIOHTTP1-product' in project 'swift-nio'
        ➜ Explicit dependency on target 'NIOTLS-product' in project 'swift-nio'
        ➜ Explicit dependency on target 'Atomics-product' in project 'swift-atomics'
    Target 'NIOHPACK' in project 'swift-nio-http2'
        ➜ Explicit dependency on target 'NIO-product' in project 'swift-nio'
        ➜ Explicit dependency on target 'NIOCore-product' in project 'swift-nio'
        ➜ Explicit dependency on target 'NIOConcurrencyHelpers-product' in project 'swift-nio'
        ➜ Explicit dependency on target 'NIOHTTP1-product' in project 'swift-nio'
    Target 'NIOConcurrencyHelpers-product' in project 'swift-nio'
        ➜ Explicit dependency on target 'NIOConcurrencyHelpers' in project 'swift-nio'
        ➜ Explicit dependency on target 'CNIOAtomics' in project 'swift-nio'
    Target 'NIOHTTP1-product' in project 'swift-nio'
        ➜ Explicit dependency on target 'NIOHTTP1' in project 'swift-nio'
        ➜ Explicit dependency on target 'CNIOAtomics' in project 'swift-nio'
        ➜ Explicit dependency on target 'NIOConcurrencyHelpers' in project 'swift-nio'
        ➜ Explicit dependency on target '_NIOBase64' in project 'swift-nio'
        ➜ Explicit dependency on target 'CNIOOpenBSD' in project 'swift-nio'
        ➜ Explicit dependency on target 'CNIOFreeBSD' in project 'swift-nio'
        ➜ Explicit dependency on target 'CNIODarwin' in project 'swift-nio'
        ➜ Explicit dependency on target 'CNIOLinux' in project 'swift-nio'
        ➜ Explicit dependency on target 'CNIOWindows' in project 'swift-nio'
        ➜ Explicit dependency on target 'CNIOWASI' in project 'swift-nio'
        ➜ Explicit dependency on target '_NIODataStructures' in project 'swift-nio'
        ➜ Explicit dependency on target 'NIOCore' in project 'swift-nio'
        ➜ Explicit dependency on target 'NIOEmbedded' in project 'swift-nio'
        ➜ Explicit dependency on target 'CNIOPosix' in project 'swift-nio'
        ➜ Explicit dependency on target 'NIOPosix' in project 'swift-nio'
        ➜ Explicit dependency on target 'NIO' in project 'swift-nio'
        ➜ Explicit dependency on target 'CNIOLLHTTP' in project 'swift-nio'
        ➜ Explicit dependency on target 'DequeModule-product' in project 'swift-collections'
        ➜ Explicit dependency on target 'Atomics-product' in project 'swift-atomics'
    Target 'NIOHTTP1' in project 'swift-nio'
        ➜ Explicit dependency on target 'CNIOAtomics' in project 'swift-nio'
        ➜ Explicit dependency on target 'NIOConcurrencyHelpers' in project 'swift-nio'
        ➜ Explicit dependency on target '_NIOBase64' in project 'swift-nio'
        ➜ Explicit dependency on target 'CNIOOpenBSD' in project 'swift-nio'
        ➜ Explicit dependency on target 'CNIOFreeBSD' in project 'swift-nio'
        ➜ Explicit dependency on target 'CNIODarwin' in project 'swift-nio'
        ➜ Explicit dependency on target 'CNIOLinux' in project 'swift-nio'
        ➜ Explicit dependency on target 'CNIOWindows' in project 'swift-nio'
        ➜ Explicit dependency on target 'CNIOWASI' in project 'swift-nio'
        ➜ Explicit dependency on target '_NIODataStructures' in project 'swift-nio'
        ➜ Explicit dependency on target 'NIOCore' in project 'swift-nio'
        ➜ Explicit dependency on target 'NIOEmbedded' in project 'swift-nio'
        ➜ Explicit dependency on target 'CNIOPosix' in project 'swift-nio'
        ➜ Explicit dependency on target 'NIOPosix' in project 'swift-nio'
        ➜ Explicit dependency on target 'NIO' in project 'swift-nio'
        ➜ Explicit dependency on target 'CNIOLLHTTP' in project 'swift-nio'
        ➜ Explicit dependency on target 'DequeModule-product' in project 'swift-collections'
        ➜ Explicit dependency on target 'Atomics-product' in project 'swift-atomics'
    Target 'CNIOLLHTTP' in project 'swift-nio' (no dependencies)
    Target 'NIOPosix-product' in project 'swift-nio'
        ➜ Explicit dependency on target 'NIOPosix' in project 'swift-nio'
        ➜ Explicit dependency on target 'swift-nio_NIOPosix' in project 'swift-nio'
        ➜ Explicit dependency on target 'CNIOOpenBSD' in project 'swift-nio'
        ➜ Explicit dependency on target 'CNIOLinux' in project 'swift-nio'
        ➜ Explicit dependency on target 'CNIODarwin' in project 'swift-nio'
        ➜ Explicit dependency on target 'CNIOWindows' in project 'swift-nio'
        ➜ Explicit dependency on target 'CNIOAtomics' in project 'swift-nio'
        ➜ Explicit dependency on target 'NIOConcurrencyHelpers' in project 'swift-nio'
        ➜ Explicit dependency on target '_NIOBase64' in project 'swift-nio'
        ➜ Explicit dependency on target 'CNIOFreeBSD' in project 'swift-nio'
        ➜ Explicit dependency on target 'CNIOWASI' in project 'swift-nio'
        ➜ Explicit dependency on target '_NIODataStructures' in project 'swift-nio'
        ➜ Explicit dependency on target 'NIOCore' in project 'swift-nio'
        ➜ Explicit dependency on target 'CNIOPosix' in project 'swift-nio'
        ➜ Explicit dependency on target 'DequeModule-product' in project 'swift-collections'
        ➜ Explicit dependency on target 'Atomics-product' in project 'swift-atomics'
    Target 'NIOCore-product' in project 'swift-nio'
        ➜ Explicit dependency on target 'NIOCore' in project 'swift-nio'
        ➜ Explicit dependency on target 'CNIOAtomics' in project 'swift-nio'
        ➜ Explicit dependency on target 'NIOConcurrencyHelpers' in project 'swift-nio'
        ➜ Explicit dependency on target '_NIOBase64' in project 'swift-nio'
        ➜ Explicit dependency on target 'CNIOOpenBSD' in project 'swift-nio'
        ➜ Explicit dependency on target 'CNIOFreeBSD' in project 'swift-nio'
        ➜ Explicit dependency on target 'CNIODarwin' in project 'swift-nio'
        ➜ Explicit dependency on target 'CNIOLinux' in project 'swift-nio'
        ➜ Explicit dependency on target 'CNIOWindows' in project 'swift-nio'
        ➜ Explicit dependency on target 'CNIOWASI' in project 'swift-nio'
        ➜ Explicit dependency on target '_NIODataStructures' in project 'swift-nio'
        ➜ Explicit dependency on target 'DequeModule-product' in project 'swift-collections'
        ➜ Explicit dependency on target 'Atomics-product' in project 'swift-atomics'
    Target 'NIOTLS-product' in project 'swift-nio'
        ➜ Explicit dependency on target 'NIOTLS' in project 'swift-nio'
        ➜ Explicit dependency on target 'CNIOAtomics' in project 'swift-nio'
        ➜ Explicit dependency on target 'NIOConcurrencyHelpers' in project 'swift-nio'
        ➜ Explicit dependency on target '_NIOBase64' in project 'swift-nio'
        ➜ Explicit dependency on target 'CNIOOpenBSD' in project 'swift-nio'
        ➜ Explicit dependency on target 'CNIOFreeBSD' in project 'swift-nio'
        ➜ Explicit dependency on target 'CNIODarwin' in project 'swift-nio'
        ➜ Explicit dependency on target 'CNIOLinux' in project 'swift-nio'
        ➜ Explicit dependency on target 'CNIOWindows' in project 'swift-nio'
        ➜ Explicit dependency on target 'CNIOWASI' in project 'swift-nio'
        ➜ Explicit dependency on target '_NIODataStructures' in project 'swift-nio'
        ➜ Explicit dependency on target 'NIOCore' in project 'swift-nio'
        ➜ Explicit dependency on target 'NIOEmbedded' in project 'swift-nio'
        ➜ Explicit dependency on target 'CNIOPosix' in project 'swift-nio'
        ➜ Explicit dependency on target 'NIOPosix' in project 'swift-nio'
        ➜ Explicit dependency on target 'NIO' in project 'swift-nio'
        ➜ Explicit dependency on target 'DequeModule-product' in project 'swift-collections'
        ➜ Explicit dependency on target 'Atomics-product' in project 'swift-atomics'
    Target 'NIOTLS' in project 'swift-nio'
        ➜ Explicit dependency on target 'CNIOAtomics' in project 'swift-nio'
        ➜ Explicit dependency on target 'NIOConcurrencyHelpers' in project 'swift-nio'
        ➜ Explicit dependency on target '_NIOBase64' in project 'swift-nio'
        ➜ Explicit dependency on target 'CNIOOpenBSD' in project 'swift-nio'
        ➜ Explicit dependency on target 'CNIOFreeBSD' in project 'swift-nio'
        ➜ Explicit dependency on target 'CNIODarwin' in project 'swift-nio'
        ➜ Explicit dependency on target 'CNIOLinux' in project 'swift-nio'
        ➜ Explicit dependency on target 'CNIOWindows' in project 'swift-nio'
        ➜ Explicit dependency on target 'CNIOWASI' in project 'swift-nio'
        ➜ Explicit dependency on target '_NIODataStructures' in project 'swift-nio'
        ➜ Explicit dependency on target 'NIOCore' in project 'swift-nio'
        ➜ Explicit dependency on target 'NIOEmbedded' in project 'swift-nio'
        ➜ Explicit dependency on target 'CNIOPosix' in project 'swift-nio'
        ➜ Explicit dependency on target 'NIOPosix' in project 'swift-nio'
        ➜ Explicit dependency on target 'NIO' in project 'swift-nio'
        ➜ Explicit dependency on target 'DequeModule-product' in project 'swift-collections'
        ➜ Explicit dependency on target 'Atomics-product' in project 'swift-atomics'
    Target 'NIO-product' in project 'swift-nio'
        ➜ Explicit dependency on target 'NIO' in project 'swift-nio'
        ➜ Explicit dependency on target 'CNIOAtomics' in project 'swift-nio'
        ➜ Explicit dependency on target 'NIOConcurrencyHelpers' in project 'swift-nio'
        ➜ Explicit dependency on target '_NIOBase64' in project 'swift-nio'
        ➜ Explicit dependency on target 'CNIOOpenBSD' in project 'swift-nio'
        ➜ Explicit dependency on target 'CNIOFreeBSD' in project 'swift-nio'
        ➜ Explicit dependency on target 'CNIODarwin' in project 'swift-nio'
        ➜ Explicit dependency on target 'CNIOLinux' in project 'swift-nio'
        ➜ Explicit dependency on target 'CNIOWindows' in project 'swift-nio'
        ➜ Explicit dependency on target 'CNIOWASI' in project 'swift-nio'
        ➜ Explicit dependency on target '_NIODataStructures' in project 'swift-nio'
        ➜ Explicit dependency on target 'NIOCore' in project 'swift-nio'
        ➜ Explicit dependency on target 'NIOEmbedded' in project 'swift-nio'
        ➜ Explicit dependency on target 'CNIOPosix' in project 'swift-nio'
        ➜ Explicit dependency on target 'NIOPosix' in project 'swift-nio'
        ➜ Explicit dependency on target 'DequeModule-product' in project 'swift-collections'
        ➜ Explicit dependency on target 'Atomics-product' in project 'swift-atomics'
    Target 'NIO' in project 'swift-nio'
        ➜ Explicit dependency on target 'CNIOAtomics' in project 'swift-nio'
        ➜ Explicit dependency on target 'NIOConcurrencyHelpers' in project 'swift-nio'
        ➜ Explicit dependency on target '_NIOBase64' in project 'swift-nio'
        ➜ Explicit dependency on target 'CNIOOpenBSD' in project 'swift-nio'
        ➜ Explicit dependency on target 'CNIOFreeBSD' in project 'swift-nio'
        ➜ Explicit dependency on target 'CNIODarwin' in project 'swift-nio'
        ➜ Explicit dependency on target 'CNIOLinux' in project 'swift-nio'
        ➜ Explicit dependency on target 'CNIOWindows' in project 'swift-nio'
        ➜ Explicit dependency on target 'CNIOWASI' in project 'swift-nio'
        ➜ Explicit dependency on target '_NIODataStructures' in project 'swift-nio'
        ➜ Explicit dependency on target 'NIOCore' in project 'swift-nio'
        ➜ Explicit dependency on target 'NIOEmbedded' in project 'swift-nio'
        ➜ Explicit dependency on target 'CNIOPosix' in project 'swift-nio'
        ➜ Explicit dependency on target 'NIOPosix' in project 'swift-nio'
        ➜ Explicit dependency on target 'DequeModule-product' in project 'swift-collections'
        ➜ Explicit dependency on target 'Atomics-product' in project 'swift-atomics'
    Target 'NIOPosix' in project 'swift-nio'
        ➜ Explicit dependency on target 'swift-nio_NIOPosix' in project 'swift-nio'
        ➜ Explicit dependency on target 'CNIOOpenBSD' in project 'swift-nio'
        ➜ Explicit dependency on target 'CNIOLinux' in project 'swift-nio'
        ➜ Explicit dependency on target 'CNIODarwin' in project 'swift-nio'
        ➜ Explicit dependency on target 'CNIOWindows' in project 'swift-nio'
        ➜ Explicit dependency on target 'CNIOAtomics' in project 'swift-nio'
        ➜ Explicit dependency on target 'NIOConcurrencyHelpers' in project 'swift-nio'
        ➜ Explicit dependency on target '_NIOBase64' in project 'swift-nio'
        ➜ Explicit dependency on target 'CNIOFreeBSD' in project 'swift-nio'
        ➜ Explicit dependency on target 'CNIOWASI' in project 'swift-nio'
        ➜ Explicit dependency on target '_NIODataStructures' in project 'swift-nio'
        ➜ Explicit dependency on target 'NIOCore' in project 'swift-nio'
        ➜ Explicit dependency on target 'CNIOPosix' in project 'swift-nio'
        ➜ Explicit dependency on target 'DequeModule-product' in project 'swift-collections'
        ➜ Explicit dependency on target 'Atomics-product' in project 'swift-atomics'
    Target 'swift-nio_NIOPosix' in project 'swift-nio' (no dependencies)
    Target 'CNIOPosix' in project 'swift-nio' (no dependencies)
    Target 'NIOEmbedded' in project 'swift-nio'
        ➜ Explicit dependency on target 'CNIOAtomics' in project 'swift-nio'
        ➜ Explicit dependency on target 'NIOConcurrencyHelpers' in project 'swift-nio'
        ➜ Explicit dependency on target '_NIOBase64' in project 'swift-nio'
        ➜ Explicit dependency on target 'CNIOOpenBSD' in project 'swift-nio'
        ➜ Explicit dependency on target 'CNIOFreeBSD' in project 'swift-nio'
        ➜ Explicit dependency on target 'CNIODarwin' in project 'swift-nio'
        ➜ Explicit dependency on target 'CNIOLinux' in project 'swift-nio'
        ➜ Explicit dependency on target 'CNIOWindows' in project 'swift-nio'
        ➜ Explicit dependency on target 'CNIOWASI' in project 'swift-nio'
        ➜ Explicit dependency on target '_NIODataStructures' in project 'swift-nio'
        ➜ Explicit dependency on target 'NIOCore' in project 'swift-nio'
        ➜ Explicit dependency on target 'DequeModule-product' in project 'swift-collections'
        ➜ Explicit dependency on target 'Atomics-product' in project 'swift-atomics'
    Target 'NIOCore' in project 'swift-nio'
        ➜ Explicit dependency on target 'CNIOAtomics' in project 'swift-nio'
        ➜ Explicit dependency on target 'NIOConcurrencyHelpers' in project 'swift-nio'
        ➜ Explicit dependency on target '_NIOBase64' in project 'swift-nio'
        ➜ Explicit dependency on target 'CNIOOpenBSD' in project 'swift-nio'
        ➜ Explicit dependency on target 'CNIOFreeBSD' in project 'swift-nio'
        ➜ Explicit dependency on target 'CNIODarwin' in project 'swift-nio'
        ➜ Explicit dependency on target 'CNIOLinux' in project 'swift-nio'
        ➜ Explicit dependency on target 'CNIOWindows' in project 'swift-nio'
        ➜ Explicit dependency on target 'CNIOWASI' in project 'swift-nio'
        ➜ Explicit dependency on target '_NIODataStructures' in project 'swift-nio'
        ➜ Explicit dependency on target 'DequeModule-product' in project 'swift-collections'
        ➜ Explicit dependency on target 'Atomics-product' in project 'swift-atomics'
    Target 'Atomics-product' in project 'swift-atomics'
        ➜ Explicit dependency on target 'Atomics' in project 'swift-atomics'
        ➜ Explicit dependency on target '_AtomicsShims' in project 'swift-atomics'
    Target 'Atomics' in project 'swift-atomics'
        ➜ Explicit dependency on target '_AtomicsShims' in project 'swift-atomics'
    Target '_AtomicsShims' in project 'swift-atomics' (no dependencies)
    Target 'DequeModule-product' in project 'swift-collections'
        ➜ Explicit dependency on target 'DequeModule' in project 'swift-collections'
        ➜ Explicit dependency on target 'InternalCollectionsUtilities' in project 'swift-collections'
        ➜ Explicit dependency on target 'SpanPreview' in project 'swift-collections'
    Target 'DequeModule' in project 'swift-collections'
        ➜ Explicit dependency on target 'InternalCollectionsUtilities' in project 'swift-collections'
        ➜ Explicit dependency on target 'SpanPreview' in project 'swift-collections'
    Target 'SpanPreview' in project 'swift-collections'
        ➜ Explicit dependency on target 'InternalCollectionsUtilities' in project 'swift-collections'
    Target 'InternalCollectionsUtilities' in project 'swift-collections' (no dependencies)
    Target '_NIODataStructures' in project 'swift-nio' (no dependencies)
    Target 'CNIOWASI' in project 'swift-nio' (no dependencies)
    Target 'CNIOWindows' in project 'swift-nio' (no dependencies)
    Target 'CNIOLinux' in project 'swift-nio' (no dependencies)
    Target 'CNIODarwin' in project 'swift-nio' (no dependencies)
    Target 'CNIOFreeBSD' in project 'swift-nio' (no dependencies)
    Target 'CNIOOpenBSD' in project 'swift-nio' (no dependencies)
    Target '_NIOBase64' in project 'swift-nio' (no dependencies)
    Target 'NIOConcurrencyHelpers' in project 'swift-nio'
        ➜ Explicit dependency on target 'CNIOAtomics' in project 'swift-nio'
    Target 'CNIOAtomics' in project 'swift-nio' (no dependencies)
    Target 'CAsyncHTTPClient' in project 'async-http-client' (no dependencies)
    Target 'OpenAPIRuntime-product' in project 'swift-openapi-runtime'
        ➜ Explicit dependency on target 'OpenAPIRuntime' in project 'swift-openapi-runtime'
        ➜ Explicit dependency on target 'HTTPTypes-product' in project 'swift-http-types'
    Target 'OpenAPIRuntime' in project 'swift-openapi-runtime'
        ➜ Explicit dependency on target 'HTTPTypes-product' in project 'swift-http-types'
    Target 'HTTPTypes-product' in project 'swift-http-types'
        ➜ Explicit dependency on target 'HTTPTypes' in project 'swift-http-types'
    Target 'HTTPTypes' in project 'swift-http-types' (no dependencies)
    Target 'AIAgentMacros-product' in project 'SwiftAIAgent'
        ➜ Explicit dependency on target 'AIAgentMacros' in project 'SwiftAIAgent'
        ➜ Explicit dependency on target 'AIAgentMacroDefinitions' in project 'SwiftAIAgent'
    Target 'SwiftAIAgent-product' in project 'SwiftAIAgent'
        ➜ Explicit dependency on target 'SwiftAIAgent' in project 'SwiftAIAgent'
        ➜ Explicit dependency on target 'AIAgentMacroDefinitions' in project 'SwiftAIAgent'
        ➜ Explicit dependency on target 'AIAgentMacros' in project 'SwiftAIAgent'
        ➜ Explicit dependency on target 'GeminiSDK' in project 'SwiftAIAgent'
        ➜ Explicit dependency on target 'MCP-product' in project 'mcp-swift-sdk'
    Target 'SwiftAIAgent' in project 'SwiftAIAgent'
        ➜ Explicit dependency on target 'AIAgentMacroDefinitions' in project 'SwiftAIAgent'
        ➜ Explicit dependency on target 'AIAgentMacros' in project 'SwiftAIAgent'
        ➜ Explicit dependency on target 'GeminiSDK' in project 'SwiftAIAgent'
        ➜ Explicit dependency on target 'MCP-product' in project 'mcp-swift-sdk'
    Target 'MCP-product' in project 'mcp-swift-sdk'
        ➜ Explicit dependency on target 'MCP' in project 'mcp-swift-sdk'
        ➜ Explicit dependency on target 'SystemPackage-product' in project 'swift-system'
        ➜ Explicit dependency on target 'Logging-product' in project 'swift-log'
        ➜ Explicit dependency on target 'EventSource-product' in project 'EventSource'
    Target 'MCP' in project 'mcp-swift-sdk'
        ➜ Explicit dependency on target 'SystemPackage-product' in project 'swift-system'
        ➜ Explicit dependency on target 'Logging-product' in project 'swift-log'
        ➜ Explicit dependency on target 'EventSource-product' in project 'EventSource'
    Target 'EventSource-product' in project 'EventSource'
        ➜ Explicit dependency on target 'EventSource' in project 'EventSource'
    Target 'EventSource' in project 'EventSource' (no dependencies)
    Target 'Logging-product' in project 'swift-log'
        ➜ Explicit dependency on target 'Logging' in project 'swift-log'
    Target 'Logging' in project 'swift-log' (no dependencies)
    Target 'SystemPackage-product' in project 'swift-system'
        ➜ Explicit dependency on target 'SystemPackage' in project 'swift-system'
        ➜ Explicit dependency on target 'CSystem' in project 'swift-system'
    Target 'SystemPackage' in project 'swift-system'
        ➜ Explicit dependency on target 'CSystem' in project 'swift-system'
    Target 'CSystem' in project 'swift-system' (no dependencies)
    Target 'GeminiSDK' in project 'SwiftAIAgent'
        ➜ Explicit dependency on target 'AIAgentMacroDefinitions' in project 'SwiftAIAgent'
        ➜ Explicit dependency on target 'AIAgentMacros' in project 'SwiftAIAgent'
    Target 'AIAgentMacros' in project 'SwiftAIAgent'
        ➜ Explicit dependency on target 'AIAgentMacroDefinitions' in project 'SwiftAIAgent'
    Target 'AIAgentMacroDefinitions' in project 'SwiftAIAgent'
        ➜ Explicit dependency on target 'SwiftSyntaxMacros-product' in project 'swift-syntax'
        ➜ Explicit dependency on target 'SwiftCompilerPlugin-product' in project 'swift-syntax'
    Target 'SwiftCompilerPlugin-product' in project 'swift-syntax'
        ➜ Explicit dependency on target 'SwiftCompilerPlugin' in project 'swift-syntax'
        ➜ Explicit dependency on target '_SwiftSyntaxCShims' in project 'swift-syntax'
        ➜ Explicit dependency on target 'SwiftSyntax509' in project 'swift-syntax'
        ➜ Explicit dependency on target 'SwiftSyntax510' in project 'swift-syntax'
        ➜ Explicit dependency on target 'SwiftSyntax600' in project 'swift-syntax'
        ➜ Explicit dependency on target 'SwiftSyntax' in project 'swift-syntax'
        ➜ Explicit dependency on target 'SwiftDiagnostics' in project 'swift-syntax'
        ➜ Explicit dependency on target 'SwiftParser' in project 'swift-syntax'
        ➜ Explicit dependency on target 'SwiftOperators' in project 'swift-syntax'
        ➜ Explicit dependency on target 'SwiftBasicFormat' in project 'swift-syntax'
        ➜ Explicit dependency on target 'SwiftParserDiagnostics' in project 'swift-syntax'
        ➜ Explicit dependency on target 'SwiftSyntaxBuilder' in project 'swift-syntax'
        ➜ Explicit dependency on target 'SwiftSyntaxMacros' in project 'swift-syntax'
        ➜ Explicit dependency on target 'SwiftSyntaxMacroExpansion' in project 'swift-syntax'
        ➜ Explicit dependency on target 'SwiftCompilerPluginMessageHandling' in project 'swift-syntax'
    Target 'SwiftCompilerPlugin' in project 'swift-syntax'
        ➜ Explicit dependency on target '_SwiftSyntaxCShims' in project 'swift-syntax'
        ➜ Explicit dependency on target 'SwiftSyntax509' in project 'swift-syntax'
        ➜ Explicit dependency on target 'SwiftSyntax510' in project 'swift-syntax'
        ➜ Explicit dependency on target 'SwiftSyntax600' in project 'swift-syntax'
        ➜ Explicit dependency on target 'SwiftSyntax' in project 'swift-syntax'
        ➜ Explicit dependency on target 'SwiftDiagnostics' in project 'swift-syntax'
        ➜ Explicit dependency on target 'SwiftParser' in project 'swift-syntax'
        ➜ Explicit dependency on target 'SwiftOperators' in project 'swift-syntax'
        ➜ Explicit dependency on target 'SwiftBasicFormat' in project 'swift-syntax'
        ➜ Explicit dependency on target 'SwiftParserDiagnostics' in project 'swift-syntax'
        ➜ Explicit dependency on target 'SwiftSyntaxBuilder' in project 'swift-syntax'
        ➜ Explicit dependency on target 'SwiftSyntaxMacros' in project 'swift-syntax'
        ➜ Explicit dependency on target 'SwiftSyntaxMacroExpansion' in project 'swift-syntax'
        ➜ Explicit dependency on target 'SwiftCompilerPluginMessageHandling' in project 'swift-syntax'
    Target 'SwiftCompilerPluginMessageHandling' in project 'swift-syntax'
        ➜ Explicit dependency on target '_SwiftSyntaxCShims' in project 'swift-syntax'
        ➜ Explicit dependency on target 'SwiftSyntax509' in project 'swift-syntax'
        ➜ Explicit dependency on target 'SwiftSyntax510' in project 'swift-syntax'
        ➜ Explicit dependency on target 'SwiftSyntax600' in project 'swift-syntax'
        ➜ Explicit dependency on target 'SwiftSyntax' in project 'swift-syntax'
        ➜ Explicit dependency on target 'SwiftDiagnostics' in project 'swift-syntax'
        ➜ Explicit dependency on target 'SwiftParser' in project 'swift-syntax'
        ➜ Explicit dependency on target 'SwiftOperators' in project 'swift-syntax'
        ➜ Explicit dependency on target 'SwiftBasicFormat' in project 'swift-syntax'
        ➜ Explicit dependency on target 'SwiftParserDiagnostics' in project 'swift-syntax'
        ➜ Explicit dependency on target 'SwiftSyntaxBuilder' in project 'swift-syntax'
        ➜ Explicit dependency on target 'SwiftSyntaxMacros' in project 'swift-syntax'
        ➜ Explicit dependency on target 'SwiftSyntaxMacroExpansion' in project 'swift-syntax'
    Target 'SwiftSyntaxMacroExpansion' in project 'swift-syntax'
        ➜ Explicit dependency on target '_SwiftSyntaxCShims' in project 'swift-syntax'
        ➜ Explicit dependency on target 'SwiftSyntax509' in project 'swift-syntax'
        ➜ Explicit dependency on target 'SwiftSyntax510' in project 'swift-syntax'
        ➜ Explicit dependency on target 'SwiftSyntax600' in project 'swift-syntax'
        ➜ Explicit dependency on target 'SwiftSyntax' in project 'swift-syntax'
        ➜ Explicit dependency on target 'SwiftBasicFormat' in project 'swift-syntax'
        ➜ Explicit dependency on target 'SwiftParser' in project 'swift-syntax'
        ➜ Explicit dependency on target 'SwiftDiagnostics' in project 'swift-syntax'
        ➜ Explicit dependency on target 'SwiftParserDiagnostics' in project 'swift-syntax'
        ➜ Explicit dependency on target 'SwiftSyntaxBuilder' in project 'swift-syntax'
        ➜ Explicit dependency on target 'SwiftSyntaxMacros' in project 'swift-syntax'
        ➜ Explicit dependency on target 'SwiftOperators' in project 'swift-syntax'
    Target 'SwiftOperators' in project 'swift-syntax'
        ➜ Explicit dependency on target '_SwiftSyntaxCShims' in project 'swift-syntax'
        ➜ Explicit dependency on target 'SwiftSyntax509' in project 'swift-syntax'
        ➜ Explicit dependency on target 'SwiftSyntax510' in project 'swift-syntax'
        ➜ Explicit dependency on target 'SwiftSyntax600' in project 'swift-syntax'
        ➜ Explicit dependency on target 'SwiftSyntax' in project 'swift-syntax'
        ➜ Explicit dependency on target 'SwiftDiagnostics' in project 'swift-syntax'
        ➜ Explicit dependency on target 'SwiftParser' in project 'swift-syntax'
    Target 'SwiftSyntaxMacros-product' in project 'swift-syntax'
        ➜ Explicit dependency on target 'SwiftSyntaxMacros' in project 'swift-syntax'
        ➜ Explicit dependency on target '_SwiftSyntaxCShims' in project 'swift-syntax'
        ➜ Explicit dependency on target 'SwiftSyntax509' in project 'swift-syntax'
        ➜ Explicit dependency on target 'SwiftSyntax510' in project 'swift-syntax'
        ➜ Explicit dependency on target 'SwiftSyntax600' in project 'swift-syntax'
        ➜ Explicit dependency on target 'SwiftSyntax' in project 'swift-syntax'
        ➜ Explicit dependency on target 'SwiftDiagnostics' in project 'swift-syntax'
        ➜ Explicit dependency on target 'SwiftParser' in project 'swift-syntax'
        ➜ Explicit dependency on target 'SwiftBasicFormat' in project 'swift-syntax'
        ➜ Explicit dependency on target 'SwiftParserDiagnostics' in project 'swift-syntax'
        ➜ Explicit dependency on target 'SwiftSyntaxBuilder' in project 'swift-syntax'
    Target 'SwiftSyntaxMacros' in project 'swift-syntax'
        ➜ Explicit dependency on target '_SwiftSyntaxCShims' in project 'swift-syntax'
        ➜ Explicit dependency on target 'SwiftSyntax509' in project 'swift-syntax'
        ➜ Explicit dependency on target 'SwiftSyntax510' in project 'swift-syntax'
        ➜ Explicit dependency on target 'SwiftSyntax600' in project 'swift-syntax'
        ➜ Explicit dependency on target 'SwiftSyntax' in project 'swift-syntax'
        ➜ Explicit dependency on target 'SwiftDiagnostics' in project 'swift-syntax'
        ➜ Explicit dependency on target 'SwiftParser' in project 'swift-syntax'
        ➜ Explicit dependency on target 'SwiftBasicFormat' in project 'swift-syntax'
        ➜ Explicit dependency on target 'SwiftParserDiagnostics' in project 'swift-syntax'
        ➜ Explicit dependency on target 'SwiftSyntaxBuilder' in project 'swift-syntax'
    Target 'SwiftSyntaxBuilder' in project 'swift-syntax'
        ➜ Explicit dependency on target '_SwiftSyntaxCShims' in project 'swift-syntax'
        ➜ Explicit dependency on target 'SwiftSyntax509' in project 'swift-syntax'
        ➜ Explicit dependency on target 'SwiftSyntax510' in project 'swift-syntax'
        ➜ Explicit dependency on target 'SwiftSyntax600' in project 'swift-syntax'
        ➜ Explicit dependency on target 'SwiftSyntax' in project 'swift-syntax'
        ➜ Explicit dependency on target 'SwiftBasicFormat' in project 'swift-syntax'
        ➜ Explicit dependency on target 'SwiftParser' in project 'swift-syntax'
        ➜ Explicit dependency on target 'SwiftDiagnostics' in project 'swift-syntax'
        ➜ Explicit dependency on target 'SwiftParserDiagnostics' in project 'swift-syntax'
    Target 'SwiftParserDiagnostics' in project 'swift-syntax'
        ➜ Explicit dependency on target '_SwiftSyntaxCShims' in project 'swift-syntax'
        ➜ Explicit dependency on target 'SwiftSyntax509' in project 'swift-syntax'
        ➜ Explicit dependency on target 'SwiftSyntax510' in project 'swift-syntax'
        ➜ Explicit dependency on target 'SwiftSyntax600' in project 'swift-syntax'
        ➜ Explicit dependency on target 'SwiftSyntax' in project 'swift-syntax'
        ➜ Explicit dependency on target 'SwiftBasicFormat' in project 'swift-syntax'
        ➜ Explicit dependency on target 'SwiftDiagnostics' in project 'swift-syntax'
        ➜ Explicit dependency on target 'SwiftParser' in project 'swift-syntax'
    Target 'SwiftBasicFormat' in project 'swift-syntax'
        ➜ Explicit dependency on target '_SwiftSyntaxCShims' in project 'swift-syntax'
        ➜ Explicit dependency on target 'SwiftSyntax509' in project 'swift-syntax'
        ➜ Explicit dependency on target 'SwiftSyntax510' in project 'swift-syntax'
        ➜ Explicit dependency on target 'SwiftSyntax600' in project 'swift-syntax'
        ➜ Explicit dependency on target 'SwiftSyntax' in project 'swift-syntax'
    Target 'SwiftParser' in project 'swift-syntax'
        ➜ Explicit dependency on target '_SwiftSyntaxCShims' in project 'swift-syntax'
        ➜ Explicit dependency on target 'SwiftSyntax509' in project 'swift-syntax'
        ➜ Explicit dependency on target 'SwiftSyntax510' in project 'swift-syntax'
        ➜ Explicit dependency on target 'SwiftSyntax600' in project 'swift-syntax'
        ➜ Explicit dependency on target 'SwiftSyntax' in project 'swift-syntax'
    Target 'SwiftDiagnostics' in project 'swift-syntax'
        ➜ Explicit dependency on target '_SwiftSyntaxCShims' in project 'swift-syntax'
        ➜ Explicit dependency on target 'SwiftSyntax509' in project 'swift-syntax'
        ➜ Explicit dependency on target 'SwiftSyntax510' in project 'swift-syntax'
        ➜ Explicit dependency on target 'SwiftSyntax600' in project 'swift-syntax'
        ➜ Explicit dependency on target 'SwiftSyntax' in project 'swift-syntax'
    Target 'SwiftSyntax' in project 'swift-syntax'
        ➜ Explicit dependency on target '_SwiftSyntaxCShims' in project 'swift-syntax'
        ➜ Explicit dependency on target 'SwiftSyntax509' in project 'swift-syntax'
        ➜ Explicit dependency on target 'SwiftSyntax510' in project 'swift-syntax'
        ➜ Explicit dependency on target 'SwiftSyntax600' in project 'swift-syntax'
    Target 'SwiftSyntax600' in project 'swift-syntax' (no dependencies)
    Target 'SwiftSyntax510' in project 'swift-syntax' (no dependencies)
    Target 'SwiftSyntax509' in project 'swift-syntax' (no dependencies)
    Target '_SwiftSyntaxCShims' in project 'swift-syntax' (no dependencies)
GatherProvisioningInputs
CreateBuildDescription
ClangStatCache /Applications/Xcode-27.0.0-Release.Candidate.app/Contents/Developer/Toolchains/XcodeDefault.xctoolchain/usr/bin/clang-stat-cache /Applications/Xcode-27.0.0-Release.Candidate.app/Contents/Developer/Platforms/AppleTVOS.platform/Developer/SDKs/AppleTVOS27.0.sdk /Users/admin/builder/spi-builder-workspace/.derivedData/SDKStatCaches.noindex/appletvos27.0-24J360-e829b21a6f8c9b70876ba0858053c044b32bfd8d43560033f8d89884cdb90028.sdkstatcache
    cd /Users/admin/builder/spi-builder-workspace/.swiftpm/xcode
    /Applications/Xcode-27.0.0-Release.Candidate.app/Contents/Developer/Toolchains/XcodeDefault.xctoolchain/usr/bin/clang-stat-cache /Applications/Xcode-27.0.0-Release.Candidate.app/Contents/Developer/Platforms/AppleTVOS.platform/Developer/SDKs/AppleTVOS27.0.sdk -o /Users/admin/builder/spi-builder-workspace/.derivedData/SDKStatCaches.noindex/appletvos27.0-24J360-e829b21a6f8c9b70876ba0858053c044b32bfd8d43560033f8d89884cdb90028.sdkstatcache
ClangStatCache /Applications/Xcode-27.0.0-Release.Candidate.app/Contents/Developer/Toolchains/XcodeDefault.xctoolchain/usr/bin/clang-stat-cache /Applications/Xcode-27.0.0-Release.Candidate.app/Contents/Developer/Platforms/MacOSX.platform/Developer/SDKs/MacOSX27.0.sdk /Users/admin/builder/spi-builder-workspace/.derivedData/SDKStatCaches.noindex/macosx27.0-26A425-e829b21a6f8c9b70876ba0858053c0446a22442a12e9d48fe1a705f55a1adfc4.sdkstatcache
    cd /Users/admin/builder/spi-builder-workspace/.swiftpm/xcode
    /Applications/Xcode-27.0.0-Release.Candidate.app/Contents/Developer/Toolchains/XcodeDefault.xctoolchain/usr/bin/clang-stat-cache /Applications/Xcode-27.0.0-Release.Candidate.app/Contents/Developer/Platforms/MacOSX.platform/Developer/SDKs/MacOSX27.0.sdk -o /Users/admin/builder/spi-builder-workspace/.derivedData/SDKStatCaches.noindex/macosx27.0-26A425-e829b21a6f8c9b70876ba0858053c0446a22442a12e9d48fe1a705f55a1adfc4.sdkstatcache
SwiftDriver Common normal arm64 com.apple.xcode.tools.swift.compiler (in target 'Common' from project 'GoogleSwiftSDK')
    cd /Users/admin/builder/spi-builder-workspace/.swiftpm/xcode
    builtin-SwiftDriver -- /Applications/Xcode-27.0.0-Release.Candidate.app/Contents/Developer/Toolchains/XcodeDefault.xctoolchain/usr/bin/swiftc -parse-as-library -module-name Common -Onone @/Users/admin/builder/spi-builder-workspace/.derivedData/Build/Intermediates.noindex/GoogleSwiftSDK.build/Debug-appletvos/Common-t.build/Objects-normal/arm64/Common.SwiftFileList -DSWIFT_PACKAGE -DDEBUG -DSWIFT_MODULE_RESOURCE_BUNDLE_UNAVAILABLE -Xcc -fmodule-map-file\=/Users/admin/builder/spi-builder-workspace/.derivedData/Build/Intermediates.noindex/GeneratedModuleMaps-appletvos/CNIOLLHTTP.modulemap -Xcc -fmodule-map-file\=/Users/admin/builder/spi-builder-workspace/.derivedData/Build/Intermediates.noindex/GeneratedModuleMaps-appletvos/CNIOBoringSSLShims.modulemap -Xcc -fmodule-map-file\=/Users/admin/builder/spi-builder-workspace/.dependencies/checkouts/swift-nio-ssl/Sources/CNIOBoringSSL/include/module.modulemap -Xcc -fmodule-map-file\=/Users/admin/builder/spi-builder-workspace/.derivedData/Build/Intermediates.noindex/GeneratedModuleMaps-appletvos/CNIOExtrasZlib.modulemap -Xcc -fmodule-map-file\=/Users/admin/builder/spi-builder-workspace/.derivedData/Build/Intermediates.noindex/GeneratedModuleMaps-appletvos/CNIOPosix.modulemap -Xcc -fmodule-map-file\=/Users/admin/builder/spi-builder-workspace/.derivedData/Build/Intermediates.noindex/GeneratedModuleMaps-appletvos/CNIOWASI.modulemap -Xcc -fmodule-map-file\=/Users/admin/builder/spi-builder-workspace/.dependencies/checkouts/swift-nio/Sources/CNIOWindows/include/module.modulemap -Xcc -fmodule-map-file\=/Users/admin/builder/spi-builder-workspace/.derivedData/Build/Intermediates.noindex/GeneratedModuleMaps-appletvos/CNIOLinux.modulemap -Xcc -fmodule-map-file\=/Users/admin/builder/spi-builder-workspace/.derivedData/Build/Intermediates.noindex/GeneratedModuleMaps-appletvos/CNIODarwin.modulemap -Xcc -fmodule-map-file\=/Users/admin/builder/spi-builder-workspace/.derivedData/Build/Intermediates.noindex/GeneratedModuleMaps-appletvos/CNIOFreeBSD.modulemap -Xcc -fmodule-map-file\=/Users/admin/builder/spi-builder-workspace/.derivedData/Build/Intermediates.noindex/GeneratedModuleMaps-appletvos/CNIOOpenBSD.modulemap -Xcc -fmodule-map-file\=/Users/admin/builder/spi-builder-workspace/.derivedData/Build/Intermediates.noindex/GeneratedModuleMaps-appletvos/CNIOAtomics.modulemap -Xcc -fmodule-map-file\=/Users/admin/builder/spi-builder-workspace/.dependencies/checkouts/swift-atomics/Sources/_AtomicsShims/include/module.modulemap -Xcc -fmodule-map-file\=/Users/admin/builder/spi-builder-workspace/.dependencies/checkouts/swift-numerics/Sources/_NumericsShims/include/module.modulemap -Xcc -fmodule-map-file\=/Users/admin/builder/spi-builder-workspace/.dependencies/checkouts/swift-system/Sources/CSystem/include/module.modulemap -Xcc -fmodule-map-file\=/Users/admin/builder/spi-builder-workspace/.derivedData/Build/Intermediates.noindex/GeneratedModuleMaps-appletvos/CAsyncHTTPClient.modulemap -Xcc -fmodule-map-file\=/Users/admin/builder/spi-builder-workspace/.dependencies/checkouts/jwt-kit/Sources/CJWTKitBoringSSL/include/module.modulemap -DXcode -plugin-path /Applications/Xcode-27.0.0-Release.Candidate.app/Contents/Developer/Toolchains/XcodeDefault.xctoolchain/usr/lib/swift/host/plugins/testing -enable-experimental-feature DebugDescriptionMacro -sdk /Applications/Xcode-27.0.0-Release.Candidate.app/Contents/Developer/Platforms/AppleTVOS.platform/Developer/SDKs/AppleTVOS27.0.sdk -target arm64-apple-tvos16.0 -g -module-cache-path /Users/admin/builder/spi-builder-workspace/.derivedData/ModuleCache.noindex -Xfrontend -serialize-debugging-options -profile-coverage-mapping -profile-generate -enable-testing -suppress-warnings -index-store-path /Users/admin/builder/spi-builder-workspace/.derivedData/Index.noindex/DataStore -Xcc -D_LIBCPP_HARDENING_MODE\=_LIBCPP_HARDENING_MODE_DEBUG -swift-version 6 -I /Users/admin/builder/spi-builder-workspace/.derivedData/Build/Products/Debug-appletvos -Isystem /Applications/Xcode-27.0.0-Release.Candidate.app/Contents/Developer/Platforms/AppleTVOS.platform/Developer/usr/lib -F /Users/admin/builder/spi-builder-workspace/.derivedData/Build/Products/Debug-appletvos/PackageFrameworks -F /Users/admin/builder/spi-builder-workspace/.derivedData/Build/Products/Debug-appletvos -F /Applications/Xcode-27.0.0-Release.Candidate.app/Contents/Developer/Platforms/AppleTVOS.platform/Developer/Library/Frameworks -F /Applications/Xcode-27.0.0-Release.Candidate.app/Contents/Developer/Platforms/AppleTVOS.platform/Developer/SDKs/AppleTVOS27.0.sdk/Developer/Library/Frameworks -c -j10 -enable-batch-mode -incremental -Xcc -ivfsstatcache -Xcc /Users/admin/builder/spi-builder-workspace/.derivedData/SDKStatCaches.noindex/appletvos27.0-24J360-e829b21a6f8c9b70876ba0858053c044b32bfd8d43560033f8d89884cdb90028.sdkstatcache -output-file-map /Users/admin/builder/spi-builder-workspace/.derivedData/Build/Intermediates.noindex/GoogleSwiftSDK.build/Debug-appletvos/Common-t.build/Objects-normal/arm64/Common-OutputFileMap.json -save-temps -no-color-diagnostics -explicit-module-build -module-cache-path /Users/admin/builder/spi-builder-workspace/.derivedData/Build/Intermediates.noindex/SwiftExplicitPrecompiledModules -clang-scanner-module-cache-path /Users/admin/builder/spi-builder-workspace/.derivedData/ModuleCache.noindex -sdk-module-cache-path /Users/admin/builder/spi-builder-workspace/.derivedData/SDKExplicitPrecompiledModules -emit-dependencies -emit-module -emit-module-path /Users/admin/builder/spi-builder-workspace/.derivedData/Build/Intermediates.noindex/GoogleSwiftSDK.build/Debug-appletvos/Common-t.build/Objects-normal/arm64/Common.swiftmodule -serialize-diagnostics -dependency-scan-serialize-diagnostics-path /Users/admin/builder/spi-builder-workspace/.derivedData/Build/Intermediates.noindex/GoogleSwiftSDK.build/Debug-appletvos/Common-t.build/Objects-normal/arm64/Common-dependency-scan.dia -user-module-version 1.0.4 -validate-clang-modules-once -clang-build-session-file /Users/admin/builder/spi-builder-workspace/.derivedData/ModuleCache.noindex/Session.modulevalidation -Xcc -fmodules-prune-interval\=86400 -Xcc -fmodules-prune-after\=345600 -package-name googleswiftsdk -emit-const-values -const-gather-protocols-list /Users/admin/builder/spi-builder-workspace/.derivedData/Build/Intermediates.noindex/GoogleSwiftSDK.build/Debug-appletvos/Common-t.build/Objects-normal/arm64/Common_const_extract_protocols.json -Xcc -I/Users/admin/builder/spi-builder-workspace/.dependencies/checkouts/swift-nio/Sources/CNIOLLHTTP/include -Xcc -I/Users/admin/builder/spi-builder-workspace/.dependencies/checkouts/swift-nio-ssl/Sources/CNIOBoringSSLShims/include -Xcc -I/Users/admin/builder/spi-builder-workspace/.dependencies/checkouts/swift-nio-ssl/Sources/CNIOBoringSSL/include -Xcc -I/Users/admin/builder/spi-builder-workspace/.dependencies/checkouts/swift-nio-extras/Sources/CNIOExtrasZlib/include -Xcc -I/Users/admin/builder/spi-builder-workspace/.dependencies/checkouts/swift-nio/Sources/CNIOPosix/include -Xcc -I/Users/admin/builder/spi-builder-workspace/.dependencies/checkouts/swift-nio/Sources/CNIOWASI/include -Xcc -I/Users/admin/builder/spi-builder-workspace/.dependencies/checkouts/swift-nio/Sources/CNIOWindows/include -Xcc -I/Users/admin/builder/spi-builder-workspace/.dependencies/checkouts/swift-nio/Sources/CNIOLinux/include -Xcc -I/Users/admin/builder/spi-builder-workspace/.dependencies/checkouts/swift-nio/Sources/CNIODarwin/include -Xcc -I/Users/admin/builder/spi-builder-workspace/.dependencies/checkouts/swift-nio/Sources/CNIOFreeBSD/include -Xcc -I/Users/admin/builder/spi-builder-workspace/.dependencies/checkouts/swift-nio/Sources/CNIOOpenBSD/include -Xcc -I/Users/admin/builder/spi-builder-workspace/.dependencies/checkouts/swift-nio/Sources/CNIOAtomics/include -Xcc -I/Users/admin/builder/spi-builder-workspace/.dependencies/checkouts/swift-atomics/Sources/_AtomicsShims/include -Xcc -I/Users/admin/builder/spi-builder-workspace/.dependencies/checkouts/swift-numerics/Sources/_NumericsShims/include -Xcc -I/Users/admin/builder/spi-builder-workspace/.dependencies/checkouts/swift-system/Sources/CSystem/include -Xcc -I/Users/admin/builder/spi-builder-workspace/.dependencies/checkouts/async-http-client/Sources/CAsyncHTTPClient/include -Xcc -I/Users/admin/builder/spi-builder-workspace/.dependencies/checkouts/jwt-kit/Sources/CJWTKitBoringSSL/include -Xcc -I/Users/admin/builder/spi-builder-workspace/.derivedData/Build/Products/Debug-appletvos/include -Xcc -I/Users/admin/builder/spi-builder-workspace/.derivedData/Build/Intermediates.noindex/GoogleSwiftSDK.build/Debug-appletvos/Common-t.build/DerivedSources-normal/arm64 -Xcc -I/Users/admin/builder/spi-builder-workspace/.derivedData/Build/Intermediates.noindex/GoogleSwiftSDK.build/Debug-appletvos/Common-t.build/DerivedSources/arm64 -Xcc -I/Users/admin/builder/spi-builder-workspace/.derivedData/Build/Intermediates.noindex/GoogleSwiftSDK.build/Debug-appletvos/Common-t.build/DerivedSources -Xcc -DSWIFT_PACKAGE -Xcc -DDEBUG\=1 -emit-objc-header -emit-objc-header-path /Users/admin/builder/spi-builder-workspace/.derivedData/Build/Intermediates.noindex/GoogleSwiftSDK.build/Debug-appletvos/Common-t.build/Objects-normal/arm64/Common-Swift.h -working-directory /Users/admin/builder/spi-builder-workspace/.swiftpm/xcode -experimental-emit-module-separately -disable-cmo
SwiftDriver AsyncHTTPClient normal arm64 com.apple.xcode.tools.swift.compiler (in target 'AsyncHTTPClient' from project 'async-http-client')
    cd /Users/admin/builder/spi-builder-workspace/.swiftpm/xcode
    builtin-SwiftDriver -- /Applications/Xcode-27.0.0-Release.Candidate.app/Contents/Developer/Toolchains/XcodeDefault.xctoolchain/usr/bin/swiftc -parse-as-library -module-name AsyncHTTPClient -Onone @/Users/admin/builder/spi-builder-workspace/.derivedData/Build/Intermediates.noindex/async-http-client.build/Debug-appletvos/AsyncHTTPClient-t.build/Objects-normal/arm64/AsyncHTTPClient.SwiftFileList -DSWIFT_PACKAGE -DDEBUG -DSWIFT_MODULE_RESOURCE_BUNDLE_UNAVAILABLE -Xcc -fmodule-map-file\=/Users/admin/builder/spi-builder-workspace/.derivedData/Build/Intermediates.noindex/GeneratedModuleMaps-appletvos/CNIOLLHTTP.modulemap -Xcc -fmodule-map-file\=/Users/admin/builder/spi-builder-workspace/.derivedData/Build/Intermediates.noindex/GeneratedModuleMaps-appletvos/CNIOBoringSSLShims.modulemap -Xcc -fmodule-map-file\=/Users/admin/builder/spi-builder-workspace/.dependencies/checkouts/swift-nio-ssl/Sources/CNIOBoringSSL/include/module.modulemap -Xcc -fmodule-map-file\=/Users/admin/builder/spi-builder-workspace/.derivedData/Build/Intermediates.noindex/GeneratedModuleMaps-appletvos/CNIOExtrasZlib.modulemap -Xcc -fmodule-map-file\=/Users/admin/builder/spi-builder-workspace/.derivedData/Build/Intermediates.noindex/GeneratedModuleMaps-appletvos/CNIOPosix.modulemap -Xcc -fmodule-map-file\=/Users/admin/builder/spi-builder-workspace/.derivedData/Build/Intermediates.noindex/GeneratedModuleMaps-appletvos/CNIOWASI.modulemap -Xcc -fmodule-map-file\=/Users/admin/builder/spi-builder-workspace/.dependencies/checkouts/swift-nio/Sources/CNIOWindows/include/module.modulemap -Xcc -fmodule-map-file\=/Users/admin/builder/spi-builder-workspace/.derivedData/Build/Intermediates.noindex/GeneratedModuleMaps-appletvos/CNIOLinux.modulemap -Xcc -fmodule-map-file\=/Users/admin/builder/spi-builder-workspace/.derivedData/Build/Intermediates.noindex/GeneratedModuleMaps-appletvos/CNIODarwin.modulemap -Xcc -fmodule-map-file\=/Users/admin/builder/spi-builder-workspace/.derivedData/Build/Intermediates.noindex/GeneratedModuleMaps-appletvos/CNIOFreeBSD.modulemap -Xcc -fmodule-map-file\=/Users/admin/builder/spi-builder-workspace/.derivedData/Build/Intermediates.noindex/GeneratedModuleMaps-appletvos/CNIOOpenBSD.modulemap -Xcc -fmodule-map-file\=/Users/admin/builder/spi-builder-workspace/.derivedData/Build/Intermediates.noindex/GeneratedModuleMaps-appletvos/CNIOAtomics.modulemap -Xcc -fmodule-map-file\=/Users/admin/builder/spi-builder-workspace/.dependencies/checkouts/swift-atomics/Sources/_AtomicsShims/include/module.modulemap -Xcc -fmodule-map-file\=/Users/admin/builder/spi-builder-workspace/.dependencies/checkouts/swift-numerics/Sources/_NumericsShims/include/module.modulemap -Xcc -fmodule-map-file\=/Users/admin/builder/spi-builder-workspace/.dependencies/checkouts/swift-system/Sources/CSystem/include/module.modulemap -Xcc -fmodule-map-file\=/Users/admin/builder/spi-builder-workspace/.derivedData/Build/Intermediates.noindex/GeneratedModuleMaps-appletvos/CAsyncHTTPClient.modulemap -DXcode -enable-upcoming-feature MemberImportVisibility -plugin-path /Applications/Xcode-27.0.0-Release.Candidate.app/Contents/Developer/Toolchains/XcodeDefault.xctoolchain/usr/lib/swift/host/plugins/testing -enable-experimental-feature DebugDescriptionMacro -sdk /Applications/Xcode-27.0.0-Release.Candidate.app/Contents/Developer/Platforms/AppleTVOS.platform/Developer/SDKs/AppleTVOS27.0.sdk -target arm64-apple-tvos15.0 -g -module-cache-path /Users/admin/builder/spi-builder-workspace/.derivedData/ModuleCache.noindex -Xfrontend -serialize-debugging-options -profile-coverage-mapping -profile-generate -enable-testing -suppress-warnings -index-store-path /Users/admin/builder/spi-builder-workspace/.derivedData/Index.noindex/DataStore -Xcc -D_LIBCPP_HARDENING_MODE\=_LIBCPP_HARDENING_MODE_DEBUG -swift-version 6 -I /Users/admin/builder/spi-builder-workspace/.derivedData/Build/Products/Debug-appletvos -Isystem /Applications/Xcode-27.0.0-Release.Candidate.app/Contents/Developer/Platforms/AppleTVOS.platform/Developer/usr/lib -F /Users/admin/builder/spi-builder-workspace/.derivedData/Build/Products/Debug-appletvos/PackageFrameworks -F /Users/admin/builder/spi-builder-workspace/.derivedData/Build/Products/Debug-appletvos -F /Applications/Xcode-27.0.0-Release.Candidate.app/Contents/Developer/Platforms/AppleTVOS.platform/Developer/Library/Frameworks -F /Applications/Xcode-27.0.0-Release.Candidate.app/Contents/Developer/Platforms/AppleTVOS.platform/Developer/SDKs/AppleTVOS27.0.sdk/Developer/Library/Frameworks -c -j10 -enable-batch-mode -incremental -Xcc -ivfsstatcache -Xcc /Users/admin/builder/spi-builder-workspace/.derivedData/SDKStatCaches.noindex/appletvos27.0-24J360-e829b21a6f8c9b70876ba0858053c044b32bfd8d43560033f8d89884cdb90028.sdkstatcache -output-file-map /Users/admin/builder/spi-builder-workspace/.derivedData/Build/Intermediates.noindex/async-http-client.build/Debug-appletvos/AsyncHTTPClient-t.build/Objects-normal/arm64/AsyncHTTPClient-OutputFileMap.json -save-temps -no-color-diagnostics -explicit-module-build -module-cache-path /Users/admin/builder/spi-builder-workspace/.derivedData/Build/Intermediates.noindex/SwiftExplicitPrecompiledModules -clang-scanner-module-cache-path /Users/admin/builder/spi-builder-workspace/.derivedData/ModuleCache.noindex -sdk-module-cache-path /Users/admin/builder/spi-builder-workspace/.derivedData/SDKExplicitPrecompiledModules -emit-dependencies -emit-module -emit-module-path /Users/admin/builder/spi-builder-workspace/.derivedData/Build/Intermediates.noindex/async-http-client.build/Debug-appletvos/AsyncHTTPClient-t.build/Objects-normal/arm64/AsyncHTTPClient.swiftmodule -serialize-diagnostics -dependency-scan-serialize-diagnostics-path /Users/admin/builder/spi-builder-workspace/.derivedData/Build/Intermediates.noindex/async-http-client.build/Debug-appletvos/AsyncHTTPClient-t.build/Objects-normal/arm64/AsyncHTTPClient-dependency-scan.dia -user-module-version 1.36.1 -validate-clang-modules-once -clang-build-session-file /Users/admin/builder/spi-builder-workspace/.derivedData/ModuleCache.noindex/Session.modulevalidation -Xcc -fmodules-prune-interval\=86400 -Xcc -fmodules-prune-after\=345600 -package-name async_http_client -emit-const-values -const-gather-protocols-list /Users/admin/builder/spi-builder-workspace/.derivedData/Build/Intermediates.noindex/async-http-client.build/Debug-appletvos/AsyncHTTPClient-t.build/Objects-normal/arm64/AsyncHTTPClient_const_extract_protocols.json -Xcc -I/Users/admin/builder/spi-builder-workspace/.dependencies/checkouts/swift-nio/Sources/CNIOLLHTTP/include -Xcc -I/Users/admin/builder/spi-builder-workspace/.dependencies/checkouts/swift-nio-ssl/Sources/CNIOBoringSSLShims/include -Xcc -I/Users/admin/builder/spi-builder-workspace/.dependencies/checkouts/swift-nio-ssl/Sources/CNIOBoringSSL/include -Xcc -I/Users/admin/builder/spi-builder-workspace/.dependencies/checkouts/swift-nio-extras/Sources/CNIOExtrasZlib/include -Xcc -I/Users/admin/builder/spi-builder-workspace/.dependencies/checkouts/swift-nio/Sources/CNIOPosix/include -Xcc -I/Users/admin/builder/spi-builder-workspace/.dependencies/checkouts/swift-nio/Sources/CNIOWASI/include -Xcc -I/Users/admin/builder/spi-builder-workspace/.dependencies/checkouts/swift-nio/Sources/CNIOWindows/include -Xcc -I/Users/admin/builder/spi-builder-workspace/.dependencies/checkouts/swift-nio/Sources/CNIOLinux/include -Xcc -I/Users/admin/builder/spi-builder-workspace/.dependencies/checkouts/swift-nio/Sources/CNIODarwin/include -Xcc -I/Users/admin/builder/spi-builder-workspace/.dependencies/checkouts/swift-nio/Sources/CNIOFreeBSD/include -Xcc -I/Users/admin/builder/spi-builder-workspace/.dependencies/checkouts/swift-nio/Sources/CNIOOpenBSD/include -Xcc -I/Users/admin/builder/spi-builder-workspace/.dependencies/checkouts/swift-nio/Sources/CNIOAtomics/include -Xcc -I/Users/admin/builder/spi-builder-workspace/.dependencies/checkouts/swift-atomics/Sources/_AtomicsShims/include -Xcc -I/Users/admin/builder/spi-builder-workspace/.dependencies/checkouts/swift-numerics/Sources/_NumericsShims/include -Xcc -I/Users/admin/builder/spi-builder-workspace/.dependencies/checkouts/swift-system/Sources/CSystem/include -Xcc -I/Users/admin/builder/spi-builder-workspace/.dependencies/checkouts/async-http-client/Sources/CAsyncHTTPClient/include -Xcc -I/Users/admin/builder/spi-builder-workspace/.derivedData/Build/Products/Debug-appletvos/include -Xcc -I/Users/admin/builder/spi-builder-workspace/.derivedData/Build/Intermediates.noindex/async-http-client.build/Debug-appletvos/AsyncHTTPClient-t.build/DerivedSources-normal/arm64 -Xcc -I/Users/admin/builder/spi-builder-workspace/.derivedData/Build/Intermediates.noindex/async-http-client.build/Debug-appletvos/AsyncHTTPClient-t.build/DerivedSources/arm64 -Xcc -I/Users/admin/builder/spi-builder-workspace/.derivedData/Build/Intermediates.noindex/async-http-client.build/Debug-appletvos/AsyncHTTPClient-t.build/DerivedSources -Xcc -DSWIFT_PACKAGE -Xcc -DDEBUG\=1 -emit-objc-header -emit-objc-header-path /Users/admin/builder/spi-builder-workspace/.derivedData/Build/Intermediates.noindex/async-http-client.build/Debug-appletvos/AsyncHTTPClient-t.build/Objects-normal/arm64/AsyncHTTPClient-Swift.h -working-directory /Users/admin/builder/spi-builder-workspace/.swiftpm/xcode -experimental-emit-module-separately -disable-cmo
SwiftDriver SwiftAIAgent normal arm64 com.apple.xcode.tools.swift.compiler (in target 'SwiftAIAgent' from project 'SwiftAIAgent')
    cd /Users/admin/builder/spi-builder-workspace/.swiftpm/xcode
    builtin-SwiftDriver -- /Applications/Xcode-27.0.0-Release.Candidate.app/Contents/Developer/Toolchains/XcodeDefault.xctoolchain/usr/bin/swiftc -parse-as-library -module-name SwiftAIAgent -Onone @/Users/admin/builder/spi-builder-workspace/.derivedData/Build/Intermediates.noindex/SwiftAIAgent.build/Debug-appletvos/SwiftAIAgent-t.build/Objects-normal/arm64/SwiftAIAgent.SwiftFileList -DSWIFT_PACKAGE -DDEBUG -DSWIFT_MODULE_RESOURCE_BUNDLE_UNAVAILABLE -Xcc -fmodule-map-file\=/Users/admin/builder/spi-builder-workspace/.dependencies/checkouts/swift-system/Sources/CSystem/include/module.modulemap -DXcode -plugin-path /Applications/Xcode-27.0.0-Release.Candidate.app/Contents/Developer/Toolchains/XcodeDefault.xctoolchain/usr/lib/swift/host/plugins/testing -enable-experimental-feature DebugDescriptionMacro -sdk /Applications/Xcode-27.0.0-Release.Candidate.app/Contents/Developer/Platforms/AppleTVOS.platform/Developer/SDKs/AppleTVOS27.0.sdk -target arm64-apple-tvos16.0 -g -module-cache-path /Users/admin/builder/spi-builder-workspace/.derivedData/ModuleCache.noindex -Xfrontend -serialize-debugging-options -profile-coverage-mapping -profile-generate -enable-testing -index-store-path /Users/admin/builder/spi-builder-workspace/.derivedData/Index.noindex/DataStore -Xcc -D_LIBCPP_HARDENING_MODE\=_LIBCPP_HARDENING_MODE_DEBUG -swift-version 6 -I /Users/admin/builder/spi-builder-workspace/.derivedData/Build/Products/Debug-appletvos -Isystem /Applications/Xcode-27.0.0-Release.Candidate.app/Contents/Developer/Platforms/AppleTVOS.platform/Developer/usr/lib -F /Users/admin/builder/spi-builder-workspace/.derivedData/Build/Products/Debug-appletvos/PackageFrameworks -F /Users/admin/builder/spi-builder-workspace/.derivedData/Build/Products/Debug-appletvos -F /Applications/Xcode-27.0.0-Release.Candidate.app/Contents/Developer/Platforms/AppleTVOS.platform/Developer/Library/Frameworks -F /Applications/Xcode-27.0.0-Release.Candidate.app/Contents/Developer/Platforms/AppleTVOS.platform/Developer/SDKs/AppleTVOS27.0.sdk/Developer/Library/Frameworks -Xfrontend -load-plugin-executable -Xfrontend /Users/admin/builder/spi-builder-workspace/.derivedData/Build/Products/Debug/AIAgentMacroDefinitions\#AIAgentMacroDefinitions -c -j10 -enable-batch-mode -incremental -Xcc -ivfsstatcache -Xcc /Users/admin/builder/spi-builder-workspace/.derivedData/SDKStatCaches.noindex/appletvos27.0-24J360-e829b21a6f8c9b70876ba0858053c044b32bfd8d43560033f8d89884cdb90028.sdkstatcache -output-file-map /Users/admin/builder/spi-builder-workspace/.derivedData/Build/Intermediates.noindex/SwiftAIAgent.build/Debug-appletvos/SwiftAIAgent-t.build/Objects-normal/arm64/SwiftAIAgent-OutputFileMap.json -save-temps -no-color-diagnostics -explicit-module-build -module-cache-path /Users/admin/builder/spi-builder-workspace/.derivedData/Build/Intermediates.noindex/SwiftExplicitPrecompiledModules -clang-scanner-module-cache-path /Users/admin/builder/spi-builder-workspace/.derivedData/ModuleCache.noindex -sdk-module-cache-path /Users/admin/builder/spi-builder-workspace/.derivedData/SDKExplicitPrecompiledModules -emit-dependencies -emit-module -emit-module-path /Users/admin/builder/spi-builder-workspace/.derivedData/Build/Intermediates.noindex/SwiftAIAgent.build/Debug-appletvos/SwiftAIAgent-t.build/Objects-normal/arm64/SwiftAIAgent.swiftmodule -serialize-diagnostics -dependency-scan-serialize-diagnostics-path /Users/admin/builder/spi-builder-workspace/.derivedData/Build/Intermediates.noindex/SwiftAIAgent.build/Debug-appletvos/SwiftAIAgent-t.build/Objects-normal/arm64/SwiftAIAgent-dependency-scan.dia -validate-clang-modules-once -clang-build-session-file /Users/admin/builder/spi-builder-workspace/.derivedData/ModuleCache.noindex/Session.modulevalidation -Xcc -fmodules-prune-interval\=86400 -Xcc -fmodules-prune-after\=345600 -package-name spi_builder_workspace -emit-const-values -const-gather-protocols-list /Users/admin/builder/spi-builder-workspace/.derivedData/Build/Intermediates.noindex/SwiftAIAgent.build/Debug-appletvos/SwiftAIAgent-t.build/Objects-normal/arm64/SwiftAIAgent_const_extract_protocols.json -Xcc -I/Users/admin/builder/spi-builder-workspace/.dependencies/checkouts/swift-system/Sources/CSystem/include -Xcc -I/Users/admin/builder/spi-builder-workspace/.derivedData/Build/Products/Debug-appletvos/include -Xcc -I/Users/admin/builder/spi-builder-workspace/.derivedData/Build/Intermediates.noindex/SwiftAIAgent.build/Debug-appletvos/SwiftAIAgent-t.build/DerivedSources-normal/arm64 -Xcc -I/Users/admin/builder/spi-builder-workspace/.derivedData/Build/Intermediates.noindex/SwiftAIAgent.build/Debug-appletvos/SwiftAIAgent-t.build/DerivedSources/arm64 -Xcc -I/Users/admin/builder/spi-builder-workspace/.derivedData/Build/Intermediates.noindex/SwiftAIAgent.build/Debug-appletvos/SwiftAIAgent-t.build/DerivedSources -Xcc -DSWIFT_PACKAGE -Xcc -DDEBUG\=1 -emit-objc-header -emit-objc-header-path /Users/admin/builder/spi-builder-workspace/.derivedData/Build/Intermediates.noindex/SwiftAIAgent.build/Debug-appletvos/SwiftAIAgent-t.build/Objects-normal/arm64/SwiftAIAgent-Swift.h -working-directory /Users/admin/builder/spi-builder-workspace/.swiftpm/xcode -experimental-emit-module-separately -disable-cmo
SwiftDriver GeminiSDK normal arm64 com.apple.xcode.tools.swift.compiler (in target 'GeminiSDK' from project 'SwiftAIAgent')
    cd /Users/admin/builder/spi-builder-workspace/.swiftpm/xcode
    builtin-SwiftDriver -- /Applications/Xcode-27.0.0-Release.Candidate.app/Contents/Developer/Toolchains/XcodeDefault.xctoolchain/usr/bin/swiftc -parse-as-library -module-name GeminiSDK -Onone @/Users/admin/builder/spi-builder-workspace/.derivedData/Build/Intermediates.noindex/SwiftAIAgent.build/Debug-appletvos/GeminiSDK-t.build/Objects-normal/arm64/GeminiSDK.SwiftFileList -DSWIFT_PACKAGE -DDEBUG -DSWIFT_MODULE_RESOURCE_BUNDLE_UNAVAILABLE -DXcode -plugin-path /Applications/Xcode-27.0.0-Release.Candidate.app/Contents/Developer/Toolchains/XcodeDefault.xctoolchain/usr/lib/swift/host/plugins/testing -enable-experimental-feature DebugDescriptionMacro -sdk /Applications/Xcode-27.0.0-Release.Candidate.app/Contents/Developer/Platforms/AppleTVOS.platform/Developer/SDKs/AppleTVOS27.0.sdk -target arm64-apple-tvos16.0 -g -module-cache-path /Users/admin/builder/spi-builder-workspace/.derivedData/ModuleCache.noindex -Xfrontend -serialize-debugging-options -profile-coverage-mapping -profile-generate -enable-testing -index-store-path /Users/admin/builder/spi-builder-workspace/.derivedData/Index.noindex/DataStore -Xcc -D_LIBCPP_HARDENING_MODE\=_LIBCPP_HARDENING_MODE_DEBUG -swift-version 6 -I /Users/admin/builder/spi-builder-workspace/.derivedData/Build/Products/Debug-appletvos -Isystem /Applications/Xcode-27.0.0-Release.Candidate.app/Contents/Developer/Platforms/AppleTVOS.platform/Developer/usr/lib -F /Users/admin/builder/spi-builder-workspace/.derivedData/Build/Products/Debug-appletvos/PackageFrameworks -F /Users/admin/builder/spi-builder-workspace/.derivedData/Build/Products/Debug-appletvos -F /Applications/Xcode-27.0.0-Release.Candidate.app/Contents/Developer/Platforms/AppleTVOS.platform/Developer/Library/Frameworks -F /Applications/Xcode-27.0.0-Release.Candidate.app/Contents/Developer/Platforms/AppleTVOS.platform/Developer/SDKs/AppleTVOS27.0.sdk/Developer/Library/Frameworks -Xfrontend -load-plugin-executable -Xfrontend /Users/admin/builder/spi-builder-workspace/.derivedData/Build/Products/Debug/AIAgentMacroDefinitions\#AIAgentMacroDefinitions -c -j10 -enable-batch-mode -incremental -Xcc -ivfsstatcache -Xcc /Users/admin/builder/spi-builder-workspace/.derivedData/SDKStatCaches.noindex/appletvos27.0-24J360-e829b21a6f8c9b70876ba0858053c044b32bfd8d43560033f8d89884cdb90028.sdkstatcache -output-file-map /Users/admin/builder/spi-builder-workspace/.derivedData/Build/Intermediates.noindex/SwiftAIAgent.build/Debug-appletvos/GeminiSDK-t.build/Objects-normal/arm64/GeminiSDK-OutputFileMap.json -save-temps -no-color-diagnostics -explicit-module-build -module-cache-path /Users/admin/builder/spi-builder-workspace/.derivedData/Build/Intermediates.noindex/SwiftExplicitPrecompiledModules -clang-scanner-module-cache-path /Users/admin/builder/spi-builder-workspace/.derivedData/ModuleCache.noindex -sdk-module-cache-path /Users/admin/builder/spi-builder-workspace/.derivedData/SDKExplicitPrecompiledModules -emit-dependencies -emit-module -emit-module-path /Users/admin/builder/spi-builder-workspace/.derivedData/Build/Intermediates.noindex/SwiftAIAgent.build/Debug-appletvos/GeminiSDK-t.build/Objects-normal/arm64/GeminiSDK.swiftmodule -serialize-diagnostics -dependency-scan-serialize-diagnostics-path /Users/admin/builder/spi-builder-workspace/.derivedData/Build/Intermediates.noindex/SwiftAIAgent.build/Debug-appletvos/GeminiSDK-t.build/Objects-normal/arm64/GeminiSDK-dependency-scan.dia -validate-clang-modules-once -clang-build-session-file /Users/admin/builder/spi-builder-workspace/.derivedData/ModuleCache.noindex/Session.modulevalidation -Xcc -fmodules-prune-interval\=86400 -Xcc -fmodules-prune-after\=345600 -package-name spi_builder_workspace -emit-const-values -const-gather-protocols-list /Users/admin/builder/spi-builder-workspace/.derivedData/Build/Intermediates.noindex/SwiftAIAgent.build/Debug-appletvos/GeminiSDK-t.build/Objects-normal/arm64/GeminiSDK_const_extract_protocols.json -Xcc -I/Users/admin/builder/spi-builder-workspace/.derivedData/Build/Products/Debug-appletvos/include -Xcc -I/Users/admin/builder/spi-builder-workspace/.derivedData/Build/Intermediates.noindex/SwiftAIAgent.build/Debug-appletvos/GeminiSDK-t.build/DerivedSources-normal/arm64 -Xcc -I/Users/admin/builder/spi-builder-workspace/.derivedData/Build/Intermediates.noindex/SwiftAIAgent.build/Debug-appletvos/GeminiSDK-t.build/DerivedSources/arm64 -Xcc -I/Users/admin/builder/spi-builder-workspace/.derivedData/Build/Intermediates.noindex/SwiftAIAgent.build/Debug-appletvos/GeminiSDK-t.build/DerivedSources -Xcc -DSWIFT_PACKAGE -Xcc -DDEBUG\=1 -emit-objc-header -emit-objc-header-path /Users/admin/builder/spi-builder-workspace/.derivedData/Build/Intermediates.noindex/SwiftAIAgent.build/Debug-appletvos/GeminiSDK-t.build/Objects-normal/arm64/GeminiSDK-Swift.h -working-directory /Users/admin/builder/spi-builder-workspace/.swiftpm/xcode -experimental-emit-module-separately -disable-cmo
SwiftCompile normal arm64 Compiling\ AuthenticationMiddleware.swift /Users/admin/builder/spi-builder-workspace/.dependencies/checkouts/GoogleSwiftSDK/Sources/Common/AuthenticationMiddleware.swift (in target 'Common' from project 'GoogleSwiftSDK')
SwiftCompile normal arm64 /Users/admin/builder/spi-builder-workspace/.dependencies/checkouts/GoogleSwiftSDK/Sources/Common/AuthenticationMiddleware.swift (in target 'Common' from project 'GoogleSwiftSDK')
    cd /Users/admin/builder/spi-builder-workspace/.swiftpm/xcode
    builtin-SwiftPerFileCompile AuthenticationMiddleware.swift
SwiftEmitModule normal arm64 Emitting\ module\ for\ Common (in target 'Common' from project 'GoogleSwiftSDK')
SwiftCompile normal arm64 (in target 'Common' from project 'GoogleSwiftSDK')
    cd /Users/admin/builder/spi-builder-workspace/.swiftpm/xcode

SwiftCompile normal arm64 Compiling\ ResponseHandler.swift /Users/admin/builder/spi-builder-workspace/.dependencies/checkouts/GoogleSwiftSDK/Sources/Common/ResponseHandler.swift (in target 'Common' from project 'GoogleSwiftSDK')
SwiftCompile normal arm64 /Users/admin/builder/spi-builder-workspace/.dependencies/checkouts/GoogleSwiftSDK/Sources/Common/ResponseHandler.swift (in target 'Common' from project 'GoogleSwiftSDK')
    cd /Users/admin/builder/spi-builder-workspace/.swiftpm/xcode
    builtin-SwiftPerFileCompile ResponseHandler.swift
SwiftCompile normal arm64 Compiling\ AuthorizableClient.swift /Users/admin/builder/spi-builder-workspace/.dependencies/checkouts/GoogleSwiftSDK/Sources/Common/AuthorizableClient.swift (in target 'Common' from project 'GoogleSwiftSDK')
SwiftCompile normal arm64 /Users/admin/builder/spi-builder-workspace/.dependencies/checkouts/GoogleSwiftSDK/Sources/Common/AuthorizableClient.swift (in target 'Common' from project 'GoogleSwiftSDK')
    cd /Users/admin/builder/spi-builder-workspace/.swiftpm/xcode
    builtin-SwiftPerFileCompile AuthorizableClient.swift
SwiftCompile normal arm64 Compiling\ ErrorPayloadHandler.swift /Users/admin/builder/spi-builder-workspace/.dependencies/checkouts/GoogleSwiftSDK/Sources/Common/ErrorPayloadHandler.swift (in target 'Common' from project 'GoogleSwiftSDK')
SwiftCompile normal arm64 /Users/admin/builder/spi-builder-workspace/.dependencies/checkouts/GoogleSwiftSDK/Sources/Common/ErrorPayloadHandler.swift (in target 'Common' from project 'GoogleSwiftSDK')
    cd /Users/admin/builder/spi-builder-workspace/.swiftpm/xcode
    builtin-SwiftPerFileCompile ErrorPayloadHandler.swift
SwiftEmitModule normal arm64 Emitting\ module\ for\ GeminiSDK (in target 'GeminiSDK' from project 'SwiftAIAgent')
SwiftCompile normal arm64 (in target 'GeminiSDK' from project 'SwiftAIAgent')
    cd /Users/admin/builder/spi-builder-workspace/.swiftpm/xcode

SwiftCompile normal arm64 Compiling\ HarmBlockThreshold.swift /Users/admin/builder/spi-builder-workspace/Sources/GeminiSDK/Models/HarmBlockThreshold.swift (in target 'GeminiSDK' from project 'SwiftAIAgent')
SwiftCompile normal arm64 /Users/admin/builder/spi-builder-workspace/Sources/GeminiSDK/Models/HarmBlockThreshold.swift (in target 'GeminiSDK' from project 'SwiftAIAgent')
    cd /Users/admin/builder/spi-builder-workspace/.swiftpm/xcode
    builtin-SwiftPerFileCompile HarmBlockThreshold.swift
SwiftCompile normal arm64 Compiling\ GeminiResponse.swift /Users/admin/builder/spi-builder-workspace/Sources/GeminiSDK/Models/GeminiResponse.swift (in target 'GeminiSDK' from project 'SwiftAIAgent')
SwiftCompile normal arm64 /Users/admin/builder/spi-builder-workspace/Sources/GeminiSDK/Models/GeminiResponse.swift (in target 'GeminiSDK' from project 'SwiftAIAgent')
    cd /Users/admin/builder/spi-builder-workspace/.swiftpm/xcode
    builtin-SwiftPerFileCompile GeminiResponse.swift
SwiftEmitModule normal arm64 Emitting\ module\ for\ SwiftAIAgent (in target 'SwiftAIAgent' from project 'SwiftAIAgent')
SwiftCompile normal arm64 (in target 'SwiftAIAgent' from project 'SwiftAIAgent')
    cd /Users/admin/builder/spi-builder-workspace/.swiftpm/xcode

SwiftCompile normal arm64 Compiling\ Runtime.swift,\ AIAgentOutputIO.swift /Users/admin/builder/spi-builder-workspace/Sources/SwiftAIAgent/Agent/Runtime.swift /Users/admin/builder/spi-builder-workspace/Sources/SwiftAIAgent/Agent/Tools/AIAgentOutputIO.swift (in target 'SwiftAIAgent' from project 'SwiftAIAgent')
SwiftCompile normal arm64 /Users/admin/builder/spi-builder-workspace/Sources/SwiftAIAgent/Agent/Runtime.swift (in target 'SwiftAIAgent' from project 'SwiftAIAgent')
    cd /Users/admin/builder/spi-builder-workspace/.swiftpm/xcode
    builtin-SwiftPerFileCompile Runtime.swift
SwiftCompile normal arm64 /Users/admin/builder/spi-builder-workspace/Sources/SwiftAIAgent/Agent/Tools/AIAgentOutputIO.swift (in target 'SwiftAIAgent' from project 'SwiftAIAgent')
    cd /Users/admin/builder/spi-builder-workspace/.swiftpm/xcode
    builtin-SwiftPerFileCompile AIAgentOutputIO.swift
SwiftDriverJobDiscovery normal arm64 Compiling HarmBlockThreshold.swift (in target 'GeminiSDK' from project 'SwiftAIAgent')
SwiftCompile normal arm64 Compiling\ AIAgentOutput.swift,\ AIAgentTool.swift /Users/admin/builder/spi-builder-workspace/Sources/SwiftAIAgent/Agent/AIAgentOutput.swift /Users/admin/builder/spi-builder-workspace/Sources/SwiftAIAgent/Agent/AIAgentTool.swift (in target 'SwiftAIAgent' from project 'SwiftAIAgent')
SwiftCompile normal arm64 /Users/admin/builder/spi-builder-workspace/Sources/SwiftAIAgent/Agent/AIAgentOutput.swift (in target 'SwiftAIAgent' from project 'SwiftAIAgent')
    cd /Users/admin/builder/spi-builder-workspace/.swiftpm/xcode
    builtin-SwiftPerFileCompile AIAgentOutput.swift
SwiftCompile normal arm64 /Users/admin/builder/spi-builder-workspace/Sources/SwiftAIAgent/Agent/AIAgentTool.swift (in target 'SwiftAIAgent' from project 'SwiftAIAgent')
    cd /Users/admin/builder/spi-builder-workspace/.swiftpm/xcode
    builtin-SwiftPerFileCompile AIAgentTool.swift
SwiftDriverJobDiscovery normal arm64 Emitting module for Common (in target 'Common' from project 'GoogleSwiftSDK')
SwiftDriver\ Compilation\ Requirements Common normal arm64 com.apple.xcode.tools.swift.compiler (in target 'Common' from project 'GoogleSwiftSDK')
    cd /Users/admin/builder/spi-builder-workspace/.swiftpm/xcode
    builtin-Swift-Compilation-Requirements -- /Applications/Xcode-27.0.0-Release.Candidate.app/Contents/Developer/Toolchains/XcodeDefault.xctoolchain/usr/bin/swiftc -parse-as-library -module-name Common -Onone @/Users/admin/builder/spi-builder-workspace/.derivedData/Build/Intermediates.noindex/GoogleSwiftSDK.build/Debug-appletvos/Common-t.build/Objects-normal/arm64/Common.SwiftFileList -DSWIFT_PACKAGE -DDEBUG -DSWIFT_MODULE_RESOURCE_BUNDLE_UNAVAILABLE -Xcc -fmodule-map-file\=/Users/admin/builder/spi-builder-workspace/.derivedData/Build/Intermediates.noindex/GeneratedModuleMaps-appletvos/CNIOLLHTTP.modulemap -Xcc -fmodule-map-file\=/Users/admin/builder/spi-builder-workspace/.derivedData/Build/Intermediates.noindex/GeneratedModuleMaps-appletvos/CNIOBoringSSLShims.modulemap -Xcc -fmodule-map-file\=/Users/admin/builder/spi-builder-workspace/.dependencies/checkouts/swift-nio-ssl/Sources/CNIOBoringSSL/include/module.modulemap -Xcc -fmodule-map-file\=/Users/admin/builder/spi-builder-workspace/.derivedData/Build/Intermediates.noindex/GeneratedModuleMaps-appletvos/CNIOExtrasZlib.modulemap -Xcc -fmodule-map-file\=/Users/admin/builder/spi-builder-workspace/.derivedData/Build/Intermediates.noindex/GeneratedModuleMaps-appletvos/CNIOPosix.modulemap -Xcc -fmodule-map-file\=/Users/admin/builder/spi-builder-workspace/.derivedData/Build/Intermediates.noindex/GeneratedModuleMaps-appletvos/CNIOWASI.modulemap -Xcc -fmodule-map-file\=/Users/admin/builder/spi-builder-workspace/.dependencies/checkouts/swift-nio/Sources/CNIOWindows/include/module.modulemap -Xcc -fmodule-map-file\=/Users/admin/builder/spi-builder-workspace/.derivedData/Build/Intermediates.noindex/GeneratedModuleMaps-appletvos/CNIOLinux.modulemap -Xcc -fmodule-map-file\=/Users/admin/builder/spi-builder-workspace/.derivedData/Build/Intermediates.noindex/GeneratedModuleMaps-appletvos/CNIODarwin.modulemap -Xcc -fmodule-map-file\=/Users/admin/builder/spi-builder-workspace/.derivedData/Build/Intermediates.noindex/GeneratedModuleMaps-appletvos/CNIOFreeBSD.modulemap -Xcc -fmodule-map-file\=/Users/admin/builder/spi-builder-workspace/.derivedData/Build/Intermediates.noindex/GeneratedModuleMaps-appletvos/CNIOOpenBSD.modulemap -Xcc -fmodule-map-file\=/Users/admin/builder/spi-builder-workspace/.derivedData/Build/Intermediates.noindex/GeneratedModuleMaps-appletvos/CNIOAtomics.modulemap -Xcc -fmodule-map-file\=/Users/admin/builder/spi-builder-workspace/.dependencies/checkouts/swift-atomics/Sources/_AtomicsShims/include/module.modulemap -Xcc -fmodule-map-file\=/Users/admin/builder/spi-builder-workspace/.dependencies/checkouts/swift-numerics/Sources/_NumericsShims/include/module.modulemap -Xcc -fmodule-map-file\=/Users/admin/builder/spi-builder-workspace/.dependencies/checkouts/swift-system/Sources/CSystem/include/module.modulemap -Xcc -fmodule-map-file\=/Users/admin/builder/spi-builder-workspace/.derivedData/Build/Intermediates.noindex/GeneratedModuleMaps-appletvos/CAsyncHTTPClient.modulemap -Xcc -fmodule-map-file\=/Users/admin/builder/spi-builder-workspace/.dependencies/checkouts/jwt-kit/Sources/CJWTKitBoringSSL/include/module.modulemap -DXcode -plugin-path /Applications/Xcode-27.0.0-Release.Candidate.app/Contents/Developer/Toolchains/XcodeDefault.xctoolchain/usr/lib/swift/host/plugins/testing -enable-experimental-feature DebugDescriptionMacro -sdk /Applications/Xcode-27.0.0-Release.Candidate.app/Contents/Developer/Platforms/AppleTVOS.platform/Developer/SDKs/AppleTVOS27.0.sdk -target arm64-apple-tvos16.0 -g -module-cache-path /Users/admin/builder/spi-builder-workspace/.derivedData/ModuleCache.noindex -Xfrontend -serialize-debugging-options -profile-coverage-mapping -profile-generate -enable-testing -suppress-warnings -index-store-path /Users/admin/builder/spi-builder-workspace/.derivedData/Index.noindex/DataStore -Xcc -D_LIBCPP_HARDENING_MODE\=_LIBCPP_HARDENING_MODE_DEBUG -swift-version 6 -I /Users/admin/builder/spi-builder-workspace/.derivedData/Build/Products/Debug-appletvos -Isystem /Applications/Xcode-27.0.0-Release.Candidate.app/Contents/Developer/Platforms/AppleTVOS.platform/Developer/usr/lib -F /Users/admin/builder/spi-builder-workspace/.derivedData/Build/Products/Debug-appletvos/PackageFrameworks -F /Users/admin/builder/spi-builder-workspace/.derivedData/Build/Products/Debug-appletvos -F /Applications/Xcode-27.0.0-Release.Candidate.app/Contents/Developer/Platforms/AppleTVOS.platform/Developer/Library/Frameworks -F /Applications/Xcode-27.0.0-Release.Candidate.app/Contents/Developer/Platforms/AppleTVOS.platform/Developer/SDKs/AppleTVOS27.0.sdk/Developer/Library/Frameworks -c -j10 -enable-batch-mode -incremental -Xcc -ivfsstatcache -Xcc /Users/admin/builder/spi-builder-workspace/.derivedData/SDKStatCaches.noindex/appletvos27.0-24J360-e829b21a6f8c9b70876ba0858053c044b32bfd8d43560033f8d89884cdb90028.sdkstatcache -output-file-map /Users/admin/builder/spi-builder-workspace/.derivedData/Build/Intermediates.noindex/GoogleSwiftSDK.build/Debug-appletvos/Common-t.build/Objects-normal/arm64/Common-OutputFileMap.json -save-temps -no-color-diagnostics -explicit-module-build -module-cache-path /Users/admin/builder/spi-builder-workspace/.derivedData/Build/Intermediates.noindex/SwiftExplicitPrecompiledModules -clang-scanner-module-cache-path /Users/admin/builder/spi-builder-workspace/.derivedData/ModuleCache.noindex -sdk-module-cache-path /Users/admin/builder/spi-builder-workspace/.derivedData/SDKExplicitPrecompiledModules -emit-dependencies -emit-module -emit-module-path /Users/admin/builder/spi-builder-workspace/.derivedData/Build/Intermediates.noindex/GoogleSwiftSDK.build/Debug-appletvos/Common-t.build/Objects-normal/arm64/Common.swiftmodule -serialize-diagnostics -dependency-scan-serialize-diagnostics-path /Users/admin/builder/spi-builder-workspace/.derivedData/Build/Intermediates.noindex/GoogleSwiftSDK.build/Debug-appletvos/Common-t.build/Objects-normal/arm64/Common-dependency-scan.dia -user-module-version 1.0.4 -validate-clang-modules-once -clang-build-session-file /Users/admin/builder/spi-builder-workspace/.derivedData/ModuleCache.noindex/Session.modulevalidation -Xcc -fmodules-prune-interval\=86400 -Xcc -fmodules-prune-after\=345600 -package-name googleswiftsdk -emit-const-values -const-gather-protocols-list /Users/admin/builder/spi-builder-workspace/.derivedData/Build/Intermediates.noindex/GoogleSwiftSDK.build/Debug-appletvos/Common-t.build/Objects-normal/arm64/Common_const_extract_protocols.json -Xcc -I/Users/admin/builder/spi-builder-workspace/.dependencies/checkouts/swift-nio/Sources/CNIOLLHTTP/include -Xcc -I/Users/admin/builder/spi-builder-workspace/.dependencies/checkouts/swift-nio-ssl/Sources/CNIOBoringSSLShims/include -Xcc -I/Users/admin/builder/spi-builder-workspace/.dependencies/checkouts/swift-nio-ssl/Sources/CNIOBoringSSL/include -Xcc -I/Users/admin/builder/spi-builder-workspace/.dependencies/checkouts/swift-nio-extras/Sources/CNIOExtrasZlib/include -Xcc -I/Users/admin/builder/spi-builder-workspace/.dependencies/checkouts/swift-nio/Sources/CNIOPosix/include -Xcc -I/Users/admin/builder/spi-builder-workspace/.dependencies/checkouts/swift-nio/Sources/CNIOWASI/include -Xcc -I/Users/admin/builder/spi-builder-workspace/.dependencies/checkouts/swift-nio/Sources/CNIOWindows/include -Xcc -I/Users/admin/builder/spi-builder-workspace/.dependencies/checkouts/swift-nio/Sources/CNIOLinux/include -Xcc -I/Users/admin/builder/spi-builder-workspace/.dependencies/checkouts/swift-nio/Sources/CNIODarwin/include -Xcc -I/Users/admin/builder/spi-builder-workspace/.dependencies/checkouts/swift-nio/Sources/CNIOFreeBSD/include -Xcc -I/Users/admin/builder/spi-builder-workspace/.dependencies/checkouts/swift-nio/Sources/CNIOOpenBSD/include -Xcc -I/Users/admin/builder/spi-builder-workspace/.dependencies/checkouts/swift-nio/Sources/CNIOAtomics/include -Xcc -I/Users/admin/builder/spi-builder-workspace/.dependencies/checkouts/swift-atomics/Sources/_AtomicsShims/include -Xcc -I/Users/admin/builder/spi-builder-workspace/.dependencies/checkouts/swift-numerics/Sources/_NumericsShims/include -Xcc -I/Users/admin/builder/spi-builder-workspace/.dependencies/checkouts/swift-system/Sources/CSystem/include -Xcc -I/Users/admin/builder/spi-builder-workspace/.dependencies/checkouts/async-http-client/Sources/CAsyncHTTPClient/include -Xcc -I/Users/admin/builder/spi-builder-workspace/.dependencies/checkouts/jwt-kit/Sources/CJWTKitBoringSSL/include -Xcc -I/Users/admin/builder/spi-builder-workspace/.derivedData/Build/Products/Debug-appletvos/include -Xcc -I/Users/admin/builder/spi-builder-workspace/.derivedData/Build/Intermediates.noindex/GoogleSwiftSDK.build/Debug-appletvos/Common-t.build/DerivedSources-normal/arm64 -Xcc -I/Users/admin/builder/spi-builder-workspace/.derivedData/Build/Intermediates.noindex/GoogleSwiftSDK.build/Debug-appletvos/Common-t.build/DerivedSources/arm64 -Xcc -I/Users/admin/builder/spi-builder-workspace/.derivedData/Build/Intermediates.noindex/GoogleSwiftSDK.build/Debug-appletvos/Common-t.build/DerivedSources -Xcc -DSWIFT_PACKAGE -Xcc -DDEBUG\=1 -emit-objc-header -emit-objc-header-path /Users/admin/builder/spi-builder-workspace/.derivedData/Build/Intermediates.noindex/GoogleSwiftSDK.build/Debug-appletvos/Common-t.build/Objects-normal/arm64/Common-Swift.h -working-directory /Users/admin/builder/spi-builder-workspace/.swiftpm/xcode -experimental-emit-module-separately -disable-cmo
SwiftDriverJobDiscovery normal arm64 Compiling AuthenticationMiddleware.swift (in target 'Common' from project 'GoogleSwiftSDK')
SwiftCompile normal arm64 Compiling\ Logger.swift,\ AIGoalClarification.swift /Users/admin/builder/spi-builder-workspace/Sources/SwiftAIAgent/Logger/Logger.swift /Users/admin/builder/spi-builder-workspace/Sources/SwiftAIAgent/Models/AIGoalClarification.swift (in target 'SwiftAIAgent' from project 'SwiftAIAgent')
SwiftCompile normal arm64 /Users/admin/builder/spi-builder-workspace/Sources/SwiftAIAgent/Logger/Logger.swift (in target 'SwiftAIAgent' from project 'SwiftAIAgent')
    cd /Users/admin/builder/spi-builder-workspace/.swiftpm/xcode
    builtin-SwiftPerFileCompile Logger.swift
SwiftCompile normal arm64 /Users/admin/builder/spi-builder-workspace/Sources/SwiftAIAgent/Models/AIGoalClarification.swift (in target 'SwiftAIAgent' from project 'SwiftAIAgent')
    cd /Users/admin/builder/spi-builder-workspace/.swiftpm/xcode
    builtin-SwiftPerFileCompile AIGoalClarification.swift
SwiftCompile normal arm64 Compiling\ AIAgentError.swift,\ ToolCallingValue.swift /Users/admin/builder/spi-builder-workspace/Sources/SwiftAIAgent/Agent/Model/AIAgentError.swift /Users/admin/builder/spi-builder-workspace/Sources/SwiftAIAgent/Agent/Model/ToolCallingValue.swift (in target 'SwiftAIAgent' from project 'SwiftAIAgent')
SwiftCompile normal arm64 /Users/admin/builder/spi-builder-workspace/Sources/SwiftAIAgent/Agent/Model/AIAgentError.swift (in target 'SwiftAIAgent' from project 'SwiftAIAgent')
    cd /Users/admin/builder/spi-builder-workspace/.swiftpm/xcode
    builtin-SwiftPerFileCompile AIAgentError.swift
SwiftCompile normal arm64 /Users/admin/builder/spi-builder-workspace/Sources/SwiftAIAgent/Agent/Model/ToolCallingValue.swift (in target 'SwiftAIAgent' from project 'SwiftAIAgent')
    cd /Users/admin/builder/spi-builder-workspace/.swiftpm/xcode
    builtin-SwiftPerFileCompile ToolCallingValue.swift
SwiftCompile normal arm64 Compiling\ MCPServer.swift,\ AIAgentConfiguration.swift /Users/admin/builder/spi-builder-workspace/Sources/SwiftAIAgent/Agent/MCPServer.swift /Users/admin/builder/spi-builder-workspace/Sources/SwiftAIAgent/Agent/Model/AIAgentConfiguration.swift (in target 'SwiftAIAgent' from project 'SwiftAIAgent')
/Users/admin/builder/spi-builder-workspace/Sources/SwiftAIAgent/Agent/MCPServer.swift:28:31: error: cannot find 'Process' in scope
 26 |         switch self {
 27 |             case let .stdio(command, args, _):
 28 |                 let process = Process()
    |                               `- error: cannot find 'Process' in scope
 29 |                 process.executableURL = URL(fileURLWithPath: command)  // Make sure uvx is available
 30 |                 process.arguments = args
/Users/admin/builder/spi-builder-workspace/Sources/SwiftAIAgent/Agent/MCPServer.swift:68:31: warning: string interpolation produces a debug description for an optional value; did you mean to make this explicit?
 66 |         {
 67 |             "name": "\(name)",
 68 |             "description": "\(description)",
    |                               |- warning: string interpolation produces a debug description for an optional value; did you mean to make this explicit?
    |                               |- note: provide a default value to avoid this warning
    |                               `- note: use 'String(describing:)' to silence this warning
 69 |             "parametersJsonSchema":  \(inputSchema.jsonSchema)
 70 |         }
/Users/admin/builder/spi-builder-workspace/Sources/SwiftAIAgent/Agent/MCPServer.swift:102:54: error: cannot convert value of type '(text: String, annotations: Resource.Annotations?, _meta: Metadata?)' to expected argument type 'String'
100 |     var aiAgentOutput: AIAgentOutput {
101 |         switch self {
102 |             case let .text(text): AIAgentOutput.text(text)
    |                                                      `- error: cannot convert value of type '(text: String, annotations: Resource.Annotations?, _meta: Metadata?)' to expected argument type 'String'
103 |             case let .audio(data: data, mimeType: _):
104 |                 AIAgentOutput.audio(Data(base64Encoded: data) ?? Data())
Failed frontend command:
/Applications/Xcode-27.0.0-Release.Candidate.app/Contents/Developer/Toolchains/XcodeDefault.xctoolchain/usr/bin/swift-frontend -frontend -c /Users/admin/builder/spi-builder-workspace/Sources/SwiftAIAgent/AIModels/Gemini.swift /Users/admin/builder/spi-builder-workspace/Sources/SwiftAIAgent/Agent/AIAgent.swift /Users/admin/builder/spi-builder-workspace/Sources/SwiftAIAgent/Agent/AIAgentContext.swift /Users/admin/builder/spi-builder-workspace/Sources/SwiftAIAgent/Agent/AIAgentModel.swift /Users/admin/builder/spi-builder-workspace/Sources/SwiftAIAgent/Agent/AIAgentOutput+File.swift /Users/admin/builder/spi-builder-workspace/Sources/SwiftAIAgent/Agent/AIAgentOutput.swift /Users/admin/builder/spi-builder-workspace/Sources/SwiftAIAgent/Agent/AIAgentTool.swift -primary-file /Users/admin/builder/spi-builder-workspace/Sources/SwiftAIAgent/Agent/MCPServer.swift -primary-file /Users/admin/builder/spi-builder-workspace/Sources/SwiftAIAgent/Agent/Model/AIAgentConfiguration.swift /Users/admin/builder/spi-builder-workspace/Sources/SwiftAIAgent/Agent/Model/AIAgentError.swift /Users/admin/builder/spi-builder-workspace/Sources/SwiftAIAgent/Agent/Model/ToolCallingValue.swift /Users/admin/builder/spi-builder-workspace/Sources/SwiftAIAgent/Agent/Runtime.swift /Users/admin/builder/spi-builder-workspace/Sources/SwiftAIAgent/Agent/Tools/AIAgentOutputIO.swift /Users/admin/builder/spi-builder-workspace/Sources/SwiftAIAgent/Agents/GoalManager.swift /Users/admin/builder/spi-builder-workspace/Sources/SwiftAIAgent/Agents/GoalManagerConfiguration.swift /Users/admin/builder/spi-builder-workspace/Sources/SwiftAIAgent/Agents/GoalManagerError.swift /Users/admin/builder/spi-builder-workspace/Sources/SwiftAIAgent/Agents/GoalManagerExecutionState.swift /Users/admin/builder/spi-builder-workspace/Sources/SwiftAIAgent/Agents/Workflow.swift /Users/admin/builder/spi-builder-workspace/Sources/SwiftAIAgent/Common/AsAsyncSequence.swift /Users/admin/builder/spi-builder-workspace/Sources/SwiftAIAgent/Logger/Logger.swift /Users/admin/builder/spi-builder-workspace/Sources/SwiftAIAgent/Models/AIGoalClarification.swift /Users/admin/builder/spi-builder-workspace/Sources/SwiftAIAgent/Models/AIStrategy.swift /Users/admin/builder/spi-builder-workspace/Sources/SwiftAIAgent/Models/AITask.swift -emit-dependencies-path /Users/admin/builder/spi-builder-workspace/.derivedData/Build/Intermediates.noindex/SwiftAIAgent.build/Debug-appletvos/SwiftAIAgent-t.build/Objects-normal/arm64/MCPServer.d -emit-const-values-path /Users/admin/builder/spi-builder-workspace/.derivedData/Build/Intermediates.noindex/SwiftAIAgent.build/Debug-appletvos/SwiftAIAgent-t.build/Objects-normal/arm64/MCPServer.swiftconstvalues -emit-reference-dependencies-path /Users/admin/builder/spi-builder-workspace/.derivedData/Build/Intermediates.noindex/SwiftAIAgent.build/Debug-appletvos/SwiftAIAgent-t.build/Objects-normal/arm64/MCPServer.swiftdeps -serialize-diagnostics-path /Users/admin/builder/spi-builder-workspace/.derivedData/Build/Intermediates.noindex/SwiftAIAgent.build/Debug-appletvos/SwiftAIAgent-t.build/Objects-normal/arm64/MCPServer.dia -emit-dependencies-path /Users/admin/builder/spi-builder-workspace/.derivedData/Build/Intermediates.noindex/SwiftAIAgent.build/Debug-appletvos/SwiftAIAgent-t.build/Objects-normal/arm64/AIAgentConfiguration.d -emit-const-values-path /Users/admin/builder/spi-builder-workspace/.derivedData/Build/Intermediates.noindex/SwiftAIAgent.build/Debug-appletvos/SwiftAIAgent-t.build/Objects-normal/arm64/AIAgentConfiguration.swiftconstvalues -emit-reference-dependencies-path /Users/admin/builder/spi-builder-workspace/.derivedData/Build/Intermediates.noindex/SwiftAIAgent.build/Debug-appletvos/SwiftAIAgent-t.build/Objects-normal/arm64/AIAgentConfiguration.swiftdeps -serialize-diagnostics-path /Users/admin/builder/spi-builder-workspace/.derivedData/Build/Intermediates.noindex/SwiftAIAgent.build/Debug-appletvos/SwiftAIAgent-t.build/Objects-normal/arm64/AIAgentConfiguration.dia -target arm64-apple-tvos16.0 -module-can-import-version System 5027.0.67 0 -disable-cross-import-overlay-search -load-resolved-plugin \#/Users/admin/builder/spi-builder-workspace/.derivedData/Build/Products/Debug/AIAgentMacroDefinitions\#AIAgentMacroDefinitions -load-resolved-plugin /Applications/Xcode-27.0.0-Release.Candidate.app/Contents/Developer/Platforms/AppleTVOS.platform/Developer/usr/lib/swift/host/plugins/libFoundationMacros.dylib\#/Applications/Xcode-27.0.0-Release.Candidate.app/Contents/Developer/Platforms/AppleTVOS.platform/Developer/usr/bin/swift-plugin-server\#FoundationMacros -load-resolved-plugin /Applications/Xcode-27.0.0-Release.Candidate.app/Contents/Developer/Platforms/AppleTVOS.platform/Developer/usr/lib/swift/host/plugins/libObservationMacros.dylib\#/Applications/Xcode-27.0.0-Release.Candidate.app/Contents/Developer/Platforms/AppleTVOS.platform/Developer/usr/bin/swift-plugin-server\#ObservationMacros -load-resolved-plugin /Applications/Xcode-27.0.0-Release.Candidate.app/Contents/Developer/Platforms/AppleTVOS.platform/Developer/usr/lib/swift/host/plugins/libSwiftMacros.dylib\#/Applications/Xcode-27.0.0-Release.Candidate.app/Contents/Developer/Platforms/AppleTVOS.platform/Developer/usr/bin/swift-plugin-server\#SwiftMacros -disable-implicit-swift-modules -Xcc -fno-implicit-modules -Xcc -fno-implicit-module-maps -explicit-swift-module-map-file /Users/admin/builder/spi-builder-workspace/.derivedData/Build/Intermediates.noindex/SwiftAIAgent.build/Debug-appletvos/SwiftAIAgent-t.build/Objects-normal/arm64/SwiftAIAgent-dependencies-1.json -Xllvm -aarch64-use-tbi -enable-objc-interop -stack-check -sdk /Applications/Xcode-27.0.0-Release.Candidate.app/Contents/Developer/Platforms/AppleTVOS.platform/Developer/SDKs/AppleTVOS27.0.sdk -I /Users/admin/builder/spi-builder-workspace/.derivedData/Build/Products/Debug-appletvos -Isystem /Applications/Xcode-27.0.0-Release.Candidate.app/Contents/Developer/Platforms/AppleTVOS.platform/Developer/usr/lib -F /Users/admin/builder/spi-builder-workspace/.derivedData/Build/Products/Debug-appletvos/PackageFrameworks -F /Users/admin/builder/spi-builder-workspace/.derivedData/Build/Products/Debug-appletvos -F /Applications/Xcode-27.0.0-Release.Candidate.app/Contents/Developer/Platforms/AppleTVOS.platform/Developer/Library/Frameworks -F /Applications/Xcode-27.0.0-Release.Candidate.app/Contents/Developer/Platforms/AppleTVOS.platform/Developer/SDKs/AppleTVOS27.0.sdk/Developer/Library/Frameworks -module-cache-path /Users/admin/builder/spi-builder-workspace/.derivedData/Build/Intermediates.noindex/SwiftExplicitPrecompiledModules -no-color-diagnostics -Xcc -fno-color-diagnostics -enable-testing -g -debug-info-format\=dwarf -dwarf-version\=4 -profile-generate -profile-coverage-mapping -swift-version 6 -Onone -D SWIFT_PACKAGE -D DEBUG -D SWIFT_MODULE_RESOURCE_BUNDLE_UNAVAILABLE -D Xcode -serialize-debugging-options -load-plugin-executable /Users/admin/builder/spi-builder-workspace/.derivedData/Build/Products/Debug/AIAgentMacroDefinitions\#AIAgentMacroDefinitions -enable-experimental-feature DebugDescriptionMacro -empty-abi-descriptor -validate-clang-modules-once -clang-build-session-file /Users/admin/builder/spi-builder-workspace/.derivedData/ModuleCache.noindex/Session.modulevalidation -Xcc -working-directory -Xcc /Users/admin/builder/spi-builder-workspace/.swiftpm/xcode -enable-anonymous-context-mangled-names -file-compilation-dir /Users/admin/builder/spi-builder-workspace/.swiftpm/xcode -Xcc -fmodule-map-file\=/Users/admin/builder/spi-builder-workspace/.dependencies/checkouts/swift-system/Sources/CSystem/include/module.modulemap -Xcc -D_LIBCPP_HARDENING_MODE\=_LIBCPP_HARDENING_MODE_DEBUG -Xcc -ivfsstatcache -Xcc /Users/admin/builder/spi-builder-workspace/.derivedData/SDKStatCaches.noindex/appletvos27.0-24J360-e829b21a6f8c9b70876ba0858053c044b32bfd8d43560033f8d89884cdb90028.sdkstatcache -Xcc -fmodules-prune-interval\=86400 -Xcc -fmodules-prune-after\=345600 -Xcc -I/Users/admin/builder/spi-builder-workspace/.dependencies/checkouts/swift-system/Sources/CSystem/include -Xcc -I/Users/admin/builder/spi-builder-workspace/.derivedData/Build/Products/Debug-appletvos/include -Xcc -I/Users/admin/builder/spi-builder-workspace/.derivedData/Build/Intermediates.noindex/SwiftAIAgent.build/Debug-appletvos/SwiftAIAgent-t.build/DerivedSources-normal/arm64 -Xcc -I/Users/admin/builder/spi-builder-workspace/.derivedData/Build/Intermediates.noindex/SwiftAIAgent.build/Debug-appletvos/SwiftAIAgent-t.build/DerivedSources/arm64 -Xcc -I/Users/admin/builder/spi-builder-workspace/.derivedData/Build/Intermediates.noindex/SwiftAIAgent.build/Debug-appletvos/SwiftAIAgent-t.build/DerivedSources -Xcc -DSWIFT_PACKAGE -Xcc -DDEBUG\=1 -no-auto-bridging-header-chaining -module-name SwiftAIAgent -package-name spi_builder_workspace -const-gather-protocols-file /Users/admin/builder/spi-builder-workspace/.derivedData/Build/Intermediates.noindex/SwiftAIAgent.build/Debug-appletvos/SwiftAIAgent-t.build/Objects-normal/arm64/SwiftAIAgent_const_extract_protocols.json -disable-clang-spi -clang-target arm64-apple-tvos27.0 -target-sdk-version 27.0 -target-sdk-name appletvos27.0 -in-process-plugin-server-path /Applications/Xcode-27.0.0-Release.Candidate.app/Contents/Developer/Toolchains/XcodeDefault.xctoolchain/usr/lib/swift/host/libSwiftInProcPluginServer.dylib -parse-as-library -o /Users/admin/builder/spi-builder-workspace/.derivedData/Build/Intermediates.noindex/SwiftAIAgent.build/Debug-appletvos/SwiftAIAgent-t.build/Objects-normal/arm64/MCPServer.o -o /Users/admin/builder/spi-builder-workspace/.derivedData/Build/Intermediates.noindex/SwiftAIAgent.build/Debug-appletvos/SwiftAIAgent-t.build/Objects-normal/arm64/AIAgentConfiguration.o -debug-module-path /Users/admin/builder/spi-builder-workspace/.derivedData/Build/Intermediates.noindex/SwiftAIAgent.build/Debug-appletvos/SwiftAIAgent-t.build/Objects-normal/arm64/SwiftAIAgent.swiftmodule -index-unit-output-path /SwiftAIAgent.build/Debug-appletvos/SwiftAIAgent-t.build/Objects-normal/arm64/MCPServer.o -index-unit-output-path /SwiftAIAgent.build/Debug-appletvos/SwiftAIAgent-t.build/Objects-normal/arm64/AIAgentConfiguration.o -index-store-path /Users/admin/builder/spi-builder-workspace/.derivedData/Index.noindex/DataStore -index-system-modules
SwiftCompile normal arm64 /Users/admin/builder/spi-builder-workspace/Sources/SwiftAIAgent/Agent/MCPServer.swift (in target 'SwiftAIAgent' from project 'SwiftAIAgent')
    cd /Users/admin/builder/spi-builder-workspace/.swiftpm/xcode
    builtin-SwiftPerFileCompile MCPServer.swift
SwiftCompile normal arm64 /Users/admin/builder/spi-builder-workspace/Sources/SwiftAIAgent/Agent/Model/AIAgentConfiguration.swift (in target 'SwiftAIAgent' from project 'SwiftAIAgent')
    cd /Users/admin/builder/spi-builder-workspace/.swiftpm/xcode
    builtin-SwiftPerFileCompile AIAgentConfiguration.swift
SwiftCompile normal arm64 Compiling\ Workflow.swift,\ AsAsyncSequence.swift /Users/admin/builder/spi-builder-workspace/Sources/SwiftAIAgent/Agents/Workflow.swift /Users/admin/builder/spi-builder-workspace/Sources/SwiftAIAgent/Common/AsAsyncSequence.swift (in target 'SwiftAIAgent' from project 'SwiftAIAgent')
SwiftCompile normal arm64 /Users/admin/builder/spi-builder-workspace/Sources/SwiftAIAgent/Agents/Workflow.swift (in target 'SwiftAIAgent' from project 'SwiftAIAgent')
    cd /Users/admin/builder/spi-builder-workspace/.swiftpm/xcode
    builtin-SwiftPerFileCompile Workflow.swift
SwiftCompile normal arm64 /Users/admin/builder/spi-builder-workspace/Sources/SwiftAIAgent/Common/AsAsyncSequence.swift (in target 'SwiftAIAgent' from project 'SwiftAIAgent')
    cd /Users/admin/builder/spi-builder-workspace/.swiftpm/xcode
    builtin-SwiftPerFileCompile AsAsyncSequence.swift
SwiftDriverJobDiscovery normal arm64 Compiling AuthorizableClient.swift (in target 'Common' from project 'GoogleSwiftSDK')
SwiftDriverJobDiscovery normal arm64 Compiling ErrorPayloadHandler.swift (in target 'Common' from project 'GoogleSwiftSDK')
SwiftDriverJobDiscovery normal arm64 Compiling ResponseHandler.swift (in target 'Common' from project 'GoogleSwiftSDK')
SwiftMergeGeneratedHeaders /Users/admin/builder/spi-builder-workspace/.derivedData/Build/Intermediates.noindex/GeneratedModuleMaps-appletvos/Common-Swift.h /Users/admin/builder/spi-builder-workspace/.derivedData/Build/Intermediates.noindex/GoogleSwiftSDK.build/Debug-appletvos/Common-t.build/Objects-normal/arm64/Common-Swift.h (in target 'Common' from project 'GoogleSwiftSDK')
    cd /Users/admin/builder/spi-builder-workspace/.dependencies/checkouts/GoogleSwiftSDK
    builtin-swiftHeaderTool -arch arm64 /Users/admin/builder/spi-builder-workspace/.derivedData/Build/Intermediates.noindex/GoogleSwiftSDK.build/Debug-appletvos/Common-t.build/Objects-normal/arm64/Common-Swift.h -o /Users/admin/builder/spi-builder-workspace/.derivedData/Build/Intermediates.noindex/GeneratedModuleMaps-appletvos/Common-Swift.h
SwiftDriverJobDiscovery normal arm64 Compiling AIAgentOutput.swift, AIAgentTool.swift (in target 'SwiftAIAgent' from project 'SwiftAIAgent')
Copy /Users/admin/builder/spi-builder-workspace/.derivedData/Build/Products/Debug-appletvos/Common.swiftmodule/arm64-apple-tvos.swiftmodule /Users/admin/builder/spi-builder-workspace/.derivedData/Build/Intermediates.noindex/GoogleSwiftSDK.build/Debug-appletvos/Common-t.build/Objects-normal/arm64/Common.swiftmodule (in target 'Common' from project 'GoogleSwiftSDK')
    cd /Users/admin/builder/spi-builder-workspace/.dependencies/checkouts/GoogleSwiftSDK
    builtin-copy -exclude .DS_Store -exclude CVS -exclude .svn -exclude .git -exclude .hg -resolve-src-symlinks -rename /Users/admin/builder/spi-builder-workspace/.derivedData/Build/Intermediates.noindex/GoogleSwiftSDK.build/Debug-appletvos/Common-t.build/Objects-normal/arm64/Common.swiftmodule /Users/admin/builder/spi-builder-workspace/.derivedData/Build/Products/Debug-appletvos/Common.swiftmodule/arm64-apple-tvos.swiftmodule
Copy /Users/admin/builder/spi-builder-workspace/.derivedData/Build/Products/Debug-appletvos/Common.swiftmodule/arm64-apple-tvos.swiftdoc /Users/admin/builder/spi-builder-workspace/.derivedData/Build/Intermediates.noindex/GoogleSwiftSDK.build/Debug-appletvos/Common-t.build/Objects-normal/arm64/Common.swiftdoc (in target 'Common' from project 'GoogleSwiftSDK')
    cd /Users/admin/builder/spi-builder-workspace/.dependencies/checkouts/GoogleSwiftSDK
    builtin-copy -exclude .DS_Store -exclude CVS -exclude .svn -exclude .git -exclude .hg -resolve-src-symlinks -rename /Users/admin/builder/spi-builder-workspace/.derivedData/Build/Intermediates.noindex/GoogleSwiftSDK.build/Debug-appletvos/Common-t.build/Objects-normal/arm64/Common.swiftdoc /Users/admin/builder/spi-builder-workspace/.derivedData/Build/Products/Debug-appletvos/Common.swiftmodule/arm64-apple-tvos.swiftdoc
Copy /Users/admin/builder/spi-builder-workspace/.derivedData/Build/Products/Debug-appletvos/Common.swiftmodule/arm64-apple-tvos.abi.json /Users/admin/builder/spi-builder-workspace/.derivedData/Build/Intermediates.noindex/GoogleSwiftSDK.build/Debug-appletvos/Common-t.build/Objects-normal/arm64/Common.abi.json (in target 'Common' from project 'GoogleSwiftSDK')
    cd /Users/admin/builder/spi-builder-workspace/.dependencies/checkouts/GoogleSwiftSDK
    builtin-copy -exclude .DS_Store -exclude CVS -exclude .svn -exclude .git -exclude .hg -resolve-src-symlinks -rename /Users/admin/builder/spi-builder-workspace/.derivedData/Build/Intermediates.noindex/GoogleSwiftSDK.build/Debug-appletvos/Common-t.build/Objects-normal/arm64/Common.abi.json /Users/admin/builder/spi-builder-workspace/.derivedData/Build/Products/Debug-appletvos/Common.swiftmodule/arm64-apple-tvos.abi.json
Copy /Users/admin/builder/spi-builder-workspace/.derivedData/Build/Products/Debug-appletvos/Common.swiftmodule/Project/arm64-apple-tvos.swiftsourceinfo /Users/admin/builder/spi-builder-workspace/.derivedData/Build/Intermediates.noindex/GoogleSwiftSDK.build/Debug-appletvos/Common-t.build/Objects-normal/arm64/Common.swiftsourceinfo (in target 'Common' from project 'GoogleSwiftSDK')
    cd /Users/admin/builder/spi-builder-workspace/.dependencies/checkouts/GoogleSwiftSDK
    builtin-copy -exclude .DS_Store -exclude CVS -exclude .svn -exclude .git -exclude .hg -resolve-src-symlinks -rename /Users/admin/builder/spi-builder-workspace/.derivedData/Build/Intermediates.noindex/GoogleSwiftSDK.build/Debug-appletvos/Common-t.build/Objects-normal/arm64/Common.swiftsourceinfo /Users/admin/builder/spi-builder-workspace/.derivedData/Build/Products/Debug-appletvos/Common.swiftmodule/Project/arm64-apple-tvos.swiftsourceinfo
SwiftCompile normal arm64 Compiling\ GoalManagerExecutionState.swift /Users/admin/builder/spi-builder-workspace/Sources/SwiftAIAgent/Agents/GoalManagerExecutionState.swift (in target 'SwiftAIAgent' from project 'SwiftAIAgent')
SwiftCompile normal arm64 /Users/admin/builder/spi-builder-workspace/Sources/SwiftAIAgent/Agents/GoalManagerExecutionState.swift (in target 'SwiftAIAgent' from project 'SwiftAIAgent')
    cd /Users/admin/builder/spi-builder-workspace/.swiftpm/xcode
    builtin-SwiftPerFileCompile GoalManagerExecutionState.swift
SwiftCompile normal arm64 Compiling\ GoalManager.swift,\ GoalManagerConfiguration.swift /Users/admin/builder/spi-builder-workspace/Sources/SwiftAIAgent/Agents/GoalManager.swift /Users/admin/builder/spi-builder-workspace/Sources/SwiftAIAgent/Agents/GoalManagerConfiguration.swift (in target 'SwiftAIAgent' from project 'SwiftAIAgent')
SwiftCompile normal arm64 /Users/admin/builder/spi-builder-workspace/Sources/SwiftAIAgent/Agents/GoalManager.swift (in target 'SwiftAIAgent' from project 'SwiftAIAgent')
    cd /Users/admin/builder/spi-builder-workspace/.swiftpm/xcode
    builtin-SwiftPerFileCompile GoalManager.swift
SwiftCompile normal arm64 /Users/admin/builder/spi-builder-workspace/Sources/SwiftAIAgent/Agents/GoalManagerConfiguration.swift (in target 'SwiftAIAgent' from project 'SwiftAIAgent')
    cd /Users/admin/builder/spi-builder-workspace/.swiftpm/xcode
    builtin-SwiftPerFileCompile GoalManagerConfiguration.swift
PruneExplicitPrecompiledModules /Users/admin/builder/spi-builder-workspace/.derivedData/Build/Intermediates.noindex/SwiftExplicitPrecompiledModules
PruneExplicitPrecompiledModules /Users/admin/builder/spi-builder-workspace/.derivedData/Build/Intermediates.noindex/ExplicitPrecompiledModules
PruneExplicitPrecompiledModules /Users/admin/builder/spi-builder-workspace/.derivedData/SDKExplicitPrecompiledModules
2026-09-22 22:55:12.816 xcodebuild[4786:19285] [MT] IDERunDestination: Supported platforms for the buildables in the current scheme is empty.
** BUILD FAILED **
The following build commands failed:
	SwiftCompile normal arm64 Compiling\ MCPServer.swift,\ AIAgentConfiguration.swift /Users/admin/builder/spi-builder-workspace/Sources/SwiftAIAgent/Agent/MCPServer.swift /Users/admin/builder/spi-builder-workspace/Sources/SwiftAIAgent/Agent/Model/AIAgentConfiguration.swift (in target 'SwiftAIAgent' from project 'SwiftAIAgent')
	SwiftCompile normal arm64 /Users/admin/builder/spi-builder-workspace/Sources/SwiftAIAgent/Agent/MCPServer.swift (in target 'SwiftAIAgent' from project 'SwiftAIAgent')
	Building workspace SwiftAIAgent with scheme SwiftAIAgent-Package
(3 failures)
BUILD FAILURE 6.4 tvOS