Build Information
Failed to build HTTPCodable, reference 0.2.0 (6b40e0), with Swift 6.4 for watchOS using Xcode 27.0 on 16 Sep 2026 08:24:53 UTC.
Build Command
env DEVELOPER_DIR=/Applications/Xcode-27.0.0-Release.Candidate.app xcrun xcodebuild -IDEClonedSourcePackagesDirPathOverride=$PWD/.dependencies -skipMacroValidation -skipPackagePluginValidation -derivedDataPath $PWD/.derivedData build -scheme HTTPCodable -destination generic/platform=watchOSBuild Log
========================================
RunAll
========================================
Builder version: 5.1.0
Interrupt handler set up.
========================================
Checkout
========================================
Clone URL: https://github.com/terwanerik/httpcodable.git
Reference: 0.2.0
Initialized empty Git repository in /Users/admin/builder/spi-builder-workspace/.git/
From https://github.com/terwanerik/httpcodable
* tag 0.2.0 -> FETCH_HEAD
HEAD is now at 6b40e00 Merge pull request #1 from terwanerik/passing-current-session
Cloned https://github.com/terwanerik/httpcodable.git
Revision (git rev-parse @):
6b40e00b7dad02c8010e0bc98ca1006d11fd0f5b
SUCCESS checkout https://github.com/terwanerik/httpcodable.git at 0.2.0
========================================
Build
========================================
Selected platform: watchOS
Swift version: 6.4
Building package at path: $PWD
https://github.com/terwanerik/httpcodable.git
Command line invocation:
/Applications/Xcode-27.0.0-Release.Candidate.app/Contents/Developer/usr/bin/xcodebuild -IDEClonedSourcePackagesDirPathOverride=/Users/admin/builder/spi-builder-workspace/.dependencies -resolvePackageDependencies
Resolve Package Graph
Fetching from https://github.com/formbound/Futures.git
Creating working copy of package ‘Futures’
Checking out 1.6.1 of package ‘Futures’
Resolve Package Graph
Resolved source packages:
Futures: https://github.com/formbound/Futures.git @ 1.6.1
HTTPCodable: /Users/admin/builder/spi-builder-workspace
resolved source packages: Futures, HTTPCodable
2026-09-16 04:23:59.883 xcodebuild[529:3023] [MT] IDERunDestination: Supported platforms for the buildables in the current scheme is empty.
{
"dependencies" : [
{
"identity" : "futures",
"requirement" : {
"range" : [
{
"lower_bound" : "1.4.0",
"upper_bound" : "2.0.0"
}
]
},
"type" : "sourceControl",
"url" : "https://github.com/formbound/Futures.git"
}
],
"manifest_display_name" : "HTTPCodable",
"name" : "HTTPCodable",
"path" : "/Users/admin/builder/spi-builder-workspace",
"platforms" : [
],
"products" : [
{
"name" : "HTTPCodable",
"targets" : [
"HTTPCodable"
],
"type" : {
"library" : [
"automatic"
]
}
}
],
"targets" : [
{
"c99name" : "HTTPCodableTests",
"module_type" : "SwiftTarget",
"name" : "HTTPCodableTests",
"path" : "Tests/HTTPCodableTests",
"sources" : [
"HTTPCodableTests.swift",
"XCTestManifests.swift"
],
"target_dependencies" : [
"HTTPCodable"
],
"type" : "test"
},
{
"c99name" : "HTTPCodable",
"module_type" : "SwiftTarget",
"name" : "HTTPCodable",
"path" : "Sources/HTTPCodable",
"product_dependencies" : [
"Futures"
],
"product_memberships" : [
"HTTPCodable"
],
"sources" : [
"Client.swift",
"CodableClient/CodableClient+Codable.swift",
"CodableClient/CodableClient+Request.swift",
"CodableClient/CodableClient+Rest.swift",
"CodableClient/CodableClient.swift",
"Errors/HTTPCodableError.swift",
"Extensions/Encodable+Query.swift",
"HTTP/HTTPCodableMethod.swift",
"HTTPCodable/HTTPCodable.swift"
],
"type" : "library"
}
],
"tools_version" : "4.0"
}
{
"workspace" : {
"name" : "HTTPCodable",
"schemes" : [
"HTTPCodable"
]
}
}
2026-09-16 04:24:41.221 xcodebuild[684:4342] [MT] IDERunDestination: Supported platforms for the buildables in the current scheme is empty.
Running build ...
env DEVELOPER_DIR=/Applications/Xcode-27.0.0-Release.Candidate.app xcrun xcodebuild -IDEClonedSourcePackagesDirPathOverride=$PWD/.dependencies -skipMacroValidation -skipPackagePluginValidation -derivedDataPath $PWD/.derivedData build -scheme HTTPCodable -destination generic/platform=watchOS
Command line invocation:
/Applications/Xcode-27.0.0-Release.Candidate.app/Contents/Developer/usr/bin/xcodebuild -IDEClonedSourcePackagesDirPathOverride=/Users/admin/builder/spi-builder-workspace/.dependencies -skipMacroValidation -skipPackagePluginValidation -derivedDataPath /Users/admin/builder/spi-builder-workspace/.derivedData build -scheme HTTPCodable -destination generic/platform=watchOS
Resolve Package Graph
Resolve Package Graph
Resolved source packages:
Futures: https://github.com/formbound/Futures.git @ 1.6.1
HTTPCodable: /Users/admin/builder/spi-builder-workspace
ComputePackagePrebuildTargetDependencyGraph
Prepare packages
CreateBuildRequest
SendProjectDescription
CreateBuildOperation
ComputeTargetDependencyGraph
note: Building targets in dependency order
note: Target dependency graph (4 targets)
Target 'HTTPCodable-product' in project 'HTTPCodable'
➜ Explicit dependency on target 'HTTPCodable' in project 'HTTPCodable'
➜ Explicit dependency on target 'Futures-product' in project 'Futures'
Target 'HTTPCodable' in project 'HTTPCodable'
➜ Explicit dependency on target 'Futures-product' in project 'Futures'
Target 'Futures-product' in project 'Futures'
➜ Explicit dependency on target 'Futures' in project 'Futures'
Target 'Futures' in project 'Futures' (no dependencies)
GatherProvisioningInputs
CreateBuildDescription
ExecuteExternalTool /Applications/Xcode-27.0.0-Release.Candidate.app/Contents/Developer/Toolchains/XcodeDefault.xctoolchain/usr/bin/clang -v -E -dM -isysroot /Applications/Xcode-27.0.0-Release.Candidate.app/Contents/Developer/Platforms/WatchOS.platform/Developer/SDKs/WatchOS27.0.sdk -x c -c /dev/null
ExecuteExternalTool /Applications/Xcode-27.0.0-Release.Candidate.app/Contents/Developer/Toolchains/XcodeDefault.xctoolchain/usr/bin/swiftc --version
ExecuteExternalTool /Applications/Xcode-27.0.0-Release.Candidate.app/Contents/Developer/Toolchains/XcodeDefault.xctoolchain/usr/bin/ld -version_details
Build description signature: 65ab20733dab43196a85f018185058b0
Build description path: /Users/admin/builder/spi-builder-workspace/.derivedData/Build/Intermediates.noindex/XCBuildData/65ab20733dab43196a85f018185058b0.xcbuilddata
CreateBuildDirectory /Users/admin/builder/spi-builder-workspace/.derivedData/SDKExplicitPrecompiledModules
cd /Users/admin/builder/spi-builder-workspace/.swiftpm/xcode
builtin-create-build-directory /Users/admin/builder/spi-builder-workspace/.derivedData/SDKExplicitPrecompiledModules
CreateBuildDirectory /Users/admin/builder/spi-builder-workspace/.derivedData/ModuleCache.noindex
cd /Users/admin/builder/spi-builder-workspace/.swiftpm/xcode
builtin-create-build-directory /Users/admin/builder/spi-builder-workspace/.derivedData/ModuleCache.noindex
CreateBuildDirectory /Users/admin/builder/spi-builder-workspace/.derivedData/CompilationCache.noindex
cd /Users/admin/builder/spi-builder-workspace/.swiftpm/xcode
builtin-create-build-directory /Users/admin/builder/spi-builder-workspace/.derivedData/CompilationCache.noindex
ClangStatCache /Applications/Xcode-27.0.0-Release.Candidate.app/Contents/Developer/Toolchains/XcodeDefault.xctoolchain/usr/bin/clang-stat-cache /Applications/Xcode-27.0.0-Release.Candidate.app/Contents/Developer/Platforms/WatchOS.platform/Developer/SDKs/WatchOS27.0.sdk /Users/admin/builder/spi-builder-workspace/.derivedData/SDKStatCaches.noindex/watchos27.0-24R360-e829b21a6f8c9b70876ba0858053c04477534ef55a1706bf4c1112bbb242f0a2.sdkstatcache
cd /Users/admin/builder/spi-builder-workspace/.swiftpm/xcode
/Applications/Xcode-27.0.0-Release.Candidate.app/Contents/Developer/Toolchains/XcodeDefault.xctoolchain/usr/bin/clang-stat-cache /Applications/Xcode-27.0.0-Release.Candidate.app/Contents/Developer/Platforms/WatchOS.platform/Developer/SDKs/WatchOS27.0.sdk -o /Users/admin/builder/spi-builder-workspace/.derivedData/SDKStatCaches.noindex/watchos27.0-24R360-e829b21a6f8c9b70876ba0858053c04477534ef55a1706bf4c1112bbb242f0a2.sdkstatcache
CreateBuildDirectory /Users/admin/builder/spi-builder-workspace/.derivedData/Build/Intermediates.noindex
cd /Users/admin/builder/spi-builder-workspace/.swiftpm/xcode
builtin-create-build-directory /Users/admin/builder/spi-builder-workspace/.derivedData/Build/Intermediates.noindex
CreateBuildDirectory /Users/admin/builder/spi-builder-workspace/.derivedData/Build/Products
cd /Users/admin/builder/spi-builder-workspace/.swiftpm/xcode
builtin-create-build-directory /Users/admin/builder/spi-builder-workspace/.derivedData/Build/Products
CreateBuildDirectory /Users/admin/builder/spi-builder-workspace/.derivedData/Build/Intermediates.noindex/SwiftExplicitPrecompiledModules
cd /Users/admin/builder/spi-builder-workspace/.swiftpm/xcode
builtin-create-build-directory /Users/admin/builder/spi-builder-workspace/.derivedData/Build/Intermediates.noindex/SwiftExplicitPrecompiledModules
CreateBuildDirectory /Users/admin/builder/spi-builder-workspace/.derivedData/Build/Intermediates.noindex/PrecompiledHeaders
cd /Users/admin/builder/spi-builder-workspace/.swiftpm/xcode
builtin-create-build-directory /Users/admin/builder/spi-builder-workspace/.derivedData/Build/Intermediates.noindex/PrecompiledHeaders
CreateBuildDirectory /Users/admin/builder/spi-builder-workspace/.derivedData/Build/Intermediates.noindex/ExplicitPrecompiledModules
cd /Users/admin/builder/spi-builder-workspace/.swiftpm/xcode
builtin-create-build-directory /Users/admin/builder/spi-builder-workspace/.derivedData/Build/Intermediates.noindex/ExplicitPrecompiledModules
CreateBuildDirectory /Users/admin/builder/spi-builder-workspace/.derivedData/Build/Intermediates.noindex/EagerLinkingTBDs/Debug-watchos
cd /Users/admin/builder/spi-builder-workspace/.swiftpm/xcode
builtin-create-build-directory /Users/admin/builder/spi-builder-workspace/.derivedData/Build/Intermediates.noindex/EagerLinkingTBDs/Debug-watchos
CreateBuildDirectory /Users/admin/builder/spi-builder-workspace/.derivedData/Build/Products/Debug-watchos
cd /Users/admin/builder/spi-builder-workspace/.swiftpm/xcode
builtin-create-build-directory /Users/admin/builder/spi-builder-workspace/.derivedData/Build/Products/Debug-watchos
CreateBuildDirectory /Users/admin/builder/spi-builder-workspace/.derivedData/Build/Products/Debug-watchos/PackageFrameworks
cd /Users/admin/builder/spi-builder-workspace/.swiftpm/xcode
builtin-create-build-directory /Users/admin/builder/spi-builder-workspace/.derivedData/Build/Products/Debug-watchos/PackageFrameworks
WriteAuxiliaryFile /Users/admin/builder/spi-builder-workspace/.derivedData/Build/Intermediates.noindex/Futures.build/Debug-watchos/Futures-t.build/Futures.modulemap (in target 'Futures' from project 'Futures')
cd /Users/admin/builder/spi-builder-workspace/.dependencies/checkouts/Futures
write-file /Users/admin/builder/spi-builder-workspace/.derivedData/Build/Intermediates.noindex/Futures.build/Debug-watchos/Futures-t.build/Futures.modulemap
WriteAuxiliaryFile /Users/admin/builder/spi-builder-workspace/.derivedData/Build/Intermediates.noindex/Futures.build/Debug-watchos/Futures-t.build/Objects-normal/arm64_32/Futures.SwiftFileList (in target 'Futures' from project 'Futures')
cd /Users/admin/builder/spi-builder-workspace/.dependencies/checkouts/Futures
write-file /Users/admin/builder/spi-builder-workspace/.derivedData/Build/Intermediates.noindex/Futures.build/Debug-watchos/Futures-t.build/Objects-normal/arm64_32/Futures.SwiftFileList
WriteAuxiliaryFile /Users/admin/builder/spi-builder-workspace/.derivedData/Build/Intermediates.noindex/Futures.build/Debug-watchos/Futures-t.build/Objects-normal/arm64_32/Futures-OutputFileMap.json (in target 'Futures' from project 'Futures')
cd /Users/admin/builder/spi-builder-workspace/.dependencies/checkouts/Futures
write-file /Users/admin/builder/spi-builder-workspace/.derivedData/Build/Intermediates.noindex/Futures.build/Debug-watchos/Futures-t.build/Objects-normal/arm64_32/Futures-OutputFileMap.json
WriteAuxiliaryFile /Users/admin/builder/spi-builder-workspace/.derivedData/Build/Intermediates.noindex/HTTPCodable.build/Debug-watchos/HTTPCodable-t.build/Objects-normal/arm64_32/HTTPCodable.SwiftFileList (in target 'HTTPCodable' from project 'HTTPCodable')
cd /Users/admin/builder/spi-builder-workspace
write-file /Users/admin/builder/spi-builder-workspace/.derivedData/Build/Intermediates.noindex/HTTPCodable.build/Debug-watchos/HTTPCodable-t.build/Objects-normal/arm64_32/HTTPCodable.SwiftFileList
WriteAuxiliaryFile /Users/admin/builder/spi-builder-workspace/.derivedData/Build/Intermediates.noindex/Futures.build/Debug-watchos/Futures-t.build/Objects-normal/arm64/Futures_const_extract_protocols.json (in target 'Futures' from project 'Futures')
cd /Users/admin/builder/spi-builder-workspace/.dependencies/checkouts/Futures
write-file /Users/admin/builder/spi-builder-workspace/.derivedData/Build/Intermediates.noindex/Futures.build/Debug-watchos/Futures-t.build/Objects-normal/arm64/Futures_const_extract_protocols.json
WriteAuxiliaryFile /Users/admin/builder/spi-builder-workspace/.derivedData/Build/Intermediates.noindex/HTTPCodable.build/Debug-watchos/HTTPCodable-t.build/Objects-normal/arm64_32/HTTPCodable_const_extract_protocols.json (in target 'HTTPCodable' from project 'HTTPCodable')
cd /Users/admin/builder/spi-builder-workspace
write-file /Users/admin/builder/spi-builder-workspace/.derivedData/Build/Intermediates.noindex/HTTPCodable.build/Debug-watchos/HTTPCodable-t.build/Objects-normal/arm64_32/HTTPCodable_const_extract_protocols.json
WriteAuxiliaryFile /Users/admin/builder/spi-builder-workspace/.derivedData/Build/Intermediates.noindex/HTTPCodable.build/Debug-watchos/HTTPCodable-t.build/Objects-normal/arm64_32/HTTPCodable.SwiftConstValuesFileList (in target 'HTTPCodable' from project 'HTTPCodable')
cd /Users/admin/builder/spi-builder-workspace
write-file /Users/admin/builder/spi-builder-workspace/.derivedData/Build/Intermediates.noindex/HTTPCodable.build/Debug-watchos/HTTPCodable-t.build/Objects-normal/arm64_32/HTTPCodable.SwiftConstValuesFileList
WriteAuxiliaryFile /Users/admin/builder/spi-builder-workspace/.derivedData/Build/Intermediates.noindex/Futures.build/Debug-watchos/Futures-t.build/Objects-normal/arm64_32/Futures_const_extract_protocols.json (in target 'Futures' from project 'Futures')
cd /Users/admin/builder/spi-builder-workspace/.dependencies/checkouts/Futures
write-file /Users/admin/builder/spi-builder-workspace/.derivedData/Build/Intermediates.noindex/Futures.build/Debug-watchos/Futures-t.build/Objects-normal/arm64_32/Futures_const_extract_protocols.json
WriteAuxiliaryFile /Users/admin/builder/spi-builder-workspace/.derivedData/Build/Intermediates.noindex/HTTPCodable.build/Debug-watchos/HTTPCodable-t.build/Objects-normal/arm64_32/HTTPCodable.LinkFileList (in target 'HTTPCodable' from project 'HTTPCodable')
cd /Users/admin/builder/spi-builder-workspace
write-file /Users/admin/builder/spi-builder-workspace/.derivedData/Build/Intermediates.noindex/HTTPCodable.build/Debug-watchos/HTTPCodable-t.build/Objects-normal/arm64_32/HTTPCodable.LinkFileList
WriteAuxiliaryFile /Users/admin/builder/spi-builder-workspace/.derivedData/Build/Intermediates.noindex/HTTPCodable.build/Debug-watchos/HTTPCodable-t.build/Objects-normal/arm64_32/HTTPCodable-OutputFileMap.json (in target 'HTTPCodable' from project 'HTTPCodable')
cd /Users/admin/builder/spi-builder-workspace
write-file /Users/admin/builder/spi-builder-workspace/.derivedData/Build/Intermediates.noindex/HTTPCodable.build/Debug-watchos/HTTPCodable-t.build/Objects-normal/arm64_32/HTTPCodable-OutputFileMap.json
WriteAuxiliaryFile /Users/admin/builder/spi-builder-workspace/.derivedData/Build/Intermediates.noindex/HTTPCodable.build/Debug-watchos/HTTPCodable-t.build/Objects-normal/arm64/HTTPCodable_const_extract_protocols.json (in target 'HTTPCodable' from project 'HTTPCodable')
cd /Users/admin/builder/spi-builder-workspace
write-file /Users/admin/builder/spi-builder-workspace/.derivedData/Build/Intermediates.noindex/HTTPCodable.build/Debug-watchos/HTTPCodable-t.build/Objects-normal/arm64/HTTPCodable_const_extract_protocols.json
WriteAuxiliaryFile /Users/admin/builder/spi-builder-workspace/.derivedData/Build/Intermediates.noindex/HTTPCodable.build/Debug-watchos/HTTPCodable-t.build/Objects-normal/arm64/HTTPCodable.SwiftFileList (in target 'HTTPCodable' from project 'HTTPCodable')
cd /Users/admin/builder/spi-builder-workspace
write-file /Users/admin/builder/spi-builder-workspace/.derivedData/Build/Intermediates.noindex/HTTPCodable.build/Debug-watchos/HTTPCodable-t.build/Objects-normal/arm64/HTTPCodable.SwiftFileList
WriteAuxiliaryFile /Users/admin/builder/spi-builder-workspace/.derivedData/Build/Intermediates.noindex/HTTPCodable.build/Debug-watchos/HTTPCodable-t.build/Objects-normal/arm64/HTTPCodable.SwiftConstValuesFileList (in target 'HTTPCodable' from project 'HTTPCodable')
cd /Users/admin/builder/spi-builder-workspace
write-file /Users/admin/builder/spi-builder-workspace/.derivedData/Build/Intermediates.noindex/HTTPCodable.build/Debug-watchos/HTTPCodable-t.build/Objects-normal/arm64/HTTPCodable.SwiftConstValuesFileList
WriteAuxiliaryFile /Users/admin/builder/spi-builder-workspace/.derivedData/Build/Intermediates.noindex/HTTPCodable.build/Debug-watchos/HTTPCodable-t.build/Objects-normal/arm64/HTTPCodable.LinkFileList (in target 'HTTPCodable' from project 'HTTPCodable')
cd /Users/admin/builder/spi-builder-workspace
write-file /Users/admin/builder/spi-builder-workspace/.derivedData/Build/Intermediates.noindex/HTTPCodable.build/Debug-watchos/HTTPCodable-t.build/Objects-normal/arm64/HTTPCodable.LinkFileList
WriteAuxiliaryFile /Users/admin/builder/spi-builder-workspace/.derivedData/Build/Intermediates.noindex/HTTPCodable.build/Debug-watchos/HTTPCodable-t.build/Objects-normal/arm64/HTTPCodable-OutputFileMap.json (in target 'HTTPCodable' from project 'HTTPCodable')
cd /Users/admin/builder/spi-builder-workspace
write-file /Users/admin/builder/spi-builder-workspace/.derivedData/Build/Intermediates.noindex/HTTPCodable.build/Debug-watchos/HTTPCodable-t.build/Objects-normal/arm64/HTTPCodable-OutputFileMap.json
WriteAuxiliaryFile /Users/admin/builder/spi-builder-workspace/.derivedData/Build/Intermediates.noindex/HTTPCodable.build/Debug-watchos/HTTPCodable-t.build/HTTPCodable.modulemap (in target 'HTTPCodable' from project 'HTTPCodable')
cd /Users/admin/builder/spi-builder-workspace
write-file /Users/admin/builder/spi-builder-workspace/.derivedData/Build/Intermediates.noindex/HTTPCodable.build/Debug-watchos/HTTPCodable-t.build/HTTPCodable.modulemap
WriteAuxiliaryFile /Users/admin/builder/spi-builder-workspace/.derivedData/Build/Intermediates.noindex/HTTPCodable.build/Debug-watchos/HTTPCodable-t.build/HTTPCodable.DependencyStaticMetadataFileList (in target 'HTTPCodable' from project 'HTTPCodable')
cd /Users/admin/builder/spi-builder-workspace
write-file /Users/admin/builder/spi-builder-workspace/.derivedData/Build/Intermediates.noindex/HTTPCodable.build/Debug-watchos/HTTPCodable-t.build/HTTPCodable.DependencyStaticMetadataFileList
WriteAuxiliaryFile /Users/admin/builder/spi-builder-workspace/.derivedData/Build/Intermediates.noindex/HTTPCodable.build/Debug-watchos/HTTPCodable-t.build/HTTPCodable.DependencyMetadataFileList (in target 'HTTPCodable' from project 'HTTPCodable')
cd /Users/admin/builder/spi-builder-workspace
write-file /Users/admin/builder/spi-builder-workspace/.derivedData/Build/Intermediates.noindex/HTTPCodable.build/Debug-watchos/HTTPCodable-t.build/HTTPCodable.DependencyMetadataFileList
WriteAuxiliaryFile /Users/admin/builder/spi-builder-workspace/.derivedData/Build/Intermediates.noindex/Futures.build/Debug-watchos/Futures-t.build/Objects-normal/arm64_32/Futures.SwiftConstValuesFileList (in target 'Futures' from project 'Futures')
cd /Users/admin/builder/spi-builder-workspace/.dependencies/checkouts/Futures
write-file /Users/admin/builder/spi-builder-workspace/.derivedData/Build/Intermediates.noindex/Futures.build/Debug-watchos/Futures-t.build/Objects-normal/arm64_32/Futures.SwiftConstValuesFileList
WriteAuxiliaryFile /Users/admin/builder/spi-builder-workspace/.derivedData/Build/Intermediates.noindex/Futures.build/Debug-watchos/Futures-t.build/Objects-normal/arm64_32/Futures.LinkFileList (in target 'Futures' from project 'Futures')
cd /Users/admin/builder/spi-builder-workspace/.dependencies/checkouts/Futures
write-file /Users/admin/builder/spi-builder-workspace/.derivedData/Build/Intermediates.noindex/Futures.build/Debug-watchos/Futures-t.build/Objects-normal/arm64_32/Futures.LinkFileList
WriteAuxiliaryFile /Users/admin/builder/spi-builder-workspace/.derivedData/Build/Intermediates.noindex/Futures.build/Debug-watchos/Futures-t.build/Objects-normal/arm64/Futures.SwiftConstValuesFileList (in target 'Futures' from project 'Futures')
cd /Users/admin/builder/spi-builder-workspace/.dependencies/checkouts/Futures
write-file /Users/admin/builder/spi-builder-workspace/.derivedData/Build/Intermediates.noindex/Futures.build/Debug-watchos/Futures-t.build/Objects-normal/arm64/Futures.SwiftConstValuesFileList
WriteAuxiliaryFile /Users/admin/builder/spi-builder-workspace/.derivedData/Build/Intermediates.noindex/Futures.build/Debug-watchos/Futures-t.build/Objects-normal/arm64/Futures.SwiftFileList (in target 'Futures' from project 'Futures')
cd /Users/admin/builder/spi-builder-workspace/.dependencies/checkouts/Futures
write-file /Users/admin/builder/spi-builder-workspace/.derivedData/Build/Intermediates.noindex/Futures.build/Debug-watchos/Futures-t.build/Objects-normal/arm64/Futures.SwiftFileList
WriteAuxiliaryFile /Users/admin/builder/spi-builder-workspace/.derivedData/Build/Intermediates.noindex/Futures.build/Debug-watchos/Futures-t.build/Objects-normal/arm64/Futures.LinkFileList (in target 'Futures' from project 'Futures')
cd /Users/admin/builder/spi-builder-workspace/.dependencies/checkouts/Futures
write-file /Users/admin/builder/spi-builder-workspace/.derivedData/Build/Intermediates.noindex/Futures.build/Debug-watchos/Futures-t.build/Objects-normal/arm64/Futures.LinkFileList
WriteAuxiliaryFile /Users/admin/builder/spi-builder-workspace/.derivedData/Build/Intermediates.noindex/Futures.build/Debug-watchos/Futures-t.build/Objects-normal/arm64/Futures-OutputFileMap.json (in target 'Futures' from project 'Futures')
cd /Users/admin/builder/spi-builder-workspace/.dependencies/checkouts/Futures
write-file /Users/admin/builder/spi-builder-workspace/.derivedData/Build/Intermediates.noindex/Futures.build/Debug-watchos/Futures-t.build/Objects-normal/arm64/Futures-OutputFileMap.json
WriteAuxiliaryFile /Users/admin/builder/spi-builder-workspace/.derivedData/Build/Intermediates.noindex/Futures.build/Debug-watchos/Futures-t.build/Futures.DependencyStaticMetadataFileList (in target 'Futures' from project 'Futures')
cd /Users/admin/builder/spi-builder-workspace/.dependencies/checkouts/Futures
write-file /Users/admin/builder/spi-builder-workspace/.derivedData/Build/Intermediates.noindex/Futures.build/Debug-watchos/Futures-t.build/Futures.DependencyStaticMetadataFileList
WriteAuxiliaryFile /Users/admin/builder/spi-builder-workspace/.derivedData/Build/Intermediates.noindex/Futures.build/Debug-watchos/Futures-t.build/Futures.DependencyMetadataFileList (in target 'Futures' from project 'Futures')
cd /Users/admin/builder/spi-builder-workspace/.dependencies/checkouts/Futures
write-file /Users/admin/builder/spi-builder-workspace/.derivedData/Build/Intermediates.noindex/Futures.build/Debug-watchos/Futures-t.build/Futures.DependencyMetadataFileList
Copy /Users/admin/builder/spi-builder-workspace/.derivedData/Build/Intermediates.noindex/GeneratedModuleMaps-watchos/HTTPCodable.modulemap /Users/admin/builder/spi-builder-workspace/.derivedData/Build/Intermediates.noindex/HTTPCodable.build/Debug-watchos/HTTPCodable-t.build/HTTPCodable.modulemap (in target 'HTTPCodable' from project 'HTTPCodable')
cd /Users/admin/builder/spi-builder-workspace
builtin-copy -exclude .DS_Store -exclude CVS -exclude .svn -exclude .git -exclude .hg -resolve-src-symlinks /Users/admin/builder/spi-builder-workspace/.derivedData/Build/Intermediates.noindex/HTTPCodable.build/Debug-watchos/HTTPCodable-t.build/HTTPCodable.modulemap /Users/admin/builder/spi-builder-workspace/.derivedData/Build/Intermediates.noindex/GeneratedModuleMaps-watchos
Copy /Users/admin/builder/spi-builder-workspace/.derivedData/Build/Intermediates.noindex/GeneratedModuleMaps-watchos/Futures.modulemap /Users/admin/builder/spi-builder-workspace/.derivedData/Build/Intermediates.noindex/Futures.build/Debug-watchos/Futures-t.build/Futures.modulemap (in target 'Futures' from project 'Futures')
cd /Users/admin/builder/spi-builder-workspace/.dependencies/checkouts/Futures
builtin-copy -exclude .DS_Store -exclude CVS -exclude .svn -exclude .git -exclude .hg -resolve-src-symlinks /Users/admin/builder/spi-builder-workspace/.derivedData/Build/Intermediates.noindex/Futures.build/Debug-watchos/Futures-t.build/Futures.modulemap /Users/admin/builder/spi-builder-workspace/.derivedData/Build/Intermediates.noindex/GeneratedModuleMaps-watchos
SwiftDriver Futures normal arm64_32 com.apple.xcode.tools.swift.compiler (in target 'Futures' from project 'Futures')
cd /Users/admin/builder/spi-builder-workspace/.swiftpm/xcode
builtin-SwiftDriver -- /Applications/Xcode-27.0.0-Release.Candidate.app/Contents/Developer/Toolchains/XcodeDefault.xctoolchain/usr/bin/swiftc -parse-as-library -module-name Futures -Onone @/Users/admin/builder/spi-builder-workspace/.derivedData/Build/Intermediates.noindex/Futures.build/Debug-watchos/Futures-t.build/Objects-normal/arm64_32/Futures.SwiftFileList -DSWIFT_PACKAGE -DDEBUG -DSWIFT_MODULE_RESOURCE_BUNDLE_UNAVAILABLE -DXcode -plugin-path /Applications/Xcode-27.0.0-Release.Candidate.app/Contents/Developer/Toolchains/XcodeDefault.xctoolchain/usr/lib/swift/host/plugins/testing -enable-experimental-feature DebugDescriptionMacro -sdk /Applications/Xcode-27.0.0-Release.Candidate.app/Contents/Developer/Platforms/WatchOS.platform/Developer/SDKs/WatchOS27.0.sdk -target arm64_32-apple-watchos9.0 -g -module-cache-path /Users/admin/builder/spi-builder-workspace/.derivedData/ModuleCache.noindex -Xfrontend -serialize-debugging-options -profile-coverage-mapping -profile-generate -enable-testing -suppress-warnings -index-store-path /Users/admin/builder/spi-builder-workspace/.derivedData/Index.noindex/DataStore -Xcc -D_LIBCPP_HARDENING_MODE\=_LIBCPP_HARDENING_MODE_DEBUG -swift-version 5 -I /Users/admin/builder/spi-builder-workspace/.derivedData/Build/Products/Debug-watchos -Isystem /Applications/Xcode-27.0.0-Release.Candidate.app/Contents/Developer/Platforms/WatchOS.platform/Developer/usr/lib -F /Users/admin/builder/spi-builder-workspace/.derivedData/Build/Products/Debug-watchos -F /Applications/Xcode-27.0.0-Release.Candidate.app/Contents/Developer/Platforms/WatchOS.platform/Developer/Library/Frameworks -F /Applications/Xcode-27.0.0-Release.Candidate.app/Contents/Developer/Platforms/WatchOS.platform/Developer/SDKs/WatchOS27.0.sdk/Developer/Library/Frameworks -c -j10 -enable-batch-mode -incremental -Xcc -ivfsstatcache -Xcc /Users/admin/builder/spi-builder-workspace/.derivedData/SDKStatCaches.noindex/watchos27.0-24R360-e829b21a6f8c9b70876ba0858053c04477534ef55a1706bf4c1112bbb242f0a2.sdkstatcache -output-file-map /Users/admin/builder/spi-builder-workspace/.derivedData/Build/Intermediates.noindex/Futures.build/Debug-watchos/Futures-t.build/Objects-normal/arm64_32/Futures-OutputFileMap.json -save-temps -no-color-diagnostics -explicit-module-build -module-cache-path /Users/admin/builder/spi-builder-workspace/.derivedData/Build/Intermediates.noindex/SwiftExplicitPrecompiledModules -clang-scanner-module-cache-path /Users/admin/builder/spi-builder-workspace/.derivedData/ModuleCache.noindex -sdk-module-cache-path /Users/admin/builder/spi-builder-workspace/.derivedData/SDKExplicitPrecompiledModules -emit-dependencies -emit-module -emit-module-path /Users/admin/builder/spi-builder-workspace/.derivedData/Build/Intermediates.noindex/Futures.build/Debug-watchos/Futures-t.build/Objects-normal/arm64_32/Futures.swiftmodule -serialize-diagnostics -dependency-scan-serialize-diagnostics-path /Users/admin/builder/spi-builder-workspace/.derivedData/Build/Intermediates.noindex/Futures.build/Debug-watchos/Futures-t.build/Objects-normal/arm64_32/Futures-dependency-scan.dia -validate-clang-modules-once -clang-build-session-file /Users/admin/builder/spi-builder-workspace/.derivedData/ModuleCache.noindex/Session.modulevalidation -Xcc -fmodules-prune-interval\=86400 -Xcc -fmodules-prune-after\=345600 -emit-const-values -const-gather-protocols-list /Users/admin/builder/spi-builder-workspace/.derivedData/Build/Intermediates.noindex/Futures.build/Debug-watchos/Futures-t.build/Objects-normal/arm64_32/Futures_const_extract_protocols.json -Xcc -I/Users/admin/builder/spi-builder-workspace/.derivedData/Build/Products/Debug-watchos/include -Xcc -I/Users/admin/builder/spi-builder-workspace/.derivedData/Build/Intermediates.noindex/Futures.build/Debug-watchos/Futures-t.build/DerivedSources-normal/arm64_32 -Xcc -I/Users/admin/builder/spi-builder-workspace/.derivedData/Build/Intermediates.noindex/Futures.build/Debug-watchos/Futures-t.build/DerivedSources/arm64_32 -Xcc -I/Users/admin/builder/spi-builder-workspace/.derivedData/Build/Intermediates.noindex/Futures.build/Debug-watchos/Futures-t.build/DerivedSources -Xcc -DSWIFT_PACKAGE -Xcc -DDEBUG\=1 -emit-objc-header -emit-objc-header-path /Users/admin/builder/spi-builder-workspace/.derivedData/Build/Intermediates.noindex/Futures.build/Debug-watchos/Futures-t.build/Objects-normal/arm64_32/Futures-Swift.h -working-directory /Users/admin/builder/spi-builder-workspace/.swiftpm/xcode -experimental-emit-module-separately -disable-cmo
SwiftDriver Futures normal arm64 com.apple.xcode.tools.swift.compiler (in target 'Futures' from project 'Futures')
cd /Users/admin/builder/spi-builder-workspace/.swiftpm/xcode
builtin-SwiftDriver -- /Applications/Xcode-27.0.0-Release.Candidate.app/Contents/Developer/Toolchains/XcodeDefault.xctoolchain/usr/bin/swiftc -parse-as-library -module-name Futures -Onone @/Users/admin/builder/spi-builder-workspace/.derivedData/Build/Intermediates.noindex/Futures.build/Debug-watchos/Futures-t.build/Objects-normal/arm64/Futures.SwiftFileList -DSWIFT_PACKAGE -DDEBUG -DSWIFT_MODULE_RESOURCE_BUNDLE_UNAVAILABLE -DXcode -plugin-path /Applications/Xcode-27.0.0-Release.Candidate.app/Contents/Developer/Toolchains/XcodeDefault.xctoolchain/usr/lib/swift/host/plugins/testing -enable-experimental-feature DebugDescriptionMacro -sdk /Applications/Xcode-27.0.0-Release.Candidate.app/Contents/Developer/Platforms/WatchOS.platform/Developer/SDKs/WatchOS27.0.sdk -target arm64-apple-watchos9.0 -g -module-cache-path /Users/admin/builder/spi-builder-workspace/.derivedData/ModuleCache.noindex -Xfrontend -serialize-debugging-options -profile-coverage-mapping -profile-generate -enable-testing -suppress-warnings -index-store-path /Users/admin/builder/spi-builder-workspace/.derivedData/Index.noindex/DataStore -Xcc -D_LIBCPP_HARDENING_MODE\=_LIBCPP_HARDENING_MODE_DEBUG -swift-version 5 -I /Users/admin/builder/spi-builder-workspace/.derivedData/Build/Products/Debug-watchos -Isystem /Applications/Xcode-27.0.0-Release.Candidate.app/Contents/Developer/Platforms/WatchOS.platform/Developer/usr/lib -F /Users/admin/builder/spi-builder-workspace/.derivedData/Build/Products/Debug-watchos -F /Applications/Xcode-27.0.0-Release.Candidate.app/Contents/Developer/Platforms/WatchOS.platform/Developer/Library/Frameworks -F /Applications/Xcode-27.0.0-Release.Candidate.app/Contents/Developer/Platforms/WatchOS.platform/Developer/SDKs/WatchOS27.0.sdk/Developer/Library/Frameworks -c -j10 -enable-batch-mode -incremental -Xcc -ivfsstatcache -Xcc /Users/admin/builder/spi-builder-workspace/.derivedData/SDKStatCaches.noindex/watchos27.0-24R360-e829b21a6f8c9b70876ba0858053c04477534ef55a1706bf4c1112bbb242f0a2.sdkstatcache -output-file-map /Users/admin/builder/spi-builder-workspace/.derivedData/Build/Intermediates.noindex/Futures.build/Debug-watchos/Futures-t.build/Objects-normal/arm64/Futures-OutputFileMap.json -save-temps -no-color-diagnostics -explicit-module-build -module-cache-path /Users/admin/builder/spi-builder-workspace/.derivedData/Build/Intermediates.noindex/SwiftExplicitPrecompiledModules -clang-scanner-module-cache-path /Users/admin/builder/spi-builder-workspace/.derivedData/ModuleCache.noindex -sdk-module-cache-path /Users/admin/builder/spi-builder-workspace/.derivedData/SDKExplicitPrecompiledModules -emit-dependencies -emit-module -emit-module-path /Users/admin/builder/spi-builder-workspace/.derivedData/Build/Intermediates.noindex/Futures.build/Debug-watchos/Futures-t.build/Objects-normal/arm64/Futures.swiftmodule -serialize-diagnostics -dependency-scan-serialize-diagnostics-path /Users/admin/builder/spi-builder-workspace/.derivedData/Build/Intermediates.noindex/Futures.build/Debug-watchos/Futures-t.build/Objects-normal/arm64/Futures-dependency-scan.dia -validate-clang-modules-once -clang-build-session-file /Users/admin/builder/spi-builder-workspace/.derivedData/ModuleCache.noindex/Session.modulevalidation -Xcc -fmodules-prune-interval\=86400 -Xcc -fmodules-prune-after\=345600 -emit-const-values -const-gather-protocols-list /Users/admin/builder/spi-builder-workspace/.derivedData/Build/Intermediates.noindex/Futures.build/Debug-watchos/Futures-t.build/Objects-normal/arm64/Futures_const_extract_protocols.json -Xcc -I/Users/admin/builder/spi-builder-workspace/.derivedData/Build/Products/Debug-watchos/include -Xcc -I/Users/admin/builder/spi-builder-workspace/.derivedData/Build/Intermediates.noindex/Futures.build/Debug-watchos/Futures-t.build/DerivedSources-normal/arm64 -Xcc -I/Users/admin/builder/spi-builder-workspace/.derivedData/Build/Intermediates.noindex/Futures.build/Debug-watchos/Futures-t.build/DerivedSources/arm64 -Xcc -I/Users/admin/builder/spi-builder-workspace/.derivedData/Build/Intermediates.noindex/Futures.build/Debug-watchos/Futures-t.build/DerivedSources -Xcc -DSWIFT_PACKAGE -Xcc -DDEBUG\=1 -emit-objc-header -emit-objc-header-path /Users/admin/builder/spi-builder-workspace/.derivedData/Build/Intermediates.noindex/Futures.build/Debug-watchos/Futures-t.build/Objects-normal/arm64/Futures-Swift.h -working-directory /Users/admin/builder/spi-builder-workspace/.swiftpm/xcode -experimental-emit-module-separately -disable-cmo
SwiftExplicitDependencyGeneratePcm arm64_32 /Users/admin/builder/spi-builder-workspace/.derivedData/SDKExplicitPrecompiledModules/SwiftShims-9CQQGWTSNTN9EB5NSHDWUJICH.pcm
SwiftExplicitDependencyGeneratePcm arm64_32 /Users/admin/builder/spi-builder-workspace/.derivedData/SDKExplicitPrecompiledModules/_SwiftConcurrencyShims-6RTBPQ03V7BM9SPRK8SUE055H.pcm
SwiftExplicitDependencyGeneratePcm arm64 /Users/admin/builder/spi-builder-workspace/.derivedData/SDKExplicitPrecompiledModules/_Builtin_stddef-1FU30Y8SWFB7OUUHMJQH5J6FM.pcm
SwiftExplicitDependencyGeneratePcm arm64_32 /Users/admin/builder/spi-builder-workspace/.derivedData/SDKExplicitPrecompiledModules/_Builtin_stdbool-A967K8W8YUYEC9SN52KJ7OO88.pcm
SwiftExplicitDependencyGeneratePcm arm64 /Users/admin/builder/spi-builder-workspace/.derivedData/SDKExplicitPrecompiledModules/_Builtin_stdbool-83J96QSOFE9VX04AAS6310UAE.pcm
SwiftExplicitDependencyGeneratePcm arm64_32 /Users/admin/builder/spi-builder-workspace/.derivedData/SDKExplicitPrecompiledModules/ptrauth-BFXF358ME5AK535N5A9Z766WU.pcm
SwiftExplicitDependencyGeneratePcm arm64 /Users/admin/builder/spi-builder-workspace/.derivedData/SDKExplicitPrecompiledModules/_AvailabilityInternal-BUNV3UXM65NT37THI4W1AM0SF.pcm
SwiftExplicitDependencyGeneratePcm arm64 /Users/admin/builder/spi-builder-workspace/.derivedData/SDKExplicitPrecompiledModules/ptrcheck-AIF0NDOYZ8ORBNHQAQR5NNB8M.pcm
SwiftExplicitDependencyGeneratePcm arm64 /Users/admin/builder/spi-builder-workspace/.derivedData/SDKExplicitPrecompiledModules/_Builtin_stdarg-A7UU8LE6MP85SM26YO7PBZNUQ.pcm
SwiftExplicitDependencyGeneratePcm arm64_32 /Users/admin/builder/spi-builder-workspace/.derivedData/SDKExplicitPrecompiledModules/_Builtin_stddef-H44EFHQX6XSS5MZ7QP6YJZ76.pcm
SwiftExplicitDependencyGeneratePcm arm64 /Users/admin/builder/spi-builder-workspace/.derivedData/SDKExplicitPrecompiledModules/_Builtin_float-C0CW5Q4HGBQYKE77TC42IAFB5.pcm
SwiftExplicitDependencyGeneratePcm arm64 /Users/admin/builder/spi-builder-workspace/.derivedData/SDKExplicitPrecompiledModules/SwiftShims-4MXFZPV6FEB0XBYXCGPWAMQGL.pcm
SwiftExplicitDependencyGeneratePcm arm64_32 /Users/admin/builder/spi-builder-workspace/.derivedData/SDKExplicitPrecompiledModules/_Builtin_float-6KO8O3PEWRCA4WC6PPLOYO6WJ.pcm
SwiftExplicitDependencyGeneratePcm arm64 /Users/admin/builder/spi-builder-workspace/.derivedData/SDKExplicitPrecompiledModules/ptrauth-3TZ9WJCGLYD25HQPWH4968ONX.pcm
SwiftExplicitDependencyGeneratePcm arm64 /Users/admin/builder/spi-builder-workspace/.derivedData/SDKExplicitPrecompiledModules/_SwiftConcurrencyShims-659N52XSKR5F0QSB880BH2FJR.pcm
SwiftExplicitDependencyGeneratePcm arm64_32 /Users/admin/builder/spi-builder-workspace/.derivedData/SDKExplicitPrecompiledModules/_Builtin_stdarg-D305JG44A2WPI6CJY37X3QJE8.pcm
SwiftExplicitDependencyGeneratePcm arm64_32 /Users/admin/builder/spi-builder-workspace/.derivedData/SDKExplicitPrecompiledModules/ptrcheck-7ELIH9BTIGVKX3UBITM9N72WD.pcm
SwiftExplicitDependencyGeneratePcm arm64_32 /Users/admin/builder/spi-builder-workspace/.derivedData/SDKExplicitPrecompiledModules/_AvailabilityInternal-244WAN3Z1QBT7PIA64EZEFY1R.pcm
SwiftExplicitDependencyGeneratePcm arm64 /Users/admin/builder/spi-builder-workspace/.derivedData/SDKExplicitPrecompiledModules/_DarwinFoundation1-7SPX3MD0HMP55E4OLNCPNDQ53.pcm
SwiftExplicitDependencyGeneratePcm arm64_32 /Users/admin/builder/spi-builder-workspace/.derivedData/SDKExplicitPrecompiledModules/_DarwinFoundation1-2GWF9RFMPLQW4PDHS3NARVI3G.pcm
SwiftExplicitDependencyGeneratePcm arm64 /Users/admin/builder/spi-builder-workspace/.derivedData/SDKExplicitPrecompiledModules/_DarwinFoundation2-D0XAPJU49S5E9XMKYOFGSTB1Q.pcm
SwiftExplicitDependencyGeneratePcm arm64 /Users/admin/builder/spi-builder-workspace/.derivedData/SDKExplicitPrecompiledModules/_Builtin_limits-9GWPA2B0H20DYUNYHYCWKABJG.pcm
SwiftExplicitDependencyGeneratePcm arm64_32 /Users/admin/builder/spi-builder-workspace/.derivedData/SDKExplicitPrecompiledModules/_DarwinFoundation2-9MY8GOSYRO0M9MKNXF6D3MBNK.pcm
SwiftExplicitDependencyGeneratePcm arm64_32 /Users/admin/builder/spi-builder-workspace/.derivedData/SDKExplicitPrecompiledModules/_Builtin_limits-3VKBU2AFTD65PAJZ5CJ3LHFM2.pcm
SwiftExplicitDependencyGeneratePcm arm64 /Users/admin/builder/spi-builder-workspace/.derivedData/SDKExplicitPrecompiledModules/sys_types-2KXQLI78OUCDP779AE68GZJ2.pcm
SwiftExplicitDependencyGeneratePcm arm64 /Users/admin/builder/spi-builder-workspace/.derivedData/SDKExplicitPrecompiledModules/string_h-E6PRXK75PHIPCZFWOFCQ3QBMK.pcm
SwiftExplicitDependencyGeneratePcm arm64 /Users/admin/builder/spi-builder-workspace/.derivedData/SDKExplicitPrecompiledModules/_Builtin_stdint-8XMILLJZEGRN2XG7XZUXZ5RLX.pcm
SwiftExplicitDependencyGeneratePcm arm64_32 /Users/admin/builder/spi-builder-workspace/.derivedData/SDKExplicitPrecompiledModules/string_h-BFVLUQUSBZWYMLCU9QI7VZALW.pcm
SwiftExplicitDependencyGeneratePcm arm64_32 /Users/admin/builder/spi-builder-workspace/.derivedData/SDKExplicitPrecompiledModules/_Builtin_stdint-1HMXWI3V0V4TXHRWZOMZGZ80Y.pcm
SwiftExplicitDependencyGeneratePcm arm64_32 /Users/admin/builder/spi-builder-workspace/.derivedData/SDKExplicitPrecompiledModules/sys_types-8TLLMW08ZJWDGIIPKOYFGHHZW.pcm
SwiftExplicitDependencyGeneratePcm arm64 /Users/admin/builder/spi-builder-workspace/.derivedData/SDKExplicitPrecompiledModules/_DarwinFoundation3-B97LRG0E9GON2NUE65TVG81HU.pcm
SwiftExplicitDependencyGeneratePcm arm64_32 /Users/admin/builder/spi-builder-workspace/.derivedData/SDKExplicitPrecompiledModules/_DarwinFoundation3-3DUTYQDQSD9HUAAVY947NMWOI.pcm
SwiftExplicitDependencyGeneratePcm arm64 /Users/admin/builder/spi-builder-workspace/.derivedData/SDKExplicitPrecompiledModules/_Builtin_inttypes-3UQSCM7WNM9EK4HZML8TY5J3D.pcm
SwiftExplicitDependencyGeneratePcm arm64_32 /Users/admin/builder/spi-builder-workspace/.derivedData/SDKExplicitPrecompiledModules/_Builtin_inttypes-D2KPCR4PEX9AQA33NGLUT5SBR.pcm
SwiftExplicitDependencyGeneratePcm arm64_32 /Users/admin/builder/spi-builder-workspace/.derivedData/SDKExplicitPrecompiledModules/Darwin-3FVT1SKLN2ZQ5RVOABMTQBB34.pcm
SwiftExplicitDependencyGeneratePcm arm64 /Users/admin/builder/spi-builder-workspace/.derivedData/SDKExplicitPrecompiledModules/Darwin-3984OXKFNSPE77NT743WK8SEX.pcm
SwiftExplicitDependencyGeneratePcm arm64 /Users/admin/builder/spi-builder-workspace/.derivedData/SDKExplicitPrecompiledModules/ObjectiveC-72IVD3VS2RS8Q28D9PIMY0KQP.pcm
SwiftExplicitDependencyGeneratePcm arm64_32 /Users/admin/builder/spi-builder-workspace/.derivedData/SDKExplicitPrecompiledModules/ObjectiveC-6IJNELR2E80E7LUKESVCP2KET.pcm
SwiftExplicitDependencyGeneratePcm arm64 /Users/admin/builder/spi-builder-workspace/.derivedData/SDKExplicitPrecompiledModules/os_object-3SDKD7F87FTZ26OON37DRYT6O.pcm
SwiftExplicitDependencyGeneratePcm arm64_32 /Users/admin/builder/spi-builder-workspace/.derivedData/SDKExplicitPrecompiledModules/os_object-5YWTC6L4756IWSTPGXS5NM0D0.pcm
SwiftExplicitDependencyGeneratePcm arm64 /Users/admin/builder/spi-builder-workspace/.derivedData/SDKExplicitPrecompiledModules/os_workgroup-89GG5G7YC2D0ZTK6AZXXQ20DH.pcm
SwiftExplicitDependencyGeneratePcm arm64_32 /Users/admin/builder/spi-builder-workspace/.derivedData/SDKExplicitPrecompiledModules/os_workgroup-5JHTPDMNBUNHLJI8LPHKQK1JK.pcm
SwiftExplicitDependencyGeneratePcm arm64 /Users/admin/builder/spi-builder-workspace/.derivedData/SDKExplicitPrecompiledModules/Dispatch-1NLJOVAK60XP0DUB05XA59EIM.pcm
SwiftExplicitDependencyGeneratePcm arm64_32 /Users/admin/builder/spi-builder-workspace/.derivedData/SDKExplicitPrecompiledModules/Dispatch-2P62F1T4XV63S4P99TUDTOK2Q.pcm
SwiftExplicitDependencyGeneratePcm arm64_32 /Users/admin/builder/spi-builder-workspace/.derivedData/SDKExplicitPrecompiledModules/XPC-81Y45QFY96XYYFCW2GT6FY8S4.pcm
SwiftExplicitDependencyGeneratePcm arm64_32 /Users/admin/builder/spi-builder-workspace/.derivedData/SDKExplicitPrecompiledModules/CoreFoundation-8E6Y4BA3EXYKUGJ24GT9LGV3N.pcm
SwiftExplicitDependencyGeneratePcm arm64 /Users/admin/builder/spi-builder-workspace/.derivedData/SDKExplicitPrecompiledModules/CoreFoundation-8T2L24YC5NU7WO6WQJWRY7W08.pcm
SwiftExplicitDependencyGeneratePcm arm64 /Users/admin/builder/spi-builder-workspace/.derivedData/SDKExplicitPrecompiledModules/XPC-40DR0X1DHKGCV4J1IOLFS8MOU.pcm
SwiftExplicitDependencyGeneratePcm arm64_32 /Users/admin/builder/spi-builder-workspace/.derivedData/SDKExplicitPrecompiledModules/Security-D7TOWF88VWF67TB9HAFP5UWB1.pcm
SwiftExplicitDependencyGeneratePcm arm64 /Users/admin/builder/spi-builder-workspace/.derivedData/SDKExplicitPrecompiledModules/Security-6RZ6YBRU8WCUHRFFRVUK5WKMM.pcm
SwiftExplicitDependencyGeneratePcm arm64_32 /Users/admin/builder/spi-builder-workspace/.derivedData/SDKExplicitPrecompiledModules/Foundation-BJ2VQGI3OGR34500MEQ1VKHPH.pcm
SwiftExplicitDependencyGeneratePcm arm64 /Users/admin/builder/spi-builder-workspace/.derivedData/SDKExplicitPrecompiledModules/Foundation-DLBKUSGXN8QHAT8W0OARR9S8A.pcm
SwiftEmitModule normal arm64_32 Emitting\ module\ for\ Futures (in target 'Futures' from project 'Futures')
SwiftCompile normal arm64_32 (in target 'Futures' from project 'Futures')
cd /Users/admin/builder/spi-builder-workspace/.swiftpm/xcode
SwiftCompile normal arm64_32 Compiling\ DispatchQueue+Futures.swift /Users/admin/builder/spi-builder-workspace/.dependencies/checkouts/Futures/Sources/Futures/DispatchQueue+Futures.swift (in target 'Futures' from project 'Futures')
SwiftCompile normal arm64_32 /Users/admin/builder/spi-builder-workspace/.dependencies/checkouts/Futures/Sources/Futures/DispatchQueue+Futures.swift (in target 'Futures' from project 'Futures')
cd /Users/admin/builder/spi-builder-workspace/.swiftpm/xcode
builtin-SwiftPerFileCompile DispatchQueue+Futures.swift
SwiftCompile normal arm64_32 Compiling\ Promise.swift /Users/admin/builder/spi-builder-workspace/.dependencies/checkouts/Futures/Sources/Futures/Promise.swift (in target 'Futures' from project 'Futures')
SwiftCompile normal arm64_32 /Users/admin/builder/spi-builder-workspace/.dependencies/checkouts/Futures/Sources/Futures/Promise.swift (in target 'Futures' from project 'Futures')
cd /Users/admin/builder/spi-builder-workspace/.swiftpm/xcode
builtin-SwiftPerFileCompile Promise.swift
SwiftCompile normal arm64_32 Compiling\ Future.swift /Users/admin/builder/spi-builder-workspace/.dependencies/checkouts/Futures/Sources/Futures/Future.swift (in target 'Futures' from project 'Futures')
SwiftCompile normal arm64_32 /Users/admin/builder/spi-builder-workspace/.dependencies/checkouts/Futures/Sources/Futures/Future.swift (in target 'Futures' from project 'Futures')
cd /Users/admin/builder/spi-builder-workspace/.swiftpm/xcode
builtin-SwiftPerFileCompile Future.swift
SwiftCompile normal arm64_32 Compiling\ AnyFuture.swift /Users/admin/builder/spi-builder-workspace/.dependencies/checkouts/Futures/Sources/Futures/AnyFuture.swift (in target 'Futures' from project 'Futures')
SwiftCompile normal arm64_32 /Users/admin/builder/spi-builder-workspace/.dependencies/checkouts/Futures/Sources/Futures/AnyFuture.swift (in target 'Futures' from project 'Futures')
cd /Users/admin/builder/spi-builder-workspace/.swiftpm/xcode
builtin-SwiftPerFileCompile AnyFuture.swift
SwiftCompile normal arm64_32 Compiling\ PromisesExtended.swift /Users/admin/builder/spi-builder-workspace/.dependencies/checkouts/Futures/Sources/Futures/PromisesExtended.swift (in target 'Futures' from project 'Futures')
SwiftCompile normal arm64_32 /Users/admin/builder/spi-builder-workspace/.dependencies/checkouts/Futures/Sources/Futures/PromisesExtended.swift (in target 'Futures' from project 'Futures')
cd /Users/admin/builder/spi-builder-workspace/.swiftpm/xcode
builtin-SwiftPerFileCompile PromisesExtended.swift
SwiftEmitModule normal arm64 Emitting\ module\ for\ Futures (in target 'Futures' from project 'Futures')
SwiftCompile normal arm64 (in target 'Futures' from project 'Futures')
cd /Users/admin/builder/spi-builder-workspace/.swiftpm/xcode
SwiftCompile normal arm64 Compiling\ PromisesExtended.swift /Users/admin/builder/spi-builder-workspace/.dependencies/checkouts/Futures/Sources/Futures/PromisesExtended.swift (in target 'Futures' from project 'Futures')
SwiftCompile normal arm64 /Users/admin/builder/spi-builder-workspace/.dependencies/checkouts/Futures/Sources/Futures/PromisesExtended.swift (in target 'Futures' from project 'Futures')
cd /Users/admin/builder/spi-builder-workspace/.swiftpm/xcode
builtin-SwiftPerFileCompile PromisesExtended.swift
SwiftCompile normal arm64 Compiling\ AnyFuture.swift /Users/admin/builder/spi-builder-workspace/.dependencies/checkouts/Futures/Sources/Futures/AnyFuture.swift (in target 'Futures' from project 'Futures')
SwiftCompile normal arm64 /Users/admin/builder/spi-builder-workspace/.dependencies/checkouts/Futures/Sources/Futures/AnyFuture.swift (in target 'Futures' from project 'Futures')
cd /Users/admin/builder/spi-builder-workspace/.swiftpm/xcode
builtin-SwiftPerFileCompile AnyFuture.swift
SwiftCompile normal arm64 Compiling\ Promise.swift /Users/admin/builder/spi-builder-workspace/.dependencies/checkouts/Futures/Sources/Futures/Promise.swift (in target 'Futures' from project 'Futures')
SwiftCompile normal arm64 /Users/admin/builder/spi-builder-workspace/.dependencies/checkouts/Futures/Sources/Futures/Promise.swift (in target 'Futures' from project 'Futures')
cd /Users/admin/builder/spi-builder-workspace/.swiftpm/xcode
builtin-SwiftPerFileCompile Promise.swift
SwiftCompile normal arm64 Compiling\ Future.swift /Users/admin/builder/spi-builder-workspace/.dependencies/checkouts/Futures/Sources/Futures/Future.swift (in target 'Futures' from project 'Futures')
SwiftCompile normal arm64 /Users/admin/builder/spi-builder-workspace/.dependencies/checkouts/Futures/Sources/Futures/Future.swift (in target 'Futures' from project 'Futures')
cd /Users/admin/builder/spi-builder-workspace/.swiftpm/xcode
builtin-SwiftPerFileCompile Future.swift
SwiftDriverJobDiscovery normal arm64_32 Emitting module for Futures (in target 'Futures' from project 'Futures')
SwiftDriver\ Compilation\ Requirements Futures normal arm64_32 com.apple.xcode.tools.swift.compiler (in target 'Futures' from project 'Futures')
cd /Users/admin/builder/spi-builder-workspace/.swiftpm/xcode
builtin-Swift-Compilation-Requirements -- /Applications/Xcode-27.0.0-Release.Candidate.app/Contents/Developer/Toolchains/XcodeDefault.xctoolchain/usr/bin/swiftc -parse-as-library -module-name Futures -Onone @/Users/admin/builder/spi-builder-workspace/.derivedData/Build/Intermediates.noindex/Futures.build/Debug-watchos/Futures-t.build/Objects-normal/arm64_32/Futures.SwiftFileList -DSWIFT_PACKAGE -DDEBUG -DSWIFT_MODULE_RESOURCE_BUNDLE_UNAVAILABLE -DXcode -plugin-path /Applications/Xcode-27.0.0-Release.Candidate.app/Contents/Developer/Toolchains/XcodeDefault.xctoolchain/usr/lib/swift/host/plugins/testing -enable-experimental-feature DebugDescriptionMacro -sdk /Applications/Xcode-27.0.0-Release.Candidate.app/Contents/Developer/Platforms/WatchOS.platform/Developer/SDKs/WatchOS27.0.sdk -target arm64_32-apple-watchos9.0 -g -module-cache-path /Users/admin/builder/spi-builder-workspace/.derivedData/ModuleCache.noindex -Xfrontend -serialize-debugging-options -profile-coverage-mapping -profile-generate -enable-testing -suppress-warnings -index-store-path /Users/admin/builder/spi-builder-workspace/.derivedData/Index.noindex/DataStore -Xcc -D_LIBCPP_HARDENING_MODE\=_LIBCPP_HARDENING_MODE_DEBUG -swift-version 5 -I /Users/admin/builder/spi-builder-workspace/.derivedData/Build/Products/Debug-watchos -Isystem /Applications/Xcode-27.0.0-Release.Candidate.app/Contents/Developer/Platforms/WatchOS.platform/Developer/usr/lib -F /Users/admin/builder/spi-builder-workspace/.derivedData/Build/Products/Debug-watchos -F /Applications/Xcode-27.0.0-Release.Candidate.app/Contents/Developer/Platforms/WatchOS.platform/Developer/Library/Frameworks -F /Applications/Xcode-27.0.0-Release.Candidate.app/Contents/Developer/Platforms/WatchOS.platform/Developer/SDKs/WatchOS27.0.sdk/Developer/Library/Frameworks -c -j10 -enable-batch-mode -incremental -Xcc -ivfsstatcache -Xcc /Users/admin/builder/spi-builder-workspace/.derivedData/SDKStatCaches.noindex/watchos27.0-24R360-e829b21a6f8c9b70876ba0858053c04477534ef55a1706bf4c1112bbb242f0a2.sdkstatcache -output-file-map /Users/admin/builder/spi-builder-workspace/.derivedData/Build/Intermediates.noindex/Futures.build/Debug-watchos/Futures-t.build/Objects-normal/arm64_32/Futures-OutputFileMap.json -save-temps -no-color-diagnostics -explicit-module-build -module-cache-path /Users/admin/builder/spi-builder-workspace/.derivedData/Build/Intermediates.noindex/SwiftExplicitPrecompiledModules -clang-scanner-module-cache-path /Users/admin/builder/spi-builder-workspace/.derivedData/ModuleCache.noindex -sdk-module-cache-path /Users/admin/builder/spi-builder-workspace/.derivedData/SDKExplicitPrecompiledModules -emit-dependencies -emit-module -emit-module-path /Users/admin/builder/spi-builder-workspace/.derivedData/Build/Intermediates.noindex/Futures.build/Debug-watchos/Futures-t.build/Objects-normal/arm64_32/Futures.swiftmodule -serialize-diagnostics -dependency-scan-serialize-diagnostics-path /Users/admin/builder/spi-builder-workspace/.derivedData/Build/Intermediates.noindex/Futures.build/Debug-watchos/Futures-t.build/Objects-normal/arm64_32/Futures-dependency-scan.dia -validate-clang-modules-once -clang-build-session-file /Users/admin/builder/spi-builder-workspace/.derivedData/ModuleCache.noindex/Session.modulevalidation -Xcc -fmodules-prune-interval\=86400 -Xcc -fmodules-prune-after\=345600 -emit-const-values -const-gather-protocols-list /Users/admin/builder/spi-builder-workspace/.derivedData/Build/Intermediates.noindex/Futures.build/Debug-watchos/Futures-t.build/Objects-normal/arm64_32/Futures_const_extract_protocols.json -Xcc -I/Users/admin/builder/spi-builder-workspace/.derivedData/Build/Products/Debug-watchos/include -Xcc -I/Users/admin/builder/spi-builder-workspace/.derivedData/Build/Intermediates.noindex/Futures.build/Debug-watchos/Futures-t.build/DerivedSources-normal/arm64_32 -Xcc -I/Users/admin/builder/spi-builder-workspace/.derivedData/Build/Intermediates.noindex/Futures.build/Debug-watchos/Futures-t.build/DerivedSources/arm64_32 -Xcc -I/Users/admin/builder/spi-builder-workspace/.derivedData/Build/Intermediates.noindex/Futures.build/Debug-watchos/Futures-t.build/DerivedSources -Xcc -DSWIFT_PACKAGE -Xcc -DDEBUG\=1 -emit-objc-header -emit-objc-header-path /Users/admin/builder/spi-builder-workspace/.derivedData/Build/Intermediates.noindex/Futures.build/Debug-watchos/Futures-t.build/Objects-normal/arm64_32/Futures-Swift.h -working-directory /Users/admin/builder/spi-builder-workspace/.swiftpm/xcode -experimental-emit-module-separately -disable-cmo
SwiftDriverJobDiscovery normal arm64 Emitting module for Futures (in target 'Futures' from project 'Futures')
SwiftDriver\ Compilation\ Requirements Futures normal arm64 com.apple.xcode.tools.swift.compiler (in target 'Futures' from project 'Futures')
cd /Users/admin/builder/spi-builder-workspace/.swiftpm/xcode
builtin-Swift-Compilation-Requirements -- /Applications/Xcode-27.0.0-Release.Candidate.app/Contents/Developer/Toolchains/XcodeDefault.xctoolchain/usr/bin/swiftc -parse-as-library -module-name Futures -Onone @/Users/admin/builder/spi-builder-workspace/.derivedData/Build/Intermediates.noindex/Futures.build/Debug-watchos/Futures-t.build/Objects-normal/arm64/Futures.SwiftFileList -DSWIFT_PACKAGE -DDEBUG -DSWIFT_MODULE_RESOURCE_BUNDLE_UNAVAILABLE -DXcode -plugin-path /Applications/Xcode-27.0.0-Release.Candidate.app/Contents/Developer/Toolchains/XcodeDefault.xctoolchain/usr/lib/swift/host/plugins/testing -enable-experimental-feature DebugDescriptionMacro -sdk /Applications/Xcode-27.0.0-Release.Candidate.app/Contents/Developer/Platforms/WatchOS.platform/Developer/SDKs/WatchOS27.0.sdk -target arm64-apple-watchos9.0 -g -module-cache-path /Users/admin/builder/spi-builder-workspace/.derivedData/ModuleCache.noindex -Xfrontend -serialize-debugging-options -profile-coverage-mapping -profile-generate -enable-testing -suppress-warnings -index-store-path /Users/admin/builder/spi-builder-workspace/.derivedData/Index.noindex/DataStore -Xcc -D_LIBCPP_HARDENING_MODE\=_LIBCPP_HARDENING_MODE_DEBUG -swift-version 5 -I /Users/admin/builder/spi-builder-workspace/.derivedData/Build/Products/Debug-watchos -Isystem /Applications/Xcode-27.0.0-Release.Candidate.app/Contents/Developer/Platforms/WatchOS.platform/Developer/usr/lib -F /Users/admin/builder/spi-builder-workspace/.derivedData/Build/Products/Debug-watchos -F /Applications/Xcode-27.0.0-Release.Candidate.app/Contents/Developer/Platforms/WatchOS.platform/Developer/Library/Frameworks -F /Applications/Xcode-27.0.0-Release.Candidate.app/Contents/Developer/Platforms/WatchOS.platform/Developer/SDKs/WatchOS27.0.sdk/Developer/Library/Frameworks -c -j10 -enable-batch-mode -incremental -Xcc -ivfsstatcache -Xcc /Users/admin/builder/spi-builder-workspace/.derivedData/SDKStatCaches.noindex/watchos27.0-24R360-e829b21a6f8c9b70876ba0858053c04477534ef55a1706bf4c1112bbb242f0a2.sdkstatcache -output-file-map /Users/admin/builder/spi-builder-workspace/.derivedData/Build/Intermediates.noindex/Futures.build/Debug-watchos/Futures-t.build/Objects-normal/arm64/Futures-OutputFileMap.json -save-temps -no-color-diagnostics -explicit-module-build -module-cache-path /Users/admin/builder/spi-builder-workspace/.derivedData/Build/Intermediates.noindex/SwiftExplicitPrecompiledModules -clang-scanner-module-cache-path /Users/admin/builder/spi-builder-workspace/.derivedData/ModuleCache.noindex -sdk-module-cache-path /Users/admin/builder/spi-builder-workspace/.derivedData/SDKExplicitPrecompiledModules -emit-dependencies -emit-module -emit-module-path /Users/admin/builder/spi-builder-workspace/.derivedData/Build/Intermediates.noindex/Futures.build/Debug-watchos/Futures-t.build/Objects-normal/arm64/Futures.swiftmodule -serialize-diagnostics -dependency-scan-serialize-diagnostics-path /Users/admin/builder/spi-builder-workspace/.derivedData/Build/Intermediates.noindex/Futures.build/Debug-watchos/Futures-t.build/Objects-normal/arm64/Futures-dependency-scan.dia -validate-clang-modules-once -clang-build-session-file /Users/admin/builder/spi-builder-workspace/.derivedData/ModuleCache.noindex/Session.modulevalidation -Xcc -fmodules-prune-interval\=86400 -Xcc -fmodules-prune-after\=345600 -emit-const-values -const-gather-protocols-list /Users/admin/builder/spi-builder-workspace/.derivedData/Build/Intermediates.noindex/Futures.build/Debug-watchos/Futures-t.build/Objects-normal/arm64/Futures_const_extract_protocols.json -Xcc -I/Users/admin/builder/spi-builder-workspace/.derivedData/Build/Products/Debug-watchos/include -Xcc -I/Users/admin/builder/spi-builder-workspace/.derivedData/Build/Intermediates.noindex/Futures.build/Debug-watchos/Futures-t.build/DerivedSources-normal/arm64 -Xcc -I/Users/admin/builder/spi-builder-workspace/.derivedData/Build/Intermediates.noindex/Futures.build/Debug-watchos/Futures-t.build/DerivedSources/arm64 -Xcc -I/Users/admin/builder/spi-builder-workspace/.derivedData/Build/Intermediates.noindex/Futures.build/Debug-watchos/Futures-t.build/DerivedSources -Xcc -DSWIFT_PACKAGE -Xcc -DDEBUG\=1 -emit-objc-header -emit-objc-header-path /Users/admin/builder/spi-builder-workspace/.derivedData/Build/Intermediates.noindex/Futures.build/Debug-watchos/Futures-t.build/Objects-normal/arm64/Futures-Swift.h -working-directory /Users/admin/builder/spi-builder-workspace/.swiftpm/xcode -experimental-emit-module-separately -disable-cmo
SwiftCompile normal arm64 Compiling\ DispatchQueue+Futures.swift /Users/admin/builder/spi-builder-workspace/.dependencies/checkouts/Futures/Sources/Futures/DispatchQueue+Futures.swift (in target 'Futures' from project 'Futures')
SwiftCompile normal arm64 /Users/admin/builder/spi-builder-workspace/.dependencies/checkouts/Futures/Sources/Futures/DispatchQueue+Futures.swift (in target 'Futures' from project 'Futures')
cd /Users/admin/builder/spi-builder-workspace/.swiftpm/xcode
builtin-SwiftPerFileCompile DispatchQueue+Futures.swift
SwiftMergeGeneratedHeaders /Users/admin/builder/spi-builder-workspace/.derivedData/Build/Intermediates.noindex/GeneratedModuleMaps-watchos/Futures-Swift.h /Users/admin/builder/spi-builder-workspace/.derivedData/Build/Intermediates.noindex/Futures.build/Debug-watchos/Futures-t.build/Objects-normal/arm64/Futures-Swift.h /Users/admin/builder/spi-builder-workspace/.derivedData/Build/Intermediates.noindex/Futures.build/Debug-watchos/Futures-t.build/Objects-normal/arm64_32/Futures-Swift.h (in target 'Futures' from project 'Futures')
cd /Users/admin/builder/spi-builder-workspace/.dependencies/checkouts/Futures
builtin-swiftHeaderTool -arch arm64 /Users/admin/builder/spi-builder-workspace/.derivedData/Build/Intermediates.noindex/Futures.build/Debug-watchos/Futures-t.build/Objects-normal/arm64/Futures-Swift.h -arch arm64_32 /Users/admin/builder/spi-builder-workspace/.derivedData/Build/Intermediates.noindex/Futures.build/Debug-watchos/Futures-t.build/Objects-normal/arm64_32/Futures-Swift.h -o /Users/admin/builder/spi-builder-workspace/.derivedData/Build/Intermediates.noindex/GeneratedModuleMaps-watchos/Futures-Swift.h
SwiftDriverJobDiscovery normal arm64 Compiling AnyFuture.swift (in target 'Futures' from project 'Futures')
Copy /Users/admin/builder/spi-builder-workspace/.derivedData/Build/Products/Debug-watchos/Futures.swiftmodule/arm64_32-apple-watchos.swiftmodule /Users/admin/builder/spi-builder-workspace/.derivedData/Build/Intermediates.noindex/Futures.build/Debug-watchos/Futures-t.build/Objects-normal/arm64_32/Futures.swiftmodule (in target 'Futures' from project 'Futures')
cd /Users/admin/builder/spi-builder-workspace/.dependencies/checkouts/Futures
builtin-copy -exclude .DS_Store -exclude CVS -exclude .svn -exclude .git -exclude .hg -resolve-src-symlinks -rename /Users/admin/builder/spi-builder-workspace/.derivedData/Build/Intermediates.noindex/Futures.build/Debug-watchos/Futures-t.build/Objects-normal/arm64_32/Futures.swiftmodule /Users/admin/builder/spi-builder-workspace/.derivedData/Build/Products/Debug-watchos/Futures.swiftmodule/arm64_32-apple-watchos.swiftmodule
SwiftDriverJobDiscovery normal arm64_32 Compiling AnyFuture.swift (in target 'Futures' from project 'Futures')
Copy /Users/admin/builder/spi-builder-workspace/.derivedData/Build/Products/Debug-watchos/Futures.swiftmodule/arm64_32-apple-watchos.swiftdoc /Users/admin/builder/spi-builder-workspace/.derivedData/Build/Intermediates.noindex/Futures.build/Debug-watchos/Futures-t.build/Objects-normal/arm64_32/Futures.swiftdoc (in target 'Futures' from project 'Futures')
cd /Users/admin/builder/spi-builder-workspace/.dependencies/checkouts/Futures
builtin-copy -exclude .DS_Store -exclude CVS -exclude .svn -exclude .git -exclude .hg -resolve-src-symlinks -rename /Users/admin/builder/spi-builder-workspace/.derivedData/Build/Intermediates.noindex/Futures.build/Debug-watchos/Futures-t.build/Objects-normal/arm64_32/Futures.swiftdoc /Users/admin/builder/spi-builder-workspace/.derivedData/Build/Products/Debug-watchos/Futures.swiftmodule/arm64_32-apple-watchos.swiftdoc
Copy /Users/admin/builder/spi-builder-workspace/.derivedData/Build/Products/Debug-watchos/Futures.swiftmodule/arm64_32-apple-watchos.abi.json /Users/admin/builder/spi-builder-workspace/.derivedData/Build/Intermediates.noindex/Futures.build/Debug-watchos/Futures-t.build/Objects-normal/arm64_32/Futures.abi.json (in target 'Futures' from project 'Futures')
cd /Users/admin/builder/spi-builder-workspace/.dependencies/checkouts/Futures
builtin-copy -exclude .DS_Store -exclude CVS -exclude .svn -exclude .git -exclude .hg -resolve-src-symlinks -rename /Users/admin/builder/spi-builder-workspace/.derivedData/Build/Intermediates.noindex/Futures.build/Debug-watchos/Futures-t.build/Objects-normal/arm64_32/Futures.abi.json /Users/admin/builder/spi-builder-workspace/.derivedData/Build/Products/Debug-watchos/Futures.swiftmodule/arm64_32-apple-watchos.abi.json
SwiftDriverJobDiscovery normal arm64 Compiling PromisesExtended.swift (in target 'Futures' from project 'Futures')
Copy /Users/admin/builder/spi-builder-workspace/.derivedData/Build/Products/Debug-watchos/Futures.swiftmodule/arm64-apple-watchos.swiftmodule /Users/admin/builder/spi-builder-workspace/.derivedData/Build/Intermediates.noindex/Futures.build/Debug-watchos/Futures-t.build/Objects-normal/arm64/Futures.swiftmodule (in target 'Futures' from project 'Futures')
cd /Users/admin/builder/spi-builder-workspace/.dependencies/checkouts/Futures
builtin-copy -exclude .DS_Store -exclude CVS -exclude .svn -exclude .git -exclude .hg -resolve-src-symlinks -rename /Users/admin/builder/spi-builder-workspace/.derivedData/Build/Intermediates.noindex/Futures.build/Debug-watchos/Futures-t.build/Objects-normal/arm64/Futures.swiftmodule /Users/admin/builder/spi-builder-workspace/.derivedData/Build/Products/Debug-watchos/Futures.swiftmodule/arm64-apple-watchos.swiftmodule
Copy /Users/admin/builder/spi-builder-workspace/.derivedData/Build/Products/Debug-watchos/Futures.swiftmodule/arm64-apple-watchos.swiftdoc /Users/admin/builder/spi-builder-workspace/.derivedData/Build/Intermediates.noindex/Futures.build/Debug-watchos/Futures-t.build/Objects-normal/arm64/Futures.swiftdoc (in target 'Futures' from project 'Futures')
cd /Users/admin/builder/spi-builder-workspace/.dependencies/checkouts/Futures
builtin-copy -exclude .DS_Store -exclude CVS -exclude .svn -exclude .git -exclude .hg -resolve-src-symlinks -rename /Users/admin/builder/spi-builder-workspace/.derivedData/Build/Intermediates.noindex/Futures.build/Debug-watchos/Futures-t.build/Objects-normal/arm64/Futures.swiftdoc /Users/admin/builder/spi-builder-workspace/.derivedData/Build/Products/Debug-watchos/Futures.swiftmodule/arm64-apple-watchos.swiftdoc
Copy /Users/admin/builder/spi-builder-workspace/.derivedData/Build/Products/Debug-watchos/Futures.swiftmodule/arm64-apple-watchos.abi.json /Users/admin/builder/spi-builder-workspace/.derivedData/Build/Intermediates.noindex/Futures.build/Debug-watchos/Futures-t.build/Objects-normal/arm64/Futures.abi.json (in target 'Futures' from project 'Futures')
cd /Users/admin/builder/spi-builder-workspace/.dependencies/checkouts/Futures
builtin-copy -exclude .DS_Store -exclude CVS -exclude .svn -exclude .git -exclude .hg -resolve-src-symlinks -rename /Users/admin/builder/spi-builder-workspace/.derivedData/Build/Intermediates.noindex/Futures.build/Debug-watchos/Futures-t.build/Objects-normal/arm64/Futures.abi.json /Users/admin/builder/spi-builder-workspace/.derivedData/Build/Products/Debug-watchos/Futures.swiftmodule/arm64-apple-watchos.abi.json
Copy /Users/admin/builder/spi-builder-workspace/.derivedData/Build/Products/Debug-watchos/Futures.swiftmodule/Project/arm64_32-apple-watchos.swiftsourceinfo /Users/admin/builder/spi-builder-workspace/.derivedData/Build/Intermediates.noindex/Futures.build/Debug-watchos/Futures-t.build/Objects-normal/arm64_32/Futures.swiftsourceinfo (in target 'Futures' from project 'Futures')
cd /Users/admin/builder/spi-builder-workspace/.dependencies/checkouts/Futures
builtin-copy -exclude .DS_Store -exclude CVS -exclude .svn -exclude .git -exclude .hg -resolve-src-symlinks -rename /Users/admin/builder/spi-builder-workspace/.derivedData/Build/Intermediates.noindex/Futures.build/Debug-watchos/Futures-t.build/Objects-normal/arm64_32/Futures.swiftsourceinfo /Users/admin/builder/spi-builder-workspace/.derivedData/Build/Products/Debug-watchos/Futures.swiftmodule/Project/arm64_32-apple-watchos.swiftsourceinfo
Copy /Users/admin/builder/spi-builder-workspace/.derivedData/Build/Products/Debug-watchos/Futures.swiftmodule/Project/arm64-apple-watchos.swiftsourceinfo /Users/admin/builder/spi-builder-workspace/.derivedData/Build/Intermediates.noindex/Futures.build/Debug-watchos/Futures-t.build/Objects-normal/arm64/Futures.swiftsourceinfo (in target 'Futures' from project 'Futures')
cd /Users/admin/builder/spi-builder-workspace/.dependencies/checkouts/Futures
builtin-copy -exclude .DS_Store -exclude CVS -exclude .svn -exclude .git -exclude .hg -resolve-src-symlinks -rename /Users/admin/builder/spi-builder-workspace/.derivedData/Build/Intermediates.noindex/Futures.build/Debug-watchos/Futures-t.build/Objects-normal/arm64/Futures.swiftsourceinfo /Users/admin/builder/spi-builder-workspace/.derivedData/Build/Products/Debug-watchos/Futures.swiftmodule/Project/arm64-apple-watchos.swiftsourceinfo
SwiftDriver HTTPCodable normal arm64 com.apple.xcode.tools.swift.compiler (in target 'HTTPCodable' from project 'HTTPCodable')
cd /Users/admin/builder/spi-builder-workspace/.swiftpm/xcode
builtin-SwiftDriver -- /Applications/Xcode-27.0.0-Release.Candidate.app/Contents/Developer/Toolchains/XcodeDefault.xctoolchain/usr/bin/swiftc -parse-as-library -module-name HTTPCodable -Onone @/Users/admin/builder/spi-builder-workspace/.derivedData/Build/Intermediates.noindex/HTTPCodable.build/Debug-watchos/HTTPCodable-t.build/Objects-normal/arm64/HTTPCodable.SwiftFileList -DSWIFT_PACKAGE -DDEBUG -DSWIFT_MODULE_RESOURCE_BUNDLE_UNAVAILABLE -DXcode -plugin-path /Applications/Xcode-27.0.0-Release.Candidate.app/Contents/Developer/Toolchains/XcodeDefault.xctoolchain/usr/lib/swift/host/plugins/testing -enable-experimental-feature DebugDescriptionMacro -sdk /Applications/Xcode-27.0.0-Release.Candidate.app/Contents/Developer/Platforms/WatchOS.platform/Developer/SDKs/WatchOS27.0.sdk -target arm64-apple-watchos9.0 -g -module-cache-path /Users/admin/builder/spi-builder-workspace/.derivedData/ModuleCache.noindex -Xfrontend -serialize-debugging-options -profile-coverage-mapping -profile-generate -enable-testing -index-store-path /Users/admin/builder/spi-builder-workspace/.derivedData/Index.noindex/DataStore -Xcc -D_LIBCPP_HARDENING_MODE\=_LIBCPP_HARDENING_MODE_DEBUG -swift-version 4 -I /Users/admin/builder/spi-builder-workspace/.derivedData/Build/Products/Debug-watchos -Isystem /Applications/Xcode-27.0.0-Release.Candidate.app/Contents/Developer/Platforms/WatchOS.platform/Developer/usr/lib -F /Users/admin/builder/spi-builder-workspace/.derivedData/Build/Products/Debug-watchos/PackageFrameworks -F /Users/admin/builder/spi-builder-workspace/.derivedData/Build/Products/Debug-watchos -F /Applications/Xcode-27.0.0-Release.Candidate.app/Contents/Developer/Platforms/WatchOS.platform/Developer/Library/Frameworks -F /Applications/Xcode-27.0.0-Release.Candidate.app/Contents/Developer/Platforms/WatchOS.platform/Developer/SDKs/WatchOS27.0.sdk/Developer/Library/Frameworks -c -j10 -enable-batch-mode -incremental -Xcc -ivfsstatcache -Xcc /Users/admin/builder/spi-builder-workspace/.derivedData/SDKStatCaches.noindex/watchos27.0-24R360-e829b21a6f8c9b70876ba0858053c04477534ef55a1706bf4c1112bbb242f0a2.sdkstatcache -output-file-map /Users/admin/builder/spi-builder-workspace/.derivedData/Build/Intermediates.noindex/HTTPCodable.build/Debug-watchos/HTTPCodable-t.build/Objects-normal/arm64/HTTPCodable-OutputFileMap.json -save-temps -no-color-diagnostics -emit-dependencies -emit-module -emit-module-path /Users/admin/builder/spi-builder-workspace/.derivedData/Build/Intermediates.noindex/HTTPCodable.build/Debug-watchos/HTTPCodable-t.build/Objects-normal/arm64/HTTPCodable.swiftmodule -serialize-diagnostics -validate-clang-modules-once -clang-build-session-file /Users/admin/builder/spi-builder-workspace/.derivedData/ModuleCache.noindex/Session.modulevalidation -Xcc -fmodules-prune-interval\=86400 -Xcc -fmodules-prune-after\=345600 -emit-const-values -const-gather-protocols-list /Users/admin/builder/spi-builder-workspace/.derivedData/Build/Intermediates.noindex/HTTPCodable.build/Debug-watchos/HTTPCodable-t.build/Objects-normal/arm64/HTTPCodable_const_extract_protocols.json -Xcc -I/Users/admin/builder/spi-builder-workspace/.derivedData/Build/Products/Debug-watchos/include -Xcc -I/Users/admin/builder/spi-builder-workspace/.derivedData/Build/Intermediates.noindex/HTTPCodable.build/Debug-watchos/HTTPCodable-t.build/DerivedSources-normal/arm64 -Xcc -I/Users/admin/builder/spi-builder-workspace/.derivedData/Build/Intermediates.noindex/HTTPCodable.build/Debug-watchos/HTTPCodable-t.build/DerivedSources/arm64 -Xcc -I/Users/admin/builder/spi-builder-workspace/.derivedData/Build/Intermediates.noindex/HTTPCodable.build/Debug-watchos/HTTPCodable-t.build/DerivedSources -Xcc -DSWIFT_PACKAGE -Xcc -DDEBUG\=1 -emit-objc-header -emit-objc-header-path /Users/admin/builder/spi-builder-workspace/.derivedData/Build/Intermediates.noindex/HTTPCodable.build/Debug-watchos/HTTPCodable-t.build/Objects-normal/arm64/HTTPCodable-Swift.h -working-directory /Users/admin/builder/spi-builder-workspace/.swiftpm/xcode -experimental-emit-module-separately -disable-cmo
SwiftDriver HTTPCodable normal arm64_32 com.apple.xcode.tools.swift.compiler (in target 'HTTPCodable' from project 'HTTPCodable')
cd /Users/admin/builder/spi-builder-workspace/.swiftpm/xcode
builtin-SwiftDriver -- /Applications/Xcode-27.0.0-Release.Candidate.app/Contents/Developer/Toolchains/XcodeDefault.xctoolchain/usr/bin/swiftc -parse-as-library -module-name HTTPCodable -Onone @/Users/admin/builder/spi-builder-workspace/.derivedData/Build/Intermediates.noindex/HTTPCodable.build/Debug-watchos/HTTPCodable-t.build/Objects-normal/arm64_32/HTTPCodable.SwiftFileList -DSWIFT_PACKAGE -DDEBUG -DSWIFT_MODULE_RESOURCE_BUNDLE_UNAVAILABLE -DXcode -plugin-path /Applications/Xcode-27.0.0-Release.Candidate.app/Contents/Developer/Toolchains/XcodeDefault.xctoolchain/usr/lib/swift/host/plugins/testing -enable-experimental-feature DebugDescriptionMacro -sdk /Applications/Xcode-27.0.0-Release.Candidate.app/Contents/Developer/Platforms/WatchOS.platform/Developer/SDKs/WatchOS27.0.sdk -target arm64_32-apple-watchos9.0 -g -module-cache-path /Users/admin/builder/spi-builder-workspace/.derivedData/ModuleCache.noindex -Xfrontend -serialize-debugging-options -profile-coverage-mapping -profile-generate -enable-testing -index-store-path /Users/admin/builder/spi-builder-workspace/.derivedData/Index.noindex/DataStore -Xcc -D_LIBCPP_HARDENING_MODE\=_LIBCPP_HARDENING_MODE_DEBUG -swift-version 4 -I /Users/admin/builder/spi-builder-workspace/.derivedData/Build/Products/Debug-watchos -Isystem /Applications/Xcode-27.0.0-Release.Candidate.app/Contents/Developer/Platforms/WatchOS.platform/Developer/usr/lib -F /Users/admin/builder/spi-builder-workspace/.derivedData/Build/Products/Debug-watchos/PackageFrameworks -F /Users/admin/builder/spi-builder-workspace/.derivedData/Build/Products/Debug-watchos -F /Applications/Xcode-27.0.0-Release.Candidate.app/Contents/Developer/Platforms/WatchOS.platform/Developer/Library/Frameworks -F /Applications/Xcode-27.0.0-Release.Candidate.app/Contents/Developer/Platforms/WatchOS.platform/Developer/SDKs/WatchOS27.0.sdk/Developer/Library/Frameworks -c -j10 -enable-batch-mode -incremental -Xcc -ivfsstatcache -Xcc /Users/admin/builder/spi-builder-workspace/.derivedData/SDKStatCaches.noindex/watchos27.0-24R360-e829b21a6f8c9b70876ba0858053c04477534ef55a1706bf4c1112bbb242f0a2.sdkstatcache -output-file-map /Users/admin/builder/spi-builder-workspace/.derivedData/Build/Intermediates.noindex/HTTPCodable.build/Debug-watchos/HTTPCodable-t.build/Objects-normal/arm64_32/HTTPCodable-OutputFileMap.json -save-temps -no-color-diagnostics -emit-dependencies -emit-module -emit-module-path /Users/admin/builder/spi-builder-workspace/.derivedData/Build/Intermediates.noindex/HTTPCodable.build/Debug-watchos/HTTPCodable-t.build/Objects-normal/arm64_32/HTTPCodable.swiftmodule -serialize-diagnostics -validate-clang-modules-once -clang-build-session-file /Users/admin/builder/spi-builder-workspace/.derivedData/ModuleCache.noindex/Session.modulevalidation -Xcc -fmodules-prune-interval\=86400 -Xcc -fmodules-prune-after\=345600 -emit-const-values -const-gather-protocols-list /Users/admin/builder/spi-builder-workspace/.derivedData/Build/Intermediates.noindex/HTTPCodable.build/Debug-watchos/HTTPCodable-t.build/Objects-normal/arm64_32/HTTPCodable_const_extract_protocols.json -Xcc -I/Users/admin/builder/spi-builder-workspace/.derivedData/Build/Products/Debug-watchos/include -Xcc -I/Users/admin/builder/spi-builder-workspace/.derivedData/Build/Intermediates.noindex/HTTPCodable.build/Debug-watchos/HTTPCodable-t.build/DerivedSources-normal/arm64_32 -Xcc -I/Users/admin/builder/spi-builder-workspace/.derivedData/Build/Intermediates.noindex/HTTPCodable.build/Debug-watchos/HTTPCodable-t.build/DerivedSources/arm64_32 -Xcc -I/Users/admin/builder/spi-builder-workspace/.derivedData/Build/Intermediates.noindex/HTTPCodable.build/Debug-watchos/HTTPCodable-t.build/DerivedSources -Xcc -DSWIFT_PACKAGE -Xcc -DDEBUG\=1 -emit-objc-header -emit-objc-header-path /Users/admin/builder/spi-builder-workspace/.derivedData/Build/Intermediates.noindex/HTTPCodable.build/Debug-watchos/HTTPCodable-t.build/Objects-normal/arm64_32/HTTPCodable-Swift.h -working-directory /Users/admin/builder/spi-builder-workspace/.swiftpm/xcode -experimental-emit-module-separately -disable-cmo
SwiftDriverJobDiscovery normal arm64_32 Compiling PromisesExtended.swift (in target 'Futures' from project 'Futures')
SwiftEmitModule normal arm64_32 Emitting\ module\ for\ HTTPCodable (in target 'HTTPCodable' from project 'HTTPCodable')
SwiftCompile normal arm64_32 (in target 'HTTPCodable' from project 'HTTPCodable')
cd /Users/admin/builder/spi-builder-workspace/.swiftpm/xcode
SwiftCompile normal arm64_32 Compiling\ HTTPCodable.swift /Users/admin/builder/spi-builder-workspace/Sources/HTTPCodable/HTTPCodable/HTTPCodable.swift (in target 'HTTPCodable' from project 'HTTPCodable')
SwiftCompile normal arm64_32 /Users/admin/builder/spi-builder-workspace/Sources/HTTPCodable/HTTPCodable/HTTPCodable.swift (in target 'HTTPCodable' from project 'HTTPCodable')
cd /Users/admin/builder/spi-builder-workspace/.swiftpm/xcode
builtin-SwiftPerFileCompile HTTPCodable.swift
SwiftCompile normal arm64_32 Compiling\ CodableClient.swift /Users/admin/builder/spi-builder-workspace/Sources/HTTPCodable/CodableClient/CodableClient.swift (in target 'HTTPCodable' from project 'HTTPCodable')
SwiftCompile normal arm64_32 /Users/admin/builder/spi-builder-workspace/Sources/HTTPCodable/CodableClient/CodableClient.swift (in target 'HTTPCodable' from project 'HTTPCodable')
cd /Users/admin/builder/spi-builder-workspace/.swiftpm/xcode
builtin-SwiftPerFileCompile CodableClient.swift
SwiftCompile normal arm64_32 Compiling\ HTTPCodableMethod.swift /Users/admin/builder/spi-builder-workspace/Sources/HTTPCodable/HTTP/HTTPCodableMethod.swift (in target 'HTTPCodable' from project 'HTTPCodable')
SwiftCompile normal arm64_32 /Users/admin/builder/spi-builder-workspace/Sources/HTTPCodable/HTTP/HTTPCodableMethod.swift (in target 'HTTPCodable' from project 'HTTPCodable')
cd /Users/admin/builder/spi-builder-workspace/.swiftpm/xcode
builtin-SwiftPerFileCompile HTTPCodableMethod.swift
SwiftEmitModule normal arm64 Emitting\ module\ for\ HTTPCodable (in target 'HTTPCodable' from project 'HTTPCodable')
SwiftCompile normal arm64 (in target 'HTTPCodable' from project 'HTTPCodable')
cd /Users/admin/builder/spi-builder-workspace/.swiftpm/xcode
SwiftDriverJobDiscovery normal arm64 Compiling DispatchQueue+Futures.swift (in target 'Futures' from project 'Futures')
SwiftCompile normal arm64 Compiling\ Encodable+Query.swift /Users/admin/builder/spi-builder-workspace/Sources/HTTPCodable/Extensions/Encodable+Query.swift (in target 'HTTPCodable' from project 'HTTPCodable')
SwiftCompile normal arm64 /Users/admin/builder/spi-builder-workspace/Sources/HTTPCodable/Extensions/Encodable+Query.swift (in target 'HTTPCodable' from project 'HTTPCodable')
cd /Users/admin/builder/spi-builder-workspace/.swiftpm/xcode
builtin-SwiftPerFileCompile Encodable+Query.swift
SwiftCompile normal arm64 Compiling\ CodableClient.swift /Users/admin/builder/spi-builder-workspace/Sources/HTTPCodable/CodableClient/CodableClient.swift (in target 'HTTPCodable' from project 'HTTPCodable')
SwiftCompile normal arm64 /Users/admin/builder/spi-builder-workspace/Sources/HTTPCodable/CodableClient/CodableClient.swift (in target 'HTTPCodable' from project 'HTTPCodable')
cd /Users/admin/builder/spi-builder-workspace/.swiftpm/xcode
builtin-SwiftPerFileCompile CodableClient.swift
SwiftDriverJobDiscovery normal arm64_32 Compiling DispatchQueue+Futures.swift (in target 'Futures' from project 'Futures')
SwiftDriverJobDiscovery normal arm64 Compiling Promise.swift (in target 'Futures' from project 'Futures')
SwiftCompile normal arm64 Compiling\ HTTPCodableMethod.swift /Users/admin/builder/spi-builder-workspace/Sources/HTTPCodable/HTTP/HTTPCodableMethod.swift (in target 'HTTPCodable' from project 'HTTPCodable')
SwiftCompile normal arm64 /Users/admin/builder/spi-builder-workspace/Sources/HTTPCodable/HTTP/HTTPCodableMethod.swift (in target 'HTTPCodable' from project 'HTTPCodable')
cd /Users/admin/builder/spi-builder-workspace/.swiftpm/xcode
builtin-SwiftPerFileCompile HTTPCodableMethod.swift
SwiftDriverJobDiscovery normal arm64_32 Compiling Promise.swift (in target 'Futures' from project 'Futures')
SwiftCompile normal arm64 Compiling\ CodableClient+Request.swift /Users/admin/builder/spi-builder-workspace/Sources/HTTPCodable/CodableClient/CodableClient+Request.swift (in target 'HTTPCodable' from project 'HTTPCodable')
SwiftCompile normal arm64 /Users/admin/builder/spi-builder-workspace/Sources/HTTPCodable/CodableClient/CodableClient+Request.swift (in target 'HTTPCodable' from project 'HTTPCodable')
cd /Users/admin/builder/spi-builder-workspace/.swiftpm/xcode
builtin-SwiftPerFileCompile CodableClient+Request.swift
SwiftDriverJobDiscovery normal arm64 Compiling Future.swift (in target 'Futures' from project 'Futures')
SwiftCompile normal arm64 Compiling\ CodableClient+Codable.swift /Users/admin/builder/spi-builder-workspace/Sources/HTTPCodable/CodableClient/CodableClient+Codable.swift (in target 'HTTPCodable' from project 'HTTPCodable')
SwiftCompile normal arm64 /Users/admin/builder/spi-builder-workspace/Sources/HTTPCodable/CodableClient/CodableClient+Codable.swift (in target 'HTTPCodable' from project 'HTTPCodable')
cd /Users/admin/builder/spi-builder-workspace/.swiftpm/xcode
builtin-SwiftPerFileCompile CodableClient+Codable.swift
SwiftDriverJobDiscovery normal arm64_32 Compiling Future.swift (in target 'Futures' from project 'Futures')
SwiftCompile normal arm64_32 Compiling\ CodableClient+Codable.swift /Users/admin/builder/spi-builder-workspace/Sources/HTTPCodable/CodableClient/CodableClient+Codable.swift (in target 'HTTPCodable' from project 'HTTPCodable')
SwiftCompile normal arm64_32 /Users/admin/builder/spi-builder-workspace/Sources/HTTPCodable/CodableClient/CodableClient+Codable.swift (in target 'HTTPCodable' from project 'HTTPCodable')
cd /Users/admin/builder/spi-builder-workspace/.swiftpm/xcode
builtin-SwiftPerFileCompile CodableClient+Codable.swift
SwiftDriverJobDiscovery normal arm64_32 Compiling HTTPCodable.swift (in target 'HTTPCodable' from project 'HTTPCodable')
SwiftCompile normal arm64_32 Compiling\ Client.swift /Users/admin/builder/spi-builder-workspace/Sources/HTTPCodable/Client.swift (in target 'HTTPCodable' from project 'HTTPCodable')
SwiftCompile normal arm64_32 /Users/admin/builder/spi-builder-workspace/Sources/HTTPCodable/Client.swift (in target 'HTTPCodable' from project 'HTTPCodable')
cd /Users/admin/builder/spi-builder-workspace/.swiftpm/xcode
builtin-SwiftPerFileCompile Client.swift
SwiftDriverJobDiscovery normal arm64_32 Compiling HTTPCodableMethod.swift (in target 'HTTPCodable' from project 'HTTPCodable')
SwiftCompile normal arm64 Compiling\ HTTPCodableError.swift /Users/admin/builder/spi-builder-workspace/Sources/HTTPCodable/Errors/HTTPCodableError.swift (in target 'HTTPCodable' from project 'HTTPCodable')
SwiftCompile normal arm64 /Users/admin/builder/spi-builder-workspace/Sources/HTTPCodable/Errors/HTTPCodableError.swift (in target 'HTTPCodable' from project 'HTTPCodable')
cd /Users/admin/builder/spi-builder-workspace/.swiftpm/xcode
builtin-SwiftPerFileCompile HTTPCodableError.swift
SwiftDriverJobDiscovery normal arm64_32 Compiling CodableClient+Codable.swift (in target 'HTTPCodable' from project 'HTTPCodable')
SwiftCompile normal arm64 Compiling\ Client.swift /Users/admin/builder/spi-builder-workspace/Sources/HTTPCodable/Client.swift (in target 'HTTPCodable' from project 'HTTPCodable')
SwiftCompile normal arm64 /Users/admin/builder/spi-builder-workspace/Sources/HTTPCodable/Client.swift (in target 'HTTPCodable' from project 'HTTPCodable')
cd /Users/admin/builder/spi-builder-workspace/.swiftpm/xcode
builtin-SwiftPerFileCompile Client.swift
SwiftDriverJobDiscovery normal arm64_32 Compiling CodableClient.swift (in target 'HTTPCodable' from project 'HTTPCodable')
SwiftCompile normal arm64_32 Compiling\ CodableClient+Request.swift /Users/admin/builder/spi-builder-workspace/Sources/HTTPCodable/CodableClient/CodableClient+Request.swift (in target 'HTTPCodable' from project 'HTTPCodable')
SwiftCompile normal arm64_32 /Users/admin/builder/spi-builder-workspace/Sources/HTTPCodable/CodableClient/CodableClient+Request.swift (in target 'HTTPCodable' from project 'HTTPCodable')
cd /Users/admin/builder/spi-builder-workspace/.swiftpm/xcode
builtin-SwiftPerFileCompile CodableClient+Request.swift
SwiftDriverJobDiscovery normal arm64_32 Compiling Client.swift (in target 'HTTPCodable' from project 'HTTPCodable')
SwiftCompile normal arm64 Compiling\ HTTPCodable.swift /Users/admin/builder/spi-builder-workspace/Sources/HTTPCodable/HTTPCodable/HTTPCodable.swift (in target 'HTTPCodable' from project 'HTTPCodable')
SwiftCompile normal arm64 /Users/admin/builder/spi-builder-workspace/Sources/HTTPCodable/HTTPCodable/HTTPCodable.swift (in target 'HTTPCodable' from project 'HTTPCodable')
cd /Users/admin/builder/spi-builder-workspace/.swiftpm/xcode
builtin-SwiftPerFileCompile HTTPCodable.swift
SwiftDriverJobDiscovery normal arm64_32 Emitting module for HTTPCodable (in target 'HTTPCodable' from project 'HTTPCodable')
SwiftDriver\ Compilation\ Requirements HTTPCodable normal arm64_32 com.apple.xcode.tools.swift.compiler (in target 'HTTPCodable' from project 'HTTPCodable')
cd /Users/admin/builder/spi-builder-workspace/.swiftpm/xcode
builtin-Swift-Compilation-Requirements -- /Applications/Xcode-27.0.0-Release.Candidate.app/Contents/Developer/Toolchains/XcodeDefault.xctoolchain/usr/bin/swiftc -parse-as-library -module-name HTTPCodable -Onone @/Users/admin/builder/spi-builder-workspace/.derivedData/Build/Intermediates.noindex/HTTPCodable.build/Debug-watchos/HTTPCodable-t.build/Objects-normal/arm64_32/HTTPCodable.SwiftFileList -DSWIFT_PACKAGE -DDEBUG -DSWIFT_MODULE_RESOURCE_BUNDLE_UNAVAILABLE -DXcode -plugin-path /Applications/Xcode-27.0.0-Release.Candidate.app/Contents/Developer/Toolchains/XcodeDefault.xctoolchain/usr/lib/swift/host/plugins/testing -enable-experimental-feature DebugDescriptionMacro -sdk /Applications/Xcode-27.0.0-Release.Candidate.app/Contents/Developer/Platforms/WatchOS.platform/Developer/SDKs/WatchOS27.0.sdk -target arm64_32-apple-watchos9.0 -g -module-cache-path /Users/admin/builder/spi-builder-workspace/.derivedData/ModuleCache.noindex -Xfrontend -serialize-debugging-options -profile-coverage-mapping -profile-generate -enable-testing -index-store-path /Users/admin/builder/spi-builder-workspace/.derivedData/Index.noindex/DataStore -Xcc -D_LIBCPP_HARDENING_MODE\=_LIBCPP_HARDENING_MODE_DEBUG -swift-version 4 -I /Users/admin/builder/spi-builder-workspace/.derivedData/Build/Products/Debug-watchos -Isystem /Applications/Xcode-27.0.0-Release.Candidate.app/Contents/Developer/Platforms/WatchOS.platform/Developer/usr/lib -F /Users/admin/builder/spi-builder-workspace/.derivedData/Build/Products/Debug-watchos/PackageFrameworks -F /Users/admin/builder/spi-builder-workspace/.derivedData/Build/Products/Debug-watchos -F /Applications/Xcode-27.0.0-Release.Candidate.app/Contents/Developer/Platforms/WatchOS.platform/Developer/Library/Frameworks -F /Applications/Xcode-27.0.0-Release.Candidate.app/Contents/Developer/Platforms/WatchOS.platform/Developer/SDKs/WatchOS27.0.sdk/Developer/Library/Frameworks -c -j10 -enable-batch-mode -incremental -Xcc -ivfsstatcache -Xcc /Users/admin/builder/spi-builder-workspace/.derivedData/SDKStatCaches.noindex/watchos27.0-24R360-e829b21a6f8c9b70876ba0858053c04477534ef55a1706bf4c1112bbb242f0a2.sdkstatcache -output-file-map /Users/admin/builder/spi-builder-workspace/.derivedData/Build/Intermediates.noindex/HTTPCodable.build/Debug-watchos/HTTPCodable-t.build/Objects-normal/arm64_32/HTTPCodable-OutputFileMap.json -save-temps -no-color-diagnostics -emit-dependencies -emit-module -emit-module-path /Users/admin/builder/spi-builder-workspace/.derivedData/Build/Intermediates.noindex/HTTPCodable.build/Debug-watchos/HTTPCodable-t.build/Objects-normal/arm64_32/HTTPCodable.swiftmodule -serialize-diagnostics -validate-clang-modules-once -clang-build-session-file /Users/admin/builder/spi-builder-workspace/.derivedData/ModuleCache.noindex/Session.modulevalidation -Xcc -fmodules-prune-interval\=86400 -Xcc -fmodules-prune-after\=345600 -emit-const-values -const-gather-protocols-list /Users/admin/builder/spi-builder-workspace/.derivedData/Build/Intermediates.noindex/HTTPCodable.build/Debug-watchos/HTTPCodable-t.build/Objects-normal/arm64_32/HTTPCodable_const_extract_protocols.json -Xcc -I/Users/admin/builder/spi-builder-workspace/.derivedData/Build/Products/Debug-watchos/include -Xcc -I/Users/admin/builder/spi-builder-workspace/.derivedData/Build/Intermediates.noindex/HTTPCodable.build/Debug-watchos/HTTPCodable-t.build/DerivedSources-normal/arm64_32 -Xcc -I/Users/admin/builder/spi-builder-workspace/.derivedData/Build/Intermediates.noindex/HTTPCodable.build/Debug-watchos/HTTPCodable-t.build/DerivedSources/arm64_32 -Xcc -I/Users/admin/builder/spi-builder-workspace/.derivedData/Build/Intermediates.noindex/HTTPCodable.build/Debug-watchos/HTTPCodable-t.build/DerivedSources -Xcc -DSWIFT_PACKAGE -Xcc -DDEBUG\=1 -emit-objc-header -emit-objc-header-path /Users/admin/builder/spi-builder-workspace/.derivedData/Build/Intermediates.noindex/HTTPCodable.build/Debug-watchos/HTTPCodable-t.build/Objects-normal/arm64_32/HTTPCodable-Swift.h -working-directory /Users/admin/builder/spi-builder-workspace/.swiftpm/xcode -experimental-emit-module-separately -disable-cmo
SwiftDriverJobDiscovery normal arm64 Compiling HTTPCodable.swift (in target 'HTTPCodable' from project 'HTTPCodable')
SwiftCompile normal arm64_32 Compiling\ CodableClient+Rest.swift /Users/admin/builder/spi-builder-workspace/Sources/HTTPCodable/CodableClient/CodableClient+Rest.swift (in target 'HTTPCodable' from project 'HTTPCodable')
/Users/admin/builder/spi-builder-workspace/Sources/HTTPCodable/CodableClient/CodableClient+Rest.swift:10:45: error: invalid conversion from throwing function of type '(Data) throws -> T' to non-throwing function type '(Data) -> T'
8 | let response: DataResponse = request(.get, url: url, body: nil, query: query)
9 |
10 | return (future: response.future.map { data in
| `- error: invalid conversion from throwing function of type '(Data) throws -> T' to non-throwing function type '(Data) -> T'
11 | try self.decode(data: data, to: T.self)
12 | }, task: response.task)
/Users/admin/builder/spi-builder-workspace/Sources/HTTPCodable/CodableClient/CodableClient+Rest.swift:27:45: error: invalid conversion from throwing function of type '(Data) throws -> T' to non-throwing function type '(Data) -> T'
25 | let response: DataResponse = request(.post, url: url, body: body, query: query)
26 |
27 | return (future: response.future.map { data in
| `- error: invalid conversion from throwing function of type '(Data) throws -> T' to non-throwing function type '(Data) -> T'
28 | try self.decode(data: data, to: T.self)
29 | }, task: response.task)
/Users/admin/builder/spi-builder-workspace/Sources/HTTPCodable/CodableClient/CodableClient+Rest.swift:44:45: error: invalid conversion from throwing function of type '(Data) throws -> T' to non-throwing function type '(Data) -> T'
42 | let response: DataResponse = request(.put, url: url, body: body, query: query)
43 |
44 | return (future: response.future.map { data in
| `- error: invalid conversion from throwing function of type '(Data) throws -> T' to non-throwing function type '(Data) -> T'
45 | try self.decode(data: data, to: T.self)
46 | }, task: response.task)
/Users/admin/builder/spi-builder-workspace/Sources/HTTPCodable/CodableClient/CodableClient+Rest.swift:61:45: error: invalid conversion from throwing function of type '(Data) throws -> T' to non-throwing function type '(Data) -> T'
59 | let response: DataResponse = request(.patch, url: url, body: body, query: query)
60 |
61 | return (future: response.future.map { data in
| `- error: invalid conversion from throwing function of type '(Data) throws -> T' to non-throwing function type '(Data) -> T'
62 | try self.decode(data: data, to: T.self)
63 | }, task: response.task)
/Users/admin/builder/spi-builder-workspace/Sources/HTTPCodable/CodableClient/CodableClient+Rest.swift:77:45: error: invalid conversion from throwing function of type '(Data) throws -> T' to non-throwing function type '(Data) -> T'
75 | let response: DataResponse = request(.get, url: url, body: nil, query: query)
76 |
77 | return (future: response.future.map { data in
| `- error: invalid conversion from throwing function of type '(Data) throws -> T' to non-throwing function type '(Data) -> T'
78 | try self.decode(data: data, to: T.self)
79 | }, task: response.task)
Failed frontend command:
/Applications/Xcode-27.0.0-Release.Candidate.app/Contents/Developer/Toolchains/XcodeDefault.xctoolchain/usr/bin/swift-frontend -frontend -c /Users/admin/builder/spi-builder-workspace/Sources/HTTPCodable/Client.swift /Users/admin/builder/spi-builder-workspace/Sources/HTTPCodable/CodableClient/CodableClient+Codable.swift /Users/admin/builder/spi-builder-workspace/Sources/HTTPCodable/CodableClient/CodableClient+Request.swift -primary-file /Users/admin/builder/spi-builder-workspace/Sources/HTTPCodable/CodableClient/CodableClient+Rest.swift /Users/admin/builder/spi-builder-workspace/Sources/HTTPCodable/CodableClient/CodableClient.swift /Users/admin/builder/spi-builder-workspace/Sources/HTTPCodable/Errors/HTTPCodableError.swift /Users/admin/builder/spi-builder-workspace/Sources/HTTPCodable/Extensions/Encodable+Query.swift /Users/admin/builder/spi-builder-workspace/Sources/HTTPCodable/HTTP/HTTPCodableMethod.swift /Users/admin/builder/spi-builder-workspace/Sources/HTTPCodable/HTTPCodable/HTTPCodable.swift -emit-dependencies-path /Users/admin/builder/spi-builder-workspace/.derivedData/Build/Intermediates.noindex/HTTPCodable.build/Debug-watchos/HTTPCodable-t.build/Objects-normal/arm64_32/CodableClient+Rest.d -emit-const-values-path /Users/admin/builder/spi-builder-workspace/.derivedData/Build/Intermediates.noindex/HTTPCodable.build/Debug-watchos/HTTPCodable-t.build/Objects-normal/arm64_32/CodableClient+Rest.swiftconstvalues -emit-reference-dependencies-path /Users/admin/builder/spi-builder-workspace/.derivedData/Build/Intermediates.noindex/HTTPCodable.build/Debug-watchos/HTTPCodable-t.build/Objects-normal/arm64_32/CodableClient+Rest.swiftdeps -serialize-diagnostics-path /Users/admin/builder/spi-builder-workspace/.derivedData/Build/Intermediates.noindex/HTTPCodable.build/Debug-watchos/HTTPCodable-t.build/Objects-normal/arm64_32/CodableClient+Rest.dia -target arm64_32-apple-watchos9.0 -enable-objc-interop -sdk /Applications/Xcode-27.0.0-Release.Candidate.app/Contents/Developer/Platforms/WatchOS.platform/Developer/SDKs/WatchOS27.0.sdk -I /Users/admin/builder/spi-builder-workspace/.derivedData/Build/Products/Debug-watchos -Isystem /Applications/Xcode-27.0.0-Release.Candidate.app/Contents/Developer/Platforms/WatchOS.platform/Developer/usr/lib -F /Users/admin/builder/spi-builder-workspace/.derivedData/Build/Products/Debug-watchos/PackageFrameworks -F /Users/admin/builder/spi-builder-workspace/.derivedData/Build/Products/Debug-watchos -F /Applications/Xcode-27.0.0-Release.Candidate.app/Contents/Developer/Platforms/WatchOS.platform/Developer/Library/Frameworks -F /Applications/Xcode-27.0.0-Release.Candidate.app/Contents/Developer/Platforms/WatchOS.platform/Developer/SDKs/WatchOS27.0.sdk/Developer/Library/Frameworks -module-cache-path /Users/admin/builder/spi-builder-workspace/.derivedData/ModuleCache.noindex -no-color-diagnostics -Xcc -fno-color-diagnostics -enable-testing -g -debug-info-format\=dwarf -dwarf-version\=4 -profile-generate -profile-coverage-mapping -swift-version 4 -Onone -D SWIFT_PACKAGE -D DEBUG -D SWIFT_MODULE_RESOURCE_BUNDLE_UNAVAILABLE -D Xcode -serialize-debugging-options -enable-experimental-feature DebugDescriptionMacro -empty-abi-descriptor -plugin-path /Applications/Xcode-27.0.0-Release.Candidate.app/Contents/Developer/Toolchains/XcodeDefault.xctoolchain/usr/lib/swift/host/plugins/testing -validate-clang-modules-once -clang-build-session-file /Users/admin/builder/spi-builder-workspace/.derivedData/ModuleCache.noindex/Session.modulevalidation -Xcc -working-directory -Xcc /Users/admin/builder/spi-builder-workspace/.swiftpm/xcode -enable-anonymous-context-mangled-names -file-compilation-dir /Users/admin/builder/spi-builder-workspace/.swiftpm/xcode -Xcc -D_LIBCPP_HARDENING_MODE\=_LIBCPP_HARDENING_MODE_DEBUG -Xcc -ivfsstatcache -Xcc /Users/admin/builder/spi-builder-workspace/.derivedData/SDKStatCaches.noindex/watchos27.0-24R360-e829b21a6f8c9b70876ba0858053c04477534ef55a1706bf4c1112bbb242f0a2.sdkstatcache -Xcc -fmodules-prune-interval\=86400 -Xcc -fmodules-prune-after\=345600 -Xcc -I/Users/admin/builder/spi-builder-workspace/.derivedData/Build/Products/Debug-watchos/include -Xcc -I/Users/admin/builder/spi-builder-workspace/.derivedData/Build/Intermediates.noindex/HTTPCodable.build/Debug-watchos/HTTPCodable-t.build/DerivedSources-normal/arm64_32 -Xcc -I/Users/admin/builder/spi-builder-workspace/.derivedData/Build/Intermediates.noindex/HTTPCodable.build/Debug-watchos/HTTPCodable-t.build/DerivedSources/arm64_32 -Xcc -I/Users/admin/builder/spi-builder-workspace/.derivedData/Build/Intermediates.noindex/HTTPCodable.build/Debug-watchos/HTTPCodable-t.build/DerivedSources -Xcc -DSWIFT_PACKAGE -Xcc -DDEBUG\=1 -no-auto-bridging-header-chaining -module-name HTTPCodable -const-gather-protocols-file /Users/admin/builder/spi-builder-workspace/.derivedData/Build/Intermediates.noindex/HTTPCodable.build/Debug-watchos/HTTPCodable-t.build/Objects-normal/arm64_32/HTTPCodable_const_extract_protocols.json -disable-clang-spi -target-sdk-version 27.0 -target-sdk-name watchos27.0 -external-plugin-path /Applications/Xcode-27.0.0-Release.Candidate.app/Contents/Developer/Platforms/WatchOS.platform/Developer/usr/lib/swift/host/plugins\#/Applications/Xcode-27.0.0-Release.Candidate.app/Contents/Developer/Platforms/WatchOS.platform/Developer/usr/bin/swift-plugin-server -external-plugin-path /Applications/Xcode-27.0.0-Release.Candidate.app/Contents/Developer/Platforms/WatchOS.platform/Developer/usr/local/lib/swift/host/plugins\#/Applications/Xcode-27.0.0-Release.Candidate.app/Contents/Developer/Platforms/WatchOS.platform/Developer/usr/bin/swift-plugin-server -in-process-plugin-server-path /Applications/Xcode-27.0.0-Release.Candidate.app/Contents/Developer/Toolchains/XcodeDefault.xctoolchain/usr/lib/swift/host/libSwiftInProcPluginServer.dylib -plugin-path /Applications/Xcode-27.0.0-Release.Candidate.app/Contents/Developer/Toolchains/XcodeDefault.xctoolchain/usr/lib/swift/host/plugins -plugin-path /Applications/Xcode-27.0.0-Release.Candidate.app/Contents/Developer/Toolchains/XcodeDefault.xctoolchain/usr/local/lib/swift/host/plugins -parse-as-library -o /Users/admin/builder/spi-builder-workspace/.derivedData/Build/Intermediates.noindex/HTTPCodable.build/Debug-watchos/HTTPCodable-t.build/Objects-normal/arm64_32/CodableClient+Rest.o -index-unit-output-path /HTTPCodable.build/Debug-watchos/HTTPCodable-t.build/Objects-normal/arm64_32/CodableClient+Rest.o -index-store-path /Users/admin/builder/spi-builder-workspace/.derivedData/Index.noindex/DataStore -index-system-modules
SwiftCompile normal arm64_32 /Users/admin/builder/spi-builder-workspace/Sources/HTTPCodable/CodableClient/CodableClient+Rest.swift (in target 'HTTPCodable' from project 'HTTPCodable')
cd /Users/admin/builder/spi-builder-workspace/.swiftpm/xcode
builtin-SwiftPerFileCompile CodableClient+Rest.swift
SwiftCompile normal arm64_32 Compiling\ HTTPCodableError.swift /Users/admin/builder/spi-builder-workspace/Sources/HTTPCodable/Errors/HTTPCodableError.swift (in target 'HTTPCodable' from project 'HTTPCodable')
SwiftCompile normal arm64_32 /Users/admin/builder/spi-builder-workspace/Sources/HTTPCodable/Errors/HTTPCodableError.swift (in target 'HTTPCodable' from project 'HTTPCodable')
cd /Users/admin/builder/spi-builder-workspace/.swiftpm/xcode
builtin-SwiftPerFileCompile HTTPCodableError.swift
SwiftDriverJobDiscovery normal arm64 Emitting module for HTTPCodable (in target 'HTTPCodable' from project 'HTTPCodable')
SwiftDriver\ Compilation\ Requirements HTTPCodable normal arm64 com.apple.xcode.tools.swift.compiler (in target 'HTTPCodable' from project 'HTTPCodable')
cd /Users/admin/builder/spi-builder-workspace/.swiftpm/xcode
builtin-Swift-Compilation-Requirements -- /Applications/Xcode-27.0.0-Release.Candidate.app/Contents/Developer/Toolchains/XcodeDefault.xctoolchain/usr/bin/swiftc -parse-as-library -module-name HTTPCodable -Onone @/Users/admin/builder/spi-builder-workspace/.derivedData/Build/Intermediates.noindex/HTTPCodable.build/Debug-watchos/HTTPCodable-t.build/Objects-normal/arm64/HTTPCodable.SwiftFileList -DSWIFT_PACKAGE -DDEBUG -DSWIFT_MODULE_RESOURCE_BUNDLE_UNAVAILABLE -DXcode -plugin-path /Applications/Xcode-27.0.0-Release.Candidate.app/Contents/Developer/Toolchains/XcodeDefault.xctoolchain/usr/lib/swift/host/plugins/testing -enable-experimental-feature DebugDescriptionMacro -sdk /Applications/Xcode-27.0.0-Release.Candidate.app/Contents/Developer/Platforms/WatchOS.platform/Developer/SDKs/WatchOS27.0.sdk -target arm64-apple-watchos9.0 -g -module-cache-path /Users/admin/builder/spi-builder-workspace/.derivedData/ModuleCache.noindex -Xfrontend -serialize-debugging-options -profile-coverage-mapping -profile-generate -enable-testing -index-store-path /Users/admin/builder/spi-builder-workspace/.derivedData/Index.noindex/DataStore -Xcc -D_LIBCPP_HARDENING_MODE\=_LIBCPP_HARDENING_MODE_DEBUG -swift-version 4 -I /Users/admin/builder/spi-builder-workspace/.derivedData/Build/Products/Debug-watchos -Isystem /Applications/Xcode-27.0.0-Release.Candidate.app/Contents/Developer/Platforms/WatchOS.platform/Developer/usr/lib -F /Users/admin/builder/spi-builder-workspace/.derivedData/Build/Products/Debug-watchos/PackageFrameworks -F /Users/admin/builder/spi-builder-workspace/.derivedData/Build/Products/Debug-watchos -F /Applications/Xcode-27.0.0-Release.Candidate.app/Contents/Developer/Platforms/WatchOS.platform/Developer/Library/Frameworks -F /Applications/Xcode-27.0.0-Release.Candidate.app/Contents/Developer/Platforms/WatchOS.platform/Developer/SDKs/WatchOS27.0.sdk/Developer/Library/Frameworks -c -j10 -enable-batch-mode -incremental -Xcc -ivfsstatcache -Xcc /Users/admin/builder/spi-builder-workspace/.derivedData/SDKStatCaches.noindex/watchos27.0-24R360-e829b21a6f8c9b70876ba0858053c04477534ef55a1706bf4c1112bbb242f0a2.sdkstatcache -output-file-map /Users/admin/builder/spi-builder-workspace/.derivedData/Build/Intermediates.noindex/HTTPCodable.build/Debug-watchos/HTTPCodable-t.build/Objects-normal/arm64/HTTPCodable-OutputFileMap.json -save-temps -no-color-diagnostics -emit-dependencies -emit-module -emit-module-path /Users/admin/builder/spi-builder-workspace/.derivedData/Build/Intermediates.noindex/HTTPCodable.build/Debug-watchos/HTTPCodable-t.build/Objects-normal/arm64/HTTPCodable.swiftmodule -serialize-diagnostics -validate-clang-modules-once -clang-build-session-file /Users/admin/builder/spi-builder-workspace/.derivedData/ModuleCache.noindex/Session.modulevalidation -Xcc -fmodules-prune-interval\=86400 -Xcc -fmodules-prune-after\=345600 -emit-const-values -const-gather-protocols-list /Users/admin/builder/spi-builder-workspace/.derivedData/Build/Intermediates.noindex/HTTPCodable.build/Debug-watchos/HTTPCodable-t.build/Objects-normal/arm64/HTTPCodable_const_extract_protocols.json -Xcc -I/Users/admin/builder/spi-builder-workspace/.derivedData/Build/Products/Debug-watchos/include -Xcc -I/Users/admin/builder/spi-builder-workspace/.derivedData/Build/Intermediates.noindex/HTTPCodable.build/Debug-watchos/HTTPCodable-t.build/DerivedSources-normal/arm64 -Xcc -I/Users/admin/builder/spi-builder-workspace/.derivedData/Build/Intermediates.noindex/HTTPCodable.build/Debug-watchos/HTTPCodable-t.build/DerivedSources/arm64 -Xcc -I/Users/admin/builder/spi-builder-workspace/.derivedData/Build/Intermediates.noindex/HTTPCodable.build/Debug-watchos/HTTPCodable-t.build/DerivedSources -Xcc -DSWIFT_PACKAGE -Xcc -DDEBUG\=1 -emit-objc-header -emit-objc-header-path /Users/admin/builder/spi-builder-workspace/.derivedData/Build/Intermediates.noindex/HTTPCodable.build/Debug-watchos/HTTPCodable-t.build/Objects-normal/arm64/HTTPCodable-Swift.h -working-directory /Users/admin/builder/spi-builder-workspace/.swiftpm/xcode -experimental-emit-module-separately -disable-cmo
SwiftDriverJobDiscovery normal arm64_32 Compiling CodableClient+Request.swift (in target 'HTTPCodable' from project 'HTTPCodable')
Copy /Users/admin/builder/spi-builder-workspace/.derivedData/Build/Products/Debug-watchos/HTTPCodable.swiftmodule/arm64_32-apple-watchos.swiftmodule /Users/admin/builder/spi-builder-workspace/.derivedData/Build/Intermediates.noindex/HTTPCodable.build/Debug-watchos/HTTPCodable-t.build/Objects-normal/arm64_32/HTTPCodable.swiftmodule (in target 'HTTPCodable' from project 'HTTPCodable')
cd /Users/admin/builder/spi-builder-workspace
builtin-copy -exclude .DS_Store -exclude CVS -exclude .svn -exclude .git -exclude .hg -resolve-src-symlinks -rename /Users/admin/builder/spi-builder-workspace/.derivedData/Build/Intermediates.noindex/HTTPCodable.build/Debug-watchos/HTTPCodable-t.build/Objects-normal/arm64_32/HTTPCodable.swiftmodule /Users/admin/builder/spi-builder-workspace/.derivedData/Build/Products/Debug-watchos/HTTPCodable.swiftmodule/arm64_32-apple-watchos.swiftmodule
Copy /Users/admin/builder/spi-builder-workspace/.derivedData/Build/Products/Debug-watchos/HTTPCodable.swiftmodule/arm64_32-apple-watchos.swiftdoc /Users/admin/builder/spi-builder-workspace/.derivedData/Build/Intermediates.noindex/HTTPCodable.build/Debug-watchos/HTTPCodable-t.build/Objects-normal/arm64_32/HTTPCodable.swiftdoc (in target 'HTTPCodable' from project 'HTTPCodable')
cd /Users/admin/builder/spi-builder-workspace
builtin-copy -exclude .DS_Store -exclude CVS -exclude .svn -exclude .git -exclude .hg -resolve-src-symlinks -rename /Users/admin/builder/spi-builder-workspace/.derivedData/Build/Intermediates.noindex/HTTPCodable.build/Debug-watchos/HTTPCodable-t.build/Objects-normal/arm64_32/HTTPCodable.swiftdoc /Users/admin/builder/spi-builder-workspace/.derivedData/Build/Products/Debug-watchos/HTTPCodable.swiftmodule/arm64_32-apple-watchos.swiftdoc
SwiftDriverJobDiscovery normal arm64 Compiling CodableClient+Codable.swift (in target 'HTTPCodable' from project 'HTTPCodable')
SwiftMergeGeneratedHeaders /Users/admin/builder/spi-builder-workspace/.derivedData/Build/Intermediates.noindex/GeneratedModuleMaps-watchos/HTTPCodable-Swift.h /Users/admin/builder/spi-builder-workspace/.derivedData/Build/Intermediates.noindex/HTTPCodable.build/Debug-watchos/HTTPCodable-t.build/Objects-normal/arm64/HTTPCodable-Swift.h /Users/admin/builder/spi-builder-workspace/.derivedData/Build/Intermediates.noindex/HTTPCodable.build/Debug-watchos/HTTPCodable-t.build/Objects-normal/arm64_32/HTTPCodable-Swift.h (in target 'HTTPCodable' from project 'HTTPCodable')
cd /Users/admin/builder/spi-builder-workspace
builtin-swiftHeaderTool -arch arm64 /Users/admin/builder/spi-builder-workspace/.derivedData/Build/Intermediates.noindex/HTTPCodable.build/Debug-watchos/HTTPCodable-t.build/Objects-normal/arm64/HTTPCodable-Swift.h -arch arm64_32 /Users/admin/builder/spi-builder-workspace/.derivedData/Build/Intermediates.noindex/HTTPCodable.build/Debug-watchos/HTTPCodable-t.build/Objects-normal/arm64_32/HTTPCodable-Swift.h -o /Users/admin/builder/spi-builder-workspace/.derivedData/Build/Intermediates.noindex/GeneratedModuleMaps-watchos/HTTPCodable-Swift.h
Copy /Users/admin/builder/spi-builder-workspace/.derivedData/Build/Products/Debug-watchos/HTTPCodable.swiftmodule/arm64_32-apple-watchos.abi.json /Users/admin/builder/spi-builder-workspace/.derivedData/Build/Intermediates.noindex/HTTPCodable.build/Debug-watchos/HTTPCodable-t.build/Objects-normal/arm64_32/HTTPCodable.abi.json (in target 'HTTPCodable' from project 'HTTPCodable')
cd /Users/admin/builder/spi-builder-workspace
builtin-copy -exclude .DS_Store -exclude CVS -exclude .svn -exclude .git -exclude .hg -resolve-src-symlinks -rename /Users/admin/builder/spi-builder-workspace/.derivedData/Build/Intermediates.noindex/HTTPCodable.build/Debug-watchos/HTTPCodable-t.build/Objects-normal/arm64_32/HTTPCodable.abi.json /Users/admin/builder/spi-builder-workspace/.derivedData/Build/Products/Debug-watchos/HTTPCodable.swiftmodule/arm64_32-apple-watchos.abi.json
Copy /Users/admin/builder/spi-builder-workspace/.derivedData/Build/Products/Debug-watchos/HTTPCodable.swiftmodule/arm64-apple-watchos.swiftmodule /Users/admin/builder/spi-builder-workspace/.derivedData/Build/Intermediates.noindex/HTTPCodable.build/Debug-watchos/HTTPCodable-t.build/Objects-normal/arm64/HTTPCodable.swiftmodule (in target 'HTTPCodable' from project 'HTTPCodable')
cd /Users/admin/builder/spi-builder-workspace
builtin-copy -exclude .DS_Store -exclude CVS -exclude .svn -exclude .git -exclude .hg -resolve-src-symlinks -rename /Users/admin/builder/spi-builder-workspace/.derivedData/Build/Intermediates.noindex/HTTPCodable.build/Debug-watchos/HTTPCodable-t.build/Objects-normal/arm64/HTTPCodable.swiftmodule /Users/admin/builder/spi-builder-workspace/.derivedData/Build/Products/Debug-watchos/HTTPCodable.swiftmodule/arm64-apple-watchos.swiftmodule
Copy /Users/admin/builder/spi-builder-workspace/.derivedData/Build/Products/Debug-watchos/HTTPCodable.swiftmodule/arm64-apple-watchos.swiftdoc /Users/admin/builder/spi-builder-workspace/.derivedData/Build/Intermediates.noindex/HTTPCodable.build/Debug-watchos/HTTPCodable-t.build/Objects-normal/arm64/HTTPCodable.swiftdoc (in target 'HTTPCodable' from project 'HTTPCodable')
cd /Users/admin/builder/spi-builder-workspace
builtin-copy -exclude .DS_Store -exclude CVS -exclude .svn -exclude .git -exclude .hg -resolve-src-symlinks -rename /Users/admin/builder/spi-builder-workspace/.derivedData/Build/Intermediates.noindex/HTTPCodable.build/Debug-watchos/HTTPCodable-t.build/Objects-normal/arm64/HTTPCodable.swiftdoc /Users/admin/builder/spi-builder-workspace/.derivedData/Build/Products/Debug-watchos/HTTPCodable.swiftmodule/arm64-apple-watchos.swiftdoc
Copy /Users/admin/builder/spi-builder-workspace/.derivedData/Build/Products/Debug-watchos/HTTPCodable.swiftmodule/arm64-apple-watchos.abi.json /Users/admin/builder/spi-builder-workspace/.derivedData/Build/Intermediates.noindex/HTTPCodable.build/Debug-watchos/HTTPCodable-t.build/Objects-normal/arm64/HTTPCodable.abi.json (in target 'HTTPCodable' from project 'HTTPCodable')
cd /Users/admin/builder/spi-builder-workspace
builtin-copy -exclude .DS_Store -exclude CVS -exclude .svn -exclude .git -exclude .hg -resolve-src-symlinks -rename /Users/admin/builder/spi-builder-workspace/.derivedData/Build/Intermediates.noindex/HTTPCodable.build/Debug-watchos/HTTPCodable-t.build/Objects-normal/arm64/HTTPCodable.abi.json /Users/admin/builder/spi-builder-workspace/.derivedData/Build/Products/Debug-watchos/HTTPCodable.swiftmodule/arm64-apple-watchos.abi.json
Copy /Users/admin/builder/spi-builder-workspace/.derivedData/Build/Products/Debug-watchos/HTTPCodable.swiftmodule/Project/arm64_32-apple-watchos.swiftsourceinfo /Users/admin/builder/spi-builder-workspace/.derivedData/Build/Intermediates.noindex/HTTPCodable.build/Debug-watchos/HTTPCodable-t.build/Objects-normal/arm64_32/HTTPCodable.swiftsourceinfo (in target 'HTTPCodable' from project 'HTTPCodable')
cd /Users/admin/builder/spi-builder-workspace
builtin-copy -exclude .DS_Store -exclude CVS -exclude .svn -exclude .git -exclude .hg -resolve-src-symlinks -rename /Users/admin/builder/spi-builder-workspace/.derivedData/Build/Intermediates.noindex/HTTPCodable.build/Debug-watchos/HTTPCodable-t.build/Objects-normal/arm64_32/HTTPCodable.swiftsourceinfo /Users/admin/builder/spi-builder-workspace/.derivedData/Build/Products/Debug-watchos/HTTPCodable.swiftmodule/Project/arm64_32-apple-watchos.swiftsourceinfo
Copy /Users/admin/builder/spi-builder-workspace/.derivedData/Build/Products/Debug-watchos/HTTPCodable.swiftmodule/Project/arm64-apple-watchos.swiftsourceinfo /Users/admin/builder/spi-builder-workspace/.derivedData/Build/Intermediates.noindex/HTTPCodable.build/Debug-watchos/HTTPCodable-t.build/Objects-normal/arm64/HTTPCodable.swiftsourceinfo (in target 'HTTPCodable' from project 'HTTPCodable')
cd /Users/admin/builder/spi-builder-workspace
builtin-copy -exclude .DS_Store -exclude CVS -exclude .svn -exclude .git -exclude .hg -resolve-src-symlinks -rename /Users/admin/builder/spi-builder-workspace/.derivedData/Build/Intermediates.noindex/HTTPCodable.build/Debug-watchos/HTTPCodable-t.build/Objects-normal/arm64/HTTPCodable.swiftsourceinfo /Users/admin/builder/spi-builder-workspace/.derivedData/Build/Products/Debug-watchos/HTTPCodable.swiftmodule/Project/arm64-apple-watchos.swiftsourceinfo
SwiftCompile normal arm64 Compiling\ CodableClient+Rest.swift /Users/admin/builder/spi-builder-workspace/Sources/HTTPCodable/CodableClient/CodableClient+Rest.swift (in target 'HTTPCodable' from project 'HTTPCodable')
/Users/admin/builder/spi-builder-workspace/Sources/HTTPCodable/CodableClient/CodableClient+Rest.swift:10:45: error: invalid conversion from throwing function of type '(Data) throws -> T' to non-throwing function type '(Data) -> T'
8 | let response: DataResponse = request(.get, url: url, body: nil, query: query)
9 |
10 | return (future: response.future.map { data in
| `- error: invalid conversion from throwing function of type '(Data) throws -> T' to non-throwing function type '(Data) -> T'
11 | try self.decode(data: data, to: T.self)
12 | }, task: response.task)
/Users/admin/builder/spi-builder-workspace/Sources/HTTPCodable/CodableClient/CodableClient+Rest.swift:27:45: error: invalid conversion from throwing function of type '(Data) throws -> T' to non-throwing function type '(Data) -> T'
25 | let response: DataResponse = request(.post, url: url, body: body, query: query)
26 |
27 | return (future: response.future.map { data in
| `- error: invalid conversion from throwing function of type '(Data) throws -> T' to non-throwing function type '(Data) -> T'
28 | try self.decode(data: data, to: T.self)
29 | }, task: response.task)
/Users/admin/builder/spi-builder-workspace/Sources/HTTPCodable/CodableClient/CodableClient+Rest.swift:44:45: error: invalid conversion from throwing function of type '(Data) throws -> T' to non-throwing function type '(Data) -> T'
42 | let response: DataResponse = request(.put, url: url, body: body, query: query)
43 |
44 | return (future: response.future.map { data in
| `- error: invalid conversion from throwing function of type '(Data) throws -> T' to non-throwing function type '(Data) -> T'
45 | try self.decode(data: data, to: T.self)
46 | }, task: response.task)
/Users/admin/builder/spi-builder-workspace/Sources/HTTPCodable/CodableClient/CodableClient+Rest.swift:61:45: error: invalid conversion from throwing function of type '(Data) throws -> T' to non-throwing function type '(Data) -> T'
59 | let response: DataResponse = request(.patch, url: url, body: body, query: query)
60 |
61 | return (future: response.future.map { data in
| `- error: invalid conversion from throwing function of type '(Data) throws -> T' to non-throwing function type '(Data) -> T'
62 | try self.decode(data: data, to: T.self)
63 | }, task: response.task)
SwiftCompile normal arm64 /Users/admin/builder/spi-builder-workspace/Sources/HTTPCodable/CodableClient/CodableClient+Rest.swift (in target 'HTTPCodable' from project 'HTTPCodable')
cd /Users/admin/builder/spi-builder-workspace/.swiftpm/xcode
builtin-SwiftPerFileCompile CodableClient+Rest.swift
SwiftDriverJobDiscovery normal arm64 Compiling HTTPCodableError.swift (in target 'HTTPCodable' from project 'HTTPCodable')
SwiftCompile normal arm64_32 Compiling\ Encodable+Query.swift /Users/admin/builder/spi-builder-workspace/Sources/HTTPCodable/Extensions/Encodable+Query.swift (in target 'HTTPCodable' from project 'HTTPCodable')
SwiftCompile normal arm64_32 /Users/admin/builder/spi-builder-workspace/Sources/HTTPCodable/Extensions/Encodable+Query.swift (in target 'HTTPCodable' from project 'HTTPCodable')
cd /Users/admin/builder/spi-builder-workspace/.swiftpm/xcode
builtin-SwiftPerFileCompile Encodable+Query.swift
SwiftDriver\ Compilation Futures normal arm64_32 com.apple.xcode.tools.swift.compiler (in target 'Futures' from project 'Futures')
cd /Users/admin/builder/spi-builder-workspace/.swiftpm/xcode
builtin-Swift-Compilation -- /Applications/Xcode-27.0.0-Release.Candidate.app/Contents/Developer/Toolchains/XcodeDefault.xctoolchain/usr/bin/swiftc -parse-as-library -module-name Futures -Onone @/Users/admin/builder/spi-builder-workspace/.derivedData/Build/Intermediates.noindex/Futures.build/Debug-watchos/Futures-t.build/Objects-normal/arm64_32/Futures.SwiftFileList -DSWIFT_PACKAGE -DDEBUG -DSWIFT_MODULE_RESOURCE_BUNDLE_UNAVAILABLE -DXcode -plugin-path /Applications/Xcode-27.0.0-Release.Candidate.app/Contents/Developer/Toolchains/XcodeDefault.xctoolchain/usr/lib/swift/host/plugins/testing -enable-experimental-feature DebugDescriptionMacro -sdk /Applications/Xcode-27.0.0-Release.Candidate.app/Contents/Developer/Platforms/WatchOS.platform/Developer/SDKs/WatchOS27.0.sdk -target arm64_32-apple-watchos9.0 -g -module-cache-path /Users/admin/builder/spi-builder-workspace/.derivedData/ModuleCache.noindex -Xfrontend -serialize-debugging-options -profile-coverage-mapping -profile-generate -enable-testing -suppress-warnings -index-store-path /Users/admin/builder/spi-builder-workspace/.derivedData/Index.noindex/DataStore -Xcc -D_LIBCPP_HARDENING_MODE\=_LIBCPP_HARDENING_MODE_DEBUG -swift-version 5 -I /Users/admin/builder/spi-builder-workspace/.derivedData/Build/Products/Debug-watchos -Isystem /Applications/Xcode-27.0.0-Release.Candidate.app/Contents/Developer/Platforms/WatchOS.platform/Developer/usr/lib -F /Users/admin/builder/spi-builder-workspace/.derivedData/Build/Products/Debug-watchos -F /Applications/Xcode-27.0.0-Release.Candidate.app/Contents/Developer/Platforms/WatchOS.platform/Developer/Library/Frameworks -F /Applications/Xcode-27.0.0-Release.Candidate.app/Contents/Developer/Platforms/WatchOS.platform/Developer/SDKs/WatchOS27.0.sdk/Developer/Library/Frameworks -c -j10 -enable-batch-mode -incremental -Xcc -ivfsstatcache -Xcc /Users/admin/builder/spi-builder-workspace/.derivedData/SDKStatCaches.noindex/watchos27.0-24R360-e829b21a6f8c9b70876ba0858053c04477534ef55a1706bf4c1112bbb242f0a2.sdkstatcache -output-file-map /Users/admin/builder/spi-builder-workspace/.derivedData/Build/Intermediates.noindex/Futures.build/Debug-watchos/Futures-t.build/Objects-normal/arm64_32/Futures-OutputFileMap.json -save-temps -no-color-diagnostics -explicit-module-build -module-cache-path /Users/admin/builder/spi-builder-workspace/.derivedData/Build/Intermediates.noindex/SwiftExplicitPrecompiledModules -clang-scanner-module-cache-path /Users/admin/builder/spi-builder-workspace/.derivedData/ModuleCache.noindex -sdk-module-cache-path /Users/admin/builder/spi-builder-workspace/.derivedData/SDKExplicitPrecompiledModules -emit-dependencies -emit-module -emit-module-path /Users/admin/builder/spi-builder-workspace/.derivedData/Build/Intermediates.noindex/Futures.build/Debug-watchos/Futures-t.build/Objects-normal/arm64_32/Futures.swiftmodule -serialize-diagnostics -dependency-scan-serialize-diagnostics-path /Users/admin/builder/spi-builder-workspace/.derivedData/Build/Intermediates.noindex/Futures.build/Debug-watchos/Futures-t.build/Objects-normal/arm64_32/Futures-dependency-scan.dia -validate-clang-modules-once -clang-build-session-file /Users/admin/builder/spi-builder-workspace/.derivedData/ModuleCache.noindex/Session.modulevalidation -Xcc -fmodules-prune-interval\=86400 -Xcc -fmodules-prune-after\=345600 -emit-const-values -const-gather-protocols-list /Users/admin/builder/spi-builder-workspace/.derivedData/Build/Intermediates.noindex/Futures.build/Debug-watchos/Futures-t.build/Objects-normal/arm64_32/Futures_const_extract_protocols.json -Xcc -I/Users/admin/builder/spi-builder-workspace/.derivedData/Build/Products/Debug-watchos/include -Xcc -I/Users/admin/builder/spi-builder-workspace/.derivedData/Build/Intermediates.noindex/Futures.build/Debug-watchos/Futures-t.build/DerivedSources-normal/arm64_32 -Xcc -I/Users/admin/builder/spi-builder-workspace/.derivedData/Build/Intermediates.noindex/Futures.build/Debug-watchos/Futures-t.build/DerivedSources/arm64_32 -Xcc -I/Users/admin/builder/spi-builder-workspace/.derivedData/Build/Intermediates.noindex/Futures.build/Debug-watchos/Futures-t.build/DerivedSources -Xcc -DSWIFT_PACKAGE -Xcc -DDEBUG\=1 -emit-objc-header -emit-objc-header-path /Users/admin/builder/spi-builder-workspace/.derivedData/Build/Intermediates.noindex/Futures.build/Debug-watchos/Futures-t.build/Objects-normal/arm64_32/Futures-Swift.h -working-directory /Users/admin/builder/spi-builder-workspace/.swiftpm/xcode -experimental-emit-module-separately -disable-cmo
SwiftDriver\ Compilation Futures normal arm64 com.apple.xcode.tools.swift.compiler (in target 'Futures' from project 'Futures')
cd /Users/admin/builder/spi-builder-workspace/.swiftpm/xcode
builtin-Swift-Compilation -- /Applications/Xcode-27.0.0-Release.Candidate.app/Contents/Developer/Toolchains/XcodeDefault.xctoolchain/usr/bin/swiftc -parse-as-library -module-name Futures -Onone @/Users/admin/builder/spi-builder-workspace/.derivedData/Build/Intermediates.noindex/Futures.build/Debug-watchos/Futures-t.build/Objects-normal/arm64/Futures.SwiftFileList -DSWIFT_PACKAGE -DDEBUG -DSWIFT_MODULE_RESOURCE_BUNDLE_UNAVAILABLE -DXcode -plugin-path /Applications/Xcode-27.0.0-Release.Candidate.app/Contents/Developer/Toolchains/XcodeDefault.xctoolchain/usr/lib/swift/host/plugins/testing -enable-experimental-feature DebugDescriptionMacro -sdk /Applications/Xcode-27.0.0-Release.Candidate.app/Contents/Developer/Platforms/WatchOS.platform/Developer/SDKs/WatchOS27.0.sdk -target arm64-apple-watchos9.0 -g -module-cache-path /Users/admin/builder/spi-builder-workspace/.derivedData/ModuleCache.noindex -Xfrontend -serialize-debugging-options -profile-coverage-mapping -profile-generate -enable-testing -suppress-warnings -index-store-path /Users/admin/builder/spi-builder-workspace/.derivedData/Index.noindex/DataStore -Xcc -D_LIBCPP_HARDENING_MODE\=_LIBCPP_HARDENING_MODE_DEBUG -swift-version 5 -I /Users/admin/builder/spi-builder-workspace/.derivedData/Build/Products/Debug-watchos -Isystem /Applications/Xcode-27.0.0-Release.Candidate.app/Contents/Developer/Platforms/WatchOS.platform/Developer/usr/lib -F /Users/admin/builder/spi-builder-workspace/.derivedData/Build/Products/Debug-watchos -F /Applications/Xcode-27.0.0-Release.Candidate.app/Contents/Developer/Platforms/WatchOS.platform/Developer/Library/Frameworks -F /Applications/Xcode-27.0.0-Release.Candidate.app/Contents/Developer/Platforms/WatchOS.platform/Developer/SDKs/WatchOS27.0.sdk/Developer/Library/Frameworks -c -j10 -enable-batch-mode -incremental -Xcc -ivfsstatcache -Xcc /Users/admin/builder/spi-builder-workspace/.derivedData/SDKStatCaches.noindex/watchos27.0-24R360-e829b21a6f8c9b70876ba0858053c04477534ef55a1706bf4c1112bbb242f0a2.sdkstatcache -output-file-map /Users/admin/builder/spi-builder-workspace/.derivedData/Build/Intermediates.noindex/Futures.build/Debug-watchos/Futures-t.build/Objects-normal/arm64/Futures-OutputFileMap.json -save-temps -no-color-diagnostics -explicit-module-build -module-cache-path /Users/admin/builder/spi-builder-workspace/.derivedData/Build/Intermediates.noindex/SwiftExplicitPrecompiledModules -clang-scanner-module-cache-path /Users/admin/builder/spi-builder-workspace/.derivedData/ModuleCache.noindex -sdk-module-cache-path /Users/admin/builder/spi-builder-workspace/.derivedData/SDKExplicitPrecompiledModules -emit-dependencies -emit-module -emit-module-path /Users/admin/builder/spi-builder-workspace/.derivedData/Build/Intermediates.noindex/Futures.build/Debug-watchos/Futures-t.build/Objects-normal/arm64/Futures.swiftmodule -serialize-diagnostics -dependency-scan-serialize-diagnostics-path /Users/admin/builder/spi-builder-workspace/.derivedData/Build/Intermediates.noindex/Futures.build/Debug-watchos/Futures-t.build/Objects-normal/arm64/Futures-dependency-scan.dia -validate-clang-modules-once -clang-build-session-file /Users/admin/builder/spi-builder-workspace/.derivedData/ModuleCache.noindex/Session.modulevalidation -Xcc -fmodules-prune-interval\=86400 -Xcc -fmodules-prune-after\=345600 -emit-const-values -const-gather-protocols-list /Users/admin/builder/spi-builder-workspace/.derivedData/Build/Intermediates.noindex/Futures.build/Debug-watchos/Futures-t.build/Objects-normal/arm64/Futures_const_extract_protocols.json -Xcc -I/Users/admin/builder/spi-builder-workspace/.derivedData/Build/Products/Debug-watchos/include -Xcc -I/Users/admin/builder/spi-builder-workspace/.derivedData/Build/Intermediates.noindex/Futures.build/Debug-watchos/Futures-t.build/DerivedSources-normal/arm64 -Xcc -I/Users/admin/builder/spi-builder-workspace/.derivedData/Build/Intermediates.noindex/Futures.build/Debug-watchos/Futures-t.build/DerivedSources/arm64 -Xcc -I/Users/admin/builder/spi-builder-workspace/.derivedData/Build/Intermediates.noindex/Futures.build/Debug-watchos/Futures-t.build/DerivedSources -Xcc -DSWIFT_PACKAGE -Xcc -DDEBUG\=1 -emit-objc-header -emit-objc-header-path /Users/admin/builder/spi-builder-workspace/.derivedData/Build/Intermediates.noindex/Futures.build/Debug-watchos/Futures-t.build/Objects-normal/arm64/Futures-Swift.h -working-directory /Users/admin/builder/spi-builder-workspace/.swiftpm/xcode -experimental-emit-module-separately -disable-cmo
Ld /Users/admin/builder/spi-builder-workspace/.derivedData/Build/Intermediates.noindex/Futures.build/Debug-watchos/Futures-t.build/Objects-normal/arm64_32/Binary/Futures.o normal arm64_32 (in target 'Futures' from project 'Futures')
cd /Users/admin/builder/spi-builder-workspace/.dependencies/checkouts/Futures
/Applications/Xcode-27.0.0-Release.Candidate.app/Contents/Developer/Toolchains/XcodeDefault.xctoolchain/usr/bin/clang -Xlinker -reproducible -target arm64_32-apple-watchos9.0 -r -isysroot /Applications/Xcode-27.0.0-Release.Candidate.app/Contents/Developer/Platforms/WatchOS.platform/Developer/SDKs/WatchOS27.0.sdk -O0 -w -Xlinker -no_warn_duplicate_libraries -F/Users/admin/builder/spi-builder-workspace/.derivedData/Build/Intermediates.noindex/EagerLinkingTBDs/Debug-watchos -F/Users/admin/builder/spi-builder-workspace/.derivedData/Build/Products/Debug-watchos -iframework /Applications/Xcode-27.0.0-Release.Candidate.app/Contents/Developer/Platforms/WatchOS.platform/Developer/Library/Frameworks -iframework /Applications/Xcode-27.0.0-Release.Candidate.app/Contents/Developer/Platforms/WatchOS.platform/Developer/SDKs/WatchOS27.0.sdk/Developer/Library/Frameworks -filelist /Users/admin/builder/spi-builder-workspace/.derivedData/Build/Intermediates.noindex/Futures.build/Debug-watchos/Futures-t.build/Objects-normal/arm64_32/Futures.LinkFileList -nostdlib -Xlinker -object_path_lto -Xlinker /Users/admin/builder/spi-builder-workspace/.derivedData/Build/Intermediates.noindex/Futures.build/Debug-watchos/Futures-t.build/Objects-normal/arm64_32/Futures_lto.o -Xlinker -no_deduplicate -Xlinker -debug_variant -Xlinker -dependency_info -Xlinker /Users/admin/builder/spi-builder-workspace/.derivedData/Build/Intermediates.noindex/Futures.build/Debug-watchos/Futures-t.build/Objects-normal/arm64_32/Futures_dependency_info.dat -fobjc-link-runtime -L/Applications/Xcode-27.0.0-Release.Candidate.app/Contents/Developer/Toolchains/XcodeDefault.xctoolchain/usr/lib/swift/watchos -L/usr/lib/swift -Xlinker -add_ast_path -Xlinker /Users/admin/builder/spi-builder-workspace/.derivedData/Build/Intermediates.noindex/Futures.build/Debug-watchos/Futures-t.build/Objects-normal/arm64_32/Futures.swiftmodule -o /Users/admin/builder/spi-builder-workspace/.derivedData/Build/Intermediates.noindex/Futures.build/Debug-watchos/Futures-t.build/Objects-normal/arm64_32/Binary/Futures.o
SwiftDriverJobDiscovery normal arm64 Compiling Client.swift (in target 'HTTPCodable' from project 'HTTPCodable')
Ld /Users/admin/builder/spi-builder-workspace/.derivedData/Build/Intermediates.noindex/Futures.build/Debug-watchos/Futures-t.build/Objects-normal/arm64/Binary/Futures.o normal arm64 (in target 'Futures' from project 'Futures')
cd /Users/admin/builder/spi-builder-workspace/.dependencies/checkouts/Futures
/Applications/Xcode-27.0.0-Release.Candidate.app/Contents/Developer/Toolchains/XcodeDefault.xctoolchain/usr/bin/clang -Xlinker -reproducible -target arm64-apple-watchos9.0 -r -isysroot /Applications/Xcode-27.0.0-Release.Candidate.app/Contents/Developer/Platforms/WatchOS.platform/Developer/SDKs/WatchOS27.0.sdk -O0 -w -Xlinker -no_warn_duplicate_libraries -F/Users/admin/builder/spi-builder-workspace/.derivedData/Build/Intermediates.noindex/EagerLinkingTBDs/Debug-watchos -F/Users/admin/builder/spi-builder-workspace/.derivedData/Build/Products/Debug-watchos -iframework /Applications/Xcode-27.0.0-Release.Candidate.app/Contents/Developer/Platforms/WatchOS.platform/Developer/Library/Frameworks -iframework /Applications/Xcode-27.0.0-Release.Candidate.app/Contents/Developer/Platforms/WatchOS.platform/Developer/SDKs/WatchOS27.0.sdk/Developer/Library/Frameworks -filelist /Users/admin/builder/spi-builder-workspace/.derivedData/Build/Intermediates.noindex/Futures.build/Debug-watchos/Futures-t.build/Objects-normal/arm64/Futures.LinkFileList -nostdlib -Xlinker -object_path_lto -Xlinker /Users/admin/builder/spi-builder-workspace/.derivedData/Build/Intermediates.noindex/Futures.build/Debug-watchos/Futures-t.build/Objects-normal/arm64/Futures_lto.o -Xlinker -no_deduplicate -Xlinker -debug_variant -Xlinker -dependency_info -Xlinker /Users/admin/builder/spi-builder-workspace/.derivedData/Build/Intermediates.noindex/Futures.build/Debug-watchos/Futures-t.build/Objects-normal/arm64/Futures_dependency_info.dat -fobjc-link-runtime -L/Applications/Xcode-27.0.0-Release.Candidate.app/Contents/Developer/Toolchains/XcodeDefault.xctoolchain/usr/lib/swift/watchos -L/usr/lib/swift -Xlinker -add_ast_path -Xlinker /Users/admin/builder/spi-builder-workspace/.derivedData/Build/Intermediates.noindex/Futures.build/Debug-watchos/Futures-t.build/Objects-normal/arm64/Futures.swiftmodule -o /Users/admin/builder/spi-builder-workspace/.derivedData/Build/Intermediates.noindex/Futures.build/Debug-watchos/Futures-t.build/Objects-normal/arm64/Binary/Futures.o
CreateUniversalBinary /Users/admin/builder/spi-builder-workspace/.derivedData/Build/Products/Debug-watchos/Futures.o normal arm64\ arm64_32 (in target 'Futures' from project 'Futures')
cd /Users/admin/builder/spi-builder-workspace/.dependencies/checkouts/Futures
/Applications/Xcode-27.0.0-Release.Candidate.app/Contents/Developer/Toolchains/XcodeDefault.xctoolchain/usr/bin/lipo -create /Users/admin/builder/spi-builder-workspace/.derivedData/Build/Intermediates.noindex/Futures.build/Debug-watchos/Futures-t.build/Objects-normal/arm64/Binary/Futures.o /Users/admin/builder/spi-builder-workspace/.derivedData/Build/Intermediates.noindex/Futures.build/Debug-watchos/Futures-t.build/Objects-normal/arm64_32/Binary/Futures.o -output /Users/admin/builder/spi-builder-workspace/.derivedData/Build/Products/Debug-watchos/Futures.o
SwiftDriverJobDiscovery normal arm64 Compiling HTTPCodableMethod.swift (in target 'HTTPCodable' from project 'HTTPCodable')
ExtractAppIntentsMetadata (in target 'Futures' from project 'Futures')
cd /Users/admin/builder/spi-builder-workspace/.dependencies/checkouts/Futures
/Applications/Xcode-27.0.0-Release.Candidate.app/Contents/Developer/Toolchains/XcodeDefault.xctoolchain/usr/bin/appintentsmetadataprocessor --toolchain-dir /var/run/com.apple.security.cryptexd/mnt/com.apple.MobileAsset.MetalToolchain-v27.1.266.1.VmzvB5/Metal.xctoolchain --module-name Futures --sdk-root /Applications/Xcode-27.0.0-Release.Candidate.app/Contents/Developer/Platforms/WatchOS.platform/Developer/SDKs/WatchOS27.0.sdk --xcode-version 27A266a --platform-family watchOS --deployment-target 9.0 --bundle-identifier futures.Futures --output /Users/admin/builder/spi-builder-workspace/.derivedData/Build/Products/Debug-watchos/Futures.appintents --target-triple arm64-apple-watchos9.0 --target-triple arm64_32-apple-watchos9.0 --binary-file /Users/admin/builder/spi-builder-workspace/.derivedData/Build/Products/Debug-watchos/Futures.o --dependency-file /Users/admin/builder/spi-builder-workspace/.derivedData/Build/Intermediates.noindex/Futures.build/Debug-watchos/Futures-t.build/Objects-normal/arm64/Futures_dependency_info.dat --dependency-file /Users/admin/builder/spi-builder-workspace/.derivedData/Build/Intermediates.noindex/Futures.build/Debug-watchos/Futures-t.build/Objects-normal/arm64_32/Futures_dependency_info.dat --stringsdata-file /Users/admin/builder/spi-builder-workspace/.derivedData/Build/Intermediates.noindex/Futures.build/Debug-watchos/Futures-t.build/Objects-normal/arm64/ExtractedAppShortcutsMetadata.stringsdata --stringsdata-file /Users/admin/builder/spi-builder-workspace/.derivedData/Build/Intermediates.noindex/Futures.build/Debug-watchos/Futures-t.build/Objects-normal/arm64_32/ExtractedAppShortcutsMetadata.stringsdata --source-file-list /Users/admin/builder/spi-builder-workspace/.derivedData/Build/Intermediates.noindex/Futures.build/Debug-watchos/Futures-t.build/Objects-normal/arm64/Futures.SwiftFileList --source-file-list /Users/admin/builder/spi-builder-workspace/.derivedData/Build/Intermediates.noindex/Futures.build/Debug-watchos/Futures-t.build/Objects-normal/arm64_32/Futures.SwiftFileList --metadata-file-list /Users/admin/builder/spi-builder-workspace/.derivedData/Build/Intermediates.noindex/Futures.build/Debug-watchos/Futures-t.build/Futures.DependencyMetadataFileList --static-metadata-file-list /Users/admin/builder/spi-builder-workspace/.derivedData/Build/Intermediates.noindex/Futures.build/Debug-watchos/Futures-t.build/Futures.DependencyStaticMetadataFileList --swift-const-vals-list /Users/admin/builder/spi-builder-workspace/.derivedData/Build/Intermediates.noindex/Futures.build/Debug-watchos/Futures-t.build/Objects-normal/arm64/Futures.SwiftConstValuesFileList --swift-const-vals-list /Users/admin/builder/spi-builder-workspace/.derivedData/Build/Intermediates.noindex/Futures.build/Debug-watchos/Futures-t.build/Objects-normal/arm64_32/Futures.SwiftConstValuesFileList --force --compile-time-extraction --deployment-aware-processing --no-app-shortcuts-localization
PruneExplicitPrecompiledModules /Users/admin/builder/spi-builder-workspace/.derivedData/Build/Intermediates.noindex/SwiftExplicitPrecompiledModules
PruneExplicitPrecompiledModules /Users/admin/builder/spi-builder-workspace/.derivedData/Build/Intermediates.noindex/ExplicitPrecompiledModules
PruneExplicitPrecompiledModules /Users/admin/builder/spi-builder-workspace/.derivedData/SDKExplicitPrecompiledModules
2026-09-16 04:24:43.394 xcodebuild[685:4385] [MT] IDERunDestination: Supported platforms for the buildables in the current scheme is empty.
** BUILD FAILED **
The following build commands failed:
SwiftCompile normal arm64_32 Compiling\ CodableClient+Rest.swift /Users/admin/builder/spi-builder-workspace/Sources/HTTPCodable/CodableClient/CodableClient+Rest.swift (in target 'HTTPCodable' from project 'HTTPCodable')
SwiftCompile normal arm64_32 /Users/admin/builder/spi-builder-workspace/Sources/HTTPCodable/CodableClient/CodableClient+Rest.swift (in target 'HTTPCodable' from project 'HTTPCodable')
Building workspace HTTPCodable with scheme HTTPCodable
(3 failures)
Command line invocation:
/Applications/Xcode-27.0.0-Release.Candidate.app/Contents/Developer/usr/bin/xcodebuild -IDEClonedSourcePackagesDirPathOverride=/Users/admin/builder/spi-builder-workspace/.dependencies -resolvePackageDependencies
Resolve Package Graph
Resolved source packages:
HTTPCodable: /Users/admin/builder/spi-builder-workspace
Futures: https://github.com/formbound/Futures.git @ 1.6.1
resolved source packages: HTTPCodable, Futures
2026-09-16 04:24:50.078 xcodebuild[798:4909] [MT] IDERunDestination: Supported platforms for the buildables in the current scheme is empty.
{
"dependencies" : [
{
"identity" : "futures",
"requirement" : {
"range" : [
{
"lower_bound" : "1.4.0",
"upper_bound" : "2.0.0"
}
]
},
"type" : "sourceControl",
"url" : "https://github.com/formbound/Futures.git"
}
],
"manifest_display_name" : "HTTPCodable",
"name" : "HTTPCodable",
"path" : "/Users/admin/builder/spi-builder-workspace",
"platforms" : [
],
"products" : [
{
"name" : "HTTPCodable",
"targets" : [
"HTTPCodable"
],
"type" : {
"library" : [
"automatic"
]
}
}
],
"targets" : [
{
"c99name" : "HTTPCodableTests",
"module_type" : "SwiftTarget",
"name" : "HTTPCodableTests",
"path" : "Tests/HTTPCodableTests",
"sources" : [
"HTTPCodableTests.swift",
"XCTestManifests.swift"
],
"target_dependencies" : [
"HTTPCodable"
],
"type" : "test"
},
{
"c99name" : "HTTPCodable",
"module_type" : "SwiftTarget",
"name" : "HTTPCodable",
"path" : "Sources/HTTPCodable",
"product_dependencies" : [
"Futures"
],
"product_memberships" : [
"HTTPCodable"
],
"sources" : [
"Client.swift",
"CodableClient/CodableClient+Codable.swift",
"CodableClient/CodableClient+Request.swift",
"CodableClient/CodableClient+Rest.swift",
"CodableClient/CodableClient.swift",
"Errors/HTTPCodableError.swift",
"Extensions/Encodable+Query.swift",
"HTTP/HTTPCodableMethod.swift",
"HTTPCodable/HTTPCodable.swift"
],
"type" : "library"
}
],
"tools_version" : "4.0"
}
{
"workspace" : {
"name" : "HTTPCodable",
"schemes" : [
"HTTPCodable"
]
}
}
2026-09-16 04:24:51.299 xcodebuild[806:4976] [MT] IDERunDestination: Supported platforms for the buildables in the current scheme is empty.
Running build ...
env DEVELOPER_DIR=/Applications/Xcode-27.0.0-Release.Candidate.app xcrun xcodebuild -IDEClonedSourcePackagesDirPathOverride=$PWD/.dependencies -skipMacroValidation -skipPackagePluginValidation -derivedDataPath $PWD/.derivedData build -scheme HTTPCodable -destination generic/platform=watchOS
Command line invocation:
/Applications/Xcode-27.0.0-Release.Candidate.app/Contents/Developer/usr/bin/xcodebuild -IDEClonedSourcePackagesDirPathOverride=/Users/admin/builder/spi-builder-workspace/.dependencies -skipMacroValidation -skipPackagePluginValidation -derivedDataPath /Users/admin/builder/spi-builder-workspace/.derivedData build -scheme HTTPCodable -destination generic/platform=watchOS
Resolve Package Graph
Resolved source packages:
Futures: https://github.com/formbound/Futures.git @ 1.6.1
HTTPCodable: /Users/admin/builder/spi-builder-workspace
ComputePackagePrebuildTargetDependencyGraph
Prepare packages
CreateBuildRequest
SendProjectDescription
CreateBuildOperation
ComputeTargetDependencyGraph
note: Building targets in dependency order
note: Target dependency graph (4 targets)
Target 'HTTPCodable-product' in project 'HTTPCodable'
➜ Explicit dependency on target 'HTTPCodable' in project 'HTTPCodable'
➜ Explicit dependency on target 'Futures-product' in project 'Futures'
Target 'HTTPCodable' in project 'HTTPCodable'
➜ Explicit dependency on target 'Futures-product' in project 'Futures'
Target 'Futures-product' in project 'Futures'
➜ Explicit dependency on target 'Futures' in project 'Futures'
Target 'Futures' in project 'Futures' (no dependencies)
GatherProvisioningInputs
CreateBuildDescription
ClangStatCache /Applications/Xcode-27.0.0-Release.Candidate.app/Contents/Developer/Toolchains/XcodeDefault.xctoolchain/usr/bin/clang-stat-cache /Applications/Xcode-27.0.0-Release.Candidate.app/Contents/Developer/Platforms/WatchOS.platform/Developer/SDKs/WatchOS27.0.sdk /Users/admin/builder/spi-builder-workspace/.derivedData/SDKStatCaches.noindex/watchos27.0-24R360-e829b21a6f8c9b70876ba0858053c04477534ef55a1706bf4c1112bbb242f0a2.sdkstatcache
cd /Users/admin/builder/spi-builder-workspace/.swiftpm/xcode
/Applications/Xcode-27.0.0-Release.Candidate.app/Contents/Developer/Toolchains/XcodeDefault.xctoolchain/usr/bin/clang-stat-cache /Applications/Xcode-27.0.0-Release.Candidate.app/Contents/Developer/Platforms/WatchOS.platform/Developer/SDKs/WatchOS27.0.sdk -o /Users/admin/builder/spi-builder-workspace/.derivedData/SDKStatCaches.noindex/watchos27.0-24R360-e829b21a6f8c9b70876ba0858053c04477534ef55a1706bf4c1112bbb242f0a2.sdkstatcache
SwiftDriver HTTPCodable normal arm64_32 com.apple.xcode.tools.swift.compiler (in target 'HTTPCodable' from project 'HTTPCodable')
cd /Users/admin/builder/spi-builder-workspace/.swiftpm/xcode
builtin-SwiftDriver -- /Applications/Xcode-27.0.0-Release.Candidate.app/Contents/Developer/Toolchains/XcodeDefault.xctoolchain/usr/bin/swiftc -parse-as-library -module-name HTTPCodable -Onone @/Users/admin/builder/spi-builder-workspace/.derivedData/Build/Intermediates.noindex/HTTPCodable.build/Debug-watchos/HTTPCodable-t.build/Objects-normal/arm64_32/HTTPCodable.SwiftFileList -DSWIFT_PACKAGE -DDEBUG -DSWIFT_MODULE_RESOURCE_BUNDLE_UNAVAILABLE -DXcode -plugin-path /Applications/Xcode-27.0.0-Release.Candidate.app/Contents/Developer/Toolchains/XcodeDefault.xctoolchain/usr/lib/swift/host/plugins/testing -enable-experimental-feature DebugDescriptionMacro -sdk /Applications/Xcode-27.0.0-Release.Candidate.app/Contents/Developer/Platforms/WatchOS.platform/Developer/SDKs/WatchOS27.0.sdk -target arm64_32-apple-watchos9.0 -g -module-cache-path /Users/admin/builder/spi-builder-workspace/.derivedData/ModuleCache.noindex -Xfrontend -serialize-debugging-options -profile-coverage-mapping -profile-generate -enable-testing -index-store-path /Users/admin/builder/spi-builder-workspace/.derivedData/Index.noindex/DataStore -Xcc -D_LIBCPP_HARDENING_MODE\=_LIBCPP_HARDENING_MODE_DEBUG -swift-version 4 -I /Users/admin/builder/spi-builder-workspace/.derivedData/Build/Products/Debug-watchos -Isystem /Applications/Xcode-27.0.0-Release.Candidate.app/Contents/Developer/Platforms/WatchOS.platform/Developer/usr/lib -F /Users/admin/builder/spi-builder-workspace/.derivedData/Build/Products/Debug-watchos/PackageFrameworks -F /Users/admin/builder/spi-builder-workspace/.derivedData/Build/Products/Debug-watchos -F /Applications/Xcode-27.0.0-Release.Candidate.app/Contents/Developer/Platforms/WatchOS.platform/Developer/Library/Frameworks -F /Applications/Xcode-27.0.0-Release.Candidate.app/Contents/Developer/Platforms/WatchOS.platform/Developer/SDKs/WatchOS27.0.sdk/Developer/Library/Frameworks -c -j10 -enable-batch-mode -incremental -Xcc -ivfsstatcache -Xcc /Users/admin/builder/spi-builder-workspace/.derivedData/SDKStatCaches.noindex/watchos27.0-24R360-e829b21a6f8c9b70876ba0858053c04477534ef55a1706bf4c1112bbb242f0a2.sdkstatcache -output-file-map /Users/admin/builder/spi-builder-workspace/.derivedData/Build/Intermediates.noindex/HTTPCodable.build/Debug-watchos/HTTPCodable-t.build/Objects-normal/arm64_32/HTTPCodable-OutputFileMap.json -save-temps -no-color-diagnostics -emit-dependencies -emit-module -emit-module-path /Users/admin/builder/spi-builder-workspace/.derivedData/Build/Intermediates.noindex/HTTPCodable.build/Debug-watchos/HTTPCodable-t.build/Objects-normal/arm64_32/HTTPCodable.swiftmodule -serialize-diagnostics -validate-clang-modules-once -clang-build-session-file /Users/admin/builder/spi-builder-workspace/.derivedData/ModuleCache.noindex/Session.modulevalidation -Xcc -fmodules-prune-interval\=86400 -Xcc -fmodules-prune-after\=345600 -emit-const-values -const-gather-protocols-list /Users/admin/builder/spi-builder-workspace/.derivedData/Build/Intermediates.noindex/HTTPCodable.build/Debug-watchos/HTTPCodable-t.build/Objects-normal/arm64_32/HTTPCodable_const_extract_protocols.json -Xcc -I/Users/admin/builder/spi-builder-workspace/.derivedData/Build/Products/Debug-watchos/include -Xcc -I/Users/admin/builder/spi-builder-workspace/.derivedData/Build/Intermediates.noindex/HTTPCodable.build/Debug-watchos/HTTPCodable-t.build/DerivedSources-normal/arm64_32 -Xcc -I/Users/admin/builder/spi-builder-workspace/.derivedData/Build/Intermediates.noindex/HTTPCodable.build/Debug-watchos/HTTPCodable-t.build/DerivedSources/arm64_32 -Xcc -I/Users/admin/builder/spi-builder-workspace/.derivedData/Build/Intermediates.noindex/HTTPCodable.build/Debug-watchos/HTTPCodable-t.build/DerivedSources -Xcc -DSWIFT_PACKAGE -Xcc -DDEBUG\=1 -emit-objc-header -emit-objc-header-path /Users/admin/builder/spi-builder-workspace/.derivedData/Build/Intermediates.noindex/HTTPCodable.build/Debug-watchos/HTTPCodable-t.build/Objects-normal/arm64_32/HTTPCodable-Swift.h -working-directory /Users/admin/builder/spi-builder-workspace/.swiftpm/xcode -experimental-emit-module-separately -disable-cmo
ExtractAppIntentsMetadata (in target 'Futures' from project 'Futures')
cd /Users/admin/builder/spi-builder-workspace/.dependencies/checkouts/Futures
/Applications/Xcode-27.0.0-Release.Candidate.app/Contents/Developer/Toolchains/XcodeDefault.xctoolchain/usr/bin/appintentsmetadataprocessor --toolchain-dir /var/run/com.apple.security.cryptexd/mnt/com.apple.MobileAsset.MetalToolchain-v27.1.266.1.VmzvB5/Metal.xctoolchain --module-name Futures --sdk-root /Applications/Xcode-27.0.0-Release.Candidate.app/Contents/Developer/Platforms/WatchOS.platform/Developer/SDKs/WatchOS27.0.sdk --xcode-version 27A266a --platform-family watchOS --deployment-target 9.0 --bundle-identifier futures.Futures --output /Users/admin/builder/spi-builder-workspace/.derivedData/Build/Products/Debug-watchos/Futures.appintents --target-triple arm64-apple-watchos9.0 --target-triple arm64_32-apple-watchos9.0 --binary-file /Users/admin/builder/spi-builder-workspace/.derivedData/Build/Products/Debug-watchos/Futures.o --dependency-file /Users/admin/builder/spi-builder-workspace/.derivedData/Build/Intermediates.noindex/Futures.build/Debug-watchos/Futures-t.build/Objects-normal/arm64/Futures_dependency_info.dat --dependency-file /Users/admin/builder/spi-builder-workspace/.derivedData/Build/Intermediates.noindex/Futures.build/Debug-watchos/Futures-t.build/Objects-normal/arm64_32/Futures_dependency_info.dat --stringsdata-file /Users/admin/builder/spi-builder-workspace/.derivedData/Build/Intermediates.noindex/Futures.build/Debug-watchos/Futures-t.build/Objects-normal/arm64/ExtractedAppShortcutsMetadata.stringsdata --stringsdata-file /Users/admin/builder/spi-builder-workspace/.derivedData/Build/Intermediates.noindex/Futures.build/Debug-watchos/Futures-t.build/Objects-normal/arm64_32/ExtractedAppShortcutsMetadata.stringsdata --source-file-list /Users/admin/builder/spi-builder-workspace/.derivedData/Build/Intermediates.noindex/Futures.build/Debug-watchos/Futures-t.build/Objects-normal/arm64/Futures.SwiftFileList --source-file-list /Users/admin/builder/spi-builder-workspace/.derivedData/Build/Intermediates.noindex/Futures.build/Debug-watchos/Futures-t.build/Objects-normal/arm64_32/Futures.SwiftFileList --metadata-file-list /Users/admin/builder/spi-builder-workspace/.derivedData/Build/Intermediates.noindex/Futures.build/Debug-watchos/Futures-t.build/Futures.DependencyMetadataFileList --static-metadata-file-list /Users/admin/builder/spi-builder-workspace/.derivedData/Build/Intermediates.noindex/Futures.build/Debug-watchos/Futures-t.build/Futures.DependencyStaticMetadataFileList --swift-const-vals-list /Users/admin/builder/spi-builder-workspace/.derivedData/Build/Intermediates.noindex/Futures.build/Debug-watchos/Futures-t.build/Objects-normal/arm64/Futures.SwiftConstValuesFileList --swift-const-vals-list /Users/admin/builder/spi-builder-workspace/.derivedData/Build/Intermediates.noindex/Futures.build/Debug-watchos/Futures-t.build/Objects-normal/arm64_32/Futures.SwiftConstValuesFileList --force --compile-time-extraction --deployment-aware-processing --no-app-shortcuts-localization
2026-09-16 04:24:52.955 appintentsmetadataprocessor[810:5041] Starting appintentsmetadataprocessor export
2026-09-16 04:24:53.047 appintentsmetadataprocessor[810:5041] Extracted no relevant App Intents symbols, skipping writing output
SwiftDriver HTTPCodable normal arm64 com.apple.xcode.tools.swift.compiler (in target 'HTTPCodable' from project 'HTTPCodable')
cd /Users/admin/builder/spi-builder-workspace/.swiftpm/xcode
builtin-SwiftDriver -- /Applications/Xcode-27.0.0-Release.Candidate.app/Contents/Developer/Toolchains/XcodeDefault.xctoolchain/usr/bin/swiftc -parse-as-library -module-name HTTPCodable -Onone @/Users/admin/builder/spi-builder-workspace/.derivedData/Build/Intermediates.noindex/HTTPCodable.build/Debug-watchos/HTTPCodable-t.build/Objects-normal/arm64/HTTPCodable.SwiftFileList -DSWIFT_PACKAGE -DDEBUG -DSWIFT_MODULE_RESOURCE_BUNDLE_UNAVAILABLE -DXcode -plugin-path /Applications/Xcode-27.0.0-Release.Candidate.app/Contents/Developer/Toolchains/XcodeDefault.xctoolchain/usr/lib/swift/host/plugins/testing -enable-experimental-feature DebugDescriptionMacro -sdk /Applications/Xcode-27.0.0-Release.Candidate.app/Contents/Developer/Platforms/WatchOS.platform/Developer/SDKs/WatchOS27.0.sdk -target arm64-apple-watchos9.0 -g -module-cache-path /Users/admin/builder/spi-builder-workspace/.derivedData/ModuleCache.noindex -Xfrontend -serialize-debugging-options -profile-coverage-mapping -profile-generate -enable-testing -index-store-path /Users/admin/builder/spi-builder-workspace/.derivedData/Index.noindex/DataStore -Xcc -D_LIBCPP_HARDENING_MODE\=_LIBCPP_HARDENING_MODE_DEBUG -swift-version 4 -I /Users/admin/builder/spi-builder-workspace/.derivedData/Build/Products/Debug-watchos -Isystem /Applications/Xcode-27.0.0-Release.Candidate.app/Contents/Developer/Platforms/WatchOS.platform/Developer/usr/lib -F /Users/admin/builder/spi-builder-workspace/.derivedData/Build/Products/Debug-watchos/PackageFrameworks -F /Users/admin/builder/spi-builder-workspace/.derivedData/Build/Products/Debug-watchos -F /Applications/Xcode-27.0.0-Release.Candidate.app/Contents/Developer/Platforms/WatchOS.platform/Developer/Library/Frameworks -F /Applications/Xcode-27.0.0-Release.Candidate.app/Contents/Developer/Platforms/WatchOS.platform/Developer/SDKs/WatchOS27.0.sdk/Developer/Library/Frameworks -c -j10 -enable-batch-mode -incremental -Xcc -ivfsstatcache -Xcc /Users/admin/builder/spi-builder-workspace/.derivedData/SDKStatCaches.noindex/watchos27.0-24R360-e829b21a6f8c9b70876ba0858053c04477534ef55a1706bf4c1112bbb242f0a2.sdkstatcache -output-file-map /Users/admin/builder/spi-builder-workspace/.derivedData/Build/Intermediates.noindex/HTTPCodable.build/Debug-watchos/HTTPCodable-t.build/Objects-normal/arm64/HTTPCodable-OutputFileMap.json -save-temps -no-color-diagnostics -emit-dependencies -emit-module -emit-module-path /Users/admin/builder/spi-builder-workspace/.derivedData/Build/Intermediates.noindex/HTTPCodable.build/Debug-watchos/HTTPCodable-t.build/Objects-normal/arm64/HTTPCodable.swiftmodule -serialize-diagnostics -validate-clang-modules-once -clang-build-session-file /Users/admin/builder/spi-builder-workspace/.derivedData/ModuleCache.noindex/Session.modulevalidation -Xcc -fmodules-prune-interval\=86400 -Xcc -fmodules-prune-after\=345600 -emit-const-values -const-gather-protocols-list /Users/admin/builder/spi-builder-workspace/.derivedData/Build/Intermediates.noindex/HTTPCodable.build/Debug-watchos/HTTPCodable-t.build/Objects-normal/arm64/HTTPCodable_const_extract_protocols.json -Xcc -I/Users/admin/builder/spi-builder-workspace/.derivedData/Build/Products/Debug-watchos/include -Xcc -I/Users/admin/builder/spi-builder-workspace/.derivedData/Build/Intermediates.noindex/HTTPCodable.build/Debug-watchos/HTTPCodable-t.build/DerivedSources-normal/arm64 -Xcc -I/Users/admin/builder/spi-builder-workspace/.derivedData/Build/Intermediates.noindex/HTTPCodable.build/Debug-watchos/HTTPCodable-t.build/DerivedSources/arm64 -Xcc -I/Users/admin/builder/spi-builder-workspace/.derivedData/Build/Intermediates.noindex/HTTPCodable.build/Debug-watchos/HTTPCodable-t.build/DerivedSources -Xcc -DSWIFT_PACKAGE -Xcc -DDEBUG\=1 -emit-objc-header -emit-objc-header-path /Users/admin/builder/spi-builder-workspace/.derivedData/Build/Intermediates.noindex/HTTPCodable.build/Debug-watchos/HTTPCodable-t.build/Objects-normal/arm64/HTTPCodable-Swift.h -working-directory /Users/admin/builder/spi-builder-workspace/.swiftpm/xcode -experimental-emit-module-separately -disable-cmo
SwiftCompile normal arm64 Compiling\ CodableClient+Rest.swift /Users/admin/builder/spi-builder-workspace/Sources/HTTPCodable/CodableClient/CodableClient+Rest.swift (in target 'HTTPCodable' from project 'HTTPCodable')
SwiftCompile normal arm64 /Users/admin/builder/spi-builder-workspace/Sources/HTTPCodable/CodableClient/CodableClient+Rest.swift (in target 'HTTPCodable' from project 'HTTPCodable')
cd /Users/admin/builder/spi-builder-workspace/.swiftpm/xcode
builtin-SwiftPerFileCompile CodableClient+Rest.swift
/Users/admin/builder/spi-builder-workspace/Sources/HTTPCodable/CodableClient/CodableClient+Rest.swift:10:45: error: invalid conversion from throwing function of type '(Data) throws -> T' to non-throwing function type '(Data) -> T'
8 | let response: DataResponse = request(.get, url: url, body: nil, query: query)
9 |
10 | return (future: response.future.map { data in
| `- error: invalid conversion from throwing function of type '(Data) throws -> T' to non-throwing function type '(Data) -> T'
11 | try self.decode(data: data, to: T.self)
12 | }, task: response.task)
/Users/admin/builder/spi-builder-workspace/Sources/HTTPCodable/CodableClient/CodableClient+Rest.swift:27:45: error: invalid conversion from throwing function of type '(Data) throws -> T' to non-throwing function type '(Data) -> T'
25 | let response: DataResponse = request(.post, url: url, body: body, query: query)
26 |
27 | return (future: response.future.map { data in
| `- error: invalid conversion from throwing function of type '(Data) throws -> T' to non-throwing function type '(Data) -> T'
28 | try self.decode(data: data, to: T.self)
29 | }, task: response.task)
/Users/admin/builder/spi-builder-workspace/Sources/HTTPCodable/CodableClient/CodableClient+Rest.swift:44:45: error: invalid conversion from throwing function of type '(Data) throws -> T' to non-throwing function type '(Data) -> T'
42 | let response: DataResponse = request(.put, url: url, body: body, query: query)
43 |
44 | return (future: response.future.map { data in
| `- error: invalid conversion from throwing function of type '(Data) throws -> T' to non-throwing function type '(Data) -> T'
45 | try self.decode(data: data, to: T.self)
46 | }, task: response.task)
/Users/admin/builder/spi-builder-workspace/Sources/HTTPCodable/CodableClient/CodableClient+Rest.swift:61:45: error: invalid conversion from throwing function of type '(Data) throws -> T' to non-throwing function type '(Data) -> T'
59 | let response: DataResponse = request(.patch, url: url, body: body, query: query)
60 |
61 | return (future: response.future.map { data in
| `- error: invalid conversion from throwing function of type '(Data) throws -> T' to non-throwing function type '(Data) -> T'
62 | try self.decode(data: data, to: T.self)
63 | }, task: response.task)
/Users/admin/builder/spi-builder-workspace/Sources/HTTPCodable/CodableClient/CodableClient+Rest.swift:77:45: error: invalid conversion from throwing function of type '(Data) throws -> T' to non-throwing function type '(Data) -> T'
75 | let response: DataResponse = request(.get, url: url, body: nil, query: query)
76 |
77 | return (future: response.future.map { data in
| `- error: invalid conversion from throwing function of type '(Data) throws -> T' to non-throwing function type '(Data) -> T'
78 | try self.decode(data: data, to: T.self)
79 | }, task: response.task)
Failed frontend command:
/Applications/Xcode-27.0.0-Release.Candidate.app/Contents/Developer/Toolchains/XcodeDefault.xctoolchain/usr/bin/swift-frontend -frontend -c /Users/admin/builder/spi-builder-workspace/Sources/HTTPCodable/Client.swift /Users/admin/builder/spi-builder-workspace/Sources/HTTPCodable/CodableClient/CodableClient+Codable.swift /Users/admin/builder/spi-builder-workspace/Sources/HTTPCodable/CodableClient/CodableClient+Request.swift -primary-file /Users/admin/builder/spi-builder-workspace/Sources/HTTPCodable/CodableClient/CodableClient+Rest.swift /Users/admin/builder/spi-builder-workspace/Sources/HTTPCodable/CodableClient/CodableClient.swift /Users/admin/builder/spi-builder-workspace/Sources/HTTPCodable/Errors/HTTPCodableError.swift /Users/admin/builder/spi-builder-workspace/Sources/HTTPCodable/Extensions/Encodable+Query.swift /Users/admin/builder/spi-builder-workspace/Sources/HTTPCodable/HTTP/HTTPCodableMethod.swift /Users/admin/builder/spi-builder-workspace/Sources/HTTPCodable/HTTPCodable/HTTPCodable.swift -emit-dependencies-path /Users/admin/builder/spi-builder-workspace/.derivedData/Build/Intermediates.noindex/HTTPCodable.build/Debug-watchos/HTTPCodable-t.build/Objects-normal/arm64/CodableClient+Rest.d -emit-const-values-path /Users/admin/builder/spi-builder-workspace/.derivedData/Build/Intermediates.noindex/HTTPCodable.build/Debug-watchos/HTTPCodable-t.build/Objects-normal/arm64/CodableClient+Rest.swiftconstvalues -emit-reference-dependencies-path /Users/admin/builder/spi-builder-workspace/.derivedData/Build/Intermediates.noindex/HTTPCodable.build/Debug-watchos/HTTPCodable-t.build/Objects-normal/arm64/CodableClient+Rest.swiftdeps -serialize-diagnostics-path /Users/admin/builder/spi-builder-workspace/.derivedData/Build/Intermediates.noindex/HTTPCodable.build/Debug-watchos/HTTPCodable-t.build/Objects-normal/arm64/CodableClient+Rest.dia -target arm64-apple-watchos9.0 -Xllvm -aarch64-use-tbi -enable-objc-interop -stack-check -sdk /Applications/Xcode-27.0.0-Release.Candidate.app/Contents/Developer/Platforms/WatchOS.platform/Developer/SDKs/WatchOS27.0.sdk -I /Users/admin/builder/spi-builder-workspace/.derivedData/Build/Products/Debug-watchos -Isystem /Applications/Xcode-27.0.0-Release.Candidate.app/Contents/Developer/Platforms/WatchOS.platform/Developer/usr/lib -F /Users/admin/builder/spi-builder-workspace/.derivedData/Build/Products/Debug-watchos/PackageFrameworks -F /Users/admin/builder/spi-builder-workspace/.derivedData/Build/Products/Debug-watchos -F /Applications/Xcode-27.0.0-Release.Candidate.app/Contents/Developer/Platforms/WatchOS.platform/Developer/Library/Frameworks -F /Applications/Xcode-27.0.0-Release.Candidate.app/Contents/Developer/Platforms/WatchOS.platform/Developer/SDKs/WatchOS27.0.sdk/Developer/Library/Frameworks -module-cache-path /Users/admin/builder/spi-builder-workspace/.derivedData/ModuleCache.noindex -no-color-diagnostics -Xcc -fno-color-diagnostics -enable-testing -g -debug-info-format\=dwarf -dwarf-version\=4 -profile-generate -profile-coverage-mapping -swift-version 4 -Onone -D SWIFT_PACKAGE -D DEBUG -D SWIFT_MODULE_RESOURCE_BUNDLE_UNAVAILABLE -D Xcode -serialize-debugging-options -enable-experimental-feature DebugDescriptionMacro -empty-abi-descriptor -plugin-path /Applications/Xcode-27.0.0-Release.Candidate.app/Contents/Developer/Toolchains/XcodeDefault.xctoolchain/usr/lib/swift/host/plugins/testing -validate-clang-modules-once -clang-build-session-file /Users/admin/builder/spi-builder-workspace/.derivedData/ModuleCache.noindex/Session.modulevalidation -Xcc -working-directory -Xcc /Users/admin/builder/spi-builder-workspace/.swiftpm/xcode -enable-anonymous-context-mangled-names -file-compilation-dir /Users/admin/builder/spi-builder-workspace/.swiftpm/xcode -Xcc -D_LIBCPP_HARDENING_MODE\=_LIBCPP_HARDENING_MODE_DEBUG -Xcc -ivfsstatcache -Xcc /Users/admin/builder/spi-builder-workspace/.derivedData/SDKStatCaches.noindex/watchos27.0-24R360-e829b21a6f8c9b70876ba0858053c04477534ef55a1706bf4c1112bbb242f0a2.sdkstatcache -Xcc -fmodules-prune-interval\=86400 -Xcc -fmodules-prune-after\=345600 -Xcc -I/Users/admin/builder/spi-builder-workspace/.derivedData/Build/Products/Debug-watchos/include -Xcc -I/Users/admin/builder/spi-builder-workspace/.derivedData/Build/Intermediates.noindex/HTTPCodable.build/Debug-watchos/HTTPCodable-t.build/DerivedSources-normal/arm64 -Xcc -I/Users/admin/builder/spi-builder-workspace/.derivedData/Build/Intermediates.noindex/HTTPCodable.build/Debug-watchos/HTTPCodable-t.build/DerivedSources/arm64 -Xcc -I/Users/admin/builder/spi-builder-workspace/.derivedData/Build/Intermediates.noindex/HTTPCodable.build/Debug-watchos/HTTPCodable-t.build/DerivedSources -Xcc -DSWIFT_PACKAGE -Xcc -DDEBUG\=1 -no-auto-bridging-header-chaining -module-name HTTPCodable -const-gather-protocols-file /Users/admin/builder/spi-builder-workspace/.derivedData/Build/Intermediates.noindex/HTTPCodable.build/Debug-watchos/HTTPCodable-t.build/Objects-normal/arm64/HTTPCodable_const_extract_protocols.json -disable-clang-spi -target-sdk-version 27.0 -target-sdk-name watchos27.0 -external-plugin-path /Applications/Xcode-27.0.0-Release.Candidate.app/Contents/Developer/Platforms/WatchOS.platform/Developer/usr/lib/swift/host/plugins\#/Applications/Xcode-27.0.0-Release.Candidate.app/Contents/Developer/Platforms/WatchOS.platform/Developer/usr/bin/swift-plugin-server -external-plugin-path /Applications/Xcode-27.0.0-Release.Candidate.app/Contents/Developer/Platforms/WatchOS.platform/Developer/usr/local/lib/swift/host/plugins\#/Applications/Xcode-27.0.0-Release.Candidate.app/Contents/Developer/Platforms/WatchOS.platform/Developer/usr/bin/swift-plugin-server -in-process-plugin-server-path /Applications/Xcode-27.0.0-Release.Candidate.app/Contents/Developer/Toolchains/XcodeDefault.xctoolchain/usr/lib/swift/host/libSwiftInProcPluginServer.dylib -plugin-path /Applications/Xcode-27.0.0-Release.Candidate.app/Contents/Developer/Toolchains/XcodeDefault.xctoolchain/usr/lib/swift/host/plugins -plugin-path /Applications/Xcode-27.0.0-Release.Candidate.app/Contents/Developer/Toolchains/XcodeDefault.xctoolchain/usr/local/lib/swift/host/plugins -parse-as-library -o /Users/admin/builder/spi-builder-workspace/.derivedData/Build/Intermediates.noindex/HTTPCodable.build/Debug-watchos/HTTPCodable-t.build/Objects-normal/arm64/CodableClient+Rest.o -index-unit-output-path /HTTPCodable.build/Debug-watchos/HTTPCodable-t.build/Objects-normal/arm64/CodableClient+Rest.o -index-store-path /Users/admin/builder/spi-builder-workspace/.derivedData/Index.noindex/DataStore -index-system-modules
SwiftCompile normal arm64 Compiling\ Encodable+Query.swift /Users/admin/builder/spi-builder-workspace/Sources/HTTPCodable/Extensions/Encodable+Query.swift (in target 'HTTPCodable' from project 'HTTPCodable')
SwiftCompile normal arm64 /Users/admin/builder/spi-builder-workspace/Sources/HTTPCodable/Extensions/Encodable+Query.swift (in target 'HTTPCodable' from project 'HTTPCodable')
cd /Users/admin/builder/spi-builder-workspace/.swiftpm/xcode
builtin-SwiftPerFileCompile Encodable+Query.swift
SwiftEmitModule normal arm64 Emitting\ module\ for\ HTTPCodable (in target 'HTTPCodable' from project 'HTTPCodable')
SwiftCompile normal arm64 (in target 'HTTPCodable' from project 'HTTPCodable')
cd /Users/admin/builder/spi-builder-workspace/.swiftpm/xcode
SwiftCompile normal arm64 Compiling\ CodableClient+Request.swift /Users/admin/builder/spi-builder-workspace/Sources/HTTPCodable/CodableClient/CodableClient+Request.swift (in target 'HTTPCodable' from project 'HTTPCodable')
SwiftCompile normal arm64 /Users/admin/builder/spi-builder-workspace/Sources/HTTPCodable/CodableClient/CodableClient+Request.swift (in target 'HTTPCodable' from project 'HTTPCodable')
cd /Users/admin/builder/spi-builder-workspace/.swiftpm/xcode
builtin-SwiftPerFileCompile CodableClient+Request.swift
SwiftCompile normal arm64_32 Compiling\ HTTPCodableError.swift /Users/admin/builder/spi-builder-workspace/Sources/HTTPCodable/Errors/HTTPCodableError.swift (in target 'HTTPCodable' from project 'HTTPCodable')
SwiftCompile normal arm64_32 /Users/admin/builder/spi-builder-workspace/Sources/HTTPCodable/Errors/HTTPCodableError.swift (in target 'HTTPCodable' from project 'HTTPCodable')
cd /Users/admin/builder/spi-builder-workspace/.swiftpm/xcode
builtin-SwiftPerFileCompile HTTPCodableError.swift
SwiftCompile normal arm64 Compiling\ CodableClient.swift /Users/admin/builder/spi-builder-workspace/Sources/HTTPCodable/CodableClient/CodableClient.swift (in target 'HTTPCodable' from project 'HTTPCodable')
SwiftCompile normal arm64 /Users/admin/builder/spi-builder-workspace/Sources/HTTPCodable/CodableClient/CodableClient.swift (in target 'HTTPCodable' from project 'HTTPCodable')
cd /Users/admin/builder/spi-builder-workspace/.swiftpm/xcode
builtin-SwiftPerFileCompile CodableClient.swift
SwiftEmitModule normal arm64_32 Emitting\ module\ for\ HTTPCodable (in target 'HTTPCodable' from project 'HTTPCodable')
SwiftCompile normal arm64_32 (in target 'HTTPCodable' from project 'HTTPCodable')
cd /Users/admin/builder/spi-builder-workspace/.swiftpm/xcode
SwiftCompile normal arm64_32 Compiling\ Encodable+Query.swift /Users/admin/builder/spi-builder-workspace/Sources/HTTPCodable/Extensions/Encodable+Query.swift (in target 'HTTPCodable' from project 'HTTPCodable')
SwiftCompile normal arm64_32 /Users/admin/builder/spi-builder-workspace/Sources/HTTPCodable/Extensions/Encodable+Query.swift (in target 'HTTPCodable' from project 'HTTPCodable')
cd /Users/admin/builder/spi-builder-workspace/.swiftpm/xcode
builtin-SwiftPerFileCompile Encodable+Query.swift
SwiftCompile normal arm64_32 Compiling\ CodableClient+Rest.swift /Users/admin/builder/spi-builder-workspace/Sources/HTTPCodable/CodableClient/CodableClient+Rest.swift (in target 'HTTPCodable' from project 'HTTPCodable')
/Users/admin/builder/spi-builder-workspace/Sources/HTTPCodable/CodableClient/CodableClient+Rest.swift:10:45: error: invalid conversion from throwing function of type '(Data) throws -> T' to non-throwing function type '(Data) -> T'
8 | let response: DataResponse = request(.get, url: url, body: nil, query: query)
9 |
10 | return (future: response.future.map { data in
| `- error: invalid conversion from throwing function of type '(Data) throws -> T' to non-throwing function type '(Data) -> T'
11 | try self.decode(data: data, to: T.self)
12 | }, task: response.task)
/Users/admin/builder/spi-builder-workspace/Sources/HTTPCodable/CodableClient/CodableClient+Rest.swift:27:45: error: invalid conversion from throwing function of type '(Data) throws -> T' to non-throwing function type '(Data) -> T'
25 | let response: DataResponse = request(.post, url: url, body: body, query: query)
26 |
27 | return (future: response.future.map { data in
| `- error: invalid conversion from throwing function of type '(Data) throws -> T' to non-throwing function type '(Data) -> T'
28 | try self.decode(data: data, to: T.self)
29 | }, task: response.task)
/Users/admin/builder/spi-builder-workspace/Sources/HTTPCodable/CodableClient/CodableClient+Rest.swift:44:45: error: invalid conversion from throwing function of type '(Data) throws -> T' to non-throwing function type '(Data) -> T'
42 | let response: DataResponse = request(.put, url: url, body: body, query: query)
43 |
44 | return (future: response.future.map { data in
| `- error: invalid conversion from throwing function of type '(Data) throws -> T' to non-throwing function type '(Data) -> T'
45 | try self.decode(data: data, to: T.self)
46 | }, task: response.task)
/Users/admin/builder/spi-builder-workspace/Sources/HTTPCodable/CodableClient/CodableClient+Rest.swift:61:45: error: invalid conversion from throwing function of type '(Data) throws -> T' to non-throwing function type '(Data) -> T'
59 | let response: DataResponse = request(.patch, url: url, body: body, query: query)
60 |
61 | return (future: response.future.map { data in
| `- error: invalid conversion from throwing function of type '(Data) throws -> T' to non-throwing function type '(Data) -> T'
62 | try self.decode(data: data, to: T.self)
63 | }, task: response.task)
/Users/admin/builder/spi-builder-workspace/Sources/HTTPCodable/CodableClient/CodableClient+Rest.swift:77:45: error: invalid conversion from throwing function of type '(Data) throws -> T' to non-throwing function type '(Data) -> T'
75 | let response: DataResponse = request(.get, url: url, body: nil, query: query)
76 |
77 | return (future: response.future.map { data in
| `- error: invalid conversion from throwing function of type '(Data) throws -> T' to non-throwing function type '(Data) -> T'
78 | try self.decode(data: data, to: T.self)
79 | }, task: response.task)
Failed frontend command:
/Applications/Xcode-27.0.0-Release.Candidate.app/Contents/Developer/Toolchains/XcodeDefault.xctoolchain/usr/bin/swift-frontend -frontend -c /Users/admin/builder/spi-builder-workspace/Sources/HTTPCodable/Client.swift /Users/admin/builder/spi-builder-workspace/Sources/HTTPCodable/CodableClient/CodableClient+Codable.swift /Users/admin/builder/spi-builder-workspace/Sources/HTTPCodable/CodableClient/CodableClient+Request.swift -primary-file /Users/admin/builder/spi-builder-workspace/Sources/HTTPCodable/CodableClient/CodableClient+Rest.swift /Users/admin/builder/spi-builder-workspace/Sources/HTTPCodable/CodableClient/CodableClient.swift /Users/admin/builder/spi-builder-workspace/Sources/HTTPCodable/Errors/HTTPCodableError.swift /Users/admin/builder/spi-builder-workspace/Sources/HTTPCodable/Extensions/Encodable+Query.swift /Users/admin/builder/spi-builder-workspace/Sources/HTTPCodable/HTTP/HTTPCodableMethod.swift /Users/admin/builder/spi-builder-workspace/Sources/HTTPCodable/HTTPCodable/HTTPCodable.swift -emit-dependencies-path /Users/admin/builder/spi-builder-workspace/.derivedData/Build/Intermediates.noindex/HTTPCodable.build/Debug-watchos/HTTPCodable-t.build/Objects-normal/arm64_32/CodableClient+Rest.d -emit-const-values-path /Users/admin/builder/spi-builder-workspace/.derivedData/Build/Intermediates.noindex/HTTPCodable.build/Debug-watchos/HTTPCodable-t.build/Objects-normal/arm64_32/CodableClient+Rest.swiftconstvalues -emit-reference-dependencies-path /Users/admin/builder/spi-builder-workspace/.derivedData/Build/Intermediates.noindex/HTTPCodable.build/Debug-watchos/HTTPCodable-t.build/Objects-normal/arm64_32/CodableClient+Rest.swiftdeps -serialize-diagnostics-path /Users/admin/builder/spi-builder-workspace/.derivedData/Build/Intermediates.noindex/HTTPCodable.build/Debug-watchos/HTTPCodable-t.build/Objects-normal/arm64_32/CodableClient+Rest.dia -target arm64_32-apple-watchos9.0 -enable-objc-interop -sdk /Applications/Xcode-27.0.0-Release.Candidate.app/Contents/Developer/Platforms/WatchOS.platform/Developer/SDKs/WatchOS27.0.sdk -I /Users/admin/builder/spi-builder-workspace/.derivedData/Build/Products/Debug-watchos -Isystem /Applications/Xcode-27.0.0-Release.Candidate.app/Contents/Developer/Platforms/WatchOS.platform/Developer/usr/lib -F /Users/admin/builder/spi-builder-workspace/.derivedData/Build/Products/Debug-watchos/PackageFrameworks -F /Users/admin/builder/spi-builder-workspace/.derivedData/Build/Products/Debug-watchos -F /Applications/Xcode-27.0.0-Release.Candidate.app/Contents/Developer/Platforms/WatchOS.platform/Developer/Library/Frameworks -F /Applications/Xcode-27.0.0-Release.Candidate.app/Contents/Developer/Platforms/WatchOS.platform/Developer/SDKs/WatchOS27.0.sdk/Developer/Library/Frameworks -module-cache-path /Users/admin/builder/spi-builder-workspace/.derivedData/ModuleCache.noindex -no-color-diagnostics -Xcc -fno-color-diagnostics -enable-testing -g -debug-info-format\=dwarf -dwarf-version\=4 -profile-generate -profile-coverage-mapping -swift-version 4 -Onone -D SWIFT_PACKAGE -D DEBUG -D SWIFT_MODULE_RESOURCE_BUNDLE_UNAVAILABLE -D Xcode -serialize-debugging-options -enable-experimental-feature DebugDescriptionMacro -empty-abi-descriptor -plugin-path /Applications/Xcode-27.0.0-Release.Candidate.app/Contents/Developer/Toolchains/XcodeDefault.xctoolchain/usr/lib/swift/host/plugins/testing -validate-clang-modules-once -clang-build-session-file /Users/admin/builder/spi-builder-workspace/.derivedData/ModuleCache.noindex/Session.modulevalidation -Xcc -working-directory -Xcc /Users/admin/builder/spi-builder-workspace/.swiftpm/xcode -enable-anonymous-context-mangled-names -file-compilation-dir /Users/admin/builder/spi-builder-workspace/.swiftpm/xcode -Xcc -D_LIBCPP_HARDENING_MODE\=_LIBCPP_HARDENING_MODE_DEBUG -Xcc -ivfsstatcache -Xcc /Users/admin/builder/spi-builder-workspace/.derivedData/SDKStatCaches.noindex/watchos27.0-24R360-e829b21a6f8c9b70876ba0858053c04477534ef55a1706bf4c1112bbb242f0a2.sdkstatcache -Xcc -fmodules-prune-interval\=86400 -Xcc -fmodules-prune-after\=345600 -Xcc -I/Users/admin/builder/spi-builder-workspace/.derivedData/Build/Products/Debug-watchos/include -Xcc -I/Users/admin/builder/spi-builder-workspace/.derivedData/Build/Intermediates.noindex/HTTPCodable.build/Debug-watchos/HTTPCodable-t.build/DerivedSources-normal/arm64_32 -Xcc -I/Users/admin/builder/spi-builder-workspace/.derivedData/Build/Intermediates.noindex/HTTPCodable.build/Debug-watchos/HTTPCodable-t.build/DerivedSources/arm64_32 -Xcc -I/Users/admin/builder/spi-builder-workspace/.derivedData/Build/Intermediates.noindex/HTTPCodable.build/Debug-watchos/HTTPCodable-t.build/DerivedSources -Xcc -DSWIFT_PACKAGE -Xcc -DDEBUG\=1 -no-auto-bridging-header-chaining -module-name HTTPCodable -const-gather-protocols-file /Users/admin/builder/spi-builder-workspace/.derivedData/Build/Intermediates.noindex/HTTPCodable.build/Debug-watchos/HTTPCodable-t.build/Objects-normal/arm64_32/HTTPCodable_const_extract_protocols.json -disable-clang-spi -target-sdk-version 27.0 -target-sdk-name watchos27.0 -external-plugin-path /Applications/Xcode-27.0.0-Release.Candidate.app/Contents/Developer/Platforms/WatchOS.platform/Developer/usr/lib/swift/host/plugins\#/Applications/Xcode-27.0.0-Release.Candidate.app/Contents/Developer/Platforms/WatchOS.platform/Developer/usr/bin/swift-plugin-server -external-plugin-path /Applications/Xcode-27.0.0-Release.Candidate.app/Contents/Developer/Platforms/WatchOS.platform/Developer/usr/local/lib/swift/host/plugins\#/Applications/Xcode-27.0.0-Release.Candidate.app/Contents/Developer/Platforms/WatchOS.platform/Developer/usr/bin/swift-plugin-server -in-process-plugin-server-path /Applications/Xcode-27.0.0-Release.Candidate.app/Contents/Developer/Toolchains/XcodeDefault.xctoolchain/usr/lib/swift/host/libSwiftInProcPluginServer.dylib -plugin-path /Applications/Xcode-27.0.0-Release.Candidate.app/Contents/Developer/Toolchains/XcodeDefault.xctoolchain/usr/lib/swift/host/plugins -plugin-path /Applications/Xcode-27.0.0-Release.Candidate.app/Contents/Developer/Toolchains/XcodeDefault.xctoolchain/usr/local/lib/swift/host/plugins -parse-as-library -o /Users/admin/builder/spi-builder-workspace/.derivedData/Build/Intermediates.noindex/HTTPCodable.build/Debug-watchos/HTTPCodable-t.build/Objects-normal/arm64_32/CodableClient+Rest.o -index-unit-output-path /HTTPCodable.build/Debug-watchos/HTTPCodable-t.build/Objects-normal/arm64_32/CodableClient+Rest.o -index-store-path /Users/admin/builder/spi-builder-workspace/.derivedData/Index.noindex/DataStore -index-system-modules
SwiftCompile normal arm64_32 /Users/admin/builder/spi-builder-workspace/Sources/HTTPCodable/CodableClient/CodableClient+Rest.swift (in target 'HTTPCodable' from project 'HTTPCodable')
cd /Users/admin/builder/spi-builder-workspace/.swiftpm/xcode
builtin-SwiftPerFileCompile CodableClient+Rest.swift
PruneExplicitPrecompiledModules /Users/admin/builder/spi-builder-workspace/.derivedData/SDKExplicitPrecompiledModules
PruneExplicitPrecompiledModules /Users/admin/builder/spi-builder-workspace/.derivedData/Build/Intermediates.noindex/SwiftExplicitPrecompiledModules
PruneExplicitPrecompiledModules /Users/admin/builder/spi-builder-workspace/.derivedData/Build/Intermediates.noindex/ExplicitPrecompiledModules
2026-09-16 04:24:52.260 xcodebuild[807:5000] [MT] IDERunDestination: Supported platforms for the buildables in the current scheme is empty.
** BUILD FAILED **
The following build commands failed:
SwiftCompile normal arm64 /Users/admin/builder/spi-builder-workspace/Sources/HTTPCodable/CodableClient/CodableClient+Rest.swift (in target 'HTTPCodable' from project 'HTTPCodable')
SwiftCompile normal arm64 Compiling\ CodableClient+Rest.swift /Users/admin/builder/spi-builder-workspace/Sources/HTTPCodable/CodableClient/CodableClient+Rest.swift (in target 'HTTPCodable' from project 'HTTPCodable')
SwiftCompile normal arm64_32 Compiling\ CodableClient+Rest.swift /Users/admin/builder/spi-builder-workspace/Sources/HTTPCodable/CodableClient/CodableClient+Rest.swift (in target 'HTTPCodable' from project 'HTTPCodable')
SwiftCompile normal arm64_32 /Users/admin/builder/spi-builder-workspace/Sources/HTTPCodable/CodableClient/CodableClient+Rest.swift (in target 'HTTPCodable' from project 'HTTPCodable')
Building workspace HTTPCodable with scheme HTTPCodable
(5 failures)
BUILD FAILURE 6.4 watchOS