The Swift Package Index logo.Swift Package Index

Build Information

Failed to build Uridium, reference 2.0.1 (5bdc36), with Swift 6.4 for watchOS using Xcode 27.0 on 17 Sep 2026 03:26:36 UTC.

Build Command

env DEVELOPER_DIR=/Applications/Xcode-27.0.0-Release.Candidate.app xcrun xcodebuild -IDEClonedSourcePackagesDirPathOverride=$PWD/.dependencies -skipMacroValidation -skipPackagePluginValidation -derivedDataPath $PWD/.derivedData build -scheme Uridium -destination generic/platform=watchOS

Build Log

========================================
RunAll
========================================
Builder version: 5.1.0
Interrupt handler set up.
========================================
Checkout
========================================
Clone URL: https://github.com/aestesis/Uridium.git
Reference: 2.0.1
Initialized empty Git repository in /Users/admin/builder/spi-builder-workspace/.git/
From https://github.com/aestesis/Uridium
 * tag               2.0.1      -> FETCH_HEAD
HEAD is now at 5bdc362 update swift 4.2
Cloned https://github.com/aestesis/Uridium.git
Revision (git rev-parse @):
5bdc362cba37c1f40e8ba9eee2cbdf60af3a78f0
SUCCESS checkout https://github.com/aestesis/Uridium.git at 2.0.1
========================================
Build
========================================
Selected platform:         watchOS
Swift version:             6.4
Building package at path:  $PWD
https://github.com/aestesis/Uridium.git
Command line invocation:
    /Applications/Xcode-27.0.0-Release.Candidate.app/Contents/Developer/usr/bin/xcodebuild -IDEClonedSourcePackagesDirPathOverride=/Users/admin/builder/spi-builder-workspace/.dependencies -resolvePackageDependencies
Resolve Package Graph
Fetching from https://github.com/aestesis/Vulkan.git
Fetching from https://github.com/aestesis/xcb.git
Creating working copy of package ‘xcb’
Checking out 1.0.1 of package ‘xcb’
Creating working copy of package ‘Vulkan’
Checking out 1.0.6 of package ‘Vulkan’
Resolve Package Graph
Resolved source packages:
  Vulkan: https://github.com/aestesis/Vulkan.git @ 1.0.6
  xcb: https://github.com/aestesis/xcb.git @ 1.0.1
  Uridium: /Users/admin/builder/spi-builder-workspace
resolved source packages: Vulkan, xcb, Uridium
2026-09-16 23:25:51.418 xcodebuild[524:3003] [MT] IDERunDestination: Supported platforms for the buildables in the current scheme is empty.
{
  "dependencies" : [
    {
      "identity" : "xcb",
      "requirement" : {
        "range" : [
          {
            "lower_bound" : "1.0.1",
            "upper_bound" : "2.0.0"
          }
        ]
      },
      "type" : "sourceControl",
      "url" : "https://github.com/aestesis/xcb.git"
    },
    {
      "identity" : "vulkan",
      "requirement" : {
        "range" : [
          {
            "lower_bound" : "1.0.6",
            "upper_bound" : "2.0.0"
          }
        ]
      },
      "type" : "sourceControl",
      "url" : "https://github.com/aestesis/Vulkan.git"
    }
  ],
  "manifest_display_name" : "Uridium",
  "name" : "Uridium",
  "path" : "/Users/admin/builder/spi-builder-workspace",
  "platforms" : [
  ],
  "products" : [
    {
      "name" : "Uridium",
      "targets" : [
        "Uridium"
      ],
      "type" : {
        "library" : [
          "automatic"
        ]
      }
    }
  ],
  "targets" : [
    {
      "c99name" : "Uridium",
      "module_type" : "SwiftTarget",
      "name" : "Uridium",
      "path" : "Sources/Uridium",
      "product_dependencies" : [
        "xcb",
        "Vulkan"
      ],
      "product_memberships" : [
        "Uridium"
      ],
      "sources" : [
        "LunarLayer.swift",
        "Tin.swift",
        "Window.swift"
      ],
      "type" : "library"
    }
  ],
  "tools_version" : "4.2"
}
{
  "workspace" : {
    "name" : "Uridium",
    "schemes" : [
      "Uridium"
    ]
  }
}
2026-09-16 23:26:27.315 xcodebuild[696:4205] [MT] IDERunDestination: Supported platforms for the buildables in the current scheme is empty.
Running build ...
env DEVELOPER_DIR=/Applications/Xcode-27.0.0-Release.Candidate.app xcrun xcodebuild -IDEClonedSourcePackagesDirPathOverride=$PWD/.dependencies -skipMacroValidation -skipPackagePluginValidation -derivedDataPath $PWD/.derivedData build -scheme Uridium -destination generic/platform=watchOS
Command line invocation:
    /Applications/Xcode-27.0.0-Release.Candidate.app/Contents/Developer/usr/bin/xcodebuild -IDEClonedSourcePackagesDirPathOverride=/Users/admin/builder/spi-builder-workspace/.dependencies -skipMacroValidation -skipPackagePluginValidation -derivedDataPath /Users/admin/builder/spi-builder-workspace/.derivedData build -scheme Uridium -destination generic/platform=watchOS
Resolve Package Graph
Resolve Package Graph
Resolved source packages:
  Vulkan: https://github.com/aestesis/Vulkan.git @ 1.0.6
  xcb: https://github.com/aestesis/xcb.git @ 1.0.1
  Uridium: /Users/admin/builder/spi-builder-workspace
ComputePackagePrebuildTargetDependencyGraph
Prepare packages
CreateBuildRequest
SendProjectDescription
CreateBuildOperation
ComputeTargetDependencyGraph
note: Building targets in dependency order
note: Target dependency graph (6 targets)
    Target 'Uridium-product' in project 'Uridium'
        ➜ Explicit dependency on target 'Uridium' in project 'Uridium'
        ➜ Explicit dependency on target 'xcb-product' in project 'xcb'
        ➜ Explicit dependency on target 'Vulkan-product' in project 'Vulkan'
    Target 'Uridium' in project 'Uridium'
        ➜ Explicit dependency on target 'xcb-product' in project 'xcb'
        ➜ Explicit dependency on target 'Vulkan-product' in project 'Vulkan'
    Target 'Vulkan-product' in project 'Vulkan'
        ➜ Explicit dependency on target 'Vulkan' in project 'Vulkan'
    Target 'Vulkan' in project 'Vulkan' (no dependencies)
    Target 'xcb-product' in project 'xcb'
        ➜ Explicit dependency on target 'xcb' in project 'xcb'
    Target 'xcb' in project 'xcb' (no dependencies)
GatherProvisioningInputs
CreateBuildDescription
ExecuteExternalTool /Applications/Xcode-27.0.0-Release.Candidate.app/Contents/Developer/Toolchains/XcodeDefault.xctoolchain/usr/bin/clang -v -E -dM -isysroot /Applications/Xcode-27.0.0-Release.Candidate.app/Contents/Developer/Platforms/WatchOS.platform/Developer/SDKs/WatchOS27.0.sdk -x c -c /dev/null
ExecuteExternalTool /Applications/Xcode-27.0.0-Release.Candidate.app/Contents/Developer/Toolchains/XcodeDefault.xctoolchain/usr/bin/swiftc --version
ExecuteExternalTool /Applications/Xcode-27.0.0-Release.Candidate.app/Contents/Developer/Toolchains/XcodeDefault.xctoolchain/usr/bin/ld -version_details
Build description signature: 21a27dd5765a58870d15d207e25bc5d4
Build description path: /Users/admin/builder/spi-builder-workspace/.derivedData/Build/Intermediates.noindex/XCBuildData/21a27dd5765a58870d15d207e25bc5d4.xcbuilddata
CreateBuildDirectory /Users/admin/builder/spi-builder-workspace/.derivedData/SDKExplicitPrecompiledModules
    cd /Users/admin/builder/spi-builder-workspace/.swiftpm/xcode
    builtin-create-build-directory /Users/admin/builder/spi-builder-workspace/.derivedData/SDKExplicitPrecompiledModules
CreateBuildDirectory /Users/admin/builder/spi-builder-workspace/.derivedData/ModuleCache.noindex
    cd /Users/admin/builder/spi-builder-workspace/.swiftpm/xcode
    builtin-create-build-directory /Users/admin/builder/spi-builder-workspace/.derivedData/ModuleCache.noindex
CreateBuildDirectory /Users/admin/builder/spi-builder-workspace/.derivedData/CompilationCache.noindex
    cd /Users/admin/builder/spi-builder-workspace/.swiftpm/xcode
    builtin-create-build-directory /Users/admin/builder/spi-builder-workspace/.derivedData/CompilationCache.noindex
CreateBuildDirectory /Users/admin/builder/spi-builder-workspace/.derivedData/Build/Intermediates.noindex
    cd /Users/admin/builder/spi-builder-workspace/.swiftpm/xcode
    builtin-create-build-directory /Users/admin/builder/spi-builder-workspace/.derivedData/Build/Intermediates.noindex
ClangStatCache /Applications/Xcode-27.0.0-Release.Candidate.app/Contents/Developer/Toolchains/XcodeDefault.xctoolchain/usr/bin/clang-stat-cache /Applications/Xcode-27.0.0-Release.Candidate.app/Contents/Developer/Platforms/WatchOS.platform/Developer/SDKs/WatchOS27.0.sdk /Users/admin/builder/spi-builder-workspace/.derivedData/SDKStatCaches.noindex/watchos27.0-24R360-e829b21a6f8c9b70876ba0858053c04477534ef55a1706bf4c1112bbb242f0a2.sdkstatcache
    cd /Users/admin/builder/spi-builder-workspace/.swiftpm/xcode
    /Applications/Xcode-27.0.0-Release.Candidate.app/Contents/Developer/Toolchains/XcodeDefault.xctoolchain/usr/bin/clang-stat-cache /Applications/Xcode-27.0.0-Release.Candidate.app/Contents/Developer/Platforms/WatchOS.platform/Developer/SDKs/WatchOS27.0.sdk -o /Users/admin/builder/spi-builder-workspace/.derivedData/SDKStatCaches.noindex/watchos27.0-24R360-e829b21a6f8c9b70876ba0858053c04477534ef55a1706bf4c1112bbb242f0a2.sdkstatcache
CreateBuildDirectory /Users/admin/builder/spi-builder-workspace/.derivedData/Build/Products
    cd /Users/admin/builder/spi-builder-workspace/.swiftpm/xcode
    builtin-create-build-directory /Users/admin/builder/spi-builder-workspace/.derivedData/Build/Products
CreateBuildDirectory /Users/admin/builder/spi-builder-workspace/.derivedData/Build/Intermediates.noindex/SwiftExplicitPrecompiledModules
    cd /Users/admin/builder/spi-builder-workspace/.swiftpm/xcode
    builtin-create-build-directory /Users/admin/builder/spi-builder-workspace/.derivedData/Build/Intermediates.noindex/SwiftExplicitPrecompiledModules
CreateBuildDirectory /Users/admin/builder/spi-builder-workspace/.derivedData/Build/Products/Debug-watchos
    cd /Users/admin/builder/spi-builder-workspace/.swiftpm/xcode
    builtin-create-build-directory /Users/admin/builder/spi-builder-workspace/.derivedData/Build/Products/Debug-watchos
CreateBuildDirectory /Users/admin/builder/spi-builder-workspace/.derivedData/Build/Intermediates.noindex/PrecompiledHeaders
    cd /Users/admin/builder/spi-builder-workspace/.swiftpm/xcode
    builtin-create-build-directory /Users/admin/builder/spi-builder-workspace/.derivedData/Build/Intermediates.noindex/PrecompiledHeaders
CreateBuildDirectory /Users/admin/builder/spi-builder-workspace/.derivedData/Build/Intermediates.noindex/ExplicitPrecompiledModules
    cd /Users/admin/builder/spi-builder-workspace/.swiftpm/xcode
    builtin-create-build-directory /Users/admin/builder/spi-builder-workspace/.derivedData/Build/Intermediates.noindex/ExplicitPrecompiledModules
CreateBuildDirectory /Users/admin/builder/spi-builder-workspace/.derivedData/Build/Intermediates.noindex/EagerLinkingTBDs/Debug-watchos
    cd /Users/admin/builder/spi-builder-workspace/.swiftpm/xcode
    builtin-create-build-directory /Users/admin/builder/spi-builder-workspace/.derivedData/Build/Intermediates.noindex/EagerLinkingTBDs/Debug-watchos
CreateBuildDirectory /Users/admin/builder/spi-builder-workspace/.derivedData/Build/Products/Debug-watchos/PackageFrameworks
    cd /Users/admin/builder/spi-builder-workspace/.swiftpm/xcode
    builtin-create-build-directory /Users/admin/builder/spi-builder-workspace/.derivedData/Build/Products/Debug-watchos/PackageFrameworks
WriteAuxiliaryFile /Users/admin/builder/spi-builder-workspace/.derivedData/Build/Intermediates.noindex/Uridium.build/Debug-watchos/Uridium-t.build/Uridium.modulemap (in target 'Uridium' from project 'Uridium')
    cd /Users/admin/builder/spi-builder-workspace
    write-file /Users/admin/builder/spi-builder-workspace/.derivedData/Build/Intermediates.noindex/Uridium.build/Debug-watchos/Uridium-t.build/Uridium.modulemap
WriteAuxiliaryFile /Users/admin/builder/spi-builder-workspace/.derivedData/Build/Intermediates.noindex/Uridium.build/Debug-watchos/Uridium-t.build/Uridium.DependencyStaticMetadataFileList (in target 'Uridium' from project 'Uridium')
    cd /Users/admin/builder/spi-builder-workspace
    write-file /Users/admin/builder/spi-builder-workspace/.derivedData/Build/Intermediates.noindex/Uridium.build/Debug-watchos/Uridium-t.build/Uridium.DependencyStaticMetadataFileList
WriteAuxiliaryFile /Users/admin/builder/spi-builder-workspace/.derivedData/Build/Intermediates.noindex/Uridium.build/Debug-watchos/Uridium-t.build/Uridium.DependencyMetadataFileList (in target 'Uridium' from project 'Uridium')
    cd /Users/admin/builder/spi-builder-workspace
    write-file /Users/admin/builder/spi-builder-workspace/.derivedData/Build/Intermediates.noindex/Uridium.build/Debug-watchos/Uridium-t.build/Uridium.DependencyMetadataFileList
WriteAuxiliaryFile /Users/admin/builder/spi-builder-workspace/.derivedData/Build/Intermediates.noindex/Uridium.build/Debug-watchos/Uridium-t.build/Objects-normal/arm64_32/Uridium.SwiftConstValuesFileList (in target 'Uridium' from project 'Uridium')
    cd /Users/admin/builder/spi-builder-workspace
    write-file /Users/admin/builder/spi-builder-workspace/.derivedData/Build/Intermediates.noindex/Uridium.build/Debug-watchos/Uridium-t.build/Objects-normal/arm64_32/Uridium.SwiftConstValuesFileList
WriteAuxiliaryFile /Users/admin/builder/spi-builder-workspace/.derivedData/Build/Intermediates.noindex/Uridium.build/Debug-watchos/Uridium-t.build/Objects-normal/arm64_32/Uridium.SwiftFileList (in target 'Uridium' from project 'Uridium')
    cd /Users/admin/builder/spi-builder-workspace
    write-file /Users/admin/builder/spi-builder-workspace/.derivedData/Build/Intermediates.noindex/Uridium.build/Debug-watchos/Uridium-t.build/Objects-normal/arm64_32/Uridium.SwiftFileList
WriteAuxiliaryFile /Users/admin/builder/spi-builder-workspace/.derivedData/Build/Intermediates.noindex/Uridium.build/Debug-watchos/Uridium-t.build/Objects-normal/arm64_32/Uridium.LinkFileList (in target 'Uridium' from project 'Uridium')
    cd /Users/admin/builder/spi-builder-workspace
    write-file /Users/admin/builder/spi-builder-workspace/.derivedData/Build/Intermediates.noindex/Uridium.build/Debug-watchos/Uridium-t.build/Objects-normal/arm64_32/Uridium.LinkFileList
WriteAuxiliaryFile /Users/admin/builder/spi-builder-workspace/.derivedData/Build/Intermediates.noindex/Uridium.build/Debug-watchos/Uridium-t.build/Objects-normal/arm64_32/Uridium_const_extract_protocols.json (in target 'Uridium' from project 'Uridium')
    cd /Users/admin/builder/spi-builder-workspace
    write-file /Users/admin/builder/spi-builder-workspace/.derivedData/Build/Intermediates.noindex/Uridium.build/Debug-watchos/Uridium-t.build/Objects-normal/arm64_32/Uridium_const_extract_protocols.json
WriteAuxiliaryFile /Users/admin/builder/spi-builder-workspace/.derivedData/Build/Intermediates.noindex/Uridium.build/Debug-watchos/Uridium-t.build/Objects-normal/arm64/Uridium_const_extract_protocols.json (in target 'Uridium' from project 'Uridium')
    cd /Users/admin/builder/spi-builder-workspace
    write-file /Users/admin/builder/spi-builder-workspace/.derivedData/Build/Intermediates.noindex/Uridium.build/Debug-watchos/Uridium-t.build/Objects-normal/arm64/Uridium_const_extract_protocols.json
WriteAuxiliaryFile /Users/admin/builder/spi-builder-workspace/.derivedData/Build/Intermediates.noindex/Uridium.build/Debug-watchos/Uridium-t.build/Objects-normal/arm64_32/Uridium-OutputFileMap.json (in target 'Uridium' from project 'Uridium')
    cd /Users/admin/builder/spi-builder-workspace
    write-file /Users/admin/builder/spi-builder-workspace/.derivedData/Build/Intermediates.noindex/Uridium.build/Debug-watchos/Uridium-t.build/Objects-normal/arm64_32/Uridium-OutputFileMap.json
WriteAuxiliaryFile /Users/admin/builder/spi-builder-workspace/.derivedData/Build/Intermediates.noindex/Uridium.build/Debug-watchos/Uridium-t.build/Objects-normal/arm64/Uridium.SwiftFileList (in target 'Uridium' from project 'Uridium')
    cd /Users/admin/builder/spi-builder-workspace
    write-file /Users/admin/builder/spi-builder-workspace/.derivedData/Build/Intermediates.noindex/Uridium.build/Debug-watchos/Uridium-t.build/Objects-normal/arm64/Uridium.SwiftFileList
WriteAuxiliaryFile /Users/admin/builder/spi-builder-workspace/.derivedData/Build/Intermediates.noindex/Uridium.build/Debug-watchos/Uridium-t.build/Objects-normal/arm64/Uridium.SwiftConstValuesFileList (in target 'Uridium' from project 'Uridium')
    cd /Users/admin/builder/spi-builder-workspace
    write-file /Users/admin/builder/spi-builder-workspace/.derivedData/Build/Intermediates.noindex/Uridium.build/Debug-watchos/Uridium-t.build/Objects-normal/arm64/Uridium.SwiftConstValuesFileList
WriteAuxiliaryFile /Users/admin/builder/spi-builder-workspace/.derivedData/Build/Intermediates.noindex/Uridium.build/Debug-watchos/Uridium-t.build/Objects-normal/arm64/Uridium.LinkFileList (in target 'Uridium' from project 'Uridium')
    cd /Users/admin/builder/spi-builder-workspace
    write-file /Users/admin/builder/spi-builder-workspace/.derivedData/Build/Intermediates.noindex/Uridium.build/Debug-watchos/Uridium-t.build/Objects-normal/arm64/Uridium.LinkFileList
WriteAuxiliaryFile /Users/admin/builder/spi-builder-workspace/.derivedData/Build/Intermediates.noindex/Uridium.build/Debug-watchos/Uridium-t.build/Objects-normal/arm64/Uridium-OutputFileMap.json (in target 'Uridium' from project 'Uridium')
    cd /Users/admin/builder/spi-builder-workspace
    write-file /Users/admin/builder/spi-builder-workspace/.derivedData/Build/Intermediates.noindex/Uridium.build/Debug-watchos/Uridium-t.build/Objects-normal/arm64/Uridium-OutputFileMap.json
Copy /Users/admin/builder/spi-builder-workspace/.derivedData/Build/Intermediates.noindex/GeneratedModuleMaps-watchos/Uridium.modulemap /Users/admin/builder/spi-builder-workspace/.derivedData/Build/Intermediates.noindex/Uridium.build/Debug-watchos/Uridium-t.build/Uridium.modulemap (in target 'Uridium' from project 'Uridium')
    cd /Users/admin/builder/spi-builder-workspace
    builtin-copy -exclude .DS_Store -exclude CVS -exclude .svn -exclude .git -exclude .hg -resolve-src-symlinks /Users/admin/builder/spi-builder-workspace/.derivedData/Build/Intermediates.noindex/Uridium.build/Debug-watchos/Uridium-t.build/Uridium.modulemap /Users/admin/builder/spi-builder-workspace/.derivedData/Build/Intermediates.noindex/GeneratedModuleMaps-watchos
SwiftDriver Uridium normal arm64 com.apple.xcode.tools.swift.compiler (in target 'Uridium' from project 'Uridium')
    cd /Users/admin/builder/spi-builder-workspace/.swiftpm/xcode
    builtin-SwiftDriver -- /Applications/Xcode-27.0.0-Release.Candidate.app/Contents/Developer/Toolchains/XcodeDefault.xctoolchain/usr/bin/swiftc -parse-as-library -module-name Uridium -Onone @/Users/admin/builder/spi-builder-workspace/.derivedData/Build/Intermediates.noindex/Uridium.build/Debug-watchos/Uridium-t.build/Objects-normal/arm64/Uridium.SwiftFileList -DSWIFT_PACKAGE -DDEBUG -DSWIFT_MODULE_RESOURCE_BUNDLE_UNAVAILABLE -Xcc -fmodule-map-file\=/Users/admin/builder/spi-builder-workspace/.dependencies/checkouts/xcb/Sources/xcb/module.modulemap -Xcc -fmodule-map-file\=/Users/admin/builder/spi-builder-workspace/.dependencies/checkouts/Vulkan/Sources/Vulkan/module.modulemap -DXcode -plugin-path /Applications/Xcode-27.0.0-Release.Candidate.app/Contents/Developer/Toolchains/XcodeDefault.xctoolchain/usr/lib/swift/host/plugins/testing -enable-experimental-feature DebugDescriptionMacro -sdk /Applications/Xcode-27.0.0-Release.Candidate.app/Contents/Developer/Platforms/WatchOS.platform/Developer/SDKs/WatchOS27.0.sdk -target arm64-apple-watchos9.0 -g -module-cache-path /Users/admin/builder/spi-builder-workspace/.derivedData/ModuleCache.noindex -Xfrontend -serialize-debugging-options -enable-testing -index-store-path /Users/admin/builder/spi-builder-workspace/.derivedData/Index.noindex/DataStore -Xcc -D_LIBCPP_HARDENING_MODE\=_LIBCPP_HARDENING_MODE_DEBUG -swift-version 4.2 -I /Users/admin/builder/spi-builder-workspace/.derivedData/Build/Products/Debug-watchos -Isystem /Applications/Xcode-27.0.0-Release.Candidate.app/Contents/Developer/Platforms/WatchOS.platform/Developer/usr/lib -F /Users/admin/builder/spi-builder-workspace/.derivedData/Build/Products/Debug-watchos -F /Applications/Xcode-27.0.0-Release.Candidate.app/Contents/Developer/Platforms/WatchOS.platform/Developer/Library/Frameworks -F /Applications/Xcode-27.0.0-Release.Candidate.app/Contents/Developer/Platforms/WatchOS.platform/Developer/SDKs/WatchOS27.0.sdk/Developer/Library/Frameworks -c -j10 -enable-batch-mode -incremental -Xcc -ivfsstatcache -Xcc /Users/admin/builder/spi-builder-workspace/.derivedData/SDKStatCaches.noindex/watchos27.0-24R360-e829b21a6f8c9b70876ba0858053c04477534ef55a1706bf4c1112bbb242f0a2.sdkstatcache -output-file-map /Users/admin/builder/spi-builder-workspace/.derivedData/Build/Intermediates.noindex/Uridium.build/Debug-watchos/Uridium-t.build/Objects-normal/arm64/Uridium-OutputFileMap.json -save-temps -no-color-diagnostics -emit-dependencies -emit-module -emit-module-path /Users/admin/builder/spi-builder-workspace/.derivedData/Build/Intermediates.noindex/Uridium.build/Debug-watchos/Uridium-t.build/Objects-normal/arm64/Uridium.swiftmodule -serialize-diagnostics -validate-clang-modules-once -clang-build-session-file /Users/admin/builder/spi-builder-workspace/.derivedData/ModuleCache.noindex/Session.modulevalidation -Xcc -fmodules-prune-interval\=86400 -Xcc -fmodules-prune-after\=345600 -emit-const-values -const-gather-protocols-list /Users/admin/builder/spi-builder-workspace/.derivedData/Build/Intermediates.noindex/Uridium.build/Debug-watchos/Uridium-t.build/Objects-normal/arm64/Uridium_const_extract_protocols.json -Xcc -I/Users/admin/builder/spi-builder-workspace/.derivedData/Build/Products/Debug-watchos/include -Xcc -I/Users/admin/builder/spi-builder-workspace/.derivedData/Build/Intermediates.noindex/Uridium.build/Debug-watchos/Uridium-t.build/DerivedSources-normal/arm64 -Xcc -I/Users/admin/builder/spi-builder-workspace/.derivedData/Build/Intermediates.noindex/Uridium.build/Debug-watchos/Uridium-t.build/DerivedSources/arm64 -Xcc -I/Users/admin/builder/spi-builder-workspace/.derivedData/Build/Intermediates.noindex/Uridium.build/Debug-watchos/Uridium-t.build/DerivedSources -Xcc -DSWIFT_PACKAGE -Xcc -DDEBUG\=1 -emit-objc-header -emit-objc-header-path /Users/admin/builder/spi-builder-workspace/.derivedData/Build/Intermediates.noindex/Uridium.build/Debug-watchos/Uridium-t.build/Objects-normal/arm64/Uridium-Swift.h -working-directory /Users/admin/builder/spi-builder-workspace/.swiftpm/xcode -experimental-emit-module-separately -disable-cmo
SwiftDriver Uridium normal arm64_32 com.apple.xcode.tools.swift.compiler (in target 'Uridium' from project 'Uridium')
    cd /Users/admin/builder/spi-builder-workspace/.swiftpm/xcode
    builtin-SwiftDriver -- /Applications/Xcode-27.0.0-Release.Candidate.app/Contents/Developer/Toolchains/XcodeDefault.xctoolchain/usr/bin/swiftc -parse-as-library -module-name Uridium -Onone @/Users/admin/builder/spi-builder-workspace/.derivedData/Build/Intermediates.noindex/Uridium.build/Debug-watchos/Uridium-t.build/Objects-normal/arm64_32/Uridium.SwiftFileList -DSWIFT_PACKAGE -DDEBUG -DSWIFT_MODULE_RESOURCE_BUNDLE_UNAVAILABLE -Xcc -fmodule-map-file\=/Users/admin/builder/spi-builder-workspace/.dependencies/checkouts/xcb/Sources/xcb/module.modulemap -Xcc -fmodule-map-file\=/Users/admin/builder/spi-builder-workspace/.dependencies/checkouts/Vulkan/Sources/Vulkan/module.modulemap -DXcode -plugin-path /Applications/Xcode-27.0.0-Release.Candidate.app/Contents/Developer/Toolchains/XcodeDefault.xctoolchain/usr/lib/swift/host/plugins/testing -enable-experimental-feature DebugDescriptionMacro -sdk /Applications/Xcode-27.0.0-Release.Candidate.app/Contents/Developer/Platforms/WatchOS.platform/Developer/SDKs/WatchOS27.0.sdk -target arm64_32-apple-watchos9.0 -g -module-cache-path /Users/admin/builder/spi-builder-workspace/.derivedData/ModuleCache.noindex -Xfrontend -serialize-debugging-options -enable-testing -index-store-path /Users/admin/builder/spi-builder-workspace/.derivedData/Index.noindex/DataStore -Xcc -D_LIBCPP_HARDENING_MODE\=_LIBCPP_HARDENING_MODE_DEBUG -swift-version 4.2 -I /Users/admin/builder/spi-builder-workspace/.derivedData/Build/Products/Debug-watchos -Isystem /Applications/Xcode-27.0.0-Release.Candidate.app/Contents/Developer/Platforms/WatchOS.platform/Developer/usr/lib -F /Users/admin/builder/spi-builder-workspace/.derivedData/Build/Products/Debug-watchos -F /Applications/Xcode-27.0.0-Release.Candidate.app/Contents/Developer/Platforms/WatchOS.platform/Developer/Library/Frameworks -F /Applications/Xcode-27.0.0-Release.Candidate.app/Contents/Developer/Platforms/WatchOS.platform/Developer/SDKs/WatchOS27.0.sdk/Developer/Library/Frameworks -c -j10 -enable-batch-mode -incremental -Xcc -ivfsstatcache -Xcc /Users/admin/builder/spi-builder-workspace/.derivedData/SDKStatCaches.noindex/watchos27.0-24R360-e829b21a6f8c9b70876ba0858053c04477534ef55a1706bf4c1112bbb242f0a2.sdkstatcache -output-file-map /Users/admin/builder/spi-builder-workspace/.derivedData/Build/Intermediates.noindex/Uridium.build/Debug-watchos/Uridium-t.build/Objects-normal/arm64_32/Uridium-OutputFileMap.json -save-temps -no-color-diagnostics -emit-dependencies -emit-module -emit-module-path /Users/admin/builder/spi-builder-workspace/.derivedData/Build/Intermediates.noindex/Uridium.build/Debug-watchos/Uridium-t.build/Objects-normal/arm64_32/Uridium.swiftmodule -serialize-diagnostics -validate-clang-modules-once -clang-build-session-file /Users/admin/builder/spi-builder-workspace/.derivedData/ModuleCache.noindex/Session.modulevalidation -Xcc -fmodules-prune-interval\=86400 -Xcc -fmodules-prune-after\=345600 -emit-const-values -const-gather-protocols-list /Users/admin/builder/spi-builder-workspace/.derivedData/Build/Intermediates.noindex/Uridium.build/Debug-watchos/Uridium-t.build/Objects-normal/arm64_32/Uridium_const_extract_protocols.json -Xcc -I/Users/admin/builder/spi-builder-workspace/.derivedData/Build/Products/Debug-watchos/include -Xcc -I/Users/admin/builder/spi-builder-workspace/.derivedData/Build/Intermediates.noindex/Uridium.build/Debug-watchos/Uridium-t.build/DerivedSources-normal/arm64_32 -Xcc -I/Users/admin/builder/spi-builder-workspace/.derivedData/Build/Intermediates.noindex/Uridium.build/Debug-watchos/Uridium-t.build/DerivedSources/arm64_32 -Xcc -I/Users/admin/builder/spi-builder-workspace/.derivedData/Build/Intermediates.noindex/Uridium.build/Debug-watchos/Uridium-t.build/DerivedSources -Xcc -DSWIFT_PACKAGE -Xcc -DDEBUG\=1 -emit-objc-header -emit-objc-header-path /Users/admin/builder/spi-builder-workspace/.derivedData/Build/Intermediates.noindex/Uridium.build/Debug-watchos/Uridium-t.build/Objects-normal/arm64_32/Uridium-Swift.h -working-directory /Users/admin/builder/spi-builder-workspace/.swiftpm/xcode -experimental-emit-module-separately -disable-cmo
SwiftEmitModule normal arm64 Emitting\ module\ for\ Uridium (in target 'Uridium' from project 'Uridium')
SwiftCompile normal arm64 (in target 'Uridium' from project 'Uridium')
    cd /Users/admin/builder/spi-builder-workspace/.swiftpm/xcode

/Users/admin/builder/spi-builder-workspace/.dependencies/checkouts/Vulkan/Sources/Vulkan/module.modulemap:3:12: error: header '/usr/include/vulkan/vulkan.h' not found
1 | module Vulkan [system] {
2 |     header "macros.h"
3 |     header "/usr/include/vulkan/vulkan.h"
  |            `- error: header '/usr/include/vulkan/vulkan.h' not found
4 |     link "vulkan"
5 |     export *
/Users/admin/builder/spi-builder-workspace/Sources/Uridium/LunarLayer.swift:1:8: error: could not build Objective-C module 'Vulkan'
  1 | import Vulkan
    |        `- error: could not build Objective-C module 'Vulkan'
  2 | import Foundation
  3 |
Failed frontend command:
/Applications/Xcode-27.0.0-Release.Candidate.app/Contents/Developer/Toolchains/XcodeDefault.xctoolchain/usr/bin/swift-frontend -frontend -emit-module -experimental-skip-non-inlinable-function-bodies-without-types /Users/admin/builder/spi-builder-workspace/Sources/Uridium/LunarLayer.swift /Users/admin/builder/spi-builder-workspace/Sources/Uridium/Tin.swift /Users/admin/builder/spi-builder-workspace/Sources/Uridium/Window.swift -target arm64-apple-watchos9.0 -Xllvm -aarch64-use-tbi -enable-objc-interop -stack-check -sdk /Applications/Xcode-27.0.0-Release.Candidate.app/Contents/Developer/Platforms/WatchOS.platform/Developer/SDKs/WatchOS27.0.sdk -I /Users/admin/builder/spi-builder-workspace/.derivedData/Build/Products/Debug-watchos -Isystem /Applications/Xcode-27.0.0-Release.Candidate.app/Contents/Developer/Platforms/WatchOS.platform/Developer/usr/lib -F /Users/admin/builder/spi-builder-workspace/.derivedData/Build/Products/Debug-watchos -F /Applications/Xcode-27.0.0-Release.Candidate.app/Contents/Developer/Platforms/WatchOS.platform/Developer/Library/Frameworks -F /Applications/Xcode-27.0.0-Release.Candidate.app/Contents/Developer/Platforms/WatchOS.platform/Developer/SDKs/WatchOS27.0.sdk/Developer/Library/Frameworks -module-cache-path /Users/admin/builder/spi-builder-workspace/.derivedData/ModuleCache.noindex -no-color-diagnostics -Xcc -fno-color-diagnostics -enable-testing -g -debug-info-format\=dwarf -dwarf-version\=4 -swift-version 4.2 -Onone -D SWIFT_PACKAGE -D DEBUG -D SWIFT_MODULE_RESOURCE_BUNDLE_UNAVAILABLE -D Xcode -serialize-debugging-options -enable-experimental-feature DebugDescriptionMacro -empty-abi-descriptor -plugin-path /Applications/Xcode-27.0.0-Release.Candidate.app/Contents/Developer/Toolchains/XcodeDefault.xctoolchain/usr/lib/swift/host/plugins/testing -validate-clang-modules-once -clang-build-session-file /Users/admin/builder/spi-builder-workspace/.derivedData/ModuleCache.noindex/Session.modulevalidation -Xcc -working-directory -Xcc /Users/admin/builder/spi-builder-workspace/.swiftpm/xcode -enable-anonymous-context-mangled-names -file-compilation-dir /Users/admin/builder/spi-builder-workspace/.swiftpm/xcode -Xcc -fmodule-map-file\=/Users/admin/builder/spi-builder-workspace/.dependencies/checkouts/xcb/Sources/xcb/module.modulemap -Xcc -fmodule-map-file\=/Users/admin/builder/spi-builder-workspace/.dependencies/checkouts/Vulkan/Sources/Vulkan/module.modulemap -Xcc -D_LIBCPP_HARDENING_MODE\=_LIBCPP_HARDENING_MODE_DEBUG -Xcc -ivfsstatcache -Xcc /Users/admin/builder/spi-builder-workspace/.derivedData/SDKStatCaches.noindex/watchos27.0-24R360-e829b21a6f8c9b70876ba0858053c04477534ef55a1706bf4c1112bbb242f0a2.sdkstatcache -Xcc -fmodules-prune-interval\=86400 -Xcc -fmodules-prune-after\=345600 -Xcc -I/Users/admin/builder/spi-builder-workspace/.derivedData/Build/Products/Debug-watchos/include -Xcc -I/Users/admin/builder/spi-builder-workspace/.derivedData/Build/Intermediates.noindex/Uridium.build/Debug-watchos/Uridium-t.build/DerivedSources-normal/arm64 -Xcc -I/Users/admin/builder/spi-builder-workspace/.derivedData/Build/Intermediates.noindex/Uridium.build/Debug-watchos/Uridium-t.build/DerivedSources/arm64 -Xcc -I/Users/admin/builder/spi-builder-workspace/.derivedData/Build/Intermediates.noindex/Uridium.build/Debug-watchos/Uridium-t.build/DerivedSources -Xcc -DSWIFT_PACKAGE -Xcc -DDEBUG\=1 -no-auto-bridging-header-chaining -module-name Uridium -const-gather-protocols-file /Users/admin/builder/spi-builder-workspace/.derivedData/Build/Intermediates.noindex/Uridium.build/Debug-watchos/Uridium-t.build/Objects-normal/arm64/Uridium_const_extract_protocols.json -disable-clang-spi -target-sdk-version 27.0 -target-sdk-name watchos27.0 -external-plugin-path /Applications/Xcode-27.0.0-Release.Candidate.app/Contents/Developer/Platforms/WatchOS.platform/Developer/usr/lib/swift/host/plugins\#/Applications/Xcode-27.0.0-Release.Candidate.app/Contents/Developer/Platforms/WatchOS.platform/Developer/usr/bin/swift-plugin-server -external-plugin-path /Applications/Xcode-27.0.0-Release.Candidate.app/Contents/Developer/Platforms/WatchOS.platform/Developer/usr/local/lib/swift/host/plugins\#/Applications/Xcode-27.0.0-Release.Candidate.app/Contents/Developer/Platforms/WatchOS.platform/Developer/usr/bin/swift-plugin-server -in-process-plugin-server-path /Applications/Xcode-27.0.0-Release.Candidate.app/Contents/Developer/Toolchains/XcodeDefault.xctoolchain/usr/lib/swift/host/libSwiftInProcPluginServer.dylib -plugin-path /Applications/Xcode-27.0.0-Release.Candidate.app/Contents/Developer/Toolchains/XcodeDefault.xctoolchain/usr/lib/swift/host/plugins -plugin-path /Applications/Xcode-27.0.0-Release.Candidate.app/Contents/Developer/Toolchains/XcodeDefault.xctoolchain/usr/local/lib/swift/host/plugins -emit-module-doc-path /Users/admin/builder/spi-builder-workspace/.derivedData/Build/Intermediates.noindex/Uridium.build/Debug-watchos/Uridium-t.build/Objects-normal/arm64/Uridium.swiftdoc -emit-module-source-info-path /Users/admin/builder/spi-builder-workspace/.derivedData/Build/Intermediates.noindex/Uridium.build/Debug-watchos/Uridium-t.build/Objects-normal/arm64/Uridium.swiftsourceinfo -emit-objc-header-path /Users/admin/builder/spi-builder-workspace/.derivedData/Build/Intermediates.noindex/Uridium.build/Debug-watchos/Uridium-t.build/Objects-normal/arm64/Uridium-Swift.h -serialize-diagnostics-path /Users/admin/builder/spi-builder-workspace/.derivedData/Build/Intermediates.noindex/Uridium.build/Debug-watchos/Uridium-t.build/Objects-normal/arm64/Uridium-primary-emit-module.dia -emit-dependencies-path /Users/admin/builder/spi-builder-workspace/.derivedData/Build/Intermediates.noindex/Uridium.build/Debug-watchos/Uridium-t.build/Objects-normal/arm64/Uridium-primary-emit-module.d -parse-as-library -o /Users/admin/builder/spi-builder-workspace/.derivedData/Build/Intermediates.noindex/Uridium.build/Debug-watchos/Uridium-t.build/Objects-normal/arm64/Uridium.swiftmodule -emit-abi-descriptor-path /Users/admin/builder/spi-builder-workspace/.derivedData/Build/Intermediates.noindex/Uridium.build/Debug-watchos/Uridium-t.build/Objects-normal/arm64/Uridium.abi.json
SwiftCompile normal arm64 Compiling\ Window.swift /Users/admin/builder/spi-builder-workspace/Sources/Uridium/Window.swift (in target 'Uridium' from project 'Uridium')
SwiftCompile normal arm64 /Users/admin/builder/spi-builder-workspace/Sources/Uridium/Window.swift (in target 'Uridium' from project 'Uridium')
    cd /Users/admin/builder/spi-builder-workspace/.swiftpm/xcode
    builtin-SwiftPerFileCompile Window.swift
/Users/admin/builder/spi-builder-workspace/.dependencies/checkouts/Vulkan/Sources/Vulkan/module.modulemap:3:12: error: header '/usr/include/vulkan/vulkan.h' not found
1 | module Vulkan [system] {
2 |     header "macros.h"
3 |     header "/usr/include/vulkan/vulkan.h"
  |            `- error: header '/usr/include/vulkan/vulkan.h' not found
4 |     link "vulkan"
5 |     export *
SwiftCompile normal arm64 Compiling\ LunarLayer.swift /Users/admin/builder/spi-builder-workspace/Sources/Uridium/LunarLayer.swift (in target 'Uridium' from project 'Uridium')
/Users/admin/builder/spi-builder-workspace/.dependencies/checkouts/Vulkan/Sources/Vulkan/module.modulemap:3:12: error: header '/usr/include/vulkan/vulkan.h' not found
1 | module Vulkan [system] {
2 |     header "macros.h"
3 |     header "/usr/include/vulkan/vulkan.h"
  |            `- error: header '/usr/include/vulkan/vulkan.h' not found
4 |     link "vulkan"
5 |     export *
SwiftCompile normal arm64 /Users/admin/builder/spi-builder-workspace/Sources/Uridium/LunarLayer.swift (in target 'Uridium' from project 'Uridium')
    cd /Users/admin/builder/spi-builder-workspace/.swiftpm/xcode
    builtin-SwiftPerFileCompile LunarLayer.swift
SwiftCompile normal arm64 Compiling\ Tin.swift /Users/admin/builder/spi-builder-workspace/Sources/Uridium/Tin.swift (in target 'Uridium' from project 'Uridium')
/Users/admin/builder/spi-builder-workspace/.dependencies/checkouts/Vulkan/Sources/Vulkan/module.modulemap:3:12: error: header '/usr/include/vulkan/vulkan.h' not found
1 | module Vulkan [system] {
2 |     header "macros.h"
3 |     header "/usr/include/vulkan/vulkan.h"
  |            `- error: header '/usr/include/vulkan/vulkan.h' not found
4 |     link "vulkan"
5 |     export *
SwiftCompile normal arm64 /Users/admin/builder/spi-builder-workspace/Sources/Uridium/Tin.swift (in target 'Uridium' from project 'Uridium')
    cd /Users/admin/builder/spi-builder-workspace/.swiftpm/xcode
    builtin-SwiftPerFileCompile Tin.swift
SwiftCompile normal arm64_32 Compiling\ Tin.swift /Users/admin/builder/spi-builder-workspace/Sources/Uridium/Tin.swift (in target 'Uridium' from project 'Uridium')
/Users/admin/builder/spi-builder-workspace/.dependencies/checkouts/Vulkan/Sources/Vulkan/module.modulemap:3:12: error: header '/usr/include/vulkan/vulkan.h' not found
1 | module Vulkan [system] {
2 |     header "macros.h"
3 |     header "/usr/include/vulkan/vulkan.h"
  |            `- error: header '/usr/include/vulkan/vulkan.h' not found
4 |     link "vulkan"
5 |     export *
SwiftCompile normal arm64_32 /Users/admin/builder/spi-builder-workspace/Sources/Uridium/Tin.swift (in target 'Uridium' from project 'Uridium')
    cd /Users/admin/builder/spi-builder-workspace/.swiftpm/xcode
    builtin-SwiftPerFileCompile Tin.swift
SwiftEmitModule normal arm64_32 Emitting\ module\ for\ Uridium (in target 'Uridium' from project 'Uridium')
/Users/admin/builder/spi-builder-workspace/.dependencies/checkouts/Vulkan/Sources/Vulkan/module.modulemap:3:12: error: header '/usr/include/vulkan/vulkan.h' not found
1 | module Vulkan [system] {
2 |     header "macros.h"
3 |     header "/usr/include/vulkan/vulkan.h"
  |            `- error: header '/usr/include/vulkan/vulkan.h' not found
4 |     link "vulkan"
5 |     export *
/Users/admin/builder/spi-builder-workspace/Sources/Uridium/LunarLayer.swift:1:8: error: could not build Objective-C module 'Vulkan'
  1 | import Vulkan
    |        `- error: could not build Objective-C module 'Vulkan'
  2 | import Foundation
  3 |
Failed frontend command:
/Applications/Xcode-27.0.0-Release.Candidate.app/Contents/Developer/Toolchains/XcodeDefault.xctoolchain/usr/bin/swift-frontend -frontend -emit-module -experimental-skip-non-inlinable-function-bodies-without-types /Users/admin/builder/spi-builder-workspace/Sources/Uridium/LunarLayer.swift /Users/admin/builder/spi-builder-workspace/Sources/Uridium/Tin.swift /Users/admin/builder/spi-builder-workspace/Sources/Uridium/Window.swift -target arm64_32-apple-watchos9.0 -enable-objc-interop -sdk /Applications/Xcode-27.0.0-Release.Candidate.app/Contents/Developer/Platforms/WatchOS.platform/Developer/SDKs/WatchOS27.0.sdk -I /Users/admin/builder/spi-builder-workspace/.derivedData/Build/Products/Debug-watchos -Isystem /Applications/Xcode-27.0.0-Release.Candidate.app/Contents/Developer/Platforms/WatchOS.platform/Developer/usr/lib -F /Users/admin/builder/spi-builder-workspace/.derivedData/Build/Products/Debug-watchos -F /Applications/Xcode-27.0.0-Release.Candidate.app/Contents/Developer/Platforms/WatchOS.platform/Developer/Library/Frameworks -F /Applications/Xcode-27.0.0-Release.Candidate.app/Contents/Developer/Platforms/WatchOS.platform/Developer/SDKs/WatchOS27.0.sdk/Developer/Library/Frameworks -module-cache-path /Users/admin/builder/spi-builder-workspace/.derivedData/ModuleCache.noindex -no-color-diagnostics -Xcc -fno-color-diagnostics -enable-testing -g -debug-info-format\=dwarf -dwarf-version\=4 -swift-version 4.2 -Onone -D SWIFT_PACKAGE -D DEBUG -D SWIFT_MODULE_RESOURCE_BUNDLE_UNAVAILABLE -D Xcode -serialize-debugging-options -enable-experimental-feature DebugDescriptionMacro -empty-abi-descriptor -plugin-path /Applications/Xcode-27.0.0-Release.Candidate.app/Contents/Developer/Toolchains/XcodeDefault.xctoolchain/usr/lib/swift/host/plugins/testing -validate-clang-modules-once -clang-build-session-file /Users/admin/builder/spi-builder-workspace/.derivedData/ModuleCache.noindex/Session.modulevalidation -Xcc -working-directory -Xcc /Users/admin/builder/spi-builder-workspace/.swiftpm/xcode -enable-anonymous-context-mangled-names -file-compilation-dir /Users/admin/builder/spi-builder-workspace/.swiftpm/xcode -Xcc -fmodule-map-file\=/Users/admin/builder/spi-builder-workspace/.dependencies/checkouts/xcb/Sources/xcb/module.modulemap -Xcc -fmodule-map-file\=/Users/admin/builder/spi-builder-workspace/.dependencies/checkouts/Vulkan/Sources/Vulkan/module.modulemap -Xcc -D_LIBCPP_HARDENING_MODE\=_LIBCPP_HARDENING_MODE_DEBUG -Xcc -ivfsstatcache -Xcc /Users/admin/builder/spi-builder-workspace/.derivedData/SDKStatCaches.noindex/watchos27.0-24R360-e829b21a6f8c9b70876ba0858053c04477534ef55a1706bf4c1112bbb242f0a2.sdkstatcache -Xcc -fmodules-prune-interval\=86400 -Xcc -fmodules-prune-after\=345600 -Xcc -I/Users/admin/builder/spi-builder-workspace/.derivedData/Build/Products/Debug-watchos/include -Xcc -I/Users/admin/builder/spi-builder-workspace/.derivedData/Build/Intermediates.noindex/Uridium.build/Debug-watchos/Uridium-t.build/DerivedSources-normal/arm64_32 -Xcc -I/Users/admin/builder/spi-builder-workspace/.derivedData/Build/Intermediates.noindex/Uridium.build/Debug-watchos/Uridium-t.build/DerivedSources/arm64_32 -Xcc -I/Users/admin/builder/spi-builder-workspace/.derivedData/Build/Intermediates.noindex/Uridium.build/Debug-watchos/Uridium-t.build/DerivedSources -Xcc -DSWIFT_PACKAGE -Xcc -DDEBUG\=1 -no-auto-bridging-header-chaining -module-name Uridium -const-gather-protocols-file /Users/admin/builder/spi-builder-workspace/.derivedData/Build/Intermediates.noindex/Uridium.build/Debug-watchos/Uridium-t.build/Objects-normal/arm64_32/Uridium_const_extract_protocols.json -disable-clang-spi -target-sdk-version 27.0 -target-sdk-name watchos27.0 -external-plugin-path /Applications/Xcode-27.0.0-Release.Candidate.app/Contents/Developer/Platforms/WatchOS.platform/Developer/usr/lib/swift/host/plugins\#/Applications/Xcode-27.0.0-Release.Candidate.app/Contents/Developer/Platforms/WatchOS.platform/Developer/usr/bin/swift-plugin-server -external-plugin-path /Applications/Xcode-27.0.0-Release.Candidate.app/Contents/Developer/Platforms/WatchOS.platform/Developer/usr/local/lib/swift/host/plugins\#/Applications/Xcode-27.0.0-Release.Candidate.app/Contents/Developer/Platforms/WatchOS.platform/Developer/usr/bin/swift-plugin-server -in-process-plugin-server-path /Applications/Xcode-27.0.0-Release.Candidate.app/Contents/Developer/Toolchains/XcodeDefault.xctoolchain/usr/lib/swift/host/libSwiftInProcPluginServer.dylib -plugin-path /Applications/Xcode-27.0.0-Release.Candidate.app/Contents/Developer/Toolchains/XcodeDefault.xctoolchain/usr/lib/swift/host/plugins -plugin-path /Applications/Xcode-27.0.0-Release.Candidate.app/Contents/Developer/Toolchains/XcodeDefault.xctoolchain/usr/local/lib/swift/host/plugins -emit-module-doc-path /Users/admin/builder/spi-builder-workspace/.derivedData/Build/Intermediates.noindex/Uridium.build/Debug-watchos/Uridium-t.build/Objects-normal/arm64_32/Uridium.swiftdoc -emit-module-source-info-path /Users/admin/builder/spi-builder-workspace/.derivedData/Build/Intermediates.noindex/Uridium.build/Debug-watchos/Uridium-t.build/Objects-normal/arm64_32/Uridium.swiftsourceinfo -emit-objc-header-path /Users/admin/builder/spi-builder-workspace/.derivedData/Build/Intermediates.noindex/Uridium.build/Debug-watchos/Uridium-t.build/Objects-normal/arm64_32/Uridium-Swift.h -serialize-diagnostics-path /Users/admin/builder/spi-builder-workspace/.derivedData/Build/Intermediates.noindex/Uridium.build/Debug-watchos/Uridium-t.build/Objects-normal/arm64_32/Uridium-primary-emit-module.dia -emit-dependencies-path /Users/admin/builder/spi-builder-workspace/.derivedData/Build/Intermediates.noindex/Uridium.build/Debug-watchos/Uridium-t.build/Objects-normal/arm64_32/Uridium-primary-emit-module.d -parse-as-library -o /Users/admin/builder/spi-builder-workspace/.derivedData/Build/Intermediates.noindex/Uridium.build/Debug-watchos/Uridium-t.build/Objects-normal/arm64_32/Uridium.swiftmodule -emit-abi-descriptor-path /Users/admin/builder/spi-builder-workspace/.derivedData/Build/Intermediates.noindex/Uridium.build/Debug-watchos/Uridium-t.build/Objects-normal/arm64_32/Uridium.abi.json
SwiftCompile normal arm64_32 (in target 'Uridium' from project 'Uridium')
    cd /Users/admin/builder/spi-builder-workspace/.swiftpm/xcode

SwiftCompile normal arm64_32 Compiling\ Window.swift /Users/admin/builder/spi-builder-workspace/Sources/Uridium/Window.swift (in target 'Uridium' from project 'Uridium')
/Users/admin/builder/spi-builder-workspace/.dependencies/checkouts/Vulkan/Sources/Vulkan/module.modulemap:3:12: error: header '/usr/include/vulkan/vulkan.h' not found
1 | module Vulkan [system] {
2 |     header "macros.h"
3 |     header "/usr/include/vulkan/vulkan.h"
  |            `- error: header '/usr/include/vulkan/vulkan.h' not found
4 |     link "vulkan"
5 |     export *
SwiftCompile normal arm64_32 /Users/admin/builder/spi-builder-workspace/Sources/Uridium/Window.swift (in target 'Uridium' from project 'Uridium')
    cd /Users/admin/builder/spi-builder-workspace/.swiftpm/xcode
    builtin-SwiftPerFileCompile Window.swift
SwiftCompile normal arm64_32 Compiling\ LunarLayer.swift /Users/admin/builder/spi-builder-workspace/Sources/Uridium/LunarLayer.swift (in target 'Uridium' from project 'Uridium')
/Users/admin/builder/spi-builder-workspace/.dependencies/checkouts/Vulkan/Sources/Vulkan/module.modulemap:3:12: error: header '/usr/include/vulkan/vulkan.h' not found
1 | module Vulkan [system] {
2 |     header "macros.h"
3 |     header "/usr/include/vulkan/vulkan.h"
  |            `- error: header '/usr/include/vulkan/vulkan.h' not found
4 |     link "vulkan"
5 |     export *
SwiftCompile normal arm64_32 /Users/admin/builder/spi-builder-workspace/Sources/Uridium/LunarLayer.swift (in target 'Uridium' from project 'Uridium')
    cd /Users/admin/builder/spi-builder-workspace/.swiftpm/xcode
    builtin-SwiftPerFileCompile LunarLayer.swift
PruneExplicitPrecompiledModules /Users/admin/builder/spi-builder-workspace/.derivedData/Build/Intermediates.noindex/SwiftExplicitPrecompiledModules
PruneExplicitPrecompiledModules /Users/admin/builder/spi-builder-workspace/.derivedData/Build/Intermediates.noindex/ExplicitPrecompiledModules
PruneExplicitPrecompiledModules /Users/admin/builder/spi-builder-workspace/.derivedData/SDKExplicitPrecompiledModules
2026-09-16 23:26:29.457 xcodebuild[697:4247] [MT] IDERunDestination: Supported platforms for the buildables in the current scheme is empty.
** BUILD FAILED **
The following build commands failed:
	SwiftCompile normal arm64 (in target 'Uridium' from project 'Uridium')
	SwiftEmitModule normal arm64 Emitting\ module\ for\ Uridium (in target 'Uridium' from project 'Uridium')
	SwiftEmitModule normal arm64_32 Emitting\ module\ for\ Uridium (in target 'Uridium' from project 'Uridium')
	SwiftCompile normal arm64_32 (in target 'Uridium' from project 'Uridium')
	Building workspace Uridium with scheme Uridium
(5 failures)
Command line invocation:
    /Applications/Xcode-27.0.0-Release.Candidate.app/Contents/Developer/usr/bin/xcodebuild -IDEClonedSourcePackagesDirPathOverride=/Users/admin/builder/spi-builder-workspace/.dependencies -resolvePackageDependencies
Resolve Package Graph
Resolved source packages:
  xcb: https://github.com/aestesis/xcb.git @ 1.0.1
  Vulkan: https://github.com/aestesis/Vulkan.git @ 1.0.6
  Uridium: /Users/admin/builder/spi-builder-workspace
resolved source packages: xcb, Vulkan, Uridium
2026-09-16 23:26:33.345 xcodebuild[758:4724] [MT] IDERunDestination: Supported platforms for the buildables in the current scheme is empty.
{
  "dependencies" : [
    {
      "identity" : "xcb",
      "requirement" : {
        "range" : [
          {
            "lower_bound" : "1.0.1",
            "upper_bound" : "2.0.0"
          }
        ]
      },
      "type" : "sourceControl",
      "url" : "https://github.com/aestesis/xcb.git"
    },
    {
      "identity" : "vulkan",
      "requirement" : {
        "range" : [
          {
            "lower_bound" : "1.0.6",
            "upper_bound" : "2.0.0"
          }
        ]
      },
      "type" : "sourceControl",
      "url" : "https://github.com/aestesis/Vulkan.git"
    }
  ],
  "manifest_display_name" : "Uridium",
  "name" : "Uridium",
  "path" : "/Users/admin/builder/spi-builder-workspace",
  "platforms" : [
  ],
  "products" : [
    {
      "name" : "Uridium",
      "targets" : [
        "Uridium"
      ],
      "type" : {
        "library" : [
          "automatic"
        ]
      }
    }
  ],
  "targets" : [
    {
      "c99name" : "Uridium",
      "module_type" : "SwiftTarget",
      "name" : "Uridium",
      "path" : "Sources/Uridium",
      "product_dependencies" : [
        "xcb",
        "Vulkan"
      ],
      "product_memberships" : [
        "Uridium"
      ],
      "sources" : [
        "LunarLayer.swift",
        "Tin.swift",
        "Window.swift"
      ],
      "type" : "library"
    }
  ],
  "tools_version" : "4.2"
}
{
  "workspace" : {
    "name" : "Uridium",
    "schemes" : [
      "Uridium"
    ]
  }
}
2026-09-16 23:26:34.590 xcodebuild[766:4795] [MT] IDERunDestination: Supported platforms for the buildables in the current scheme is empty.
Running build ...
env DEVELOPER_DIR=/Applications/Xcode-27.0.0-Release.Candidate.app xcrun xcodebuild -IDEClonedSourcePackagesDirPathOverride=$PWD/.dependencies -skipMacroValidation -skipPackagePluginValidation -derivedDataPath $PWD/.derivedData build -scheme Uridium -destination generic/platform=watchOS
Command line invocation:
    /Applications/Xcode-27.0.0-Release.Candidate.app/Contents/Developer/usr/bin/xcodebuild -IDEClonedSourcePackagesDirPathOverride=/Users/admin/builder/spi-builder-workspace/.dependencies -skipMacroValidation -skipPackagePluginValidation -derivedDataPath /Users/admin/builder/spi-builder-workspace/.derivedData build -scheme Uridium -destination generic/platform=watchOS
Resolve Package Graph
Resolved source packages:
  xcb: https://github.com/aestesis/xcb.git @ 1.0.1
  Vulkan: https://github.com/aestesis/Vulkan.git @ 1.0.6
  Uridium: /Users/admin/builder/spi-builder-workspace
ComputePackagePrebuildTargetDependencyGraph
Prepare packages
CreateBuildRequest
SendProjectDescription
CreateBuildOperation
ComputeTargetDependencyGraph
note: Building targets in dependency order
note: Target dependency graph (6 targets)
    Target 'Uridium-product' in project 'Uridium'
        ➜ Explicit dependency on target 'Uridium' in project 'Uridium'
        ➜ Explicit dependency on target 'xcb-product' in project 'xcb'
        ➜ Explicit dependency on target 'Vulkan-product' in project 'Vulkan'
    Target 'Uridium' in project 'Uridium'
        ➜ Explicit dependency on target 'xcb-product' in project 'xcb'
        ➜ Explicit dependency on target 'Vulkan-product' in project 'Vulkan'
    Target 'Vulkan-product' in project 'Vulkan'
        ➜ Explicit dependency on target 'Vulkan' in project 'Vulkan'
    Target 'Vulkan' in project 'Vulkan' (no dependencies)
    Target 'xcb-product' in project 'xcb'
        ➜ Explicit dependency on target 'xcb' in project 'xcb'
    Target 'xcb' in project 'xcb' (no dependencies)
GatherProvisioningInputs
CreateBuildDescription
ClangStatCache /Applications/Xcode-27.0.0-Release.Candidate.app/Contents/Developer/Toolchains/XcodeDefault.xctoolchain/usr/bin/clang-stat-cache /Applications/Xcode-27.0.0-Release.Candidate.app/Contents/Developer/Platforms/WatchOS.platform/Developer/SDKs/WatchOS27.0.sdk /Users/admin/builder/spi-builder-workspace/.derivedData/SDKStatCaches.noindex/watchos27.0-24R360-e829b21a6f8c9b70876ba0858053c04477534ef55a1706bf4c1112bbb242f0a2.sdkstatcache
    cd /Users/admin/builder/spi-builder-workspace/.swiftpm/xcode
    /Applications/Xcode-27.0.0-Release.Candidate.app/Contents/Developer/Toolchains/XcodeDefault.xctoolchain/usr/bin/clang-stat-cache /Applications/Xcode-27.0.0-Release.Candidate.app/Contents/Developer/Platforms/WatchOS.platform/Developer/SDKs/WatchOS27.0.sdk -o /Users/admin/builder/spi-builder-workspace/.derivedData/SDKStatCaches.noindex/watchos27.0-24R360-e829b21a6f8c9b70876ba0858053c04477534ef55a1706bf4c1112bbb242f0a2.sdkstatcache
SwiftDriver Uridium normal arm64_32 com.apple.xcode.tools.swift.compiler (in target 'Uridium' from project 'Uridium')
    cd /Users/admin/builder/spi-builder-workspace/.swiftpm/xcode
    builtin-SwiftDriver -- /Applications/Xcode-27.0.0-Release.Candidate.app/Contents/Developer/Toolchains/XcodeDefault.xctoolchain/usr/bin/swiftc -parse-as-library -module-name Uridium -Onone @/Users/admin/builder/spi-builder-workspace/.derivedData/Build/Intermediates.noindex/Uridium.build/Debug-watchos/Uridium-t.build/Objects-normal/arm64_32/Uridium.SwiftFileList -DSWIFT_PACKAGE -DDEBUG -DSWIFT_MODULE_RESOURCE_BUNDLE_UNAVAILABLE -Xcc -fmodule-map-file\=/Users/admin/builder/spi-builder-workspace/.dependencies/checkouts/xcb/Sources/xcb/module.modulemap -Xcc -fmodule-map-file\=/Users/admin/builder/spi-builder-workspace/.dependencies/checkouts/Vulkan/Sources/Vulkan/module.modulemap -DXcode -plugin-path /Applications/Xcode-27.0.0-Release.Candidate.app/Contents/Developer/Toolchains/XcodeDefault.xctoolchain/usr/lib/swift/host/plugins/testing -enable-experimental-feature DebugDescriptionMacro -sdk /Applications/Xcode-27.0.0-Release.Candidate.app/Contents/Developer/Platforms/WatchOS.platform/Developer/SDKs/WatchOS27.0.sdk -target arm64_32-apple-watchos9.0 -g -module-cache-path /Users/admin/builder/spi-builder-workspace/.derivedData/ModuleCache.noindex -Xfrontend -serialize-debugging-options -enable-testing -index-store-path /Users/admin/builder/spi-builder-workspace/.derivedData/Index.noindex/DataStore -Xcc -D_LIBCPP_HARDENING_MODE\=_LIBCPP_HARDENING_MODE_DEBUG -swift-version 4.2 -I /Users/admin/builder/spi-builder-workspace/.derivedData/Build/Products/Debug-watchos -Isystem /Applications/Xcode-27.0.0-Release.Candidate.app/Contents/Developer/Platforms/WatchOS.platform/Developer/usr/lib -F /Users/admin/builder/spi-builder-workspace/.derivedData/Build/Products/Debug-watchos -F /Applications/Xcode-27.0.0-Release.Candidate.app/Contents/Developer/Platforms/WatchOS.platform/Developer/Library/Frameworks -F /Applications/Xcode-27.0.0-Release.Candidate.app/Contents/Developer/Platforms/WatchOS.platform/Developer/SDKs/WatchOS27.0.sdk/Developer/Library/Frameworks -c -j10 -enable-batch-mode -incremental -Xcc -ivfsstatcache -Xcc /Users/admin/builder/spi-builder-workspace/.derivedData/SDKStatCaches.noindex/watchos27.0-24R360-e829b21a6f8c9b70876ba0858053c04477534ef55a1706bf4c1112bbb242f0a2.sdkstatcache -output-file-map /Users/admin/builder/spi-builder-workspace/.derivedData/Build/Intermediates.noindex/Uridium.build/Debug-watchos/Uridium-t.build/Objects-normal/arm64_32/Uridium-OutputFileMap.json -save-temps -no-color-diagnostics -emit-dependencies -emit-module -emit-module-path /Users/admin/builder/spi-builder-workspace/.derivedData/Build/Intermediates.noindex/Uridium.build/Debug-watchos/Uridium-t.build/Objects-normal/arm64_32/Uridium.swiftmodule -serialize-diagnostics -validate-clang-modules-once -clang-build-session-file /Users/admin/builder/spi-builder-workspace/.derivedData/ModuleCache.noindex/Session.modulevalidation -Xcc -fmodules-prune-interval\=86400 -Xcc -fmodules-prune-after\=345600 -emit-const-values -const-gather-protocols-list /Users/admin/builder/spi-builder-workspace/.derivedData/Build/Intermediates.noindex/Uridium.build/Debug-watchos/Uridium-t.build/Objects-normal/arm64_32/Uridium_const_extract_protocols.json -Xcc -I/Users/admin/builder/spi-builder-workspace/.derivedData/Build/Products/Debug-watchos/include -Xcc -I/Users/admin/builder/spi-builder-workspace/.derivedData/Build/Intermediates.noindex/Uridium.build/Debug-watchos/Uridium-t.build/DerivedSources-normal/arm64_32 -Xcc -I/Users/admin/builder/spi-builder-workspace/.derivedData/Build/Intermediates.noindex/Uridium.build/Debug-watchos/Uridium-t.build/DerivedSources/arm64_32 -Xcc -I/Users/admin/builder/spi-builder-workspace/.derivedData/Build/Intermediates.noindex/Uridium.build/Debug-watchos/Uridium-t.build/DerivedSources -Xcc -DSWIFT_PACKAGE -Xcc -DDEBUG\=1 -emit-objc-header -emit-objc-header-path /Users/admin/builder/spi-builder-workspace/.derivedData/Build/Intermediates.noindex/Uridium.build/Debug-watchos/Uridium-t.build/Objects-normal/arm64_32/Uridium-Swift.h -working-directory /Users/admin/builder/spi-builder-workspace/.swiftpm/xcode -experimental-emit-module-separately -disable-cmo
SwiftDriver Uridium normal arm64 com.apple.xcode.tools.swift.compiler (in target 'Uridium' from project 'Uridium')
    cd /Users/admin/builder/spi-builder-workspace/.swiftpm/xcode
    builtin-SwiftDriver -- /Applications/Xcode-27.0.0-Release.Candidate.app/Contents/Developer/Toolchains/XcodeDefault.xctoolchain/usr/bin/swiftc -parse-as-library -module-name Uridium -Onone @/Users/admin/builder/spi-builder-workspace/.derivedData/Build/Intermediates.noindex/Uridium.build/Debug-watchos/Uridium-t.build/Objects-normal/arm64/Uridium.SwiftFileList -DSWIFT_PACKAGE -DDEBUG -DSWIFT_MODULE_RESOURCE_BUNDLE_UNAVAILABLE -Xcc -fmodule-map-file\=/Users/admin/builder/spi-builder-workspace/.dependencies/checkouts/xcb/Sources/xcb/module.modulemap -Xcc -fmodule-map-file\=/Users/admin/builder/spi-builder-workspace/.dependencies/checkouts/Vulkan/Sources/Vulkan/module.modulemap -DXcode -plugin-path /Applications/Xcode-27.0.0-Release.Candidate.app/Contents/Developer/Toolchains/XcodeDefault.xctoolchain/usr/lib/swift/host/plugins/testing -enable-experimental-feature DebugDescriptionMacro -sdk /Applications/Xcode-27.0.0-Release.Candidate.app/Contents/Developer/Platforms/WatchOS.platform/Developer/SDKs/WatchOS27.0.sdk -target arm64-apple-watchos9.0 -g -module-cache-path /Users/admin/builder/spi-builder-workspace/.derivedData/ModuleCache.noindex -Xfrontend -serialize-debugging-options -enable-testing -index-store-path /Users/admin/builder/spi-builder-workspace/.derivedData/Index.noindex/DataStore -Xcc -D_LIBCPP_HARDENING_MODE\=_LIBCPP_HARDENING_MODE_DEBUG -swift-version 4.2 -I /Users/admin/builder/spi-builder-workspace/.derivedData/Build/Products/Debug-watchos -Isystem /Applications/Xcode-27.0.0-Release.Candidate.app/Contents/Developer/Platforms/WatchOS.platform/Developer/usr/lib -F /Users/admin/builder/spi-builder-workspace/.derivedData/Build/Products/Debug-watchos -F /Applications/Xcode-27.0.0-Release.Candidate.app/Contents/Developer/Platforms/WatchOS.platform/Developer/Library/Frameworks -F /Applications/Xcode-27.0.0-Release.Candidate.app/Contents/Developer/Platforms/WatchOS.platform/Developer/SDKs/WatchOS27.0.sdk/Developer/Library/Frameworks -c -j10 -enable-batch-mode -incremental -Xcc -ivfsstatcache -Xcc /Users/admin/builder/spi-builder-workspace/.derivedData/SDKStatCaches.noindex/watchos27.0-24R360-e829b21a6f8c9b70876ba0858053c04477534ef55a1706bf4c1112bbb242f0a2.sdkstatcache -output-file-map /Users/admin/builder/spi-builder-workspace/.derivedData/Build/Intermediates.noindex/Uridium.build/Debug-watchos/Uridium-t.build/Objects-normal/arm64/Uridium-OutputFileMap.json -save-temps -no-color-diagnostics -emit-dependencies -emit-module -emit-module-path /Users/admin/builder/spi-builder-workspace/.derivedData/Build/Intermediates.noindex/Uridium.build/Debug-watchos/Uridium-t.build/Objects-normal/arm64/Uridium.swiftmodule -serialize-diagnostics -validate-clang-modules-once -clang-build-session-file /Users/admin/builder/spi-builder-workspace/.derivedData/ModuleCache.noindex/Session.modulevalidation -Xcc -fmodules-prune-interval\=86400 -Xcc -fmodules-prune-after\=345600 -emit-const-values -const-gather-protocols-list /Users/admin/builder/spi-builder-workspace/.derivedData/Build/Intermediates.noindex/Uridium.build/Debug-watchos/Uridium-t.build/Objects-normal/arm64/Uridium_const_extract_protocols.json -Xcc -I/Users/admin/builder/spi-builder-workspace/.derivedData/Build/Products/Debug-watchos/include -Xcc -I/Users/admin/builder/spi-builder-workspace/.derivedData/Build/Intermediates.noindex/Uridium.build/Debug-watchos/Uridium-t.build/DerivedSources-normal/arm64 -Xcc -I/Users/admin/builder/spi-builder-workspace/.derivedData/Build/Intermediates.noindex/Uridium.build/Debug-watchos/Uridium-t.build/DerivedSources/arm64 -Xcc -I/Users/admin/builder/spi-builder-workspace/.derivedData/Build/Intermediates.noindex/Uridium.build/Debug-watchos/Uridium-t.build/DerivedSources -Xcc -DSWIFT_PACKAGE -Xcc -DDEBUG\=1 -emit-objc-header -emit-objc-header-path /Users/admin/builder/spi-builder-workspace/.derivedData/Build/Intermediates.noindex/Uridium.build/Debug-watchos/Uridium-t.build/Objects-normal/arm64/Uridium-Swift.h -working-directory /Users/admin/builder/spi-builder-workspace/.swiftpm/xcode -experimental-emit-module-separately -disable-cmo
SwiftEmitModule normal arm64_32 Emitting\ module\ for\ Uridium (in target 'Uridium' from project 'Uridium')
SwiftCompile normal arm64_32 (in target 'Uridium' from project 'Uridium')
    cd /Users/admin/builder/spi-builder-workspace/.swiftpm/xcode

/Users/admin/builder/spi-builder-workspace/.dependencies/checkouts/Vulkan/Sources/Vulkan/module.modulemap:3:12: error: header '/usr/include/vulkan/vulkan.h' not found
1 | module Vulkan [system] {
2 |     header "macros.h"
3 |     header "/usr/include/vulkan/vulkan.h"
  |            `- error: header '/usr/include/vulkan/vulkan.h' not found
4 |     link "vulkan"
5 |     export *
/Users/admin/builder/spi-builder-workspace/Sources/Uridium/LunarLayer.swift:1:8: error: could not build Objective-C module 'Vulkan'
  1 | import Vulkan
    |        `- error: could not build Objective-C module 'Vulkan'
  2 | import Foundation
  3 |
Failed frontend command:
/Applications/Xcode-27.0.0-Release.Candidate.app/Contents/Developer/Toolchains/XcodeDefault.xctoolchain/usr/bin/swift-frontend -frontend -emit-module -experimental-skip-non-inlinable-function-bodies-without-types /Users/admin/builder/spi-builder-workspace/Sources/Uridium/LunarLayer.swift /Users/admin/builder/spi-builder-workspace/Sources/Uridium/Tin.swift /Users/admin/builder/spi-builder-workspace/Sources/Uridium/Window.swift -target arm64_32-apple-watchos9.0 -enable-objc-interop -sdk /Applications/Xcode-27.0.0-Release.Candidate.app/Contents/Developer/Platforms/WatchOS.platform/Developer/SDKs/WatchOS27.0.sdk -I /Users/admin/builder/spi-builder-workspace/.derivedData/Build/Products/Debug-watchos -Isystem /Applications/Xcode-27.0.0-Release.Candidate.app/Contents/Developer/Platforms/WatchOS.platform/Developer/usr/lib -F /Users/admin/builder/spi-builder-workspace/.derivedData/Build/Products/Debug-watchos -F /Applications/Xcode-27.0.0-Release.Candidate.app/Contents/Developer/Platforms/WatchOS.platform/Developer/Library/Frameworks -F /Applications/Xcode-27.0.0-Release.Candidate.app/Contents/Developer/Platforms/WatchOS.platform/Developer/SDKs/WatchOS27.0.sdk/Developer/Library/Frameworks -module-cache-path /Users/admin/builder/spi-builder-workspace/.derivedData/ModuleCache.noindex -no-color-diagnostics -Xcc -fno-color-diagnostics -enable-testing -g -debug-info-format\=dwarf -dwarf-version\=4 -swift-version 4.2 -Onone -D SWIFT_PACKAGE -D DEBUG -D SWIFT_MODULE_RESOURCE_BUNDLE_UNAVAILABLE -D Xcode -serialize-debugging-options -enable-experimental-feature DebugDescriptionMacro -empty-abi-descriptor -plugin-path /Applications/Xcode-27.0.0-Release.Candidate.app/Contents/Developer/Toolchains/XcodeDefault.xctoolchain/usr/lib/swift/host/plugins/testing -validate-clang-modules-once -clang-build-session-file /Users/admin/builder/spi-builder-workspace/.derivedData/ModuleCache.noindex/Session.modulevalidation -Xcc -working-directory -Xcc /Users/admin/builder/spi-builder-workspace/.swiftpm/xcode -enable-anonymous-context-mangled-names -file-compilation-dir /Users/admin/builder/spi-builder-workspace/.swiftpm/xcode -Xcc -fmodule-map-file\=/Users/admin/builder/spi-builder-workspace/.dependencies/checkouts/xcb/Sources/xcb/module.modulemap -Xcc -fmodule-map-file\=/Users/admin/builder/spi-builder-workspace/.dependencies/checkouts/Vulkan/Sources/Vulkan/module.modulemap -Xcc -D_LIBCPP_HARDENING_MODE\=_LIBCPP_HARDENING_MODE_DEBUG -Xcc -ivfsstatcache -Xcc /Users/admin/builder/spi-builder-workspace/.derivedData/SDKStatCaches.noindex/watchos27.0-24R360-e829b21a6f8c9b70876ba0858053c04477534ef55a1706bf4c1112bbb242f0a2.sdkstatcache -Xcc -fmodules-prune-interval\=86400 -Xcc -fmodules-prune-after\=345600 -Xcc -I/Users/admin/builder/spi-builder-workspace/.derivedData/Build/Products/Debug-watchos/include -Xcc -I/Users/admin/builder/spi-builder-workspace/.derivedData/Build/Intermediates.noindex/Uridium.build/Debug-watchos/Uridium-t.build/DerivedSources-normal/arm64_32 -Xcc -I/Users/admin/builder/spi-builder-workspace/.derivedData/Build/Intermediates.noindex/Uridium.build/Debug-watchos/Uridium-t.build/DerivedSources/arm64_32 -Xcc -I/Users/admin/builder/spi-builder-workspace/.derivedData/Build/Intermediates.noindex/Uridium.build/Debug-watchos/Uridium-t.build/DerivedSources -Xcc -DSWIFT_PACKAGE -Xcc -DDEBUG\=1 -no-auto-bridging-header-chaining -module-name Uridium -const-gather-protocols-file /Users/admin/builder/spi-builder-workspace/.derivedData/Build/Intermediates.noindex/Uridium.build/Debug-watchos/Uridium-t.build/Objects-normal/arm64_32/Uridium_const_extract_protocols.json -disable-clang-spi -target-sdk-version 27.0 -target-sdk-name watchos27.0 -external-plugin-path /Applications/Xcode-27.0.0-Release.Candidate.app/Contents/Developer/Platforms/WatchOS.platform/Developer/usr/lib/swift/host/plugins\#/Applications/Xcode-27.0.0-Release.Candidate.app/Contents/Developer/Platforms/WatchOS.platform/Developer/usr/bin/swift-plugin-server -external-plugin-path /Applications/Xcode-27.0.0-Release.Candidate.app/Contents/Developer/Platforms/WatchOS.platform/Developer/usr/local/lib/swift/host/plugins\#/Applications/Xcode-27.0.0-Release.Candidate.app/Contents/Developer/Platforms/WatchOS.platform/Developer/usr/bin/swift-plugin-server -in-process-plugin-server-path /Applications/Xcode-27.0.0-Release.Candidate.app/Contents/Developer/Toolchains/XcodeDefault.xctoolchain/usr/lib/swift/host/libSwiftInProcPluginServer.dylib -plugin-path /Applications/Xcode-27.0.0-Release.Candidate.app/Contents/Developer/Toolchains/XcodeDefault.xctoolchain/usr/lib/swift/host/plugins -plugin-path /Applications/Xcode-27.0.0-Release.Candidate.app/Contents/Developer/Toolchains/XcodeDefault.xctoolchain/usr/local/lib/swift/host/plugins -emit-module-doc-path /Users/admin/builder/spi-builder-workspace/.derivedData/Build/Intermediates.noindex/Uridium.build/Debug-watchos/Uridium-t.build/Objects-normal/arm64_32/Uridium.swiftdoc -emit-module-source-info-path /Users/admin/builder/spi-builder-workspace/.derivedData/Build/Intermediates.noindex/Uridium.build/Debug-watchos/Uridium-t.build/Objects-normal/arm64_32/Uridium.swiftsourceinfo -emit-objc-header-path /Users/admin/builder/spi-builder-workspace/.derivedData/Build/Intermediates.noindex/Uridium.build/Debug-watchos/Uridium-t.build/Objects-normal/arm64_32/Uridium-Swift.h -serialize-diagnostics-path /Users/admin/builder/spi-builder-workspace/.derivedData/Build/Intermediates.noindex/Uridium.build/Debug-watchos/Uridium-t.build/Objects-normal/arm64_32/Uridium-primary-emit-module.dia -emit-dependencies-path /Users/admin/builder/spi-builder-workspace/.derivedData/Build/Intermediates.noindex/Uridium.build/Debug-watchos/Uridium-t.build/Objects-normal/arm64_32/Uridium-primary-emit-module.d -parse-as-library -o /Users/admin/builder/spi-builder-workspace/.derivedData/Build/Intermediates.noindex/Uridium.build/Debug-watchos/Uridium-t.build/Objects-normal/arm64_32/Uridium.swiftmodule -emit-abi-descriptor-path /Users/admin/builder/spi-builder-workspace/.derivedData/Build/Intermediates.noindex/Uridium.build/Debug-watchos/Uridium-t.build/Objects-normal/arm64_32/Uridium.abi.json
SwiftCompile normal arm64_32 Compiling\ LunarLayer.swift /Users/admin/builder/spi-builder-workspace/Sources/Uridium/LunarLayer.swift (in target 'Uridium' from project 'Uridium')
SwiftCompile normal arm64_32 /Users/admin/builder/spi-builder-workspace/Sources/Uridium/LunarLayer.swift (in target 'Uridium' from project 'Uridium')
    cd /Users/admin/builder/spi-builder-workspace/.swiftpm/xcode
    builtin-SwiftPerFileCompile LunarLayer.swift
/Users/admin/builder/spi-builder-workspace/.dependencies/checkouts/Vulkan/Sources/Vulkan/module.modulemap:3:12: error: header '/usr/include/vulkan/vulkan.h' not found
1 | module Vulkan [system] {
2 |     header "macros.h"
3 |     header "/usr/include/vulkan/vulkan.h"
  |            `- error: header '/usr/include/vulkan/vulkan.h' not found
4 |     link "vulkan"
5 |     export *
SwiftEmitModule normal arm64 Emitting\ module\ for\ Uridium (in target 'Uridium' from project 'Uridium')
/Users/admin/builder/spi-builder-workspace/.dependencies/checkouts/Vulkan/Sources/Vulkan/module.modulemap:3:12: error: header '/usr/include/vulkan/vulkan.h' not found
1 | module Vulkan [system] {
2 |     header "macros.h"
3 |     header "/usr/include/vulkan/vulkan.h"
  |            `- error: header '/usr/include/vulkan/vulkan.h' not found
4 |     link "vulkan"
5 |     export *
/Users/admin/builder/spi-builder-workspace/Sources/Uridium/LunarLayer.swift:1:8: error: could not build Objective-C module 'Vulkan'
  1 | import Vulkan
    |        `- error: could not build Objective-C module 'Vulkan'
  2 | import Foundation
  3 |
Failed frontend command:
/Applications/Xcode-27.0.0-Release.Candidate.app/Contents/Developer/Toolchains/XcodeDefault.xctoolchain/usr/bin/swift-frontend -frontend -emit-module -experimental-skip-non-inlinable-function-bodies-without-types /Users/admin/builder/spi-builder-workspace/Sources/Uridium/LunarLayer.swift /Users/admin/builder/spi-builder-workspace/Sources/Uridium/Tin.swift /Users/admin/builder/spi-builder-workspace/Sources/Uridium/Window.swift -target arm64-apple-watchos9.0 -Xllvm -aarch64-use-tbi -enable-objc-interop -stack-check -sdk /Applications/Xcode-27.0.0-Release.Candidate.app/Contents/Developer/Platforms/WatchOS.platform/Developer/SDKs/WatchOS27.0.sdk -I /Users/admin/builder/spi-builder-workspace/.derivedData/Build/Products/Debug-watchos -Isystem /Applications/Xcode-27.0.0-Release.Candidate.app/Contents/Developer/Platforms/WatchOS.platform/Developer/usr/lib -F /Users/admin/builder/spi-builder-workspace/.derivedData/Build/Products/Debug-watchos -F /Applications/Xcode-27.0.0-Release.Candidate.app/Contents/Developer/Platforms/WatchOS.platform/Developer/Library/Frameworks -F /Applications/Xcode-27.0.0-Release.Candidate.app/Contents/Developer/Platforms/WatchOS.platform/Developer/SDKs/WatchOS27.0.sdk/Developer/Library/Frameworks -module-cache-path /Users/admin/builder/spi-builder-workspace/.derivedData/ModuleCache.noindex -no-color-diagnostics -Xcc -fno-color-diagnostics -enable-testing -g -debug-info-format\=dwarf -dwarf-version\=4 -swift-version 4.2 -Onone -D SWIFT_PACKAGE -D DEBUG -D SWIFT_MODULE_RESOURCE_BUNDLE_UNAVAILABLE -D Xcode -serialize-debugging-options -enable-experimental-feature DebugDescriptionMacro -empty-abi-descriptor -plugin-path /Applications/Xcode-27.0.0-Release.Candidate.app/Contents/Developer/Toolchains/XcodeDefault.xctoolchain/usr/lib/swift/host/plugins/testing -validate-clang-modules-once -clang-build-session-file /Users/admin/builder/spi-builder-workspace/.derivedData/ModuleCache.noindex/Session.modulevalidation -Xcc -working-directory -Xcc /Users/admin/builder/spi-builder-workspace/.swiftpm/xcode -enable-anonymous-context-mangled-names -file-compilation-dir /Users/admin/builder/spi-builder-workspace/.swiftpm/xcode -Xcc -fmodule-map-file\=/Users/admin/builder/spi-builder-workspace/.dependencies/checkouts/xcb/Sources/xcb/module.modulemap -Xcc -fmodule-map-file\=/Users/admin/builder/spi-builder-workspace/.dependencies/checkouts/Vulkan/Sources/Vulkan/module.modulemap -Xcc -D_LIBCPP_HARDENING_MODE\=_LIBCPP_HARDENING_MODE_DEBUG -Xcc -ivfsstatcache -Xcc /Users/admin/builder/spi-builder-workspace/.derivedData/SDKStatCaches.noindex/watchos27.0-24R360-e829b21a6f8c9b70876ba0858053c04477534ef55a1706bf4c1112bbb242f0a2.sdkstatcache -Xcc -fmodules-prune-interval\=86400 -Xcc -fmodules-prune-after\=345600 -Xcc -I/Users/admin/builder/spi-builder-workspace/.derivedData/Build/Products/Debug-watchos/include -Xcc -I/Users/admin/builder/spi-builder-workspace/.derivedData/Build/Intermediates.noindex/Uridium.build/Debug-watchos/Uridium-t.build/DerivedSources-normal/arm64 -Xcc -I/Users/admin/builder/spi-builder-workspace/.derivedData/Build/Intermediates.noindex/Uridium.build/Debug-watchos/Uridium-t.build/DerivedSources/arm64 -Xcc -I/Users/admin/builder/spi-builder-workspace/.derivedData/Build/Intermediates.noindex/Uridium.build/Debug-watchos/Uridium-t.build/DerivedSources -Xcc -DSWIFT_PACKAGE -Xcc -DDEBUG\=1 -no-auto-bridging-header-chaining -module-name Uridium -const-gather-protocols-file /Users/admin/builder/spi-builder-workspace/.derivedData/Build/Intermediates.noindex/Uridium.build/Debug-watchos/Uridium-t.build/Objects-normal/arm64/Uridium_const_extract_protocols.json -disable-clang-spi -target-sdk-version 27.0 -target-sdk-name watchos27.0 -external-plugin-path /Applications/Xcode-27.0.0-Release.Candidate.app/Contents/Developer/Platforms/WatchOS.platform/Developer/usr/lib/swift/host/plugins\#/Applications/Xcode-27.0.0-Release.Candidate.app/Contents/Developer/Platforms/WatchOS.platform/Developer/usr/bin/swift-plugin-server -external-plugin-path /Applications/Xcode-27.0.0-Release.Candidate.app/Contents/Developer/Platforms/WatchOS.platform/Developer/usr/local/lib/swift/host/plugins\#/Applications/Xcode-27.0.0-Release.Candidate.app/Contents/Developer/Platforms/WatchOS.platform/Developer/usr/bin/swift-plugin-server -in-process-plugin-server-path /Applications/Xcode-27.0.0-Release.Candidate.app/Contents/Developer/Toolchains/XcodeDefault.xctoolchain/usr/lib/swift/host/libSwiftInProcPluginServer.dylib -plugin-path /Applications/Xcode-27.0.0-Release.Candidate.app/Contents/Developer/Toolchains/XcodeDefault.xctoolchain/usr/lib/swift/host/plugins -plugin-path /Applications/Xcode-27.0.0-Release.Candidate.app/Contents/Developer/Toolchains/XcodeDefault.xctoolchain/usr/local/lib/swift/host/plugins -emit-module-doc-path /Users/admin/builder/spi-builder-workspace/.derivedData/Build/Intermediates.noindex/Uridium.build/Debug-watchos/Uridium-t.build/Objects-normal/arm64/Uridium.swiftdoc -emit-module-source-info-path /Users/admin/builder/spi-builder-workspace/.derivedData/Build/Intermediates.noindex/Uridium.build/Debug-watchos/Uridium-t.build/Objects-normal/arm64/Uridium.swiftsourceinfo -emit-objc-header-path /Users/admin/builder/spi-builder-workspace/.derivedData/Build/Intermediates.noindex/Uridium.build/Debug-watchos/Uridium-t.build/Objects-normal/arm64/Uridium-Swift.h -serialize-diagnostics-path /Users/admin/builder/spi-builder-workspace/.derivedData/Build/Intermediates.noindex/Uridium.build/Debug-watchos/Uridium-t.build/Objects-normal/arm64/Uridium-primary-emit-module.dia -emit-dependencies-path /Users/admin/builder/spi-builder-workspace/.derivedData/Build/Intermediates.noindex/Uridium.build/Debug-watchos/Uridium-t.build/Objects-normal/arm64/Uridium-primary-emit-module.d -parse-as-library -o /Users/admin/builder/spi-builder-workspace/.derivedData/Build/Intermediates.noindex/Uridium.build/Debug-watchos/Uridium-t.build/Objects-normal/arm64/Uridium.swiftmodule -emit-abi-descriptor-path /Users/admin/builder/spi-builder-workspace/.derivedData/Build/Intermediates.noindex/Uridium.build/Debug-watchos/Uridium-t.build/Objects-normal/arm64/Uridium.abi.json
SwiftCompile normal arm64 (in target 'Uridium' from project 'Uridium')
    cd /Users/admin/builder/spi-builder-workspace/.swiftpm/xcode

SwiftCompile normal arm64 Compiling\ LunarLayer.swift /Users/admin/builder/spi-builder-workspace/Sources/Uridium/LunarLayer.swift (in target 'Uridium' from project 'Uridium')
/Users/admin/builder/spi-builder-workspace/.dependencies/checkouts/Vulkan/Sources/Vulkan/module.modulemap:3:12: error: header '/usr/include/vulkan/vulkan.h' not found
1 | module Vulkan [system] {
2 |     header "macros.h"
3 |     header "/usr/include/vulkan/vulkan.h"
  |            `- error: header '/usr/include/vulkan/vulkan.h' not found
4 |     link "vulkan"
5 |     export *
SwiftCompile normal arm64 /Users/admin/builder/spi-builder-workspace/Sources/Uridium/LunarLayer.swift (in target 'Uridium' from project 'Uridium')
    cd /Users/admin/builder/spi-builder-workspace/.swiftpm/xcode
    builtin-SwiftPerFileCompile LunarLayer.swift
SwiftCompile normal arm64 Compiling\ Tin.swift /Users/admin/builder/spi-builder-workspace/Sources/Uridium/Tin.swift (in target 'Uridium' from project 'Uridium')
/Users/admin/builder/spi-builder-workspace/.dependencies/checkouts/Vulkan/Sources/Vulkan/module.modulemap:3:12: error: header '/usr/include/vulkan/vulkan.h' not found
1 | module Vulkan [system] {
2 |     header "macros.h"
3 |     header "/usr/include/vulkan/vulkan.h"
  |            `- error: header '/usr/include/vulkan/vulkan.h' not found
4 |     link "vulkan"
5 |     export *
SwiftCompile normal arm64 /Users/admin/builder/spi-builder-workspace/Sources/Uridium/Tin.swift (in target 'Uridium' from project 'Uridium')
    cd /Users/admin/builder/spi-builder-workspace/.swiftpm/xcode
    builtin-SwiftPerFileCompile Tin.swift
SwiftCompile normal arm64 Compiling\ Window.swift /Users/admin/builder/spi-builder-workspace/Sources/Uridium/Window.swift (in target 'Uridium' from project 'Uridium')
/Users/admin/builder/spi-builder-workspace/.dependencies/checkouts/Vulkan/Sources/Vulkan/module.modulemap:3:12: error: header '/usr/include/vulkan/vulkan.h' not found
1 | module Vulkan [system] {
2 |     header "macros.h"
3 |     header "/usr/include/vulkan/vulkan.h"
  |            `- error: header '/usr/include/vulkan/vulkan.h' not found
4 |     link "vulkan"
5 |     export *
SwiftCompile normal arm64 /Users/admin/builder/spi-builder-workspace/Sources/Uridium/Window.swift (in target 'Uridium' from project 'Uridium')
    cd /Users/admin/builder/spi-builder-workspace/.swiftpm/xcode
    builtin-SwiftPerFileCompile Window.swift
SwiftCompile normal arm64_32 Compiling\ Tin.swift /Users/admin/builder/spi-builder-workspace/Sources/Uridium/Tin.swift (in target 'Uridium' from project 'Uridium')
SwiftCompile normal arm64_32 /Users/admin/builder/spi-builder-workspace/Sources/Uridium/Tin.swift (in target 'Uridium' from project 'Uridium')
    cd /Users/admin/builder/spi-builder-workspace/.swiftpm/xcode
    builtin-SwiftPerFileCompile Tin.swift
/Users/admin/builder/spi-builder-workspace/.dependencies/checkouts/Vulkan/Sources/Vulkan/module.modulemap:3:12: error: header '/usr/include/vulkan/vulkan.h' not found
1 | module Vulkan [system] {
2 |     header "macros.h"
3 |     header "/usr/include/vulkan/vulkan.h"
  |            `- error: header '/usr/include/vulkan/vulkan.h' not found
4 |     link "vulkan"
5 |     export *
SwiftCompile normal arm64_32 Compiling\ Window.swift /Users/admin/builder/spi-builder-workspace/Sources/Uridium/Window.swift (in target 'Uridium' from project 'Uridium')
/Users/admin/builder/spi-builder-workspace/.dependencies/checkouts/Vulkan/Sources/Vulkan/module.modulemap:3:12: error: header '/usr/include/vulkan/vulkan.h' not found
1 | module Vulkan [system] {
2 |     header "macros.h"
3 |     header "/usr/include/vulkan/vulkan.h"
  |            `- error: header '/usr/include/vulkan/vulkan.h' not found
4 |     link "vulkan"
5 |     export *
SwiftCompile normal arm64_32 /Users/admin/builder/spi-builder-workspace/Sources/Uridium/Window.swift (in target 'Uridium' from project 'Uridium')
    cd /Users/admin/builder/spi-builder-workspace/.swiftpm/xcode
    builtin-SwiftPerFileCompile Window.swift
PruneExplicitPrecompiledModules /Users/admin/builder/spi-builder-workspace/.derivedData/Build/Intermediates.noindex/ExplicitPrecompiledModules
PruneExplicitPrecompiledModules /Users/admin/builder/spi-builder-workspace/.derivedData/Build/Intermediates.noindex/SwiftExplicitPrecompiledModules
PruneExplicitPrecompiledModules /Users/admin/builder/spi-builder-workspace/.derivedData/SDKExplicitPrecompiledModules
2026-09-16 23:26:35.595 xcodebuild[767:4819] [MT] IDERunDestination: Supported platforms for the buildables in the current scheme is empty.
** BUILD FAILED **
The following build commands failed:
	SwiftCompile normal arm64_32 (in target 'Uridium' from project 'Uridium')
	SwiftEmitModule normal arm64_32 Emitting\ module\ for\ Uridium (in target 'Uridium' from project 'Uridium')
	SwiftEmitModule normal arm64 Emitting\ module\ for\ Uridium (in target 'Uridium' from project 'Uridium')
	SwiftCompile normal arm64 (in target 'Uridium' from project 'Uridium')
	Building workspace Uridium with scheme Uridium
(5 failures)
BUILD FAILURE 6.4 watchOS