Build Information
Failed to build CoreGraphicsExtensions, reference main (13d3b7), with Swift 6.3 for Wasm on 11 Sep 2026 23:50:38 UTC.
Build Command
bash -c docker run --pull=always --rm -v "checkouts-54344847-0":/host -w "$PWD" -e JAVA_HOME="/root/.sdkman/candidates/java/current" -e SPI_BUILD="1" -e SPI_PROCESSING="1" registry.gitlab.com/saguaro1/spi-images:wasm-6.3-latest swift build --swift-sdk swift-6.3.2-RELEASE_wasm 2>&1Build Log
========================================
RunAll
========================================
Builder version: 5.0.2
Interrupt handler set up.
========================================
Checkout
========================================
Clone URL: https://github.com/heestand-xyz/CoreGraphicsExtensions.git
Reference: main
Initialized empty Git repository in /host/spi-builder-workspace/.git/
hint: Using 'master' as the name for the initial branch. This default branch name
hint: is subject to change. To configure the initial branch name to use in all
hint: of your new repositories, which will suppress this warning, call:
hint:
hint: git config --global init.defaultBranch <name>
hint:
hint: Names commonly chosen instead of 'master' are 'main', 'trunk' and
hint: 'development'. The just-created branch can be renamed via this command:
hint:
hint: git branch -m <name>
From https://github.com/heestand-xyz/CoreGraphicsExtensions
* branch main -> FETCH_HEAD
* [new branch] main -> origin/main
HEAD is now at 13d3b72 Padding
Cloned https://github.com/heestand-xyz/CoreGraphicsExtensions.git
Revision (git rev-parse @):
13d3b721dc456d583a27be2def8b4d353f252dcc
SUCCESS checkout https://github.com/heestand-xyz/CoreGraphicsExtensions.git at main
========================================
Build
========================================
Selected platform: wasm
Swift version: 6.3
Building package at path: $PWD
https://github.com/heestand-xyz/CoreGraphicsExtensions.git
Running build ...
bash -c docker run --pull=always --rm -v "checkouts-54344847-0":/host -w "$PWD" -e JAVA_HOME="/root/.sdkman/candidates/java/current" -e SPI_BUILD="1" -e SPI_PROCESSING="1" registry.gitlab.com/saguaro1/spi-images:wasm-6.3-latest swift build --swift-sdk swift-6.3.2-RELEASE_wasm 2>&1
wasm-6.3-latest: Pulling from saguaro1/spi-images
Digest: sha256:253aad7f5b11d25cf9eaef34120b94cd8a325782929c57fb304a7711494a3f9a
Status: Image is up to date for registry.gitlab.com/saguaro1/spi-images:wasm-6.3-latest
Building for debugging...
[0/2] Write sources
[1/2] Write swift-version-24593BA9C3E375BF.txt
[3/17] Compiling CoreGraphicsExtensions FrameReader.swift
/host/spi-builder-workspace/Sources/CoreGraphicsExtensions/CGFloat+Scale.swift:5:8: error: no such module 'CoreGraphics'
3 | //
4 |
5 | import CoreGraphics
| `- error: no such module 'CoreGraphics'
6 | #if canImport(AppKit)
7 | import AppKit
[4/17] Compiling CoreGraphicsExtensions OriginReader.swift
/host/spi-builder-workspace/Sources/CoreGraphicsExtensions/CGFloat+Scale.swift:5:8: error: no such module 'CoreGraphics'
3 | //
4 |
5 | import CoreGraphics
| `- error: no such module 'CoreGraphics'
6 | #if canImport(AppKit)
7 | import AppKit
[5/17] Compiling CoreGraphicsExtensions CGRect.swift
/host/spi-builder-workspace/Sources/CoreGraphicsExtensions/CGFloat+Scale.swift:5:8: error: no such module 'CoreGraphics'
3 | //
4 |
5 | import CoreGraphics
| `- error: no such module 'CoreGraphics'
6 | #if canImport(AppKit)
7 | import AppKit
[6/17] Compiling CoreGraphicsExtensions CGSize+Place.swift
/host/spi-builder-workspace/Sources/CoreGraphicsExtensions/CGFloat+Scale.swift:5:8: error: no such module 'CoreGraphics'
3 | //
4 |
5 | import CoreGraphics
| `- error: no such module 'CoreGraphics'
6 | #if canImport(AppKit)
7 | import AppKit
[7/17] Compiling CoreGraphicsExtensions SafeArea.swift
/host/spi-builder-workspace/Sources/CoreGraphicsExtensions/CGFloat+Scale.swift:5:8: error: no such module 'CoreGraphics'
3 | //
4 |
5 | import CoreGraphics
| `- error: no such module 'CoreGraphics'
6 | #if canImport(AppKit)
7 | import AppKit
[8/17] Compiling CoreGraphicsExtensions SafeAreaReader.swift
/host/spi-builder-workspace/Sources/CoreGraphicsExtensions/CGFloat+Scale.swift:5:8: error: no such module 'CoreGraphics'
3 | //
4 |
5 | import CoreGraphics
| `- error: no such module 'CoreGraphics'
6 | #if canImport(AppKit)
7 | import AppKit
error: emit-module command failed with exit code 1 (use -v to see invocation)
[9/17] Compiling CoreGraphicsExtensions CGFloat+Scale.swift
/host/spi-builder-workspace/Sources/CoreGraphicsExtensions/CGFloat+Scale.swift:5:8: error: no such module 'CoreGraphics'
3 | //
4 |
5 | import CoreGraphics
| `- error: no such module 'CoreGraphics'
6 | #if canImport(AppKit)
7 | import AppKit
[10/17] Compiling CoreGraphicsExtensions CGPoint.swift
/host/spi-builder-workspace/Sources/CoreGraphicsExtensions/CGFloat+Scale.swift:5:8: error: no such module 'CoreGraphics'
3 | //
4 |
5 | import CoreGraphics
| `- error: no such module 'CoreGraphics'
6 | #if canImport(AppKit)
7 | import AppKit
[11/17] Compiling CoreGraphicsExtensions CGVector.swift
/host/spi-builder-workspace/Sources/CoreGraphicsExtensions/CGFloat+Scale.swift:5:8: error: no such module 'CoreGraphics'
3 | //
4 |
5 | import CoreGraphics
| `- error: no such module 'CoreGraphics'
6 | #if canImport(AppKit)
7 | import AppKit
[12/17] Compiling CoreGraphicsExtensions EdgeInsets.swift
/host/spi-builder-workspace/Sources/CoreGraphicsExtensions/CGFloat+Scale.swift:5:8: error: no such module 'CoreGraphics'
3 | //
4 |
5 | import CoreGraphics
| `- error: no such module 'CoreGraphics'
6 | #if canImport(AppKit)
7 | import AppKit
[13/17] Emitting module CoreGraphicsExtensions
/host/spi-builder-workspace/Sources/CoreGraphicsExtensions/CGFloat+Scale.swift:5:8: error: no such module 'CoreGraphics'
3 | //
4 |
5 | import CoreGraphics
| `- error: no such module 'CoreGraphics'
6 | #if canImport(AppKit)
7 | import AppKit
[14/17] Compiling CoreGraphicsExtensions CGSize+Resolution.swift
/host/spi-builder-workspace/Sources/CoreGraphicsExtensions/CGFloat+Scale.swift:5:8: error: no such module 'CoreGraphics'
3 | //
4 |
5 | import CoreGraphics
| `- error: no such module 'CoreGraphics'
6 | #if canImport(AppKit)
7 | import AppKit
[15/17] Compiling CoreGraphicsExtensions CGSize.swift
/host/spi-builder-workspace/Sources/CoreGraphicsExtensions/CGFloat+Scale.swift:5:8: error: no such module 'CoreGraphics'
3 | //
4 |
5 | import CoreGraphics
| `- error: no such module 'CoreGraphics'
6 | #if canImport(AppKit)
7 | import AppKit
[16/19] Compiling CoreGraphicsExtensions CGFloat+Lerp.swift
/host/spi-builder-workspace/Sources/CoreGraphicsExtensions/CGFloat+Scale.swift:5:8: error: no such module 'CoreGraphics'
3 | //
4 |
5 | import CoreGraphics
| `- error: no such module 'CoreGraphics'
6 | #if canImport(AppKit)
7 | import AppKit
[17/19] Compiling CoreGraphicsExtensions CGPoint+Lerp.swift
/host/spi-builder-workspace/Sources/CoreGraphicsExtensions/CGFloat+Scale.swift:5:8: error: no such module 'CoreGraphics'
3 | //
4 |
5 | import CoreGraphics
| `- error: no such module 'CoreGraphics'
6 | #if canImport(AppKit)
7 | import AppKit
[18/19] Compiling CoreGraphicsExtensions SizeReader.swift
/host/spi-builder-workspace/Sources/CoreGraphicsExtensions/CGFloat+Scale.swift:5:8: error: no such module 'CoreGraphics'
3 | //
4 |
5 | import CoreGraphics
| `- error: no such module 'CoreGraphics'
6 | #if canImport(AppKit)
7 | import AppKit
[19/19] Compiling CoreGraphicsExtensions ReaderTiming.swift
/host/spi-builder-workspace/Sources/CoreGraphicsExtensions/CGFloat+Scale.swift:5:8: error: no such module 'CoreGraphics'
3 | //
4 |
5 | import CoreGraphics
| `- error: no such module 'CoreGraphics'
6 | #if canImport(AppKit)
7 | import AppKit
BUILD FAILURE 6.3 wasm