Build Information
Failed to build ChatGPTUI, reference 1.1.0 (f3ff0d), with Swift 6.4 for watchOS using Xcode 27.0 on 20 Sep 2026 09:45:44 UTC.
Build Command
env DEVELOPER_DIR=/Applications/Xcode-27.0.0-Release.Candidate.app xcrun xcodebuild -IDEClonedSourcePackagesDirPathOverride=$PWD/.dependencies -skipMacroValidation -skipPackagePluginValidation -derivedDataPath $PWD/.derivedData build -scheme ChatGPTUI -destination generic/platform=watchOSBuild Log
cd /Users/admin/builder/spi-builder-workspace/.swiftpm/xcode
builtin-SwiftPerFileCompile OpenAICombine.swift
SwiftCompile normal arm64 /Users/admin/builder/spi-builder-workspace/.dependencies/checkouts/OpenAI/Sources/OpenAI/Public/Protocols/OpenAIMiddleware.swift (in target 'OpenAI' from project 'OpenAI')
cd /Users/admin/builder/spi-builder-workspace/.swiftpm/xcode
builtin-SwiftPerFileCompile OpenAIMiddleware.swift
SwiftCompile normal arm64 /Users/admin/builder/spi-builder-workspace/.dependencies/checkouts/OpenAI/Sources/OpenAI/Public/Protocols/OpenAIProtocol.swift (in target 'OpenAI' from project 'OpenAI')
cd /Users/admin/builder/spi-builder-workspace/.swiftpm/xcode
builtin-SwiftPerFileCompile OpenAIProtocol.swift
SwiftCompile normal arm64 /Users/admin/builder/spi-builder-workspace/.dependencies/checkouts/OpenAI/Sources/OpenAI/Public/Protocols/ResponsesEndpointAsync.swift (in target 'OpenAI' from project 'OpenAI')
cd /Users/admin/builder/spi-builder-workspace/.swiftpm/xcode
builtin-SwiftPerFileCompile ResponsesEndpointAsync.swift
SwiftCompile normal arm64 /Users/admin/builder/spi-builder-workspace/.dependencies/checkouts/OpenAI/Sources/OpenAI/Public/Protocols/ResponsesEndpointCombine.swift (in target 'OpenAI' from project 'OpenAI')
cd /Users/admin/builder/spi-builder-workspace/.swiftpm/xcode
builtin-SwiftPerFileCompile ResponsesEndpointCombine.swift
SwiftCompile normal arm64 /Users/admin/builder/spi-builder-workspace/.dependencies/checkouts/OpenAI/Sources/OpenAI/Public/Protocols/ResponsesEndpointModern.swift (in target 'OpenAI' from project 'OpenAI')
cd /Users/admin/builder/spi-builder-workspace/.swiftpm/xcode
builtin-SwiftPerFileCompile ResponsesEndpointModern.swift
SwiftCompile normal arm64 /Users/admin/builder/spi-builder-workspace/.dependencies/checkouts/OpenAI/Sources/OpenAI/Public/Protocols/ResponsesEndpointProtocol.swift (in target 'OpenAI' from project 'OpenAI')
cd /Users/admin/builder/spi-builder-workspace/.swiftpm/xcode
builtin-SwiftPerFileCompile ResponsesEndpointProtocol.swift
SwiftCompile normal arm64 /Users/admin/builder/spi-builder-workspace/.dependencies/checkouts/OpenAI/Sources/OpenAI/Public/Schemas/Edited/EasyInputMessage.swift (in target 'OpenAI' from project 'OpenAI')
cd /Users/admin/builder/spi-builder-workspace/.swiftpm/xcode
builtin-SwiftPerFileCompile EasyInputMessage.swift
SwiftCompile normal arm64 /Users/admin/builder/spi-builder-workspace/.dependencies/checkouts/OpenAI/Sources/OpenAI/Public/Schemas/Edited/FunctionTool.swift (in target 'OpenAI' from project 'OpenAI')
cd /Users/admin/builder/spi-builder-workspace/.swiftpm/xcode
builtin-SwiftPerFileCompile FunctionTool.swift
SwiftCompile normal arm64 /Users/admin/builder/spi-builder-workspace/.dependencies/checkouts/OpenAI/Sources/OpenAI/Public/Schemas/Edited/InputContent.swift (in target 'OpenAI' from project 'OpenAI')
cd /Users/admin/builder/spi-builder-workspace/.swiftpm/xcode
builtin-SwiftPerFileCompile InputContent.swift
SwiftCompile normal arm64 /Users/admin/builder/spi-builder-workspace/.dependencies/checkouts/OpenAI/Sources/OpenAI/Public/Schemas/Edited/InputImage.swift (in target 'OpenAI' from project 'OpenAI')
cd /Users/admin/builder/spi-builder-workspace/.swiftpm/xcode
builtin-SwiftPerFileCompile InputImage.swift
SwiftCompile normal arm64 /Users/admin/builder/spi-builder-workspace/.dependencies/checkouts/OpenAI/Sources/OpenAI/Public/Schemas/Edited/InputItem.swift (in target 'OpenAI' from project 'OpenAI')
cd /Users/admin/builder/spi-builder-workspace/.swiftpm/xcode
builtin-SwiftPerFileCompile InputItem.swift
CreateUniversalBinary /Users/admin/builder/spi-builder-workspace/.derivedData/Build/Products/Debug-watchos/OpenAPIRuntime.o normal arm64\ arm64_32 (in target 'OpenAPIRuntime' from project 'swift-openapi-runtime')
cd /Users/admin/builder/spi-builder-workspace/.dependencies/checkouts/swift-openapi-runtime
/Applications/Xcode-27.0.0-Release.Candidate.app/Contents/Developer/Toolchains/XcodeDefault.xctoolchain/usr/bin/lipo -create /Users/admin/builder/spi-builder-workspace/.derivedData/Build/Intermediates.noindex/swift-openapi-runtime.build/Debug-watchos/OpenAPIRuntime-t.build/Objects-normal/arm64/Binary/OpenAPIRuntime.o /Users/admin/builder/spi-builder-workspace/.derivedData/Build/Intermediates.noindex/swift-openapi-runtime.build/Debug-watchos/OpenAPIRuntime-t.build/Objects-normal/arm64_32/Binary/OpenAPIRuntime.o -output /Users/admin/builder/spi-builder-workspace/.derivedData/Build/Products/Debug-watchos/OpenAPIRuntime.o
SwiftDriverJobDiscovery normal arm64_32 Compiling Schemas+Description.swift, JSONRequest.swift, JSONResponseDecoder.swift, JSONResponseErrorDecoder.swift, KeyedDecodingContainer+ParsingOptions.swift, MultipartFormDataBodyBuilder.swift, MultipartFormDataBodyEncodable.swift, MultipartFormDataEntry.swift, MultipartFormDataRequest.swift, OpenAI+MakeRequest.swift, PropertyValue.swift, SSLDelegateProtocol.swift, SendablePassthroughSubject.swift, StreamableQuery.swift, AudioSpeechStreamInterpreter.swift (in target 'OpenAI' from project 'OpenAI')
SwiftCompile normal arm64_32 Compiling\ AudioTranscriptionStreamResult.swift,\ AudioTranscriptionVerboseResult.swift,\ AudioTranslationQuery.swift,\ AudioTranslationResult.swift,\ ChatQuery.swift,\ ChatResult.swift,\ ChatStreamResult.swift,\ EmbeddingsQuery.swift,\ EmbeddingsResult.swift,\ FilesQuery.swift,\ FilesResult.swift,\ FunctionDeclaration.swift,\ ImageEditsQuery.swift,\ ImageVariationsQuery.swift,\ ImagesQuery.swift /Users/admin/builder/spi-builder-workspace/.dependencies/checkouts/OpenAI/Sources/OpenAI/Public/Models/AudioTranscriptionStreamResult.swift /Users/admin/builder/spi-builder-workspace/.dependencies/checkouts/OpenAI/Sources/OpenAI/Public/Models/AudioTranscriptionVerboseResult.swift /Users/admin/builder/spi-builder-workspace/.dependencies/checkouts/OpenAI/Sources/OpenAI/Public/Models/AudioTranslationQuery.swift /Users/admin/builder/spi-builder-workspace/.dependencies/checkouts/OpenAI/Sources/OpenAI/Public/Models/AudioTranslationResult.swift /Users/admin/builder/spi-builder-workspace/.dependencies/checkouts/OpenAI/Sources/OpenAI/Public/Models/ChatQuery.swift /Users/admin/builder/spi-builder-workspace/.dependencies/checkouts/OpenAI/Sources/OpenAI/Public/Models/ChatResult.swift /Users/admin/builder/spi-builder-workspace/.dependencies/checkouts/OpenAI/Sources/OpenAI/Public/Models/ChatStreamResult.swift /Users/admin/builder/spi-builder-workspace/.dependencies/checkouts/OpenAI/Sources/OpenAI/Public/Models/EmbeddingsQuery.swift /Users/admin/builder/spi-builder-workspace/.dependencies/checkouts/OpenAI/Sources/OpenAI/Public/Models/EmbeddingsResult.swift /Users/admin/builder/spi-builder-workspace/.dependencies/checkouts/OpenAI/Sources/OpenAI/Public/Models/FilesQuery.swift /Users/admin/builder/spi-builder-workspace/.dependencies/checkouts/OpenAI/Sources/OpenAI/Public/Models/FilesResult.swift /Users/admin/builder/spi-builder-workspace/.dependencies/checkouts/OpenAI/Sources/OpenAI/Public/Models/FunctionDeclaration.swift /Users/admin/builder/spi-builder-workspace/.dependencies/checkouts/OpenAI/Sources/OpenAI/Public/Models/ImageEditsQuery.swift /Users/admin/builder/spi-builder-workspace/.dependencies/checkouts/OpenAI/Sources/OpenAI/Public/Models/ImageVariationsQuery.swift /Users/admin/builder/spi-builder-workspace/.dependencies/checkouts/OpenAI/Sources/OpenAI/Public/Models/ImagesQuery.swift (in target 'OpenAI' from project 'OpenAI')
SwiftCompile normal arm64_32 /Users/admin/builder/spi-builder-workspace/.dependencies/checkouts/OpenAI/Sources/OpenAI/Public/Models/AudioTranscriptionStreamResult.swift (in target 'OpenAI' from project 'OpenAI')
cd /Users/admin/builder/spi-builder-workspace/.swiftpm/xcode
builtin-SwiftPerFileCompile AudioTranscriptionStreamResult.swift
SwiftCompile normal arm64_32 /Users/admin/builder/spi-builder-workspace/.dependencies/checkouts/OpenAI/Sources/OpenAI/Public/Models/AudioTranscriptionVerboseResult.swift (in target 'OpenAI' from project 'OpenAI')
cd /Users/admin/builder/spi-builder-workspace/.swiftpm/xcode
builtin-SwiftPerFileCompile AudioTranscriptionVerboseResult.swift
SwiftCompile normal arm64_32 /Users/admin/builder/spi-builder-workspace/.dependencies/checkouts/OpenAI/Sources/OpenAI/Public/Models/AudioTranslationQuery.swift (in target 'OpenAI' from project 'OpenAI')
cd /Users/admin/builder/spi-builder-workspace/.swiftpm/xcode
builtin-SwiftPerFileCompile AudioTranslationQuery.swift
SwiftCompile normal arm64_32 /Users/admin/builder/spi-builder-workspace/.dependencies/checkouts/OpenAI/Sources/OpenAI/Public/Models/AudioTranslationResult.swift (in target 'OpenAI' from project 'OpenAI')
cd /Users/admin/builder/spi-builder-workspace/.swiftpm/xcode
builtin-SwiftPerFileCompile AudioTranslationResult.swift
SwiftCompile normal arm64_32 /Users/admin/builder/spi-builder-workspace/.dependencies/checkouts/OpenAI/Sources/OpenAI/Public/Models/ChatQuery.swift (in target 'OpenAI' from project 'OpenAI')
cd /Users/admin/builder/spi-builder-workspace/.swiftpm/xcode
builtin-SwiftPerFileCompile ChatQuery.swift
SwiftCompile normal arm64_32 /Users/admin/builder/spi-builder-workspace/.dependencies/checkouts/OpenAI/Sources/OpenAI/Public/Models/ChatResult.swift (in target 'OpenAI' from project 'OpenAI')
cd /Users/admin/builder/spi-builder-workspace/.swiftpm/xcode
builtin-SwiftPerFileCompile ChatResult.swift
SwiftCompile normal arm64_32 /Users/admin/builder/spi-builder-workspace/.dependencies/checkouts/OpenAI/Sources/OpenAI/Public/Models/ChatStreamResult.swift (in target 'OpenAI' from project 'OpenAI')
cd /Users/admin/builder/spi-builder-workspace/.swiftpm/xcode
builtin-SwiftPerFileCompile ChatStreamResult.swift
SwiftCompile normal arm64_32 /Users/admin/builder/spi-builder-workspace/.dependencies/checkouts/OpenAI/Sources/OpenAI/Public/Models/EmbeddingsQuery.swift (in target 'OpenAI' from project 'OpenAI')
cd /Users/admin/builder/spi-builder-workspace/.swiftpm/xcode
builtin-SwiftPerFileCompile EmbeddingsQuery.swift
SwiftCompile normal arm64_32 /Users/admin/builder/spi-builder-workspace/.dependencies/checkouts/OpenAI/Sources/OpenAI/Public/Models/EmbeddingsResult.swift (in target 'OpenAI' from project 'OpenAI')
cd /Users/admin/builder/spi-builder-workspace/.swiftpm/xcode
builtin-SwiftPerFileCompile EmbeddingsResult.swift
SwiftCompile normal arm64_32 /Users/admin/builder/spi-builder-workspace/.dependencies/checkouts/OpenAI/Sources/OpenAI/Public/Models/FilesQuery.swift (in target 'OpenAI' from project 'OpenAI')
cd /Users/admin/builder/spi-builder-workspace/.swiftpm/xcode
builtin-SwiftPerFileCompile FilesQuery.swift
SwiftCompile normal arm64_32 /Users/admin/builder/spi-builder-workspace/.dependencies/checkouts/OpenAI/Sources/OpenAI/Public/Models/FilesResult.swift (in target 'OpenAI' from project 'OpenAI')
cd /Users/admin/builder/spi-builder-workspace/.swiftpm/xcode
builtin-SwiftPerFileCompile FilesResult.swift
SwiftCompile normal arm64_32 /Users/admin/builder/spi-builder-workspace/.dependencies/checkouts/OpenAI/Sources/OpenAI/Public/Models/FunctionDeclaration.swift (in target 'OpenAI' from project 'OpenAI')
cd /Users/admin/builder/spi-builder-workspace/.swiftpm/xcode
builtin-SwiftPerFileCompile FunctionDeclaration.swift
SwiftCompile normal arm64_32 /Users/admin/builder/spi-builder-workspace/.dependencies/checkouts/OpenAI/Sources/OpenAI/Public/Models/ImageEditsQuery.swift (in target 'OpenAI' from project 'OpenAI')
cd /Users/admin/builder/spi-builder-workspace/.swiftpm/xcode
builtin-SwiftPerFileCompile ImageEditsQuery.swift
SwiftCompile normal arm64_32 /Users/admin/builder/spi-builder-workspace/.dependencies/checkouts/OpenAI/Sources/OpenAI/Public/Models/ImageVariationsQuery.swift (in target 'OpenAI' from project 'OpenAI')
cd /Users/admin/builder/spi-builder-workspace/.swiftpm/xcode
builtin-SwiftPerFileCompile ImageVariationsQuery.swift
SwiftCompile normal arm64_32 /Users/admin/builder/spi-builder-workspace/.dependencies/checkouts/OpenAI/Sources/OpenAI/Public/Models/ImagesQuery.swift (in target 'OpenAI' from project 'OpenAI')
cd /Users/admin/builder/spi-builder-workspace/.swiftpm/xcode
builtin-SwiftPerFileCompile ImagesQuery.swift
SwiftDriverJobDiscovery normal arm64_32 Compiling JSONSchema.swift, JSONSchemaField.swift, JSONSchemaInstanceType.swift, JSONSchemaConvertationError.swift, JSONSchemaConvertible.swift, JSONSchemaEnumConvertible.swift, Annotation.swift, AssistantResult.swift, AssistantsQuery.swift, AssistantsResult.swift, AssistantsTool.swift, AudioSpeechQuery.swift, AudioSpeechResult.swift, AudioTranscriptionQuery.swift, AudioTranscriptionResult.swift (in target 'OpenAI' from project 'OpenAI')
SwiftCompile normal arm64_32 Compiling\ ImagesResult.swift,\ MessageQuery.swift,\ ModelQuery.swift,\ ModelResult.swift,\ Models.swift,\ ModelsResult.swift,\ ModerationsQuery.swift,\ ModerationsResult.swift,\ CreateModelResponseQuery+TextResponseConfigurationOptions.swift,\ CreateModelResponseQuery.swift,\ CreateModelResponseQueryInput.swift,\ DeleteModelResponseQuery.swift,\ DeleteModelResponseResult.swift,\ GetModelResponseQuery.swift,\ ResponseEvent.swift /Users/admin/builder/spi-builder-workspace/.dependencies/checkouts/OpenAI/Sources/OpenAI/Public/Models/ImagesResult.swift /Users/admin/builder/spi-builder-workspace/.dependencies/checkouts/OpenAI/Sources/OpenAI/Public/Models/MessageQuery.swift /Users/admin/builder/spi-builder-workspace/.dependencies/checkouts/OpenAI/Sources/OpenAI/Public/Models/Models/ModelQuery.swift /Users/admin/builder/spi-builder-workspace/.dependencies/checkouts/OpenAI/Sources/OpenAI/Public/Models/Models/ModelResult.swift /Users/admin/builder/spi-builder-workspace/.dependencies/checkouts/OpenAI/Sources/OpenAI/Public/Models/Models/Models.swift /Users/admin/builder/spi-builder-workspace/.dependencies/checkouts/OpenAI/Sources/OpenAI/Public/Models/Models/ModelsResult.swift /Users/admin/builder/spi-builder-workspace/.dependencies/checkouts/OpenAI/Sources/OpenAI/Public/Models/ModerationsQuery.swift /Users/admin/builder/spi-builder-workspace/.dependencies/checkouts/OpenAI/Sources/OpenAI/Public/Models/ModerationsResult.swift /Users/admin/builder/spi-builder-workspace/.dependencies/checkouts/OpenAI/Sources/OpenAI/Public/Models/Responses\ API/CreateModelResponseQuery+TextResponseConfigurationOptions.swift /Users/admin/builder/spi-builder-workspace/.dependencies/checkouts/OpenAI/Sources/OpenAI/Public/Models/Responses\ API/CreateModelResponseQuery.swift /Users/admin/builder/spi-builder-workspace/.dependencies/checkouts/OpenAI/Sources/OpenAI/Public/Models/Responses\ API/CreateModelResponseQueryInput.swift /Users/admin/builder/spi-builder-workspace/.dependencies/checkouts/OpenAI/Sources/OpenAI/Public/Models/Responses\ API/DeleteModelResponseQuery.swift /Users/admin/builder/spi-builder-workspace/.dependencies/checkouts/OpenAI/Sources/OpenAI/Public/Models/Responses\ API/DeleteModelResponseResult.swift /Users/admin/builder/spi-builder-workspace/.dependencies/checkouts/OpenAI/Sources/OpenAI/Public/Models/Responses\ API/GetModelResponseQuery.swift /Users/admin/builder/spi-builder-workspace/.dependencies/checkouts/OpenAI/Sources/OpenAI/Public/Models/Responses\ API/ResponseEvent.swift (in target 'OpenAI' from project 'OpenAI')
SwiftCompile normal arm64_32 /Users/admin/builder/spi-builder-workspace/.dependencies/checkouts/OpenAI/Sources/OpenAI/Public/Models/ImagesResult.swift (in target 'OpenAI' from project 'OpenAI')
cd /Users/admin/builder/spi-builder-workspace/.swiftpm/xcode
builtin-SwiftPerFileCompile ImagesResult.swift
SwiftCompile normal arm64_32 /Users/admin/builder/spi-builder-workspace/.dependencies/checkouts/OpenAI/Sources/OpenAI/Public/Models/MessageQuery.swift (in target 'OpenAI' from project 'OpenAI')
cd /Users/admin/builder/spi-builder-workspace/.swiftpm/xcode
builtin-SwiftPerFileCompile MessageQuery.swift
SwiftCompile normal arm64_32 /Users/admin/builder/spi-builder-workspace/.dependencies/checkouts/OpenAI/Sources/OpenAI/Public/Models/Models/ModelQuery.swift (in target 'OpenAI' from project 'OpenAI')
cd /Users/admin/builder/spi-builder-workspace/.swiftpm/xcode
builtin-SwiftPerFileCompile ModelQuery.swift
SwiftCompile normal arm64_32 /Users/admin/builder/spi-builder-workspace/.dependencies/checkouts/OpenAI/Sources/OpenAI/Public/Models/Models/ModelResult.swift (in target 'OpenAI' from project 'OpenAI')
cd /Users/admin/builder/spi-builder-workspace/.swiftpm/xcode
builtin-SwiftPerFileCompile ModelResult.swift
SwiftCompile normal arm64_32 /Users/admin/builder/spi-builder-workspace/.dependencies/checkouts/OpenAI/Sources/OpenAI/Public/Models/Models/Models.swift (in target 'OpenAI' from project 'OpenAI')
cd /Users/admin/builder/spi-builder-workspace/.swiftpm/xcode
builtin-SwiftPerFileCompile Models.swift
SwiftCompile normal arm64_32 /Users/admin/builder/spi-builder-workspace/.dependencies/checkouts/OpenAI/Sources/OpenAI/Public/Models/Models/ModelsResult.swift (in target 'OpenAI' from project 'OpenAI')
cd /Users/admin/builder/spi-builder-workspace/.swiftpm/xcode
builtin-SwiftPerFileCompile ModelsResult.swift
SwiftCompile normal arm64_32 /Users/admin/builder/spi-builder-workspace/.dependencies/checkouts/OpenAI/Sources/OpenAI/Public/Models/ModerationsQuery.swift (in target 'OpenAI' from project 'OpenAI')
cd /Users/admin/builder/spi-builder-workspace/.swiftpm/xcode
builtin-SwiftPerFileCompile ModerationsQuery.swift
SwiftCompile normal arm64_32 /Users/admin/builder/spi-builder-workspace/.dependencies/checkouts/OpenAI/Sources/OpenAI/Public/Models/ModerationsResult.swift (in target 'OpenAI' from project 'OpenAI')
cd /Users/admin/builder/spi-builder-workspace/.swiftpm/xcode
builtin-SwiftPerFileCompile ModerationsResult.swift
SwiftCompile normal arm64_32 /Users/admin/builder/spi-builder-workspace/.dependencies/checkouts/OpenAI/Sources/OpenAI/Public/Models/Responses\ API/CreateModelResponseQuery+TextResponseConfigurationOptions.swift (in target 'OpenAI' from project 'OpenAI')
cd /Users/admin/builder/spi-builder-workspace/.swiftpm/xcode
builtin-SwiftPerFileCompile CreateModelResponseQuery+TextResponseConfigurationOptions.swift
SwiftCompile normal arm64_32 /Users/admin/builder/spi-builder-workspace/.dependencies/checkouts/OpenAI/Sources/OpenAI/Public/Models/Responses\ API/CreateModelResponseQuery.swift (in target 'OpenAI' from project 'OpenAI')
cd /Users/admin/builder/spi-builder-workspace/.swiftpm/xcode
builtin-SwiftPerFileCompile CreateModelResponseQuery.swift
SwiftCompile normal arm64_32 /Users/admin/builder/spi-builder-workspace/.dependencies/checkouts/OpenAI/Sources/OpenAI/Public/Models/Responses\ API/CreateModelResponseQueryInput.swift (in target 'OpenAI' from project 'OpenAI')
cd /Users/admin/builder/spi-builder-workspace/.swiftpm/xcode
builtin-SwiftPerFileCompile CreateModelResponseQueryInput.swift
SwiftCompile normal arm64_32 /Users/admin/builder/spi-builder-workspace/.dependencies/checkouts/OpenAI/Sources/OpenAI/Public/Models/Responses\ API/DeleteModelResponseQuery.swift (in target 'OpenAI' from project 'OpenAI')
cd /Users/admin/builder/spi-builder-workspace/.swiftpm/xcode
builtin-SwiftPerFileCompile DeleteModelResponseQuery.swift
SwiftCompile normal arm64_32 /Users/admin/builder/spi-builder-workspace/.dependencies/checkouts/OpenAI/Sources/OpenAI/Public/Models/Responses\ API/DeleteModelResponseResult.swift (in target 'OpenAI' from project 'OpenAI')
cd /Users/admin/builder/spi-builder-workspace/.swiftpm/xcode
builtin-SwiftPerFileCompile DeleteModelResponseResult.swift
SwiftCompile normal arm64_32 /Users/admin/builder/spi-builder-workspace/.dependencies/checkouts/OpenAI/Sources/OpenAI/Public/Models/Responses\ API/GetModelResponseQuery.swift (in target 'OpenAI' from project 'OpenAI')
cd /Users/admin/builder/spi-builder-workspace/.swiftpm/xcode
builtin-SwiftPerFileCompile GetModelResponseQuery.swift
SwiftCompile normal arm64_32 /Users/admin/builder/spi-builder-workspace/.dependencies/checkouts/OpenAI/Sources/OpenAI/Public/Models/Responses\ API/ResponseEvent.swift (in target 'OpenAI' from project 'OpenAI')
cd /Users/admin/builder/spi-builder-workspace/.swiftpm/xcode
builtin-SwiftPerFileCompile ResponseEvent.swift
SwiftCompile normal arm64 Compiling\ AudioTranscriptionStreamResult.swift,\ AudioTranscriptionVerboseResult.swift,\ AudioTranslationQuery.swift,\ AudioTranslationResult.swift,\ ChatQuery.swift,\ ChatResult.swift,\ ChatStreamResult.swift,\ EmbeddingsQuery.swift,\ EmbeddingsResult.swift,\ FilesQuery.swift,\ FilesResult.swift,\ FunctionDeclaration.swift,\ ImageEditsQuery.swift,\ ImageVariationsQuery.swift,\ ImagesQuery.swift /Users/admin/builder/spi-builder-workspace/.dependencies/checkouts/OpenAI/Sources/OpenAI/Public/Models/AudioTranscriptionStreamResult.swift /Users/admin/builder/spi-builder-workspace/.dependencies/checkouts/OpenAI/Sources/OpenAI/Public/Models/AudioTranscriptionVerboseResult.swift /Users/admin/builder/spi-builder-workspace/.dependencies/checkouts/OpenAI/Sources/OpenAI/Public/Models/AudioTranslationQuery.swift /Users/admin/builder/spi-builder-workspace/.dependencies/checkouts/OpenAI/Sources/OpenAI/Public/Models/AudioTranslationResult.swift /Users/admin/builder/spi-builder-workspace/.dependencies/checkouts/OpenAI/Sources/OpenAI/Public/Models/ChatQuery.swift /Users/admin/builder/spi-builder-workspace/.dependencies/checkouts/OpenAI/Sources/OpenAI/Public/Models/ChatResult.swift /Users/admin/builder/spi-builder-workspace/.dependencies/checkouts/OpenAI/Sources/OpenAI/Public/Models/ChatStreamResult.swift /Users/admin/builder/spi-builder-workspace/.dependencies/checkouts/OpenAI/Sources/OpenAI/Public/Models/EmbeddingsQuery.swift /Users/admin/builder/spi-builder-workspace/.dependencies/checkouts/OpenAI/Sources/OpenAI/Public/Models/EmbeddingsResult.swift /Users/admin/builder/spi-builder-workspace/.dependencies/checkouts/OpenAI/Sources/OpenAI/Public/Models/FilesQuery.swift /Users/admin/builder/spi-builder-workspace/.dependencies/checkouts/OpenAI/Sources/OpenAI/Public/Models/FilesResult.swift /Users/admin/builder/spi-builder-workspace/.dependencies/checkouts/OpenAI/Sources/OpenAI/Public/Models/FunctionDeclaration.swift /Users/admin/builder/spi-builder-workspace/.dependencies/checkouts/OpenAI/Sources/OpenAI/Public/Models/ImageEditsQuery.swift /Users/admin/builder/spi-builder-workspace/.dependencies/checkouts/OpenAI/Sources/OpenAI/Public/Models/ImageVariationsQuery.swift /Users/admin/builder/spi-builder-workspace/.dependencies/checkouts/OpenAI/Sources/OpenAI/Public/Models/ImagesQuery.swift (in target 'OpenAI' from project 'OpenAI')
SwiftCompile normal arm64 /Users/admin/builder/spi-builder-workspace/.dependencies/checkouts/OpenAI/Sources/OpenAI/Public/Models/AudioTranscriptionStreamResult.swift (in target 'OpenAI' from project 'OpenAI')
cd /Users/admin/builder/spi-builder-workspace/.swiftpm/xcode
builtin-SwiftPerFileCompile AudioTranscriptionStreamResult.swift
SwiftCompile normal arm64 /Users/admin/builder/spi-builder-workspace/.dependencies/checkouts/OpenAI/Sources/OpenAI/Public/Models/AudioTranscriptionVerboseResult.swift (in target 'OpenAI' from project 'OpenAI')
cd /Users/admin/builder/spi-builder-workspace/.swiftpm/xcode
builtin-SwiftPerFileCompile AudioTranscriptionVerboseResult.swift
SwiftCompile normal arm64 /Users/admin/builder/spi-builder-workspace/.dependencies/checkouts/OpenAI/Sources/OpenAI/Public/Models/AudioTranslationQuery.swift (in target 'OpenAI' from project 'OpenAI')
cd /Users/admin/builder/spi-builder-workspace/.swiftpm/xcode
builtin-SwiftPerFileCompile AudioTranslationQuery.swift
SwiftCompile normal arm64 /Users/admin/builder/spi-builder-workspace/.dependencies/checkouts/OpenAI/Sources/OpenAI/Public/Models/AudioTranslationResult.swift (in target 'OpenAI' from project 'OpenAI')
cd /Users/admin/builder/spi-builder-workspace/.swiftpm/xcode
builtin-SwiftPerFileCompile AudioTranslationResult.swift
SwiftCompile normal arm64 /Users/admin/builder/spi-builder-workspace/.dependencies/checkouts/OpenAI/Sources/OpenAI/Public/Models/ChatQuery.swift (in target 'OpenAI' from project 'OpenAI')
cd /Users/admin/builder/spi-builder-workspace/.swiftpm/xcode
builtin-SwiftPerFileCompile ChatQuery.swift
SwiftCompile normal arm64 /Users/admin/builder/spi-builder-workspace/.dependencies/checkouts/OpenAI/Sources/OpenAI/Public/Models/ChatResult.swift (in target 'OpenAI' from project 'OpenAI')
cd /Users/admin/builder/spi-builder-workspace/.swiftpm/xcode
builtin-SwiftPerFileCompile ChatResult.swift
SwiftCompile normal arm64 /Users/admin/builder/spi-builder-workspace/.dependencies/checkouts/OpenAI/Sources/OpenAI/Public/Models/ChatStreamResult.swift (in target 'OpenAI' from project 'OpenAI')
cd /Users/admin/builder/spi-builder-workspace/.swiftpm/xcode
builtin-SwiftPerFileCompile ChatStreamResult.swift
SwiftCompile normal arm64 /Users/admin/builder/spi-builder-workspace/.dependencies/checkouts/OpenAI/Sources/OpenAI/Public/Models/EmbeddingsQuery.swift (in target 'OpenAI' from project 'OpenAI')
cd /Users/admin/builder/spi-builder-workspace/.swiftpm/xcode
builtin-SwiftPerFileCompile EmbeddingsQuery.swift
SwiftCompile normal arm64 /Users/admin/builder/spi-builder-workspace/.dependencies/checkouts/OpenAI/Sources/OpenAI/Public/Models/EmbeddingsResult.swift (in target 'OpenAI' from project 'OpenAI')
cd /Users/admin/builder/spi-builder-workspace/.swiftpm/xcode
builtin-SwiftPerFileCompile EmbeddingsResult.swift
SwiftCompile normal arm64 /Users/admin/builder/spi-builder-workspace/.dependencies/checkouts/OpenAI/Sources/OpenAI/Public/Models/FilesQuery.swift (in target 'OpenAI' from project 'OpenAI')
cd /Users/admin/builder/spi-builder-workspace/.swiftpm/xcode
builtin-SwiftPerFileCompile FilesQuery.swift
SwiftCompile normal arm64 /Users/admin/builder/spi-builder-workspace/.dependencies/checkouts/OpenAI/Sources/OpenAI/Public/Models/FilesResult.swift (in target 'OpenAI' from project 'OpenAI')
cd /Users/admin/builder/spi-builder-workspace/.swiftpm/xcode
builtin-SwiftPerFileCompile FilesResult.swift
SwiftCompile normal arm64 /Users/admin/builder/spi-builder-workspace/.dependencies/checkouts/OpenAI/Sources/OpenAI/Public/Models/FunctionDeclaration.swift (in target 'OpenAI' from project 'OpenAI')
cd /Users/admin/builder/spi-builder-workspace/.swiftpm/xcode
builtin-SwiftPerFileCompile FunctionDeclaration.swift
SwiftCompile normal arm64 /Users/admin/builder/spi-builder-workspace/.dependencies/checkouts/OpenAI/Sources/OpenAI/Public/Models/ImageEditsQuery.swift (in target 'OpenAI' from project 'OpenAI')
cd /Users/admin/builder/spi-builder-workspace/.swiftpm/xcode
builtin-SwiftPerFileCompile ImageEditsQuery.swift
SwiftCompile normal arm64 /Users/admin/builder/spi-builder-workspace/.dependencies/checkouts/OpenAI/Sources/OpenAI/Public/Models/ImageVariationsQuery.swift (in target 'OpenAI' from project 'OpenAI')
cd /Users/admin/builder/spi-builder-workspace/.swiftpm/xcode
builtin-SwiftPerFileCompile ImageVariationsQuery.swift
SwiftCompile normal arm64 /Users/admin/builder/spi-builder-workspace/.dependencies/checkouts/OpenAI/Sources/OpenAI/Public/Models/ImagesQuery.swift (in target 'OpenAI' from project 'OpenAI')
cd /Users/admin/builder/spi-builder-workspace/.swiftpm/xcode
builtin-SwiftPerFileCompile ImagesQuery.swift
SwiftDriverJobDiscovery normal arm64_32 Compiling OpenAI+OpenAIAsync.swift, OpenAI+OpenAICombine.swift, OpenAI.swift, AssistantsRequest.swift, CancellablesFactory.swift, ChatQuery+CustomStringConvertible.swift, AsyncClient.swift, Client.swift, CombineClient.swift, StreamingClient.swift, CodingUserInfoKey+ParsingOptions.swift, DataTaskFactory.swift, DescribedError.swift, DispatchQueue+Static.swift, ExecutionSerializer.swift (in target 'OpenAI' from project 'OpenAI')
SwiftCompile normal arm64_32 Compiling\ CodableResultStreamInterpreter.swift,\ DataTaskPerformingURLSession.swift,\ InvalidatableSession.swift,\ ModelResponseEventsStreamInterpreter.swift,\ ModelResponseStreamEventType.swift,\ PerformableSession.swift,\ ServerSentEventsStreamInterpreter.swift,\ ServerSentEventsStreamParser.swift,\ ServerSentEventsStreamingSessionFactory.swift,\ SessionInvalidator.swift,\ StreamingError.swift,\ StreamingSession.swift,\ URLBuilder.swift,\ URLComponents+.swift,\ URLRequestBuildable.swift /Users/admin/builder/spi-builder-workspace/.dependencies/checkouts/OpenAI/Sources/OpenAI/Private/Streaming/CodableResultStreamInterpreter.swift /Users/admin/builder/spi-builder-workspace/.dependencies/checkouts/OpenAI/Sources/OpenAI/Private/Streaming/DataTaskPerformingURLSession.swift /Users/admin/builder/spi-builder-workspace/.dependencies/checkouts/OpenAI/Sources/OpenAI/Private/Streaming/InvalidatableSession.swift /Users/admin/builder/spi-builder-workspace/.dependencies/checkouts/OpenAI/Sources/OpenAI/Private/Streaming/ModelResponseEventsStreamInterpreter.swift /Users/admin/builder/spi-builder-workspace/.dependencies/checkouts/OpenAI/Sources/OpenAI/Private/Streaming/ModelResponseStreamEventType.swift /Users/admin/builder/spi-builder-workspace/.dependencies/checkouts/OpenAI/Sources/OpenAI/Private/Streaming/PerformableSession.swift /Users/admin/builder/spi-builder-workspace/.dependencies/checkouts/OpenAI/Sources/OpenAI/Private/Streaming/ServerSentEventsStreamInterpreter.swift /Users/admin/builder/spi-builder-workspace/.dependencies/checkouts/OpenAI/Sources/OpenAI/Private/Streaming/ServerSentEventsStreamParser.swift /Users/admin/builder/spi-builder-workspace/.dependencies/checkouts/OpenAI/Sources/OpenAI/Private/Streaming/ServerSentEventsStreamingSessionFactory.swift /Users/admin/builder/spi-builder-workspace/.dependencies/checkouts/OpenAI/Sources/OpenAI/Private/Streaming/SessionInvalidator.swift /Users/admin/builder/spi-builder-workspace/.dependencies/checkouts/OpenAI/Sources/OpenAI/Private/Streaming/StreamingError.swift /Users/admin/builder/spi-builder-workspace/.dependencies/checkouts/OpenAI/Sources/OpenAI/Private/Streaming/StreamingSession.swift /Users/admin/builder/spi-builder-workspace/.dependencies/checkouts/OpenAI/Sources/OpenAI/Private/URLBuilder.swift /Users/admin/builder/spi-builder-workspace/.dependencies/checkouts/OpenAI/Sources/OpenAI/Private/URLComponents+.swift /Users/admin/builder/spi-builder-workspace/.dependencies/checkouts/OpenAI/Sources/OpenAI/Private/URLRequestBuildable.swift (in target 'OpenAI' from project 'OpenAI')
SwiftCompile normal arm64_32 /Users/admin/builder/spi-builder-workspace/.dependencies/checkouts/OpenAI/Sources/OpenAI/Private/Streaming/CodableResultStreamInterpreter.swift (in target 'OpenAI' from project 'OpenAI')
cd /Users/admin/builder/spi-builder-workspace/.swiftpm/xcode
builtin-SwiftPerFileCompile CodableResultStreamInterpreter.swift
SwiftCompile normal arm64_32 /Users/admin/builder/spi-builder-workspace/.dependencies/checkouts/OpenAI/Sources/OpenAI/Private/Streaming/DataTaskPerformingURLSession.swift (in target 'OpenAI' from project 'OpenAI')
cd /Users/admin/builder/spi-builder-workspace/.swiftpm/xcode
builtin-SwiftPerFileCompile DataTaskPerformingURLSession.swift
SwiftCompile normal arm64_32 /Users/admin/builder/spi-builder-workspace/.dependencies/checkouts/OpenAI/Sources/OpenAI/Private/Streaming/InvalidatableSession.swift (in target 'OpenAI' from project 'OpenAI')
cd /Users/admin/builder/spi-builder-workspace/.swiftpm/xcode
builtin-SwiftPerFileCompile InvalidatableSession.swift
SwiftCompile normal arm64_32 /Users/admin/builder/spi-builder-workspace/.dependencies/checkouts/OpenAI/Sources/OpenAI/Private/Streaming/ModelResponseEventsStreamInterpreter.swift (in target 'OpenAI' from project 'OpenAI')
cd /Users/admin/builder/spi-builder-workspace/.swiftpm/xcode
builtin-SwiftPerFileCompile ModelResponseEventsStreamInterpreter.swift
SwiftCompile normal arm64_32 /Users/admin/builder/spi-builder-workspace/.dependencies/checkouts/OpenAI/Sources/OpenAI/Private/Streaming/ModelResponseStreamEventType.swift (in target 'OpenAI' from project 'OpenAI')
cd /Users/admin/builder/spi-builder-workspace/.swiftpm/xcode
builtin-SwiftPerFileCompile ModelResponseStreamEventType.swift
SwiftCompile normal arm64_32 /Users/admin/builder/spi-builder-workspace/.dependencies/checkouts/OpenAI/Sources/OpenAI/Private/Streaming/PerformableSession.swift (in target 'OpenAI' from project 'OpenAI')
cd /Users/admin/builder/spi-builder-workspace/.swiftpm/xcode
builtin-SwiftPerFileCompile PerformableSession.swift
SwiftCompile normal arm64_32 /Users/admin/builder/spi-builder-workspace/.dependencies/checkouts/OpenAI/Sources/OpenAI/Private/Streaming/ServerSentEventsStreamInterpreter.swift (in target 'OpenAI' from project 'OpenAI')
cd /Users/admin/builder/spi-builder-workspace/.swiftpm/xcode
builtin-SwiftPerFileCompile ServerSentEventsStreamInterpreter.swift
SwiftCompile normal arm64_32 /Users/admin/builder/spi-builder-workspace/.dependencies/checkouts/OpenAI/Sources/OpenAI/Private/Streaming/ServerSentEventsStreamParser.swift (in target 'OpenAI' from project 'OpenAI')
cd /Users/admin/builder/spi-builder-workspace/.swiftpm/xcode
builtin-SwiftPerFileCompile ServerSentEventsStreamParser.swift
SwiftCompile normal arm64_32 /Users/admin/builder/spi-builder-workspace/.dependencies/checkouts/OpenAI/Sources/OpenAI/Private/Streaming/ServerSentEventsStreamingSessionFactory.swift (in target 'OpenAI' from project 'OpenAI')
cd /Users/admin/builder/spi-builder-workspace/.swiftpm/xcode
builtin-SwiftPerFileCompile ServerSentEventsStreamingSessionFactory.swift
SwiftCompile normal arm64_32 /Users/admin/builder/spi-builder-workspace/.dependencies/checkouts/OpenAI/Sources/OpenAI/Private/Streaming/SessionInvalidator.swift (in target 'OpenAI' from project 'OpenAI')
cd /Users/admin/builder/spi-builder-workspace/.swiftpm/xcode
builtin-SwiftPerFileCompile SessionInvalidator.swift
SwiftCompile normal arm64_32 /Users/admin/builder/spi-builder-workspace/.dependencies/checkouts/OpenAI/Sources/OpenAI/Private/Streaming/StreamingError.swift (in target 'OpenAI' from project 'OpenAI')
cd /Users/admin/builder/spi-builder-workspace/.swiftpm/xcode
builtin-SwiftPerFileCompile StreamingError.swift
SwiftCompile normal arm64_32 /Users/admin/builder/spi-builder-workspace/.dependencies/checkouts/OpenAI/Sources/OpenAI/Private/Streaming/StreamingSession.swift (in target 'OpenAI' from project 'OpenAI')
cd /Users/admin/builder/spi-builder-workspace/.swiftpm/xcode
builtin-SwiftPerFileCompile StreamingSession.swift
SwiftCompile normal arm64_32 /Users/admin/builder/spi-builder-workspace/.dependencies/checkouts/OpenAI/Sources/OpenAI/Private/URLBuilder.swift (in target 'OpenAI' from project 'OpenAI')
cd /Users/admin/builder/spi-builder-workspace/.swiftpm/xcode
builtin-SwiftPerFileCompile URLBuilder.swift
SwiftCompile normal arm64_32 /Users/admin/builder/spi-builder-workspace/.dependencies/checkouts/OpenAI/Sources/OpenAI/Private/URLComponents+.swift (in target 'OpenAI' from project 'OpenAI')
cd /Users/admin/builder/spi-builder-workspace/.swiftpm/xcode
builtin-SwiftPerFileCompile URLComponents+.swift
SwiftCompile normal arm64_32 /Users/admin/builder/spi-builder-workspace/.dependencies/checkouts/OpenAI/Sources/OpenAI/Private/URLRequestBuildable.swift (in target 'OpenAI' from project 'OpenAI')
cd /Users/admin/builder/spi-builder-workspace/.swiftpm/xcode
builtin-SwiftPerFileCompile URLRequestBuildable.swift
SwiftDriverJobDiscovery normal arm64_32 Compiling ResponseObject.swift, RunResult.swift, RunRetrieveQuery.swift, RunRetrieveStepsResult.swift, RunToolOutputsQuery.swift, RunsQuery.swift, ThreadAddMessagesResult.swift, ThreadRunQuery.swift, ThreadsMessagesResult.swift, ThreadsQuery.swift, ThreadsResult.swift, ChatQueryWebSearchOptions.swift, JSONSchemaDefinition.swift, ServiceTier.swift (in target 'OpenAI' from project 'OpenAI')
SwiftCompile normal arm64 Compiling\ CodableResultStreamInterpreter.swift,\ DataTaskPerformingURLSession.swift,\ InvalidatableSession.swift,\ ModelResponseEventsStreamInterpreter.swift,\ ModelResponseStreamEventType.swift,\ PerformableSession.swift,\ ServerSentEventsStreamInterpreter.swift,\ ServerSentEventsStreamParser.swift,\ ServerSentEventsStreamingSessionFactory.swift,\ SessionInvalidator.swift,\ StreamingError.swift,\ StreamingSession.swift,\ URLBuilder.swift,\ URLComponents+.swift,\ URLRequestBuildable.swift /Users/admin/builder/spi-builder-workspace/.dependencies/checkouts/OpenAI/Sources/OpenAI/Private/Streaming/CodableResultStreamInterpreter.swift /Users/admin/builder/spi-builder-workspace/.dependencies/checkouts/OpenAI/Sources/OpenAI/Private/Streaming/DataTaskPerformingURLSession.swift /Users/admin/builder/spi-builder-workspace/.dependencies/checkouts/OpenAI/Sources/OpenAI/Private/Streaming/InvalidatableSession.swift /Users/admin/builder/spi-builder-workspace/.dependencies/checkouts/OpenAI/Sources/OpenAI/Private/Streaming/ModelResponseEventsStreamInterpreter.swift /Users/admin/builder/spi-builder-workspace/.dependencies/checkouts/OpenAI/Sources/OpenAI/Private/Streaming/ModelResponseStreamEventType.swift /Users/admin/builder/spi-builder-workspace/.dependencies/checkouts/OpenAI/Sources/OpenAI/Private/Streaming/PerformableSession.swift /Users/admin/builder/spi-builder-workspace/.dependencies/checkouts/OpenAI/Sources/OpenAI/Private/Streaming/ServerSentEventsStreamInterpreter.swift /Users/admin/builder/spi-builder-workspace/.dependencies/checkouts/OpenAI/Sources/OpenAI/Private/Streaming/ServerSentEventsStreamParser.swift /Users/admin/builder/spi-builder-workspace/.dependencies/checkouts/OpenAI/Sources/OpenAI/Private/Streaming/ServerSentEventsStreamingSessionFactory.swift /Users/admin/builder/spi-builder-workspace/.dependencies/checkouts/OpenAI/Sources/OpenAI/Private/Streaming/SessionInvalidator.swift /Users/admin/builder/spi-builder-workspace/.dependencies/checkouts/OpenAI/Sources/OpenAI/Private/Streaming/StreamingError.swift /Users/admin/builder/spi-builder-workspace/.dependencies/checkouts/OpenAI/Sources/OpenAI/Private/Streaming/StreamingSession.swift /Users/admin/builder/spi-builder-workspace/.dependencies/checkouts/OpenAI/Sources/OpenAI/Private/URLBuilder.swift /Users/admin/builder/spi-builder-workspace/.dependencies/checkouts/OpenAI/Sources/OpenAI/Private/URLComponents+.swift /Users/admin/builder/spi-builder-workspace/.dependencies/checkouts/OpenAI/Sources/OpenAI/Private/URLRequestBuildable.swift (in target 'OpenAI' from project 'OpenAI')
SwiftCompile normal arm64 /Users/admin/builder/spi-builder-workspace/.dependencies/checkouts/OpenAI/Sources/OpenAI/Private/Streaming/CodableResultStreamInterpreter.swift (in target 'OpenAI' from project 'OpenAI')
cd /Users/admin/builder/spi-builder-workspace/.swiftpm/xcode
builtin-SwiftPerFileCompile CodableResultStreamInterpreter.swift
SwiftCompile normal arm64 /Users/admin/builder/spi-builder-workspace/.dependencies/checkouts/OpenAI/Sources/OpenAI/Private/Streaming/DataTaskPerformingURLSession.swift (in target 'OpenAI' from project 'OpenAI')
cd /Users/admin/builder/spi-builder-workspace/.swiftpm/xcode
builtin-SwiftPerFileCompile DataTaskPerformingURLSession.swift
SwiftCompile normal arm64 /Users/admin/builder/spi-builder-workspace/.dependencies/checkouts/OpenAI/Sources/OpenAI/Private/Streaming/InvalidatableSession.swift (in target 'OpenAI' from project 'OpenAI')
cd /Users/admin/builder/spi-builder-workspace/.swiftpm/xcode
builtin-SwiftPerFileCompile InvalidatableSession.swift
SwiftCompile normal arm64 /Users/admin/builder/spi-builder-workspace/.dependencies/checkouts/OpenAI/Sources/OpenAI/Private/Streaming/ModelResponseEventsStreamInterpreter.swift (in target 'OpenAI' from project 'OpenAI')
cd /Users/admin/builder/spi-builder-workspace/.swiftpm/xcode
builtin-SwiftPerFileCompile ModelResponseEventsStreamInterpreter.swift
SwiftCompile normal arm64 /Users/admin/builder/spi-builder-workspace/.dependencies/checkouts/OpenAI/Sources/OpenAI/Private/Streaming/ModelResponseStreamEventType.swift (in target 'OpenAI' from project 'OpenAI')
cd /Users/admin/builder/spi-builder-workspace/.swiftpm/xcode
builtin-SwiftPerFileCompile ModelResponseStreamEventType.swift
SwiftCompile normal arm64 /Users/admin/builder/spi-builder-workspace/.dependencies/checkouts/OpenAI/Sources/OpenAI/Private/Streaming/PerformableSession.swift (in target 'OpenAI' from project 'OpenAI')
cd /Users/admin/builder/spi-builder-workspace/.swiftpm/xcode
builtin-SwiftPerFileCompile PerformableSession.swift
SwiftCompile normal arm64 /Users/admin/builder/spi-builder-workspace/.dependencies/checkouts/OpenAI/Sources/OpenAI/Private/Streaming/ServerSentEventsStreamInterpreter.swift (in target 'OpenAI' from project 'OpenAI')
cd /Users/admin/builder/spi-builder-workspace/.swiftpm/xcode
builtin-SwiftPerFileCompile ServerSentEventsStreamInterpreter.swift
SwiftCompile normal arm64 /Users/admin/builder/spi-builder-workspace/.dependencies/checkouts/OpenAI/Sources/OpenAI/Private/Streaming/ServerSentEventsStreamParser.swift (in target 'OpenAI' from project 'OpenAI')
cd /Users/admin/builder/spi-builder-workspace/.swiftpm/xcode
builtin-SwiftPerFileCompile ServerSentEventsStreamParser.swift
SwiftCompile normal arm64 /Users/admin/builder/spi-builder-workspace/.dependencies/checkouts/OpenAI/Sources/OpenAI/Private/Streaming/ServerSentEventsStreamingSessionFactory.swift (in target 'OpenAI' from project 'OpenAI')
cd /Users/admin/builder/spi-builder-workspace/.swiftpm/xcode
builtin-SwiftPerFileCompile ServerSentEventsStreamingSessionFactory.swift
SwiftCompile normal arm64 /Users/admin/builder/spi-builder-workspace/.dependencies/checkouts/OpenAI/Sources/OpenAI/Private/Streaming/SessionInvalidator.swift (in target 'OpenAI' from project 'OpenAI')
cd /Users/admin/builder/spi-builder-workspace/.swiftpm/xcode
builtin-SwiftPerFileCompile SessionInvalidator.swift
SwiftCompile normal arm64 /Users/admin/builder/spi-builder-workspace/.dependencies/checkouts/OpenAI/Sources/OpenAI/Private/Streaming/StreamingError.swift (in target 'OpenAI' from project 'OpenAI')
cd /Users/admin/builder/spi-builder-workspace/.swiftpm/xcode
builtin-SwiftPerFileCompile StreamingError.swift
SwiftCompile normal arm64 /Users/admin/builder/spi-builder-workspace/.dependencies/checkouts/OpenAI/Sources/OpenAI/Private/Streaming/StreamingSession.swift (in target 'OpenAI' from project 'OpenAI')
cd /Users/admin/builder/spi-builder-workspace/.swiftpm/xcode
builtin-SwiftPerFileCompile StreamingSession.swift
SwiftCompile normal arm64 /Users/admin/builder/spi-builder-workspace/.dependencies/checkouts/OpenAI/Sources/OpenAI/Private/URLBuilder.swift (in target 'OpenAI' from project 'OpenAI')
cd /Users/admin/builder/spi-builder-workspace/.swiftpm/xcode
builtin-SwiftPerFileCompile URLBuilder.swift
SwiftCompile normal arm64 /Users/admin/builder/spi-builder-workspace/.dependencies/checkouts/OpenAI/Sources/OpenAI/Private/URLComponents+.swift (in target 'OpenAI' from project 'OpenAI')
cd /Users/admin/builder/spi-builder-workspace/.swiftpm/xcode
builtin-SwiftPerFileCompile URLComponents+.swift
SwiftCompile normal arm64 /Users/admin/builder/spi-builder-workspace/.dependencies/checkouts/OpenAI/Sources/OpenAI/Private/URLRequestBuildable.swift (in target 'OpenAI' from project 'OpenAI')
cd /Users/admin/builder/spi-builder-workspace/.swiftpm/xcode
builtin-SwiftPerFileCompile URLRequestBuildable.swift
SwiftDriverJobDiscovery normal arm64 Compiling OpenAI+OpenAIAsync.swift, OpenAI+OpenAICombine.swift, OpenAI.swift, AssistantsRequest.swift, CancellablesFactory.swift, ChatQuery+CustomStringConvertible.swift, AsyncClient.swift, Client.swift, CombineClient.swift, StreamingClient.swift, CodingUserInfoKey+ParsingOptions.swift, DataTaskFactory.swift, DescribedError.swift, DispatchQueue+Static.swift, ExecutionSerializer.swift (in target 'OpenAI' from project 'OpenAI')
SwiftCompile normal arm64 Compiling\ JSONSchema.swift,\ JSONSchemaField.swift,\ JSONSchemaInstanceType.swift,\ JSONSchemaConvertationError.swift,\ JSONSchemaConvertible.swift,\ JSONSchemaEnumConvertible.swift,\ Annotation.swift,\ AssistantResult.swift,\ AssistantsQuery.swift,\ AssistantsResult.swift,\ AssistantsTool.swift,\ AudioSpeechQuery.swift,\ AudioSpeechResult.swift,\ AudioTranscriptionQuery.swift,\ AudioTranscriptionResult.swift /Users/admin/builder/spi-builder-workspace/.dependencies/checkouts/OpenAI/Sources/OpenAI/Public/JSONSchema/JSONSchema.swift /Users/admin/builder/spi-builder-workspace/.dependencies/checkouts/OpenAI/Sources/OpenAI/Public/JSONSchema/JSONSchemaField.swift /Users/admin/builder/spi-builder-workspace/.dependencies/checkouts/OpenAI/Sources/OpenAI/Public/JSONSchema/JSONSchemaInstanceType.swift /Users/admin/builder/spi-builder-workspace/.dependencies/checkouts/OpenAI/Sources/OpenAI/Public/JSONSchemaConvertible/JSONSchemaConvertationError.swift /Users/admin/builder/spi-builder-workspace/.dependencies/checkouts/OpenAI/Sources/OpenAI/Public/JSONSchemaConvertible/JSONSchemaConvertible.swift /Users/admin/builder/spi-builder-workspace/.dependencies/checkouts/OpenAI/Sources/OpenAI/Public/JSONSchemaConvertible/JSONSchemaEnumConvertible.swift /Users/admin/builder/spi-builder-workspace/.dependencies/checkouts/OpenAI/Sources/OpenAI/Public/Models/Annotation.swift /Users/admin/builder/spi-builder-workspace/.dependencies/checkouts/OpenAI/Sources/OpenAI/Public/Models/AssistantResult.swift /Users/admin/builder/spi-builder-workspace/.dependencies/checkouts/OpenAI/Sources/OpenAI/Public/Models/AssistantsQuery.swift /Users/admin/builder/spi-builder-workspace/.dependencies/checkouts/OpenAI/Sources/OpenAI/Public/Models/AssistantsResult.swift /Users/admin/builder/spi-builder-workspace/.dependencies/checkouts/OpenAI/Sources/OpenAI/Public/Models/AssistantsTool.swift /Users/admin/builder/spi-builder-workspace/.dependencies/checkouts/OpenAI/Sources/OpenAI/Public/Models/AudioSpeechQuery.swift /Users/admin/builder/spi-builder-workspace/.dependencies/checkouts/OpenAI/Sources/OpenAI/Public/Models/AudioSpeechResult.swift /Users/admin/builder/spi-builder-workspace/.dependencies/checkouts/OpenAI/Sources/OpenAI/Public/Models/AudioTranscriptionQuery.swift /Users/admin/builder/spi-builder-workspace/.dependencies/checkouts/OpenAI/Sources/OpenAI/Public/Models/AudioTranscriptionResult.swift (in target 'OpenAI' from project 'OpenAI')
SwiftCompile normal arm64 /Users/admin/builder/spi-builder-workspace/.dependencies/checkouts/OpenAI/Sources/OpenAI/Public/JSONSchema/JSONSchema.swift (in target 'OpenAI' from project 'OpenAI')
cd /Users/admin/builder/spi-builder-workspace/.swiftpm/xcode
builtin-SwiftPerFileCompile JSONSchema.swift
SwiftCompile normal arm64 /Users/admin/builder/spi-builder-workspace/.dependencies/checkouts/OpenAI/Sources/OpenAI/Public/JSONSchema/JSONSchemaField.swift (in target 'OpenAI' from project 'OpenAI')
cd /Users/admin/builder/spi-builder-workspace/.swiftpm/xcode
builtin-SwiftPerFileCompile JSONSchemaField.swift
SwiftCompile normal arm64 /Users/admin/builder/spi-builder-workspace/.dependencies/checkouts/OpenAI/Sources/OpenAI/Public/JSONSchema/JSONSchemaInstanceType.swift (in target 'OpenAI' from project 'OpenAI')
cd /Users/admin/builder/spi-builder-workspace/.swiftpm/xcode
builtin-SwiftPerFileCompile JSONSchemaInstanceType.swift
SwiftCompile normal arm64 /Users/admin/builder/spi-builder-workspace/.dependencies/checkouts/OpenAI/Sources/OpenAI/Public/JSONSchemaConvertible/JSONSchemaConvertationError.swift (in target 'OpenAI' from project 'OpenAI')
cd /Users/admin/builder/spi-builder-workspace/.swiftpm/xcode
builtin-SwiftPerFileCompile JSONSchemaConvertationError.swift
SwiftCompile normal arm64 /Users/admin/builder/spi-builder-workspace/.dependencies/checkouts/OpenAI/Sources/OpenAI/Public/JSONSchemaConvertible/JSONSchemaConvertible.swift (in target 'OpenAI' from project 'OpenAI')
cd /Users/admin/builder/spi-builder-workspace/.swiftpm/xcode
builtin-SwiftPerFileCompile JSONSchemaConvertible.swift
SwiftCompile normal arm64 /Users/admin/builder/spi-builder-workspace/.dependencies/checkouts/OpenAI/Sources/OpenAI/Public/JSONSchemaConvertible/JSONSchemaEnumConvertible.swift (in target 'OpenAI' from project 'OpenAI')
cd /Users/admin/builder/spi-builder-workspace/.swiftpm/xcode
builtin-SwiftPerFileCompile JSONSchemaEnumConvertible.swift
SwiftCompile normal arm64 /Users/admin/builder/spi-builder-workspace/.dependencies/checkouts/OpenAI/Sources/OpenAI/Public/Models/Annotation.swift (in target 'OpenAI' from project 'OpenAI')
cd /Users/admin/builder/spi-builder-workspace/.swiftpm/xcode
builtin-SwiftPerFileCompile Annotation.swift
SwiftCompile normal arm64 /Users/admin/builder/spi-builder-workspace/.dependencies/checkouts/OpenAI/Sources/OpenAI/Public/Models/AssistantResult.swift (in target 'OpenAI' from project 'OpenAI')
cd /Users/admin/builder/spi-builder-workspace/.swiftpm/xcode
builtin-SwiftPerFileCompile AssistantResult.swift
SwiftCompile normal arm64 /Users/admin/builder/spi-builder-workspace/.dependencies/checkouts/OpenAI/Sources/OpenAI/Public/Models/AssistantsQuery.swift (in target 'OpenAI' from project 'OpenAI')
cd /Users/admin/builder/spi-builder-workspace/.swiftpm/xcode
builtin-SwiftPerFileCompile AssistantsQuery.swift
SwiftCompile normal arm64 /Users/admin/builder/spi-builder-workspace/.dependencies/checkouts/OpenAI/Sources/OpenAI/Public/Models/AssistantsResult.swift (in target 'OpenAI' from project 'OpenAI')
cd /Users/admin/builder/spi-builder-workspace/.swiftpm/xcode
builtin-SwiftPerFileCompile AssistantsResult.swift
SwiftCompile normal arm64 /Users/admin/builder/spi-builder-workspace/.dependencies/checkouts/OpenAI/Sources/OpenAI/Public/Models/AssistantsTool.swift (in target 'OpenAI' from project 'OpenAI')
cd /Users/admin/builder/spi-builder-workspace/.swiftpm/xcode
builtin-SwiftPerFileCompile AssistantsTool.swift
SwiftCompile normal arm64 /Users/admin/builder/spi-builder-workspace/.dependencies/checkouts/OpenAI/Sources/OpenAI/Public/Models/AudioSpeechQuery.swift (in target 'OpenAI' from project 'OpenAI')
cd /Users/admin/builder/spi-builder-workspace/.swiftpm/xcode
builtin-SwiftPerFileCompile AudioSpeechQuery.swift
SwiftCompile normal arm64 /Users/admin/builder/spi-builder-workspace/.dependencies/checkouts/OpenAI/Sources/OpenAI/Public/Models/AudioSpeechResult.swift (in target 'OpenAI' from project 'OpenAI')
cd /Users/admin/builder/spi-builder-workspace/.swiftpm/xcode
builtin-SwiftPerFileCompile AudioSpeechResult.swift
SwiftCompile normal arm64 /Users/admin/builder/spi-builder-workspace/.dependencies/checkouts/OpenAI/Sources/OpenAI/Public/Models/AudioTranscriptionQuery.swift (in target 'OpenAI' from project 'OpenAI')
cd /Users/admin/builder/spi-builder-workspace/.swiftpm/xcode
builtin-SwiftPerFileCompile AudioTranscriptionQuery.swift
SwiftCompile normal arm64 /Users/admin/builder/spi-builder-workspace/.dependencies/checkouts/OpenAI/Sources/OpenAI/Public/Models/AudioTranscriptionResult.swift (in target 'OpenAI' from project 'OpenAI')
cd /Users/admin/builder/spi-builder-workspace/.swiftpm/xcode
builtin-SwiftPerFileCompile AudioTranscriptionResult.swift
SwiftDriverJobDiscovery normal arm64 Compiling CancellableRequest.swift, OpenAIAsync.swift, OpenAICombine.swift, OpenAIMiddleware.swift, OpenAIProtocol.swift, ResponsesEndpointAsync.swift, ResponsesEndpointCombine.swift, ResponsesEndpointModern.swift, ResponsesEndpointProtocol.swift, EasyInputMessage.swift, FunctionTool.swift, InputContent.swift, InputImage.swift, InputItem.swift (in target 'OpenAI' from project 'OpenAI')
SwiftCompile normal arm64 Compiling\ Schemas+Description.swift,\ JSONRequest.swift,\ JSONResponseDecoder.swift,\ JSONResponseErrorDecoder.swift,\ KeyedDecodingContainer+ParsingOptions.swift,\ MultipartFormDataBodyBuilder.swift,\ MultipartFormDataBodyEncodable.swift,\ MultipartFormDataEntry.swift,\ MultipartFormDataRequest.swift,\ OpenAI+MakeRequest.swift,\ PropertyValue.swift,\ SSLDelegateProtocol.swift,\ SendablePassthroughSubject.swift,\ StreamableQuery.swift,\ AudioSpeechStreamInterpreter.swift /Users/admin/builder/spi-builder-workspace/.dependencies/checkouts/OpenAI/Sources/OpenAI/Private/Extensions\ for\ generated\ code/Schemas+Description.swift /Users/admin/builder/spi-builder-workspace/.dependencies/checkouts/OpenAI/Sources/OpenAI/Private/JSONRequest.swift /Users/admin/builder/spi-builder-workspace/.dependencies/checkouts/OpenAI/Sources/OpenAI/Private/JSONResponseDecoder.swift /Users/admin/builder/spi-builder-workspace/.dependencies/checkouts/OpenAI/Sources/OpenAI/Private/JSONResponseErrorDecoder.swift /Users/admin/builder/spi-builder-workspace/.dependencies/checkouts/OpenAI/Sources/OpenAI/Private/KeyedDecodingContainer+ParsingOptions.swift /Users/admin/builder/spi-builder-workspace/.dependencies/checkouts/OpenAI/Sources/OpenAI/Private/MultipartFormDataBodyBuilder.swift /Users/admin/builder/spi-builder-workspace/.dependencies/checkouts/OpenAI/Sources/OpenAI/Private/MultipartFormDataBodyEncodable.swift /Users/admin/builder/spi-builder-workspace/.dependencies/checkouts/OpenAI/Sources/OpenAI/Private/MultipartFormDataEntry.swift /Users/admin/builder/spi-builder-workspace/.dependencies/checkouts/OpenAI/Sources/OpenAI/Private/MultipartFormDataRequest.swift /Users/admin/builder/spi-builder-workspace/.dependencies/checkouts/OpenAI/Sources/OpenAI/Private/OpenAI+MakeRequest.swift /Users/admin/builder/spi-builder-workspace/.dependencies/checkouts/OpenAI/Sources/OpenAI/Private/PropertyValue.swift /Users/admin/builder/spi-builder-workspace/.dependencies/checkouts/OpenAI/Sources/OpenAI/Private/SSLDelegateProtocol.swift /Users/admin/builder/spi-builder-workspace/.dependencies/checkouts/OpenAI/Sources/OpenAI/Private/SendablePassthroughSubject.swift /Users/admin/builder/spi-builder-workspace/.dependencies/checkouts/OpenAI/Sources/OpenAI/Private/StreamableQuery.swift /Users/admin/builder/spi-builder-workspace/.dependencies/checkouts/OpenAI/Sources/OpenAI/Private/Streaming/AudioSpeechStreamInterpreter.swift (in target 'OpenAI' from project 'OpenAI')
SwiftCompile normal arm64 /Users/admin/builder/spi-builder-workspace/.dependencies/checkouts/OpenAI/Sources/OpenAI/Private/Extensions\ for\ generated\ code/Schemas+Description.swift (in target 'OpenAI' from project 'OpenAI')
cd /Users/admin/builder/spi-builder-workspace/.swiftpm/xcode
builtin-SwiftPerFileCompile Schemas+Description.swift
SwiftCompile normal arm64 /Users/admin/builder/spi-builder-workspace/.dependencies/checkouts/OpenAI/Sources/OpenAI/Private/JSONRequest.swift (in target 'OpenAI' from project 'OpenAI')
cd /Users/admin/builder/spi-builder-workspace/.swiftpm/xcode
builtin-SwiftPerFileCompile JSONRequest.swift
SwiftCompile normal arm64 /Users/admin/builder/spi-builder-workspace/.dependencies/checkouts/OpenAI/Sources/OpenAI/Private/JSONResponseDecoder.swift (in target 'OpenAI' from project 'OpenAI')
cd /Users/admin/builder/spi-builder-workspace/.swiftpm/xcode
builtin-SwiftPerFileCompile JSONResponseDecoder.swift
SwiftCompile normal arm64 /Users/admin/builder/spi-builder-workspace/.dependencies/checkouts/OpenAI/Sources/OpenAI/Private/JSONResponseErrorDecoder.swift (in target 'OpenAI' from project 'OpenAI')
cd /Users/admin/builder/spi-builder-workspace/.swiftpm/xcode
builtin-SwiftPerFileCompile JSONResponseErrorDecoder.swift
SwiftCompile normal arm64 /Users/admin/builder/spi-builder-workspace/.dependencies/checkouts/OpenAI/Sources/OpenAI/Private/KeyedDecodingContainer+ParsingOptions.swift (in target 'OpenAI' from project 'OpenAI')
cd /Users/admin/builder/spi-builder-workspace/.swiftpm/xcode
builtin-SwiftPerFileCompile KeyedDecodingContainer+ParsingOptions.swift
SwiftCompile normal arm64 /Users/admin/builder/spi-builder-workspace/.dependencies/checkouts/OpenAI/Sources/OpenAI/Private/MultipartFormDataBodyBuilder.swift (in target 'OpenAI' from project 'OpenAI')
cd /Users/admin/builder/spi-builder-workspace/.swiftpm/xcode
builtin-SwiftPerFileCompile MultipartFormDataBodyBuilder.swift
SwiftCompile normal arm64 /Users/admin/builder/spi-builder-workspace/.dependencies/checkouts/OpenAI/Sources/OpenAI/Private/MultipartFormDataBodyEncodable.swift (in target 'OpenAI' from project 'OpenAI')
cd /Users/admin/builder/spi-builder-workspace/.swiftpm/xcode
builtin-SwiftPerFileCompile MultipartFormDataBodyEncodable.swift
SwiftCompile normal arm64 /Users/admin/builder/spi-builder-workspace/.dependencies/checkouts/OpenAI/Sources/OpenAI/Private/MultipartFormDataEntry.swift (in target 'OpenAI' from project 'OpenAI')
cd /Users/admin/builder/spi-builder-workspace/.swiftpm/xcode
builtin-SwiftPerFileCompile MultipartFormDataEntry.swift
SwiftCompile normal arm64 /Users/admin/builder/spi-builder-workspace/.dependencies/checkouts/OpenAI/Sources/OpenAI/Private/MultipartFormDataRequest.swift (in target 'OpenAI' from project 'OpenAI')
cd /Users/admin/builder/spi-builder-workspace/.swiftpm/xcode
builtin-SwiftPerFileCompile MultipartFormDataRequest.swift
SwiftCompile normal arm64 /Users/admin/builder/spi-builder-workspace/.dependencies/checkouts/OpenAI/Sources/OpenAI/Private/OpenAI+MakeRequest.swift (in target 'OpenAI' from project 'OpenAI')
cd /Users/admin/builder/spi-builder-workspace/.swiftpm/xcode
builtin-SwiftPerFileCompile OpenAI+MakeRequest.swift
SwiftCompile normal arm64 /Users/admin/builder/spi-builder-workspace/.dependencies/checkouts/OpenAI/Sources/OpenAI/Private/PropertyValue.swift (in target 'OpenAI' from project 'OpenAI')
cd /Users/admin/builder/spi-builder-workspace/.swiftpm/xcode
builtin-SwiftPerFileCompile PropertyValue.swift
SwiftCompile normal arm64 /Users/admin/builder/spi-builder-workspace/.dependencies/checkouts/OpenAI/Sources/OpenAI/Private/SSLDelegateProtocol.swift (in target 'OpenAI' from project 'OpenAI')
cd /Users/admin/builder/spi-builder-workspace/.swiftpm/xcode
builtin-SwiftPerFileCompile SSLDelegateProtocol.swift
SwiftCompile normal arm64 /Users/admin/builder/spi-builder-workspace/.dependencies/checkouts/OpenAI/Sources/OpenAI/Private/SendablePassthroughSubject.swift (in target 'OpenAI' from project 'OpenAI')
cd /Users/admin/builder/spi-builder-workspace/.swiftpm/xcode
builtin-SwiftPerFileCompile SendablePassthroughSubject.swift
SwiftCompile normal arm64 /Users/admin/builder/spi-builder-workspace/.dependencies/checkouts/OpenAI/Sources/OpenAI/Private/StreamableQuery.swift (in target 'OpenAI' from project 'OpenAI')
cd /Users/admin/builder/spi-builder-workspace/.swiftpm/xcode
builtin-SwiftPerFileCompile StreamableQuery.swift
SwiftCompile normal arm64 /Users/admin/builder/spi-builder-workspace/.dependencies/checkouts/OpenAI/Sources/OpenAI/Private/Streaming/AudioSpeechStreamInterpreter.swift (in target 'OpenAI' from project 'OpenAI')
cd /Users/admin/builder/spi-builder-workspace/.swiftpm/xcode
builtin-SwiftPerFileCompile AudioSpeechStreamInterpreter.swift
SwiftDriverJobDiscovery normal arm64 Compiling ResponseObject.swift, RunResult.swift, RunRetrieveQuery.swift, RunRetrieveStepsResult.swift, RunToolOutputsQuery.swift, RunsQuery.swift, ThreadAddMessagesResult.swift, ThreadRunQuery.swift, ThreadsMessagesResult.swift, ThreadsQuery.swift, ThreadsResult.swift, ChatQueryWebSearchOptions.swift, JSONSchemaDefinition.swift, ServiceTier.swift (in target 'OpenAI' from project 'OpenAI')
SwiftCompile normal arm64 Compiling\ ImagesResult.swift,\ MessageQuery.swift,\ ModelQuery.swift,\ ModelResult.swift,\ Models.swift,\ ModelsResult.swift,\ ModerationsQuery.swift,\ ModerationsResult.swift,\ CreateModelResponseQuery+TextResponseConfigurationOptions.swift,\ CreateModelResponseQuery.swift,\ CreateModelResponseQueryInput.swift,\ DeleteModelResponseQuery.swift,\ DeleteModelResponseResult.swift,\ GetModelResponseQuery.swift,\ ResponseEvent.swift /Users/admin/builder/spi-builder-workspace/.dependencies/checkouts/OpenAI/Sources/OpenAI/Public/Models/ImagesResult.swift /Users/admin/builder/spi-builder-workspace/.dependencies/checkouts/OpenAI/Sources/OpenAI/Public/Models/MessageQuery.swift /Users/admin/builder/spi-builder-workspace/.dependencies/checkouts/OpenAI/Sources/OpenAI/Public/Models/Models/ModelQuery.swift /Users/admin/builder/spi-builder-workspace/.dependencies/checkouts/OpenAI/Sources/OpenAI/Public/Models/Models/ModelResult.swift /Users/admin/builder/spi-builder-workspace/.dependencies/checkouts/OpenAI/Sources/OpenAI/Public/Models/Models/Models.swift /Users/admin/builder/spi-builder-workspace/.dependencies/checkouts/OpenAI/Sources/OpenAI/Public/Models/Models/ModelsResult.swift /Users/admin/builder/spi-builder-workspace/.dependencies/checkouts/OpenAI/Sources/OpenAI/Public/Models/ModerationsQuery.swift /Users/admin/builder/spi-builder-workspace/.dependencies/checkouts/OpenAI/Sources/OpenAI/Public/Models/ModerationsResult.swift /Users/admin/builder/spi-builder-workspace/.dependencies/checkouts/OpenAI/Sources/OpenAI/Public/Models/Responses\ API/CreateModelResponseQuery+TextResponseConfigurationOptions.swift /Users/admin/builder/spi-builder-workspace/.dependencies/checkouts/OpenAI/Sources/OpenAI/Public/Models/Responses\ API/CreateModelResponseQuery.swift /Users/admin/builder/spi-builder-workspace/.dependencies/checkouts/OpenAI/Sources/OpenAI/Public/Models/Responses\ API/CreateModelResponseQueryInput.swift /Users/admin/builder/spi-builder-workspace/.dependencies/checkouts/OpenAI/Sources/OpenAI/Public/Models/Responses\ API/DeleteModelResponseQuery.swift /Users/admin/builder/spi-builder-workspace/.dependencies/checkouts/OpenAI/Sources/OpenAI/Public/Models/Responses\ API/DeleteModelResponseResult.swift /Users/admin/builder/spi-builder-workspace/.dependencies/checkouts/OpenAI/Sources/OpenAI/Public/Models/Responses\ API/GetModelResponseQuery.swift /Users/admin/builder/spi-builder-workspace/.dependencies/checkouts/OpenAI/Sources/OpenAI/Public/Models/Responses\ API/ResponseEvent.swift (in target 'OpenAI' from project 'OpenAI')
SwiftCompile normal arm64 /Users/admin/builder/spi-builder-workspace/.dependencies/checkouts/OpenAI/Sources/OpenAI/Public/Models/ImagesResult.swift (in target 'OpenAI' from project 'OpenAI')
cd /Users/admin/builder/spi-builder-workspace/.swiftpm/xcode
builtin-SwiftPerFileCompile ImagesResult.swift
SwiftCompile normal arm64 /Users/admin/builder/spi-builder-workspace/.dependencies/checkouts/OpenAI/Sources/OpenAI/Public/Models/MessageQuery.swift (in target 'OpenAI' from project 'OpenAI')
cd /Users/admin/builder/spi-builder-workspace/.swiftpm/xcode
builtin-SwiftPerFileCompile MessageQuery.swift
SwiftCompile normal arm64 /Users/admin/builder/spi-builder-workspace/.dependencies/checkouts/OpenAI/Sources/OpenAI/Public/Models/Models/ModelQuery.swift (in target 'OpenAI' from project 'OpenAI')
cd /Users/admin/builder/spi-builder-workspace/.swiftpm/xcode
builtin-SwiftPerFileCompile ModelQuery.swift
SwiftCompile normal arm64 /Users/admin/builder/spi-builder-workspace/.dependencies/checkouts/OpenAI/Sources/OpenAI/Public/Models/Models/ModelResult.swift (in target 'OpenAI' from project 'OpenAI')
cd /Users/admin/builder/spi-builder-workspace/.swiftpm/xcode
builtin-SwiftPerFileCompile ModelResult.swift
SwiftCompile normal arm64 /Users/admin/builder/spi-builder-workspace/.dependencies/checkouts/OpenAI/Sources/OpenAI/Public/Models/Models/Models.swift (in target 'OpenAI' from project 'OpenAI')
cd /Users/admin/builder/spi-builder-workspace/.swiftpm/xcode
builtin-SwiftPerFileCompile Models.swift
SwiftCompile normal arm64 /Users/admin/builder/spi-builder-workspace/.dependencies/checkouts/OpenAI/Sources/OpenAI/Public/Models/Models/ModelsResult.swift (in target 'OpenAI' from project 'OpenAI')
cd /Users/admin/builder/spi-builder-workspace/.swiftpm/xcode
builtin-SwiftPerFileCompile ModelsResult.swift
SwiftCompile normal arm64 /Users/admin/builder/spi-builder-workspace/.dependencies/checkouts/OpenAI/Sources/OpenAI/Public/Models/ModerationsQuery.swift (in target 'OpenAI' from project 'OpenAI')
cd /Users/admin/builder/spi-builder-workspace/.swiftpm/xcode
builtin-SwiftPerFileCompile ModerationsQuery.swift
SwiftCompile normal arm64 /Users/admin/builder/spi-builder-workspace/.dependencies/checkouts/OpenAI/Sources/OpenAI/Public/Models/ModerationsResult.swift (in target 'OpenAI' from project 'OpenAI')
cd /Users/admin/builder/spi-builder-workspace/.swiftpm/xcode
builtin-SwiftPerFileCompile ModerationsResult.swift
SwiftCompile normal arm64 /Users/admin/builder/spi-builder-workspace/.dependencies/checkouts/OpenAI/Sources/OpenAI/Public/Models/Responses\ API/CreateModelResponseQuery+TextResponseConfigurationOptions.swift (in target 'OpenAI' from project 'OpenAI')
cd /Users/admin/builder/spi-builder-workspace/.swiftpm/xcode
builtin-SwiftPerFileCompile CreateModelResponseQuery+TextResponseConfigurationOptions.swift
SwiftCompile normal arm64 /Users/admin/builder/spi-builder-workspace/.dependencies/checkouts/OpenAI/Sources/OpenAI/Public/Models/Responses\ API/CreateModelResponseQuery.swift (in target 'OpenAI' from project 'OpenAI')
cd /Users/admin/builder/spi-builder-workspace/.swiftpm/xcode
builtin-SwiftPerFileCompile CreateModelResponseQuery.swift
SwiftCompile normal arm64 /Users/admin/builder/spi-builder-workspace/.dependencies/checkouts/OpenAI/Sources/OpenAI/Public/Models/Responses\ API/CreateModelResponseQueryInput.swift (in target 'OpenAI' from project 'OpenAI')
cd /Users/admin/builder/spi-builder-workspace/.swiftpm/xcode
builtin-SwiftPerFileCompile CreateModelResponseQueryInput.swift
SwiftCompile normal arm64 /Users/admin/builder/spi-builder-workspace/.dependencies/checkouts/OpenAI/Sources/OpenAI/Public/Models/Responses\ API/DeleteModelResponseQuery.swift (in target 'OpenAI' from project 'OpenAI')
cd /Users/admin/builder/spi-builder-workspace/.swiftpm/xcode
builtin-SwiftPerFileCompile DeleteModelResponseQuery.swift
SwiftCompile normal arm64 /Users/admin/builder/spi-builder-workspace/.dependencies/checkouts/OpenAI/Sources/OpenAI/Public/Models/Responses\ API/DeleteModelResponseResult.swift (in target 'OpenAI' from project 'OpenAI')
cd /Users/admin/builder/spi-builder-workspace/.swiftpm/xcode
builtin-SwiftPerFileCompile DeleteModelResponseResult.swift
SwiftCompile normal arm64 /Users/admin/builder/spi-builder-workspace/.dependencies/checkouts/OpenAI/Sources/OpenAI/Public/Models/Responses\ API/GetModelResponseQuery.swift (in target 'OpenAI' from project 'OpenAI')
cd /Users/admin/builder/spi-builder-workspace/.swiftpm/xcode
builtin-SwiftPerFileCompile GetModelResponseQuery.swift
SwiftCompile normal arm64 /Users/admin/builder/spi-builder-workspace/.dependencies/checkouts/OpenAI/Sources/OpenAI/Public/Models/Responses\ API/ResponseEvent.swift (in target 'OpenAI' from project 'OpenAI')
cd /Users/admin/builder/spi-builder-workspace/.swiftpm/xcode
builtin-SwiftPerFileCompile ResponseEvent.swift
SwiftDriverJobDiscovery normal arm64_32 Compiling CodableResultStreamInterpreter.swift, DataTaskPerformingURLSession.swift, InvalidatableSession.swift, ModelResponseEventsStreamInterpreter.swift, ModelResponseStreamEventType.swift, PerformableSession.swift, ServerSentEventsStreamInterpreter.swift, ServerSentEventsStreamParser.swift, ServerSentEventsStreamingSessionFactory.swift, SessionInvalidator.swift, StreamingError.swift, StreamingSession.swift, URLBuilder.swift, URLComponents+.swift, URLRequestBuildable.swift (in target 'OpenAI' from project 'OpenAI')
SwiftCompile normal arm64_32 Compiling\ CancellableRequest.swift,\ OpenAIAsync.swift,\ OpenAICombine.swift,\ OpenAIMiddleware.swift,\ OpenAIProtocol.swift,\ ResponsesEndpointAsync.swift,\ ResponsesEndpointCombine.swift,\ ResponsesEndpointModern.swift,\ ResponsesEndpointProtocol.swift,\ EasyInputMessage.swift,\ FunctionTool.swift,\ InputContent.swift,\ InputImage.swift,\ InputItem.swift /Users/admin/builder/spi-builder-workspace/.dependencies/checkouts/OpenAI/Sources/OpenAI/Public/Protocols/CancellableRequest.swift /Users/admin/builder/spi-builder-workspace/.dependencies/checkouts/OpenAI/Sources/OpenAI/Public/Protocols/OpenAIAsync.swift /Users/admin/builder/spi-builder-workspace/.dependencies/checkouts/OpenAI/Sources/OpenAI/Public/Protocols/OpenAICombine.swift /Users/admin/builder/spi-builder-workspace/.dependencies/checkouts/OpenAI/Sources/OpenAI/Public/Protocols/OpenAIMiddleware.swift /Users/admin/builder/spi-builder-workspace/.dependencies/checkouts/OpenAI/Sources/OpenAI/Public/Protocols/OpenAIProtocol.swift /Users/admin/builder/spi-builder-workspace/.dependencies/checkouts/OpenAI/Sources/OpenAI/Public/Protocols/ResponsesEndpointAsync.swift /Users/admin/builder/spi-builder-workspace/.dependencies/checkouts/OpenAI/Sources/OpenAI/Public/Protocols/ResponsesEndpointCombine.swift /Users/admin/builder/spi-builder-workspace/.dependencies/checkouts/OpenAI/Sources/OpenAI/Public/Protocols/ResponsesEndpointModern.swift /Users/admin/builder/spi-builder-workspace/.dependencies/checkouts/OpenAI/Sources/OpenAI/Public/Protocols/ResponsesEndpointProtocol.swift /Users/admin/builder/spi-builder-workspace/.dependencies/checkouts/OpenAI/Sources/OpenAI/Public/Schemas/Edited/EasyInputMessage.swift /Users/admin/builder/spi-builder-workspace/.dependencies/checkouts/OpenAI/Sources/OpenAI/Public/Schemas/Edited/FunctionTool.swift /Users/admin/builder/spi-builder-workspace/.dependencies/checkouts/OpenAI/Sources/OpenAI/Public/Schemas/Edited/InputContent.swift /Users/admin/builder/spi-builder-workspace/.dependencies/checkouts/OpenAI/Sources/OpenAI/Public/Schemas/Edited/InputImage.swift /Users/admin/builder/spi-builder-workspace/.dependencies/checkouts/OpenAI/Sources/OpenAI/Public/Schemas/Edited/InputItem.swift (in target 'OpenAI' from project 'OpenAI')
SwiftCompile normal arm64_32 /Users/admin/builder/spi-builder-workspace/.dependencies/checkouts/OpenAI/Sources/OpenAI/Public/Protocols/CancellableRequest.swift (in target 'OpenAI' from project 'OpenAI')
cd /Users/admin/builder/spi-builder-workspace/.swiftpm/xcode
builtin-SwiftPerFileCompile CancellableRequest.swift
SwiftCompile normal arm64_32 /Users/admin/builder/spi-builder-workspace/.dependencies/checkouts/OpenAI/Sources/OpenAI/Public/Protocols/OpenAIAsync.swift (in target 'OpenAI' from project 'OpenAI')
cd /Users/admin/builder/spi-builder-workspace/.swiftpm/xcode
builtin-SwiftPerFileCompile OpenAIAsync.swift
SwiftCompile normal arm64_32 /Users/admin/builder/spi-builder-workspace/.dependencies/checkouts/OpenAI/Sources/OpenAI/Public/Protocols/OpenAICombine.swift (in target 'OpenAI' from project 'OpenAI')
cd /Users/admin/builder/spi-builder-workspace/.swiftpm/xcode
builtin-SwiftPerFileCompile OpenAICombine.swift
SwiftCompile normal arm64_32 /Users/admin/builder/spi-builder-workspace/.dependencies/checkouts/OpenAI/Sources/OpenAI/Public/Protocols/OpenAIMiddleware.swift (in target 'OpenAI' from project 'OpenAI')
cd /Users/admin/builder/spi-builder-workspace/.swiftpm/xcode
builtin-SwiftPerFileCompile OpenAIMiddleware.swift
SwiftCompile normal arm64_32 /Users/admin/builder/spi-builder-workspace/.dependencies/checkouts/OpenAI/Sources/OpenAI/Public/Protocols/OpenAIProtocol.swift (in target 'OpenAI' from project 'OpenAI')
cd /Users/admin/builder/spi-builder-workspace/.swiftpm/xcode
builtin-SwiftPerFileCompile OpenAIProtocol.swift
SwiftCompile normal arm64_32 /Users/admin/builder/spi-builder-workspace/.dependencies/checkouts/OpenAI/Sources/OpenAI/Public/Protocols/ResponsesEndpointAsync.swift (in target 'OpenAI' from project 'OpenAI')
cd /Users/admin/builder/spi-builder-workspace/.swiftpm/xcode
builtin-SwiftPerFileCompile ResponsesEndpointAsync.swift
SwiftCompile normal arm64_32 /Users/admin/builder/spi-builder-workspace/.dependencies/checkouts/OpenAI/Sources/OpenAI/Public/Protocols/ResponsesEndpointCombine.swift (in target 'OpenAI' from project 'OpenAI')
cd /Users/admin/builder/spi-builder-workspace/.swiftpm/xcode
builtin-SwiftPerFileCompile ResponsesEndpointCombine.swift
SwiftCompile normal arm64_32 /Users/admin/builder/spi-builder-workspace/.dependencies/checkouts/OpenAI/Sources/OpenAI/Public/Protocols/ResponsesEndpointModern.swift (in target 'OpenAI' from project 'OpenAI')
cd /Users/admin/builder/spi-builder-workspace/.swiftpm/xcode
builtin-SwiftPerFileCompile ResponsesEndpointModern.swift
SwiftCompile normal arm64_32 /Users/admin/builder/spi-builder-workspace/.dependencies/checkouts/OpenAI/Sources/OpenAI/Public/Protocols/ResponsesEndpointProtocol.swift (in target 'OpenAI' from project 'OpenAI')
cd /Users/admin/builder/spi-builder-workspace/.swiftpm/xcode
builtin-SwiftPerFileCompile ResponsesEndpointProtocol.swift
SwiftCompile normal arm64_32 /Users/admin/builder/spi-builder-workspace/.dependencies/checkouts/OpenAI/Sources/OpenAI/Public/Schemas/Edited/EasyInputMessage.swift (in target 'OpenAI' from project 'OpenAI')
cd /Users/admin/builder/spi-builder-workspace/.swiftpm/xcode
builtin-SwiftPerFileCompile EasyInputMessage.swift
SwiftCompile normal arm64_32 /Users/admin/builder/spi-builder-workspace/.dependencies/checkouts/OpenAI/Sources/OpenAI/Public/Schemas/Edited/FunctionTool.swift (in target 'OpenAI' from project 'OpenAI')
cd /Users/admin/builder/spi-builder-workspace/.swiftpm/xcode
builtin-SwiftPerFileCompile FunctionTool.swift
SwiftCompile normal arm64_32 /Users/admin/builder/spi-builder-workspace/.dependencies/checkouts/OpenAI/Sources/OpenAI/Public/Schemas/Edited/InputContent.swift (in target 'OpenAI' from project 'OpenAI')
cd /Users/admin/builder/spi-builder-workspace/.swiftpm/xcode
builtin-SwiftPerFileCompile InputContent.swift
SwiftCompile normal arm64_32 /Users/admin/builder/spi-builder-workspace/.dependencies/checkouts/OpenAI/Sources/OpenAI/Public/Schemas/Edited/InputImage.swift (in target 'OpenAI' from project 'OpenAI')
cd /Users/admin/builder/spi-builder-workspace/.swiftpm/xcode
builtin-SwiftPerFileCompile InputImage.swift
SwiftCompile normal arm64_32 /Users/admin/builder/spi-builder-workspace/.dependencies/checkouts/OpenAI/Sources/OpenAI/Public/Schemas/Edited/InputItem.swift (in target 'OpenAI' from project 'OpenAI')
cd /Users/admin/builder/spi-builder-workspace/.swiftpm/xcode
builtin-SwiftPerFileCompile InputItem.swift
SwiftDriverJobDiscovery normal arm64 Compiling CodableResultStreamInterpreter.swift, DataTaskPerformingURLSession.swift, InvalidatableSession.swift, ModelResponseEventsStreamInterpreter.swift, ModelResponseStreamEventType.swift, PerformableSession.swift, ServerSentEventsStreamInterpreter.swift, ServerSentEventsStreamParser.swift, ServerSentEventsStreamingSessionFactory.swift, SessionInvalidator.swift, StreamingError.swift, StreamingSession.swift, URLBuilder.swift, URLComponents+.swift, URLRequestBuildable.swift (in target 'OpenAI' from project 'OpenAI')
SwiftCompile normal arm64 Compiling\ ResponseFunctionCallArgumentsDoneEvent.swift,\ ResponseMCPCallArgumentsDeltaEvent.swift,\ ResponseMCPCallArgumentsDoneEvent.swift,\ ResponseOutputItemAddedEvent.swift,\ ResponseOutputItemDoneEvent.swift,\ Tool.swift,\ OutputItem.swift,\ ResponseStreamEvent.swift,\ Components.swift,\ ParsingOptions.swift,\ Utilities.swift,\ ResponsesEndpoint+Async.swift,\ ResponsesEndpoint+Combine.swift,\ ResponsesEndpoint.swift /Users/admin/builder/spi-builder-workspace/.dependencies/checkouts/OpenAI/Sources/OpenAI/Public/Schemas/Edited/ResponseFunctionCallArgumentsDoneEvent.swift /Users/admin/builder/spi-builder-workspace/.dependencies/checkouts/OpenAI/Sources/OpenAI/Public/Schemas/Edited/ResponseMCPCallArgumentsDeltaEvent.swift /Users/admin/builder/spi-builder-workspace/.dependencies/checkouts/OpenAI/Sources/OpenAI/Public/Schemas/Edited/ResponseMCPCallArgumentsDoneEvent.swift /Users/admin/builder/spi-builder-workspace/.dependencies/checkouts/OpenAI/Sources/OpenAI/Public/Schemas/Edited/ResponseOutputItemAddedEvent.swift /Users/admin/builder/spi-builder-workspace/.dependencies/checkouts/OpenAI/Sources/OpenAI/Public/Schemas/Edited/ResponseOutputItemDoneEvent.swift /Users/admin/builder/spi-builder-workspace/.dependencies/checkouts/OpenAI/Sources/OpenAI/Public/Schemas/Edited/Tool.swift /Users/admin/builder/spi-builder-workspace/.dependencies/checkouts/OpenAI/Sources/OpenAI/Public/Schemas/Facade/OutputItem.swift /Users/admin/builder/spi-builder-workspace/.dependencies/checkouts/OpenAI/Sources/OpenAI/Public/Schemas/Facade/ResponseStreamEvent.swift /Users/admin/builder/spi-builder-workspace/.dependencies/checkouts/OpenAI/Sources/OpenAI/Public/Schemas/Generated/Components.swift /Users/admin/builder/spi-builder-workspace/.dependencies/checkouts/OpenAI/Sources/OpenAI/Public/Utilities/ParsingOptions.swift /Users/admin/builder/spi-builder-workspace/.dependencies/checkouts/OpenAI/Sources/OpenAI/Public/Utilities/Utilities.swift /Users/admin/builder/spi-builder-workspace/.dependencies/checkouts/OpenAI/Sources/OpenAI/ResponsesEndpoint+Async.swift /Users/admin/builder/spi-builder-workspace/.dependencies/checkouts/OpenAI/Sources/OpenAI/ResponsesEndpoint+Combine.swift /Users/admin/builder/spi-builder-workspace/.dependencies/checkouts/OpenAI/Sources/OpenAI/ResponsesEndpoint.swift (in target 'OpenAI' from project 'OpenAI')
SwiftCompile normal arm64 /Users/admin/builder/spi-builder-workspace/.dependencies/checkouts/OpenAI/Sources/OpenAI/Public/Schemas/Edited/ResponseFunctionCallArgumentsDoneEvent.swift (in target 'OpenAI' from project 'OpenAI')
cd /Users/admin/builder/spi-builder-workspace/.swiftpm/xcode
builtin-SwiftPerFileCompile ResponseFunctionCallArgumentsDoneEvent.swift
SwiftCompile normal arm64 /Users/admin/builder/spi-builder-workspace/.dependencies/checkouts/OpenAI/Sources/OpenAI/Public/Schemas/Edited/ResponseMCPCallArgumentsDeltaEvent.swift (in target 'OpenAI' from project 'OpenAI')
cd /Users/admin/builder/spi-builder-workspace/.swiftpm/xcode
builtin-SwiftPerFileCompile ResponseMCPCallArgumentsDeltaEvent.swift
SwiftCompile normal arm64 /Users/admin/builder/spi-builder-workspace/.dependencies/checkouts/OpenAI/Sources/OpenAI/Public/Schemas/Edited/ResponseMCPCallArgumentsDoneEvent.swift (in target 'OpenAI' from project 'OpenAI')
cd /Users/admin/builder/spi-builder-workspace/.swiftpm/xcode
builtin-SwiftPerFileCompile ResponseMCPCallArgumentsDoneEvent.swift
SwiftCompile normal arm64 /Users/admin/builder/spi-builder-workspace/.dependencies/checkouts/OpenAI/Sources/OpenAI/Public/Schemas/Edited/ResponseOutputItemAddedEvent.swift (in target 'OpenAI' from project 'OpenAI')
cd /Users/admin/builder/spi-builder-workspace/.swiftpm/xcode
builtin-SwiftPerFileCompile ResponseOutputItemAddedEvent.swift
SwiftCompile normal arm64 /Users/admin/builder/spi-builder-workspace/.dependencies/checkouts/OpenAI/Sources/OpenAI/Public/Schemas/Edited/ResponseOutputItemDoneEvent.swift (in target 'OpenAI' from project 'OpenAI')
cd /Users/admin/builder/spi-builder-workspace/.swiftpm/xcode
builtin-SwiftPerFileCompile ResponseOutputItemDoneEvent.swift
SwiftCompile normal arm64 /Users/admin/builder/spi-builder-workspace/.dependencies/checkouts/OpenAI/Sources/OpenAI/Public/Schemas/Edited/Tool.swift (in target 'OpenAI' from project 'OpenAI')
cd /Users/admin/builder/spi-builder-workspace/.swiftpm/xcode
builtin-SwiftPerFileCompile Tool.swift
SwiftCompile normal arm64 /Users/admin/builder/spi-builder-workspace/.dependencies/checkouts/OpenAI/Sources/OpenAI/Public/Schemas/Facade/OutputItem.swift (in target 'OpenAI' from project 'OpenAI')
cd /Users/admin/builder/spi-builder-workspace/.swiftpm/xcode
builtin-SwiftPerFileCompile OutputItem.swift
SwiftCompile normal arm64 /Users/admin/builder/spi-builder-workspace/.dependencies/checkouts/OpenAI/Sources/OpenAI/Public/Schemas/Facade/ResponseStreamEvent.swift (in target 'OpenAI' from project 'OpenAI')
cd /Users/admin/builder/spi-builder-workspace/.swiftpm/xcode
builtin-SwiftPerFileCompile ResponseStreamEvent.swift
SwiftCompile normal arm64 /Users/admin/builder/spi-builder-workspace/.dependencies/checkouts/OpenAI/Sources/OpenAI/Public/Schemas/Generated/Components.swift (in target 'OpenAI' from project 'OpenAI')
cd /Users/admin/builder/spi-builder-workspace/.swiftpm/xcode
builtin-SwiftPerFileCompile Components.swift
SwiftCompile normal arm64 /Users/admin/builder/spi-builder-workspace/.dependencies/checkouts/OpenAI/Sources/OpenAI/Public/Utilities/ParsingOptions.swift (in target 'OpenAI' from project 'OpenAI')
cd /Users/admin/builder/spi-builder-workspace/.swiftpm/xcode
builtin-SwiftPerFileCompile ParsingOptions.swift
SwiftCompile normal arm64 /Users/admin/builder/spi-builder-workspace/.dependencies/checkouts/OpenAI/Sources/OpenAI/Public/Utilities/Utilities.swift (in target 'OpenAI' from project 'OpenAI')
cd /Users/admin/builder/spi-builder-workspace/.swiftpm/xcode
builtin-SwiftPerFileCompile Utilities.swift
SwiftCompile normal arm64 /Users/admin/builder/spi-builder-workspace/.dependencies/checkouts/OpenAI/Sources/OpenAI/ResponsesEndpoint+Async.swift (in target 'OpenAI' from project 'OpenAI')
cd /Users/admin/builder/spi-builder-workspace/.swiftpm/xcode
builtin-SwiftPerFileCompile ResponsesEndpoint+Async.swift
SwiftCompile normal arm64 /Users/admin/builder/spi-builder-workspace/.dependencies/checkouts/OpenAI/Sources/OpenAI/ResponsesEndpoint+Combine.swift (in target 'OpenAI' from project 'OpenAI')
cd /Users/admin/builder/spi-builder-workspace/.swiftpm/xcode
builtin-SwiftPerFileCompile ResponsesEndpoint+Combine.swift
SwiftCompile normal arm64 /Users/admin/builder/spi-builder-workspace/.dependencies/checkouts/OpenAI/Sources/OpenAI/ResponsesEndpoint.swift (in target 'OpenAI' from project 'OpenAI')
cd /Users/admin/builder/spi-builder-workspace/.swiftpm/xcode
builtin-SwiftPerFileCompile ResponsesEndpoint.swift
SwiftDriverJobDiscovery normal arm64_32 Compiling ImagesResult.swift, MessageQuery.swift, ModelQuery.swift, ModelResult.swift, Models.swift, ModelsResult.swift, ModerationsQuery.swift, ModerationsResult.swift, CreateModelResponseQuery+TextResponseConfigurationOptions.swift, CreateModelResponseQuery.swift, CreateModelResponseQueryInput.swift, DeleteModelResponseQuery.swift, DeleteModelResponseResult.swift, GetModelResponseQuery.swift, ResponseEvent.swift (in target 'OpenAI' from project 'OpenAI')
SwiftDriverJobDiscovery normal arm64 Compiling JSONSchema.swift, JSONSchemaField.swift, JSONSchemaInstanceType.swift, JSONSchemaConvertationError.swift, JSONSchemaConvertible.swift, JSONSchemaEnumConvertible.swift, Annotation.swift, AssistantResult.swift, AssistantsQuery.swift, AssistantsResult.swift, AssistantsTool.swift, AudioSpeechQuery.swift, AudioSpeechResult.swift, AudioTranscriptionQuery.swift, AudioTranscriptionResult.swift (in target 'OpenAI' from project 'OpenAI')
ExtractAppIntentsMetadata (in target 'OpenAPIRuntime' from project 'swift-openapi-runtime')
cd /Users/admin/builder/spi-builder-workspace/.dependencies/checkouts/swift-openapi-runtime
/Applications/Xcode-27.0.0-Release.Candidate.app/Contents/Developer/Toolchains/XcodeDefault.xctoolchain/usr/bin/appintentsmetadataprocessor --toolchain-dir /var/run/com.apple.security.cryptexd/mnt/com.apple.MobileAsset.MetalToolchain-v27.1.266.1.tRAB6j/Metal.xctoolchain --module-name OpenAPIRuntime --sdk-root /Applications/Xcode-27.0.0-Release.Candidate.app/Contents/Developer/Platforms/WatchOS.platform/Developer/SDKs/WatchOS27.0.sdk --xcode-version 27A266a --platform-family watchOS --deployment-target 9.0 --bundle-identifier swift-openapi-runtime.OpenAPIRuntime --output /Users/admin/builder/spi-builder-workspace/.derivedData/Build/Products/Debug-watchos/OpenAPIRuntime.appintents --target-triple arm64-apple-watchos9.0 --target-triple arm64_32-apple-watchos9.0 --binary-file /Users/admin/builder/spi-builder-workspace/.derivedData/Build/Products/Debug-watchos/OpenAPIRuntime.o --dependency-file /Users/admin/builder/spi-builder-workspace/.derivedData/Build/Intermediates.noindex/swift-openapi-runtime.build/Debug-watchos/OpenAPIRuntime-t.build/Objects-normal/arm64/OpenAPIRuntime_dependency_info.dat --dependency-file /Users/admin/builder/spi-builder-workspace/.derivedData/Build/Intermediates.noindex/swift-openapi-runtime.build/Debug-watchos/OpenAPIRuntime-t.build/Objects-normal/arm64_32/OpenAPIRuntime_dependency_info.dat --stringsdata-file /Users/admin/builder/spi-builder-workspace/.derivedData/Build/Intermediates.noindex/swift-openapi-runtime.build/Debug-watchos/OpenAPIRuntime-t.build/Objects-normal/arm64/ExtractedAppShortcutsMetadata.stringsdata --stringsdata-file /Users/admin/builder/spi-builder-workspace/.derivedData/Build/Intermediates.noindex/swift-openapi-runtime.build/Debug-watchos/OpenAPIRuntime-t.build/Objects-normal/arm64_32/ExtractedAppShortcutsMetadata.stringsdata --source-file-list /Users/admin/builder/spi-builder-workspace/.derivedData/Build/Intermediates.noindex/swift-openapi-runtime.build/Debug-watchos/OpenAPIRuntime-t.build/Objects-normal/arm64/OpenAPIRuntime.SwiftFileList --source-file-list /Users/admin/builder/spi-builder-workspace/.derivedData/Build/Intermediates.noindex/swift-openapi-runtime.build/Debug-watchos/OpenAPIRuntime-t.build/Objects-normal/arm64_32/OpenAPIRuntime.SwiftFileList --metadata-file-list /Users/admin/builder/spi-builder-workspace/.derivedData/Build/Intermediates.noindex/swift-openapi-runtime.build/Debug-watchos/OpenAPIRuntime-t.build/OpenAPIRuntime.DependencyMetadataFileList --static-metadata-file-list /Users/admin/builder/spi-builder-workspace/.derivedData/Build/Intermediates.noindex/swift-openapi-runtime.build/Debug-watchos/OpenAPIRuntime-t.build/OpenAPIRuntime.DependencyStaticMetadataFileList --swift-const-vals-list /Users/admin/builder/spi-builder-workspace/.derivedData/Build/Intermediates.noindex/swift-openapi-runtime.build/Debug-watchos/OpenAPIRuntime-t.build/Objects-normal/arm64/OpenAPIRuntime.SwiftConstValuesFileList --swift-const-vals-list /Users/admin/builder/spi-builder-workspace/.derivedData/Build/Intermediates.noindex/swift-openapi-runtime.build/Debug-watchos/OpenAPIRuntime-t.build/Objects-normal/arm64_32/OpenAPIRuntime.SwiftConstValuesFileList --force --compile-time-extraction --deployment-aware-processing --no-app-shortcuts-localization
2026-09-20 05:45:35.699 appintentsmetadataprocessor[1030:6075] Starting appintentsmetadataprocessor export
2026-09-20 05:45:35.774 appintentsmetadataprocessor[1030:6075] Extracted no relevant App Intents symbols, skipping writing output
SwiftDriverJobDiscovery normal arm64 Compiling Schemas+Description.swift, JSONRequest.swift, JSONResponseDecoder.swift, JSONResponseErrorDecoder.swift, KeyedDecodingContainer+ParsingOptions.swift, MultipartFormDataBodyBuilder.swift, MultipartFormDataBodyEncodable.swift, MultipartFormDataEntry.swift, MultipartFormDataRequest.swift, OpenAI+MakeRequest.swift, PropertyValue.swift, SSLDelegateProtocol.swift, SendablePassthroughSubject.swift, StreamableQuery.swift, AudioSpeechStreamInterpreter.swift (in target 'OpenAI' from project 'OpenAI')
SwiftDriverJobDiscovery normal arm64_32 Compiling CancellableRequest.swift, OpenAIAsync.swift, OpenAICombine.swift, OpenAIMiddleware.swift, OpenAIProtocol.swift, ResponsesEndpointAsync.swift, ResponsesEndpointCombine.swift, ResponsesEndpointModern.swift, ResponsesEndpointProtocol.swift, EasyInputMessage.swift, FunctionTool.swift, InputContent.swift, InputImage.swift, InputItem.swift (in target 'OpenAI' from project 'OpenAI')
SwiftDriverJobDiscovery normal arm64 Compiling ImagesResult.swift, MessageQuery.swift, ModelQuery.swift, ModelResult.swift, Models.swift, ModelsResult.swift, ModerationsQuery.swift, ModerationsResult.swift, CreateModelResponseQuery+TextResponseConfigurationOptions.swift, CreateModelResponseQuery.swift, CreateModelResponseQueryInput.swift, DeleteModelResponseQuery.swift, DeleteModelResponseResult.swift, GetModelResponseQuery.swift, ResponseEvent.swift (in target 'OpenAI' from project 'OpenAI')
SwiftDriverJobDiscovery normal arm64_32 Emitting module for OpenAI (in target 'OpenAI' from project 'OpenAI')
SwiftDriver\ Compilation\ Requirements OpenAI normal arm64_32 com.apple.xcode.tools.swift.compiler (in target 'OpenAI' from project 'OpenAI')
cd /Users/admin/builder/spi-builder-workspace/.swiftpm/xcode
builtin-Swift-Compilation-Requirements -- /Applications/Xcode-27.0.0-Release.Candidate.app/Contents/Developer/Toolchains/XcodeDefault.xctoolchain/usr/bin/swiftc -parse-as-library -module-name OpenAI -Onone @/Users/admin/builder/spi-builder-workspace/.derivedData/Build/Intermediates.noindex/OpenAI.build/Debug-watchos/OpenAI-t.build/Objects-normal/arm64_32/OpenAI.SwiftFileList -DSWIFT_PACKAGE -DDEBUG -DSWIFT_MODULE_RESOURCE_BUNDLE_UNAVAILABLE -DXcode -plugin-path /Applications/Xcode-27.0.0-Release.Candidate.app/Contents/Developer/Toolchains/XcodeDefault.xctoolchain/usr/lib/swift/host/plugins/testing -enable-experimental-feature DebugDescriptionMacro -sdk /Applications/Xcode-27.0.0-Release.Candidate.app/Contents/Developer/Platforms/WatchOS.platform/Developer/SDKs/WatchOS27.0.sdk -target arm64_32-apple-watchos9.0 -g -module-cache-path /Users/admin/builder/spi-builder-workspace/.derivedData/ModuleCache.noindex -Xfrontend -serialize-debugging-options -profile-coverage-mapping -profile-generate -enable-testing -suppress-warnings -index-store-path /Users/admin/builder/spi-builder-workspace/.derivedData/Index.noindex/DataStore -Xcc -D_LIBCPP_HARDENING_MODE\=_LIBCPP_HARDENING_MODE_DEBUG -swift-version 5 -I /Users/admin/builder/spi-builder-workspace/.derivedData/Build/Products/Debug-watchos -Isystem /Applications/Xcode-27.0.0-Release.Candidate.app/Contents/Developer/Platforms/WatchOS.platform/Developer/usr/lib -F /Users/admin/builder/spi-builder-workspace/.derivedData/Build/Products/Debug-watchos/PackageFrameworks -F /Users/admin/builder/spi-builder-workspace/.derivedData/Build/Products/Debug-watchos -F /Applications/Xcode-27.0.0-Release.Candidate.app/Contents/Developer/Platforms/WatchOS.platform/Developer/Library/Frameworks -F /Applications/Xcode-27.0.0-Release.Candidate.app/Contents/Developer/Platforms/WatchOS.platform/Developer/SDKs/WatchOS27.0.sdk/Developer/Library/Frameworks -c -j10 -enable-batch-mode -incremental -Xcc -ivfsstatcache -Xcc /Users/admin/builder/spi-builder-workspace/.derivedData/SDKStatCaches.noindex/watchos27.0-24R360-e829b21a6f8c9b70876ba0858053c04477534ef55a1706bf4c1112bbb242f0a2.sdkstatcache -output-file-map /Users/admin/builder/spi-builder-workspace/.derivedData/Build/Intermediates.noindex/OpenAI.build/Debug-watchos/OpenAI-t.build/Objects-normal/arm64_32/OpenAI-OutputFileMap.json -save-temps -no-color-diagnostics -explicit-module-build -module-cache-path /Users/admin/builder/spi-builder-workspace/.derivedData/Build/Intermediates.noindex/SwiftExplicitPrecompiledModules -clang-scanner-module-cache-path /Users/admin/builder/spi-builder-workspace/.derivedData/ModuleCache.noindex -sdk-module-cache-path /Users/admin/builder/spi-builder-workspace/.derivedData/SDKExplicitPrecompiledModules -emit-dependencies -emit-module -emit-module-path /Users/admin/builder/spi-builder-workspace/.derivedData/Build/Intermediates.noindex/OpenAI.build/Debug-watchos/OpenAI-t.build/Objects-normal/arm64_32/OpenAI.swiftmodule -serialize-diagnostics -dependency-scan-serialize-diagnostics-path /Users/admin/builder/spi-builder-workspace/.derivedData/Build/Intermediates.noindex/OpenAI.build/Debug-watchos/OpenAI-t.build/Objects-normal/arm64_32/OpenAI-dependency-scan.dia -validate-clang-modules-once -clang-build-session-file /Users/admin/builder/spi-builder-workspace/.derivedData/ModuleCache.noindex/Session.modulevalidation -Xcc -fmodules-prune-interval\=86400 -Xcc -fmodules-prune-after\=345600 -package-name openai -emit-const-values -const-gather-protocols-list /Users/admin/builder/spi-builder-workspace/.derivedData/Build/Intermediates.noindex/OpenAI.build/Debug-watchos/OpenAI-t.build/Objects-normal/arm64_32/OpenAI_const_extract_protocols.json -Xcc -I/Users/admin/builder/spi-builder-workspace/.derivedData/Build/Products/Debug-watchos/include -Xcc -I/Users/admin/builder/spi-builder-workspace/.derivedData/Build/Intermediates.noindex/OpenAI.build/Debug-watchos/OpenAI-t.build/DerivedSources-normal/arm64_32 -Xcc -I/Users/admin/builder/spi-builder-workspace/.derivedData/Build/Intermediates.noindex/OpenAI.build/Debug-watchos/OpenAI-t.build/DerivedSources/arm64_32 -Xcc -I/Users/admin/builder/spi-builder-workspace/.derivedData/Build/Intermediates.noindex/OpenAI.build/Debug-watchos/OpenAI-t.build/DerivedSources -Xcc -DSWIFT_PACKAGE -Xcc -DDEBUG\=1 -emit-objc-header -emit-objc-header-path /Users/admin/builder/spi-builder-workspace/.derivedData/Build/Intermediates.noindex/OpenAI.build/Debug-watchos/OpenAI-t.build/Objects-normal/arm64_32/OpenAI-Swift.h -working-directory /Users/admin/builder/spi-builder-workspace/.swiftpm/xcode -experimental-emit-module-separately -disable-cmo
Copy /Users/admin/builder/spi-builder-workspace/.derivedData/Build/Products/Debug-watchos/OpenAI.swiftmodule/arm64_32-apple-watchos.abi.json /Users/admin/builder/spi-builder-workspace/.derivedData/Build/Intermediates.noindex/OpenAI.build/Debug-watchos/OpenAI-t.build/Objects-normal/arm64_32/OpenAI.abi.json (in target 'OpenAI' from project 'OpenAI')
cd /Users/admin/builder/spi-builder-workspace/.dependencies/checkouts/OpenAI
builtin-copy -exclude .DS_Store -exclude CVS -exclude .svn -exclude .git -exclude .hg -resolve-src-symlinks -rename /Users/admin/builder/spi-builder-workspace/.derivedData/Build/Intermediates.noindex/OpenAI.build/Debug-watchos/OpenAI-t.build/Objects-normal/arm64_32/OpenAI.abi.json /Users/admin/builder/spi-builder-workspace/.derivedData/Build/Products/Debug-watchos/OpenAI.swiftmodule/arm64_32-apple-watchos.abi.json
Copy /Users/admin/builder/spi-builder-workspace/.derivedData/Build/Products/Debug-watchos/OpenAI.swiftmodule/arm64_32-apple-watchos.swiftdoc /Users/admin/builder/spi-builder-workspace/.derivedData/Build/Intermediates.noindex/OpenAI.build/Debug-watchos/OpenAI-t.build/Objects-normal/arm64_32/OpenAI.swiftdoc (in target 'OpenAI' from project 'OpenAI')
cd /Users/admin/builder/spi-builder-workspace/.dependencies/checkouts/OpenAI
builtin-copy -exclude .DS_Store -exclude CVS -exclude .svn -exclude .git -exclude .hg -resolve-src-symlinks -rename /Users/admin/builder/spi-builder-workspace/.derivedData/Build/Intermediates.noindex/OpenAI.build/Debug-watchos/OpenAI-t.build/Objects-normal/arm64_32/OpenAI.swiftdoc /Users/admin/builder/spi-builder-workspace/.derivedData/Build/Products/Debug-watchos/OpenAI.swiftmodule/arm64_32-apple-watchos.swiftdoc
Copy /Users/admin/builder/spi-builder-workspace/.derivedData/Build/Products/Debug-watchos/OpenAI.swiftmodule/arm64_32-apple-watchos.swiftmodule /Users/admin/builder/spi-builder-workspace/.derivedData/Build/Intermediates.noindex/OpenAI.build/Debug-watchos/OpenAI-t.build/Objects-normal/arm64_32/OpenAI.swiftmodule (in target 'OpenAI' from project 'OpenAI')
cd /Users/admin/builder/spi-builder-workspace/.dependencies/checkouts/OpenAI
builtin-copy -exclude .DS_Store -exclude CVS -exclude .svn -exclude .git -exclude .hg -resolve-src-symlinks -rename /Users/admin/builder/spi-builder-workspace/.derivedData/Build/Intermediates.noindex/OpenAI.build/Debug-watchos/OpenAI-t.build/Objects-normal/arm64_32/OpenAI.swiftmodule /Users/admin/builder/spi-builder-workspace/.derivedData/Build/Products/Debug-watchos/OpenAI.swiftmodule/arm64_32-apple-watchos.swiftmodule
Copy /Users/admin/builder/spi-builder-workspace/.derivedData/Build/Products/Debug-watchos/OpenAI.swiftmodule/Project/arm64_32-apple-watchos.swiftsourceinfo /Users/admin/builder/spi-builder-workspace/.derivedData/Build/Intermediates.noindex/OpenAI.build/Debug-watchos/OpenAI-t.build/Objects-normal/arm64_32/OpenAI.swiftsourceinfo (in target 'OpenAI' from project 'OpenAI')
cd /Users/admin/builder/spi-builder-workspace/.dependencies/checkouts/OpenAI
builtin-copy -exclude .DS_Store -exclude CVS -exclude .svn -exclude .git -exclude .hg -resolve-src-symlinks -rename /Users/admin/builder/spi-builder-workspace/.derivedData/Build/Intermediates.noindex/OpenAI.build/Debug-watchos/OpenAI-t.build/Objects-normal/arm64_32/OpenAI.swiftsourceinfo /Users/admin/builder/spi-builder-workspace/.derivedData/Build/Products/Debug-watchos/OpenAI.swiftmodule/Project/arm64_32-apple-watchos.swiftsourceinfo
SwiftDriverJobDiscovery normal arm64 Emitting module for OpenAI (in target 'OpenAI' from project 'OpenAI')
SwiftDriver\ Compilation\ Requirements OpenAI normal arm64 com.apple.xcode.tools.swift.compiler (in target 'OpenAI' from project 'OpenAI')
cd /Users/admin/builder/spi-builder-workspace/.swiftpm/xcode
builtin-Swift-Compilation-Requirements -- /Applications/Xcode-27.0.0-Release.Candidate.app/Contents/Developer/Toolchains/XcodeDefault.xctoolchain/usr/bin/swiftc -parse-as-library -module-name OpenAI -Onone @/Users/admin/builder/spi-builder-workspace/.derivedData/Build/Intermediates.noindex/OpenAI.build/Debug-watchos/OpenAI-t.build/Objects-normal/arm64/OpenAI.SwiftFileList -DSWIFT_PACKAGE -DDEBUG -DSWIFT_MODULE_RESOURCE_BUNDLE_UNAVAILABLE -DXcode -plugin-path /Applications/Xcode-27.0.0-Release.Candidate.app/Contents/Developer/Toolchains/XcodeDefault.xctoolchain/usr/lib/swift/host/plugins/testing -enable-experimental-feature DebugDescriptionMacro -sdk /Applications/Xcode-27.0.0-Release.Candidate.app/Contents/Developer/Platforms/WatchOS.platform/Developer/SDKs/WatchOS27.0.sdk -target arm64-apple-watchos9.0 -g -module-cache-path /Users/admin/builder/spi-builder-workspace/.derivedData/ModuleCache.noindex -Xfrontend -serialize-debugging-options -profile-coverage-mapping -profile-generate -enable-testing -suppress-warnings -index-store-path /Users/admin/builder/spi-builder-workspace/.derivedData/Index.noindex/DataStore -Xcc -D_LIBCPP_HARDENING_MODE\=_LIBCPP_HARDENING_MODE_DEBUG -swift-version 5 -I /Users/admin/builder/spi-builder-workspace/.derivedData/Build/Products/Debug-watchos -Isystem /Applications/Xcode-27.0.0-Release.Candidate.app/Contents/Developer/Platforms/WatchOS.platform/Developer/usr/lib -F /Users/admin/builder/spi-builder-workspace/.derivedData/Build/Products/Debug-watchos/PackageFrameworks -F /Users/admin/builder/spi-builder-workspace/.derivedData/Build/Products/Debug-watchos -F /Applications/Xcode-27.0.0-Release.Candidate.app/Contents/Developer/Platforms/WatchOS.platform/Developer/Library/Frameworks -F /Applications/Xcode-27.0.0-Release.Candidate.app/Contents/Developer/Platforms/WatchOS.platform/Developer/SDKs/WatchOS27.0.sdk/Developer/Library/Frameworks -c -j10 -enable-batch-mode -incremental -Xcc -ivfsstatcache -Xcc /Users/admin/builder/spi-builder-workspace/.derivedData/SDKStatCaches.noindex/watchos27.0-24R360-e829b21a6f8c9b70876ba0858053c04477534ef55a1706bf4c1112bbb242f0a2.sdkstatcache -output-file-map /Users/admin/builder/spi-builder-workspace/.derivedData/Build/Intermediates.noindex/OpenAI.build/Debug-watchos/OpenAI-t.build/Objects-normal/arm64/OpenAI-OutputFileMap.json -save-temps -no-color-diagnostics -explicit-module-build -module-cache-path /Users/admin/builder/spi-builder-workspace/.derivedData/Build/Intermediates.noindex/SwiftExplicitPrecompiledModules -clang-scanner-module-cache-path /Users/admin/builder/spi-builder-workspace/.derivedData/ModuleCache.noindex -sdk-module-cache-path /Users/admin/builder/spi-builder-workspace/.derivedData/SDKExplicitPrecompiledModules -emit-dependencies -emit-module -emit-module-path /Users/admin/builder/spi-builder-workspace/.derivedData/Build/Intermediates.noindex/OpenAI.build/Debug-watchos/OpenAI-t.build/Objects-normal/arm64/OpenAI.swiftmodule -serialize-diagnostics -dependency-scan-serialize-diagnostics-path /Users/admin/builder/spi-builder-workspace/.derivedData/Build/Intermediates.noindex/OpenAI.build/Debug-watchos/OpenAI-t.build/Objects-normal/arm64/OpenAI-dependency-scan.dia -validate-clang-modules-once -clang-build-session-file /Users/admin/builder/spi-builder-workspace/.derivedData/ModuleCache.noindex/Session.modulevalidation -Xcc -fmodules-prune-interval\=86400 -Xcc -fmodules-prune-after\=345600 -package-name openai -emit-const-values -const-gather-protocols-list /Users/admin/builder/spi-builder-workspace/.derivedData/Build/Intermediates.noindex/OpenAI.build/Debug-watchos/OpenAI-t.build/Objects-normal/arm64/OpenAI_const_extract_protocols.json -Xcc -I/Users/admin/builder/spi-builder-workspace/.derivedData/Build/Products/Debug-watchos/include -Xcc -I/Users/admin/builder/spi-builder-workspace/.derivedData/Build/Intermediates.noindex/OpenAI.build/Debug-watchos/OpenAI-t.build/DerivedSources-normal/arm64 -Xcc -I/Users/admin/builder/spi-builder-workspace/.derivedData/Build/Intermediates.noindex/OpenAI.build/Debug-watchos/OpenAI-t.build/DerivedSources/arm64 -Xcc -I/Users/admin/builder/spi-builder-workspace/.derivedData/Build/Intermediates.noindex/OpenAI.build/Debug-watchos/OpenAI-t.build/DerivedSources -Xcc -DSWIFT_PACKAGE -Xcc -DDEBUG\=1 -emit-objc-header -emit-objc-header-path /Users/admin/builder/spi-builder-workspace/.derivedData/Build/Intermediates.noindex/OpenAI.build/Debug-watchos/OpenAI-t.build/Objects-normal/arm64/OpenAI-Swift.h -working-directory /Users/admin/builder/spi-builder-workspace/.swiftpm/xcode -experimental-emit-module-separately -disable-cmo
SwiftMergeGeneratedHeaders /Users/admin/builder/spi-builder-workspace/.derivedData/Build/Intermediates.noindex/GeneratedModuleMaps-watchos/OpenAI-Swift.h /Users/admin/builder/spi-builder-workspace/.derivedData/Build/Intermediates.noindex/OpenAI.build/Debug-watchos/OpenAI-t.build/Objects-normal/arm64/OpenAI-Swift.h /Users/admin/builder/spi-builder-workspace/.derivedData/Build/Intermediates.noindex/OpenAI.build/Debug-watchos/OpenAI-t.build/Objects-normal/arm64_32/OpenAI-Swift.h (in target 'OpenAI' from project 'OpenAI')
cd /Users/admin/builder/spi-builder-workspace/.dependencies/checkouts/OpenAI
builtin-swiftHeaderTool -arch arm64 /Users/admin/builder/spi-builder-workspace/.derivedData/Build/Intermediates.noindex/OpenAI.build/Debug-watchos/OpenAI-t.build/Objects-normal/arm64/OpenAI-Swift.h -arch arm64_32 /Users/admin/builder/spi-builder-workspace/.derivedData/Build/Intermediates.noindex/OpenAI.build/Debug-watchos/OpenAI-t.build/Objects-normal/arm64_32/OpenAI-Swift.h -o /Users/admin/builder/spi-builder-workspace/.derivedData/Build/Intermediates.noindex/GeneratedModuleMaps-watchos/OpenAI-Swift.h
Copy /Users/admin/builder/spi-builder-workspace/.derivedData/Build/Products/Debug-watchos/OpenAI.swiftmodule/arm64-apple-watchos.swiftdoc /Users/admin/builder/spi-builder-workspace/.derivedData/Build/Intermediates.noindex/OpenAI.build/Debug-watchos/OpenAI-t.build/Objects-normal/arm64/OpenAI.swiftdoc (in target 'OpenAI' from project 'OpenAI')
cd /Users/admin/builder/spi-builder-workspace/.dependencies/checkouts/OpenAI
builtin-copy -exclude .DS_Store -exclude CVS -exclude .svn -exclude .git -exclude .hg -resolve-src-symlinks -rename /Users/admin/builder/spi-builder-workspace/.derivedData/Build/Intermediates.noindex/OpenAI.build/Debug-watchos/OpenAI-t.build/Objects-normal/arm64/OpenAI.swiftdoc /Users/admin/builder/spi-builder-workspace/.derivedData/Build/Products/Debug-watchos/OpenAI.swiftmodule/arm64-apple-watchos.swiftdoc
Copy /Users/admin/builder/spi-builder-workspace/.derivedData/Build/Products/Debug-watchos/OpenAI.swiftmodule/arm64-apple-watchos.abi.json /Users/admin/builder/spi-builder-workspace/.derivedData/Build/Intermediates.noindex/OpenAI.build/Debug-watchos/OpenAI-t.build/Objects-normal/arm64/OpenAI.abi.json (in target 'OpenAI' from project 'OpenAI')
cd /Users/admin/builder/spi-builder-workspace/.dependencies/checkouts/OpenAI
builtin-copy -exclude .DS_Store -exclude CVS -exclude .svn -exclude .git -exclude .hg -resolve-src-symlinks -rename /Users/admin/builder/spi-builder-workspace/.derivedData/Build/Intermediates.noindex/OpenAI.build/Debug-watchos/OpenAI-t.build/Objects-normal/arm64/OpenAI.abi.json /Users/admin/builder/spi-builder-workspace/.derivedData/Build/Products/Debug-watchos/OpenAI.swiftmodule/arm64-apple-watchos.abi.json
Copy /Users/admin/builder/spi-builder-workspace/.derivedData/Build/Products/Debug-watchos/OpenAI.swiftmodule/arm64-apple-watchos.swiftmodule /Users/admin/builder/spi-builder-workspace/.derivedData/Build/Intermediates.noindex/OpenAI.build/Debug-watchos/OpenAI-t.build/Objects-normal/arm64/OpenAI.swiftmodule (in target 'OpenAI' from project 'OpenAI')
cd /Users/admin/builder/spi-builder-workspace/.dependencies/checkouts/OpenAI
builtin-copy -exclude .DS_Store -exclude CVS -exclude .svn -exclude .git -exclude .hg -resolve-src-symlinks -rename /Users/admin/builder/spi-builder-workspace/.derivedData/Build/Intermediates.noindex/OpenAI.build/Debug-watchos/OpenAI-t.build/Objects-normal/arm64/OpenAI.swiftmodule /Users/admin/builder/spi-builder-workspace/.derivedData/Build/Products/Debug-watchos/OpenAI.swiftmodule/arm64-apple-watchos.swiftmodule
Copy /Users/admin/builder/spi-builder-workspace/.derivedData/Build/Products/Debug-watchos/OpenAI.swiftmodule/Project/arm64-apple-watchos.swiftsourceinfo /Users/admin/builder/spi-builder-workspace/.derivedData/Build/Intermediates.noindex/OpenAI.build/Debug-watchos/OpenAI-t.build/Objects-normal/arm64/OpenAI.swiftsourceinfo (in target 'OpenAI' from project 'OpenAI')
cd /Users/admin/builder/spi-builder-workspace/.dependencies/checkouts/OpenAI
builtin-copy -exclude .DS_Store -exclude CVS -exclude .svn -exclude .git -exclude .hg -resolve-src-symlinks -rename /Users/admin/builder/spi-builder-workspace/.derivedData/Build/Intermediates.noindex/OpenAI.build/Debug-watchos/OpenAI-t.build/Objects-normal/arm64/OpenAI.swiftsourceinfo /Users/admin/builder/spi-builder-workspace/.derivedData/Build/Products/Debug-watchos/OpenAI.swiftmodule/Project/arm64-apple-watchos.swiftsourceinfo
SwiftDriver ChatGPTUI normal arm64 com.apple.xcode.tools.swift.compiler (in target 'ChatGPTUI' from project 'ChatGPTUI')
cd /Users/admin/builder/spi-builder-workspace/.swiftpm/xcode
builtin-SwiftDriver -- /Applications/Xcode-27.0.0-Release.Candidate.app/Contents/Developer/Toolchains/XcodeDefault.xctoolchain/usr/bin/swiftc -parse-as-library -module-name ChatGPTUI -Onone @/Users/admin/builder/spi-builder-workspace/.derivedData/Build/Intermediates.noindex/ChatGPTUI.build/Debug-watchos/ChatGPTUI-t.build/Objects-normal/arm64/ChatGPTUI.SwiftFileList -DSWIFT_PACKAGE -DDEBUG -DSWIFT_MODULE_RESOURCE_BUNDLE_UNAVAILABLE -DXcode -plugin-path /Applications/Xcode-27.0.0-Release.Candidate.app/Contents/Developer/Toolchains/XcodeDefault.xctoolchain/usr/lib/swift/host/plugins/testing -enable-experimental-feature DebugDescriptionMacro -sdk /Applications/Xcode-27.0.0-Release.Candidate.app/Contents/Developer/Platforms/WatchOS.platform/Developer/SDKs/WatchOS27.0.sdk -target arm64-apple-watchos9.0 -g -module-cache-path /Users/admin/builder/spi-builder-workspace/.derivedData/ModuleCache.noindex -Xfrontend -serialize-debugging-options -profile-coverage-mapping -profile-generate -enable-testing -index-store-path /Users/admin/builder/spi-builder-workspace/.derivedData/Index.noindex/DataStore -Xcc -D_LIBCPP_HARDENING_MODE\=_LIBCPP_HARDENING_MODE_DEBUG -swift-version 5 -I /Users/admin/builder/spi-builder-workspace/.derivedData/Build/Products/Debug-watchos -Isystem /Applications/Xcode-27.0.0-Release.Candidate.app/Contents/Developer/Platforms/WatchOS.platform/Developer/usr/lib -F /Users/admin/builder/spi-builder-workspace/.derivedData/Build/Products/Debug-watchos/PackageFrameworks -F /Users/admin/builder/spi-builder-workspace/.derivedData/Build/Products/Debug-watchos -F /Applications/Xcode-27.0.0-Release.Candidate.app/Contents/Developer/Platforms/WatchOS.platform/Developer/Library/Frameworks -F /Applications/Xcode-27.0.0-Release.Candidate.app/Contents/Developer/Platforms/WatchOS.platform/Developer/SDKs/WatchOS27.0.sdk/Developer/Library/Frameworks -c -j10 -enable-batch-mode -incremental -Xcc -ivfsstatcache -Xcc /Users/admin/builder/spi-builder-workspace/.derivedData/SDKStatCaches.noindex/watchos27.0-24R360-e829b21a6f8c9b70876ba0858053c04477534ef55a1706bf4c1112bbb242f0a2.sdkstatcache -output-file-map /Users/admin/builder/spi-builder-workspace/.derivedData/Build/Intermediates.noindex/ChatGPTUI.build/Debug-watchos/ChatGPTUI-t.build/Objects-normal/arm64/ChatGPTUI-OutputFileMap.json -save-temps -no-color-diagnostics -explicit-module-build -module-cache-path /Users/admin/builder/spi-builder-workspace/.derivedData/Build/Intermediates.noindex/SwiftExplicitPrecompiledModules -clang-scanner-module-cache-path /Users/admin/builder/spi-builder-workspace/.derivedData/ModuleCache.noindex -sdk-module-cache-path /Users/admin/builder/spi-builder-workspace/.derivedData/SDKExplicitPrecompiledModules -emit-dependencies -emit-module -emit-module-path /Users/admin/builder/spi-builder-workspace/.derivedData/Build/Intermediates.noindex/ChatGPTUI.build/Debug-watchos/ChatGPTUI-t.build/Objects-normal/arm64/ChatGPTUI.swiftmodule -serialize-diagnostics -dependency-scan-serialize-diagnostics-path /Users/admin/builder/spi-builder-workspace/.derivedData/Build/Intermediates.noindex/ChatGPTUI.build/Debug-watchos/ChatGPTUI-t.build/Objects-normal/arm64/ChatGPTUI-dependency-scan.dia -validate-clang-modules-once -clang-build-session-file /Users/admin/builder/spi-builder-workspace/.derivedData/ModuleCache.noindex/Session.modulevalidation -Xcc -fmodules-prune-interval\=86400 -Xcc -fmodules-prune-after\=345600 -emit-const-values -const-gather-protocols-list /Users/admin/builder/spi-builder-workspace/.derivedData/Build/Intermediates.noindex/ChatGPTUI.build/Debug-watchos/ChatGPTUI-t.build/Objects-normal/arm64/ChatGPTUI_const_extract_protocols.json -Xcc -I/Users/admin/builder/spi-builder-workspace/.derivedData/Build/Products/Debug-watchos/include -Xcc -I/Users/admin/builder/spi-builder-workspace/.derivedData/Build/Intermediates.noindex/ChatGPTUI.build/Debug-watchos/ChatGPTUI-t.build/DerivedSources-normal/arm64 -Xcc -I/Users/admin/builder/spi-builder-workspace/.derivedData/Build/Intermediates.noindex/ChatGPTUI.build/Debug-watchos/ChatGPTUI-t.build/DerivedSources/arm64 -Xcc -I/Users/admin/builder/spi-builder-workspace/.derivedData/Build/Intermediates.noindex/ChatGPTUI.build/Debug-watchos/ChatGPTUI-t.build/DerivedSources -Xcc -DSWIFT_PACKAGE -Xcc -DDEBUG\=1 -emit-objc-header -emit-objc-header-path /Users/admin/builder/spi-builder-workspace/.derivedData/Build/Intermediates.noindex/ChatGPTUI.build/Debug-watchos/ChatGPTUI-t.build/Objects-normal/arm64/ChatGPTUI-Swift.h -working-directory /Users/admin/builder/spi-builder-workspace/.swiftpm/xcode -experimental-emit-module-separately -disable-cmo
SwiftDriver ChatGPTUI normal arm64_32 com.apple.xcode.tools.swift.compiler (in target 'ChatGPTUI' from project 'ChatGPTUI')
cd /Users/admin/builder/spi-builder-workspace/.swiftpm/xcode
builtin-SwiftDriver -- /Applications/Xcode-27.0.0-Release.Candidate.app/Contents/Developer/Toolchains/XcodeDefault.xctoolchain/usr/bin/swiftc -parse-as-library -module-name ChatGPTUI -Onone @/Users/admin/builder/spi-builder-workspace/.derivedData/Build/Intermediates.noindex/ChatGPTUI.build/Debug-watchos/ChatGPTUI-t.build/Objects-normal/arm64_32/ChatGPTUI.SwiftFileList -DSWIFT_PACKAGE -DDEBUG -DSWIFT_MODULE_RESOURCE_BUNDLE_UNAVAILABLE -DXcode -plugin-path /Applications/Xcode-27.0.0-Release.Candidate.app/Contents/Developer/Toolchains/XcodeDefault.xctoolchain/usr/lib/swift/host/plugins/testing -enable-experimental-feature DebugDescriptionMacro -sdk /Applications/Xcode-27.0.0-Release.Candidate.app/Contents/Developer/Platforms/WatchOS.platform/Developer/SDKs/WatchOS27.0.sdk -target arm64_32-apple-watchos9.0 -g -module-cache-path /Users/admin/builder/spi-builder-workspace/.derivedData/ModuleCache.noindex -Xfrontend -serialize-debugging-options -profile-coverage-mapping -profile-generate -enable-testing -index-store-path /Users/admin/builder/spi-builder-workspace/.derivedData/Index.noindex/DataStore -Xcc -D_LIBCPP_HARDENING_MODE\=_LIBCPP_HARDENING_MODE_DEBUG -swift-version 5 -I /Users/admin/builder/spi-builder-workspace/.derivedData/Build/Products/Debug-watchos -Isystem /Applications/Xcode-27.0.0-Release.Candidate.app/Contents/Developer/Platforms/WatchOS.platform/Developer/usr/lib -F /Users/admin/builder/spi-builder-workspace/.derivedData/Build/Products/Debug-watchos/PackageFrameworks -F /Users/admin/builder/spi-builder-workspace/.derivedData/Build/Products/Debug-watchos -F /Applications/Xcode-27.0.0-Release.Candidate.app/Contents/Developer/Platforms/WatchOS.platform/Developer/Library/Frameworks -F /Applications/Xcode-27.0.0-Release.Candidate.app/Contents/Developer/Platforms/WatchOS.platform/Developer/SDKs/WatchOS27.0.sdk/Developer/Library/Frameworks -c -j10 -enable-batch-mode -incremental -Xcc -ivfsstatcache -Xcc /Users/admin/builder/spi-builder-workspace/.derivedData/SDKStatCaches.noindex/watchos27.0-24R360-e829b21a6f8c9b70876ba0858053c04477534ef55a1706bf4c1112bbb242f0a2.sdkstatcache -output-file-map /Users/admin/builder/spi-builder-workspace/.derivedData/Build/Intermediates.noindex/ChatGPTUI.build/Debug-watchos/ChatGPTUI-t.build/Objects-normal/arm64_32/ChatGPTUI-OutputFileMap.json -save-temps -no-color-diagnostics -explicit-module-build -module-cache-path /Users/admin/builder/spi-builder-workspace/.derivedData/Build/Intermediates.noindex/SwiftExplicitPrecompiledModules -clang-scanner-module-cache-path /Users/admin/builder/spi-builder-workspace/.derivedData/ModuleCache.noindex -sdk-module-cache-path /Users/admin/builder/spi-builder-workspace/.derivedData/SDKExplicitPrecompiledModules -emit-dependencies -emit-module -emit-module-path /Users/admin/builder/spi-builder-workspace/.derivedData/Build/Intermediates.noindex/ChatGPTUI.build/Debug-watchos/ChatGPTUI-t.build/Objects-normal/arm64_32/ChatGPTUI.swiftmodule -serialize-diagnostics -dependency-scan-serialize-diagnostics-path /Users/admin/builder/spi-builder-workspace/.derivedData/Build/Intermediates.noindex/ChatGPTUI.build/Debug-watchos/ChatGPTUI-t.build/Objects-normal/arm64_32/ChatGPTUI-dependency-scan.dia -validate-clang-modules-once -clang-build-session-file /Users/admin/builder/spi-builder-workspace/.derivedData/ModuleCache.noindex/Session.modulevalidation -Xcc -fmodules-prune-interval\=86400 -Xcc -fmodules-prune-after\=345600 -emit-const-values -const-gather-protocols-list /Users/admin/builder/spi-builder-workspace/.derivedData/Build/Intermediates.noindex/ChatGPTUI.build/Debug-watchos/ChatGPTUI-t.build/Objects-normal/arm64_32/ChatGPTUI_const_extract_protocols.json -Xcc -I/Users/admin/builder/spi-builder-workspace/.derivedData/Build/Products/Debug-watchos/include -Xcc -I/Users/admin/builder/spi-builder-workspace/.derivedData/Build/Intermediates.noindex/ChatGPTUI.build/Debug-watchos/ChatGPTUI-t.build/DerivedSources-normal/arm64_32 -Xcc -I/Users/admin/builder/spi-builder-workspace/.derivedData/Build/Intermediates.noindex/ChatGPTUI.build/Debug-watchos/ChatGPTUI-t.build/DerivedSources/arm64_32 -Xcc -I/Users/admin/builder/spi-builder-workspace/.derivedData/Build/Intermediates.noindex/ChatGPTUI.build/Debug-watchos/ChatGPTUI-t.build/DerivedSources -Xcc -DSWIFT_PACKAGE -Xcc -DDEBUG\=1 -emit-objc-header -emit-objc-header-path /Users/admin/builder/spi-builder-workspace/.derivedData/Build/Intermediates.noindex/ChatGPTUI.build/Debug-watchos/ChatGPTUI-t.build/Objects-normal/arm64_32/ChatGPTUI-Swift.h -working-directory /Users/admin/builder/spi-builder-workspace/.swiftpm/xcode -experimental-emit-module-separately -disable-cmo
SwiftDriverJobDiscovery normal arm64_32 Compiling AudioTranscriptionStreamResult.swift, AudioTranscriptionVerboseResult.swift, AudioTranslationQuery.swift, AudioTranslationResult.swift, ChatQuery.swift, ChatResult.swift, ChatStreamResult.swift, EmbeddingsQuery.swift, EmbeddingsResult.swift, FilesQuery.swift, FilesResult.swift, FunctionDeclaration.swift, ImageEditsQuery.swift, ImageVariationsQuery.swift, ImagesQuery.swift (in target 'OpenAI' from project 'OpenAI')
SwiftDriverJobDiscovery normal arm64 Compiling AudioTranscriptionStreamResult.swift, AudioTranscriptionVerboseResult.swift, AudioTranslationQuery.swift, AudioTranslationResult.swift, ChatQuery.swift, ChatResult.swift, ChatStreamResult.swift, EmbeddingsQuery.swift, EmbeddingsResult.swift, FilesQuery.swift, FilesResult.swift, FunctionDeclaration.swift, ImageEditsQuery.swift, ImageVariationsQuery.swift, ImagesQuery.swift (in target 'OpenAI' from project 'OpenAI')
SwiftExplicitDependencyGeneratePcm arm64_32 /Users/admin/builder/spi-builder-workspace/.derivedData/SDKExplicitPrecompiledModules/Symbols-1H97WMG76HU94F5VGJR19PXFY.pcm
SwiftExplicitDependencyGeneratePcm arm64_32 /Users/admin/builder/spi-builder-workspace/.derivedData/SDKExplicitPrecompiledModules/CoreAudioTypes-9GVB1DHA32M46R4A9NWSI3I2K.pcm
SwiftExplicitDependencyGeneratePcm arm64_32 /Users/admin/builder/spi-builder-workspace/.derivedData/SDKExplicitPrecompiledModules/CoreGraphics-9FDXYX6BKBUT6TJ2VF819E7T5.pcm
SwiftExplicitDependencyGeneratePcm arm64_32 /Users/admin/builder/spi-builder-workspace/.derivedData/SDKExplicitPrecompiledModules/_Builtin_intrinsics-196IIAKDQVU42DLOZP9OQCV76.pcm
SwiftExplicitDependencyGeneratePcm arm64_32 /Users/admin/builder/spi-builder-workspace/.derivedData/SDKExplicitPrecompiledModules/_LocationEssentials-AQ1OL9QKC3LQLY5CNSRM1HB53.pcm
SwiftExplicitDependencyGeneratePcm arm64_32 /Users/admin/builder/spi-builder-workspace/.derivedData/SDKExplicitPrecompiledModules/_Builtin_stdatomic-1TY035TURL76BF2U98PZPPZRX.pcm
SwiftExplicitDependencyGeneratePcm arm64_32 /Users/admin/builder/spi-builder-workspace/.derivedData/SDKExplicitPrecompiledModules/UIUtilities-9YFVNIMRC5HRVOIARNWHP1E3H.pcm
SwiftExplicitDependencyGeneratePcm arm64_32 /Users/admin/builder/spi-builder-workspace/.derivedData/SDKExplicitPrecompiledModules/CoreTransferable-5D4IR6X37682FPHJ5CBPTKQV6.pcm
SwiftExplicitDependencyGeneratePcm arm64 /Users/admin/builder/spi-builder-workspace/.derivedData/SDKExplicitPrecompiledModules/_LocationEssentials-5ZZDGDXB6HLQUC72SJW7YJ7MK.pcm
SwiftExplicitDependencyGeneratePcm arm64 /Users/admin/builder/spi-builder-workspace/.derivedData/SDKExplicitPrecompiledModules/UserNotifications-ARAH8MEQ0C2L0FBO39HITJMAO.pcm
SwiftExplicitDependencyGeneratePcm arm64 /Users/admin/builder/spi-builder-workspace/.derivedData/SDKExplicitPrecompiledModules/DataDetection-7BNVI1SZW5ISQL5SX4WL2X7I5.pcm
SwiftExplicitDependencyGeneratePcm arm64 /Users/admin/builder/spi-builder-workspace/.derivedData/SDKExplicitPrecompiledModules/Symbols-3EFABTJ9L5PQDJ7RQCYQWEJMM.pcm
SwiftExplicitDependencyGeneratePcm arm64 /Users/admin/builder/spi-builder-workspace/.derivedData/SDKExplicitPrecompiledModules/CoreTransferable-9PPG3SLJ55T4LITIFYX2M0NOZ.pcm
SwiftExplicitDependencyGeneratePcm arm64 /Users/admin/builder/spi-builder-workspace/.derivedData/SDKExplicitPrecompiledModules/_Builtin_tgmath-8NQ96OZ0YHXEC24JI95P01UF8.pcm
SwiftExplicitDependencyGeneratePcm arm64 /Users/admin/builder/spi-builder-workspace/.derivedData/SDKExplicitPrecompiledModules/UniformTypeIdentifiers-8L08Q8DQJV8C4AW84YVGFGTRN.pcm
SwiftExplicitDependencyGeneratePcm arm64_32 /Users/admin/builder/spi-builder-workspace/.derivedData/SDKExplicitPrecompiledModules/Accessibility-F385OMZ5GYBUY5O4QAJB4NRII.pcm
SwiftExplicitDependencyGeneratePcm arm64 /Users/admin/builder/spi-builder-workspace/.derivedData/SDKExplicitPrecompiledModules/MachO-2U90NNSAQILBNBPS1SA4F8TYP.pcm
SwiftExplicitDependencyGeneratePcm arm64 /Users/admin/builder/spi-builder-workspace/.derivedData/SDKExplicitPrecompiledModules/CoreLocation-ACKJ9K7ABI14F97Y46Y6SRR17.pcm
SwiftExplicitDependencyGeneratePcm arm64 /Users/admin/builder/spi-builder-workspace/.derivedData/SDKExplicitPrecompiledModules/CoreAudioTypes-A9MF7N5LT63G21HNFVM6BT14B.pcm
SwiftExplicitDependencyGeneratePcm arm64 /Users/admin/builder/spi-builder-workspace/.derivedData/SDKExplicitPrecompiledModules/CoreGraphics-DWNZ73GEH98SBJXZ7DEXB420K.pcm
SwiftExplicitDependencyGeneratePcm arm64 /Users/admin/builder/spi-builder-workspace/.derivedData/SDKExplicitPrecompiledModules/UIUtilities-IR7RNW23VAUKYI9MLCS9NL9A.pcm
SwiftExplicitDependencyGeneratePcm arm64 /Users/admin/builder/spi-builder-workspace/.derivedData/SDKExplicitPrecompiledModules/_Builtin_intrinsics-75960HIPCIYA06IUW8FIIPQT.pcm
SwiftExplicitDependencyGeneratePcm arm64_32 /Users/admin/builder/spi-builder-workspace/.derivedData/SDKExplicitPrecompiledModules/_Builtin_tgmath-23PGCKURCQILXMK0MYZRYDCOU.pcm
SwiftExplicitDependencyGeneratePcm arm64_32 /Users/admin/builder/spi-builder-workspace/.derivedData/SDKExplicitPrecompiledModules/CoreVideo-2P8HI0403J99LBDPKNFJ5D4DL.pcm
SwiftExplicitDependencyGeneratePcm arm64_32 /Users/admin/builder/spi-builder-workspace/.derivedData/SDKExplicitPrecompiledModules/CoreText-C9X2REPZN2V5BSU4G80FCETDR.pcm
SwiftExplicitDependencyGeneratePcm arm64_32 /Users/admin/builder/spi-builder-workspace/.derivedData/SDKExplicitPrecompiledModules/DataDetection-U9BF7WHFVA6BZGFXXXP272PS.pcm
SwiftExplicitDependencyGeneratePcm arm64 /Users/admin/builder/spi-builder-workspace/.derivedData/SDKExplicitPrecompiledModules/DeveloperToolsSupport-E7CNISCB36UE8XQ9IOHK9XDX1.pcm
SwiftExplicitDependencyGeneratePcm arm64 /Users/admin/builder/spi-builder-workspace/.derivedData/SDKExplicitPrecompiledModules/CoreMotion-6RD5K48QT1F4L9CATNFD2O7YB.pcm
SwiftExplicitDependencyGeneratePcm arm64 /Users/admin/builder/spi-builder-workspace/.derivedData/SDKExplicitPrecompiledModules/_Builtin_stdatomic-7JEFA3KBJJJN6TKJWY3OG1VG5.pcm
SwiftExplicitDependencyGeneratePcm arm64 /Users/admin/builder/spi-builder-workspace/.derivedData/SDKExplicitPrecompiledModules/Accessibility-27QMG6ZQ1NKYTNBYFPM1XKNFC.pcm
SwiftExplicitDependencyGeneratePcm arm64 /Users/admin/builder/spi-builder-workspace/.derivedData/SDKExplicitPrecompiledModules/CoreText-970YJN6NIYGK1316L35Z0O8QT.pcm
SwiftExplicitDependencyGeneratePcm arm64_32 /Users/admin/builder/spi-builder-workspace/.derivedData/SDKExplicitPrecompiledModules/simd-21UNWYOBUZI1LVSQ99S1XBLMO.pcm
SwiftExplicitDependencyGeneratePcm arm64 /Users/admin/builder/spi-builder-workspace/.derivedData/SDKExplicitPrecompiledModules/CoreVideo-8MRR5MNWUOAW2DBPGUQ8FKK4.pcm
SwiftExplicitDependencyGeneratePcm arm64_32 /Users/admin/builder/spi-builder-workspace/.derivedData/SDKExplicitPrecompiledModules/QuartzCore-6375NPYACK5NYVHPMC1QQ8MC2.pcm
SwiftExplicitDependencyGeneratePcm arm64 /Users/admin/builder/spi-builder-workspace/.derivedData/SDKExplicitPrecompiledModules/CoreData-9JFJC4UET8BAO5IPV2JU6W9V8.pcm
SwiftExplicitDependencyGeneratePcm arm64 /Users/admin/builder/spi-builder-workspace/.derivedData/SDKExplicitPrecompiledModules/os-5DIL6Z9LFIGLMZAHM7X2T5435.pcm
SwiftExplicitDependencyGeneratePcm arm64_32 /Users/admin/builder/spi-builder-workspace/.derivedData/SDKExplicitPrecompiledModules/MachO-56838ZJ0NC1EBAJ0O6O8QMPDX.pcm
SwiftExplicitDependencyGeneratePcm arm64_32 /Users/admin/builder/spi-builder-workspace/.derivedData/SDKExplicitPrecompiledModules/DeveloperToolsSupport-DZU5G1OCMNWU0AQRULIFHUJ1Z.pcm
SwiftExplicitDependencyGeneratePcm arm64 /Users/admin/builder/spi-builder-workspace/.derivedData/SDKExplicitPrecompiledModules/QuartzCore-94KFMWNOU7ZLUZNB4T5DLZC9D.pcm
SwiftExplicitDependencyGeneratePcm arm64_32 /Users/admin/builder/spi-builder-workspace/.derivedData/SDKExplicitPrecompiledModules/CoreLocation-8XU5YMYM4P11RQMYCQAG65ITK.pcm
SwiftExplicitDependencyGeneratePcm arm64 /Users/admin/builder/spi-builder-workspace/.derivedData/SDKExplicitPrecompiledModules/OSLog-B7VGO357Y3GJG35TST7DKDSI3.pcm
SwiftExplicitDependencyGeneratePcm arm64_32 /Users/admin/builder/spi-builder-workspace/.derivedData/SDKExplicitPrecompiledModules/SwiftUICore-3Q7WLRD8MR9R3NGIPUBQCP6F6.pcm
SwiftExplicitDependencyGeneratePcm arm64 /Users/admin/builder/spi-builder-workspace/.derivedData/SDKExplicitPrecompiledModules/simd-EH08NODU6574T74ZKU61VP9BW.pcm
SwiftExplicitDependencyGeneratePcm arm64_32 /Users/admin/builder/spi-builder-workspace/.derivedData/SDKExplicitPrecompiledModules/UserNotifications-6TBN8TEAKO014N1T2QD926XED.pcm
SwiftExplicitDependencyGeneratePcm arm64_32 /Users/admin/builder/spi-builder-workspace/.derivedData/SDKExplicitPrecompiledModules/os-E5IGB442IA6SBB25TTCOLK2OC.pcm
SwiftExplicitDependencyGeneratePcm arm64 /Users/admin/builder/spi-builder-workspace/.derivedData/SDKExplicitPrecompiledModules/CoreAudio-1B79RJJTP71GE6UY9WLESAN3C.pcm
SwiftExplicitDependencyGeneratePcm arm64_32 /Users/admin/builder/spi-builder-workspace/.derivedData/SDKExplicitPrecompiledModules/UniformTypeIdentifiers-CJZ3NTHPSBH4XWX5EVOG56UZS.pcm
SwiftExplicitDependencyGeneratePcm arm64 /Users/admin/builder/spi-builder-workspace/.derivedData/SDKExplicitPrecompiledModules/UIKit-27R3P1YMV4C6JLDT661G3MRIA.pcm
SwiftExplicitDependencyGeneratePcm arm64_32 /Users/admin/builder/spi-builder-workspace/.derivedData/SDKExplicitPrecompiledModules/CoreMotion-1XGTVTE5PP32UHME8AC63TL6.pcm
SwiftExplicitDependencyGeneratePcm arm64 /Users/admin/builder/spi-builder-workspace/.derivedData/SDKExplicitPrecompiledModules/SwiftUICore-C1DST1IX2Z0PTH5SJJZ1IULRB.pcm
SwiftExplicitDependencyGeneratePcm arm64_32 /Users/admin/builder/spi-builder-workspace/.derivedData/SDKExplicitPrecompiledModules/OSLog-D9AVFY0KWO7RVBIQ73CBIJVCN.pcm
SwiftExplicitDependencyGeneratePcm arm64_32 /Users/admin/builder/spi-builder-workspace/.derivedData/SDKExplicitPrecompiledModules/CoreData-7AU1AFQWUH88EAPDKVMLJPKVD.pcm
SwiftExplicitDependencyGeneratePcm arm64 /Users/admin/builder/spi-builder-workspace/.derivedData/SDKExplicitPrecompiledModules/CoreMedia-1AJVCUZNAO74KIKMFVFUUHWDI.pcm
SwiftExplicitDependencyGeneratePcm arm64_32 /Users/admin/builder/spi-builder-workspace/.derivedData/SDKExplicitPrecompiledModules/CoreAudio-5W6MX6OUPWBMUR8VD5LHT1PZF.pcm
SwiftExplicitDependencyGeneratePcm arm64_32 /Users/admin/builder/spi-builder-workspace/.derivedData/SDKExplicitPrecompiledModules/UIKit-6PPV7YPZ89CZPHYAP072QH8B6.pcm
SwiftExplicitDependencyGeneratePcm arm64_32 /Users/admin/builder/spi-builder-workspace/.derivedData/SDKExplicitPrecompiledModules/CoreMedia-AO387T8CHWTTZODD1DGT0UAFA.pcm
SwiftExplicitDependencyGeneratePcm arm64_32 /Users/admin/builder/spi-builder-workspace/.derivedData/SDKExplicitPrecompiledModules/Spatial-CWVWNML3T0NXVHZDKVLD3X1YZ.pcm
SwiftExplicitDependencyGeneratePcm arm64_32 /Users/admin/builder/spi-builder-workspace/.derivedData/SDKExplicitPrecompiledModules/SceneKit-DKNLHKM5FJBQ79LSNMSSMBUBR.pcm
SwiftExplicitDependencyGeneratePcm arm64 /Users/admin/builder/spi-builder-workspace/.derivedData/SDKExplicitPrecompiledModules/Spatial-44FJGYXFAT2AQAW9Z6T7YS02U.pcm
SwiftExplicitDependencyGeneratePcm arm64 /Users/admin/builder/spi-builder-workspace/.derivedData/SDKExplicitPrecompiledModules/SceneKit-5HZKIL7XETTTD8TOHYPN8JKRJ.pcm
SwiftExplicitDependencyGeneratePcm arm64 /Users/admin/builder/spi-builder-workspace/.derivedData/SDKExplicitPrecompiledModules/HomeKit-DTS1N4AWILAL1URZ5IOXV5221.pcm
SwiftExplicitDependencyGeneratePcm arm64 /Users/admin/builder/spi-builder-workspace/.derivedData/SDKExplicitPrecompiledModules/MapKit-EJJWC7IL56MPLQMI93GJRE5OG.pcm
SwiftExplicitDependencyGeneratePcm arm64_32 /Users/admin/builder/spi-builder-workspace/.derivedData/SDKExplicitPrecompiledModules/MapKit-CWGB4YMP1VX1NYQN5FULFD5DR.pcm
SwiftExplicitDependencyGeneratePcm arm64_32 /Users/admin/builder/spi-builder-workspace/.derivedData/SDKExplicitPrecompiledModules/HomeKit-DUDZOMSN3UK8GNTNBNMPIWJRN.pcm
SwiftExplicitDependencyGeneratePcm arm64 /Users/admin/builder/spi-builder-workspace/.derivedData/SDKExplicitPrecompiledModules/WatchKit-3VT3K8YON6FJ6OWSUFJMFMP8J.pcm
SwiftExplicitDependencyGeneratePcm arm64_32 /Users/admin/builder/spi-builder-workspace/.derivedData/SDKExplicitPrecompiledModules/WatchKit-FHF6WTKLC2APGK3LA2XJ6516.pcm
SwiftExplicitDependencyGeneratePcm arm64 /Users/admin/builder/spi-builder-workspace/.derivedData/SDKExplicitPrecompiledModules/SwiftUI-APXDH8ULYLM6FD17YRA73TULO.pcm
SwiftEmitModule normal arm64 Emitting\ module\ for\ ChatGPTUI (in target 'ChatGPTUI' from project 'ChatGPTUI')
/Users/admin/builder/spi-builder-workspace/Sources/ChatGPTUI/Model/Message.swift:11:22: error: cannot find type 'Chat' in scope
9 | public struct Message: Equatable, Codable, Hashable, Identifiable {
10 | public var id: String
11 | public var role: Chat.Role
| `- error: cannot find type 'Chat' in scope
12 | public var content: String
13 | public var createdAt: Date
/Users/admin/builder/spi-builder-workspace/Sources/ChatGPTUI/Model/Message.swift:9:15: error: type 'Message' does not conform to protocol 'Decodable'
7 |
8 | // メッセージ
9 | public struct Message: Equatable, Codable, Hashable, Identifiable {
| `- error: type 'Message' does not conform to protocol 'Decodable'
10 | public var id: String
11 | public var role: Chat.Role
| `- note: cannot automatically synthesize 'Decodable' because 'Chat.Role' does not conform to 'Decodable'
12 | public var content: String
13 | public var createdAt: Date
Swift.Decodable.init:2:1: note: protocol requires initializer 'init(from:)' with type 'Decodable'
1 | protocol Decodable {
2 | init(from decoder: any Decoder) throws}
| `- note: protocol requires initializer 'init(from:)' with type 'Decodable'
3 |
/Users/admin/builder/spi-builder-workspace/Sources/ChatGPTUI/Model/Message.swift:9:15: error: type 'Message' does not conform to protocol 'Encodable'
7 |
8 | // メッセージ
9 | public struct Message: Equatable, Codable, Hashable, Identifiable {
| `- error: type 'Message' does not conform to protocol 'Encodable'
10 | public var id: String
11 | public var role: Chat.Role
| `- note: cannot automatically synthesize 'Encodable' because 'Chat.Role' does not conform to 'Encodable'
12 | public var content: String
13 | public var createdAt: Date
Swift.Encodable.encode:2:6: note: protocol requires function 'encode(to:)' with type 'Encodable'
1 | protocol Encodable {
2 | func encode(to encoder: any Encoder) throws}
| `- note: protocol requires function 'encode(to:)' with type 'Encodable'
3 |
/Users/admin/builder/spi-builder-workspace/Sources/ChatGPTUI/Model/Message.swift:9:15: error: type 'Message' does not conform to protocol 'Hashable'
7 |
8 | // メッセージ
9 | public struct Message: Equatable, Codable, Hashable, Identifiable {
| `- error: type 'Message' does not conform to protocol 'Hashable'
10 | public var id: String
11 | public var role: Chat.Role
| `- note: stored property type '_' does not conform to protocol 'Hashable', preventing synthesized conformance of 'Message' to 'Hashable'
12 | public var content: String
13 | public var createdAt: Date
SwiftCompile normal arm64 (in target 'ChatGPTUI' from project 'ChatGPTUI')
cd /Users/admin/builder/spi-builder-workspace/.swiftpm/xcode
SwiftCompile normal arm64 Compiling\ ChatView.swift /Users/admin/builder/spi-builder-workspace/Sources/ChatGPTUI/View/ChatView.swift (in target 'ChatGPTUI' from project 'ChatGPTUI')
SwiftCompile normal arm64 /Users/admin/builder/spi-builder-workspace/Sources/ChatGPTUI/View/ChatView.swift (in target 'ChatGPTUI' from project 'ChatGPTUI')
cd /Users/admin/builder/spi-builder-workspace/.swiftpm/xcode
builtin-SwiftPerFileCompile ChatView.swift
SwiftCompile normal arm64 Compiling\ DetailView.swift /Users/admin/builder/spi-builder-workspace/Sources/ChatGPTUI/View/DetailView.swift (in target 'ChatGPTUI' from project 'ChatGPTUI')
SwiftCompile normal arm64 /Users/admin/builder/spi-builder-workspace/Sources/ChatGPTUI/View/DetailView.swift (in target 'ChatGPTUI' from project 'ChatGPTUI')
cd /Users/admin/builder/spi-builder-workspace/.swiftpm/xcode
builtin-SwiftPerFileCompile DetailView.swift
SwiftCompile normal arm64 Compiling\ AvailableModelsView.swift /Users/admin/builder/spi-builder-workspace/Sources/ChatGPTUI/View/AvailableModelsView.swift (in target 'ChatGPTUI' from project 'ChatGPTUI')
SwiftCompile normal arm64 /Users/admin/builder/spi-builder-workspace/Sources/ChatGPTUI/View/AvailableModelsView.swift (in target 'ChatGPTUI' from project 'ChatGPTUI')
cd /Users/admin/builder/spi-builder-workspace/.swiftpm/xcode
builtin-SwiftPerFileCompile AvailableModelsView.swift
SwiftCompile normal arm64 Compiling\ AvailableModelsViewModel.swift /Users/admin/builder/spi-builder-workspace/Sources/ChatGPTUI/ObservableObject/AvailableModelsViewModel.swift (in target 'ChatGPTUI' from project 'ChatGPTUI')
SwiftCompile normal arm64 /Users/admin/builder/spi-builder-workspace/Sources/ChatGPTUI/ObservableObject/AvailableModelsViewModel.swift (in target 'ChatGPTUI' from project 'ChatGPTUI')
cd /Users/admin/builder/spi-builder-workspace/.swiftpm/xcode
builtin-SwiftPerFileCompile AvailableModelsViewModel.swift
SwiftCompile normal arm64 Compiling\ ChatViewModel.swift /Users/admin/builder/spi-builder-workspace/Sources/ChatGPTUI/ObservableObject/ChatViewModel.swift (in target 'ChatGPTUI' from project 'ChatGPTUI')
SwiftCompile normal arm64 /Users/admin/builder/spi-builder-workspace/Sources/ChatGPTUI/ObservableObject/ChatViewModel.swift (in target 'ChatGPTUI' from project 'ChatGPTUI')
cd /Users/admin/builder/spi-builder-workspace/.swiftpm/xcode
builtin-SwiftPerFileCompile ChatViewModel.swift
SwiftCompile normal arm64 Compiling\ ConversationsView.swift /Users/admin/builder/spi-builder-workspace/Sources/ChatGPTUI/View/ConversationsView.swift (in target 'ChatGPTUI' from project 'ChatGPTUI')
SwiftCompile normal arm64 /Users/admin/builder/spi-builder-workspace/Sources/ChatGPTUI/View/ConversationsView.swift (in target 'ChatGPTUI' from project 'ChatGPTUI')
cd /Users/admin/builder/spi-builder-workspace/.swiftpm/xcode
builtin-SwiftPerFileCompile ConversationsView.swift
SwiftCompile normal arm64 Compiling\ Message.swift /Users/admin/builder/spi-builder-workspace/Sources/ChatGPTUI/Model/Message.swift (in target 'ChatGPTUI' from project 'ChatGPTUI')
/Users/admin/builder/spi-builder-workspace/Sources/ChatGPTUI/Model/Message.swift:11:22: error: cannot find type 'Chat' in scope
9 | public struct Message: Equatable, Codable, Hashable, Identifiable {
10 | public var id: String
11 | public var role: Chat.Role
| `- error: cannot find type 'Chat' in scope
12 | public var content: String
13 | public var createdAt: Date
/Users/admin/builder/spi-builder-workspace/Sources/ChatGPTUI/Model/Message.swift:9:15: error: type 'Message' does not conform to protocol 'Decodable'
7 |
8 | // メッセージ
9 | public struct Message: Equatable, Codable, Hashable, Identifiable {
| `- error: type 'Message' does not conform to protocol 'Decodable'
10 | public var id: String
11 | public var role: Chat.Role
| `- note: cannot automatically synthesize 'Decodable' because 'Chat.Role' does not conform to 'Decodable'
12 | public var content: String
13 | public var createdAt: Date
Swift.Decodable.init:2:1: note: protocol requires initializer 'init(from:)' with type 'Decodable'
1 | protocol Decodable {
2 | init(from decoder: any Decoder) throws}
| `- note: protocol requires initializer 'init(from:)' with type 'Decodable'
3 |
/Users/admin/builder/spi-builder-workspace/Sources/ChatGPTUI/Model/Message.swift:9:15: error: type 'Message' does not conform to protocol 'Encodable'
7 |
8 | // メッセージ
9 | public struct Message: Equatable, Codable, Hashable, Identifiable {
| `- error: type 'Message' does not conform to protocol 'Encodable'
10 | public var id: String
11 | public var role: Chat.Role
| `- note: cannot automatically synthesize 'Encodable' because 'Chat.Role' does not conform to 'Encodable'
12 | public var content: String
13 | public var createdAt: Date
Swift.Encodable.encode:2:6: note: protocol requires function 'encode(to:)' with type 'Encodable'
1 | protocol Encodable {
2 | func encode(to encoder: any Encoder) throws}
| `- note: protocol requires function 'encode(to:)' with type 'Encodable'
3 |
/Users/admin/builder/spi-builder-workspace/Sources/ChatGPTUI/Model/Message.swift:9:15: error: type 'Message' does not conform to protocol 'Hashable'
7 |
8 | // メッセージ
9 | public struct Message: Equatable, Codable, Hashable, Identifiable {
| `- error: type 'Message' does not conform to protocol 'Hashable'
10 | public var id: String
11 | public var role: Chat.Role
| `- note: stored property type '_' does not conform to protocol 'Hashable', preventing synthesized conformance of 'Message' to 'Hashable'
12 | public var content: String
13 | public var createdAt: Date
/Users/admin/builder/spi-builder-workspace/Sources/ChatGPTUI/Model/Message.swift:9:15: error: type 'Message' does not conform to protocol 'Equatable'
7 |
8 | // メッセージ
9 | public struct Message: Equatable, Codable, Hashable, Identifiable {
| |- error: type 'Message' does not conform to protocol 'Equatable'
| `- note: add stubs for conformance
10 | public var id: String
11 | public var role: Chat.Role
| `- note: stored property type '_' does not conform to protocol 'Equatable', preventing synthesized conformance of 'Message' to 'Equatable'
12 | public var content: String
13 | public var createdAt: Date
Swift.==:1:24: note: candidate would match if 'Message' conformed to 'RawRepresentable'
1 | @inlinable public func == <T>(lhs: T, rhs: T) -> Bool where T : RawRepresentable, T.RawValue : Equatable
| `- note: candidate would match if 'Message' conformed to 'RawRepresentable'
Swift.FloatingPoint.==:2:20: note: candidate would match if 'Message' conformed to 'FloatingPoint'
1 | protocol FloatingPoint {
2 | public static func == (lhs: Self, rhs: Self) -> Bool}
| `- note: candidate would match if 'Message' conformed to 'FloatingPoint'
3 |
Swift.BinaryInteger.==:2:20: note: candidate would match if 'Message' conformed to 'BinaryInteger'
1 | protocol BinaryInteger {
2 | public static func == <Other>(lhs: Self, rhs: Other) -> Bool where Other : BinaryInteger}
| `- note: candidate would match if 'Message' conformed to 'BinaryInteger'
3 |
Swift._Pointer.==:2:20: note: candidate would match if 'Message' conformed to '_Pointer'
1 | protocol _Pointer {
2 | public static func == (lhs: Self, rhs: Self) -> Bool}
| `- note: candidate would match if 'Message' conformed to '_Pointer'
3 |
Swift._Pointer.==:2:31: note: candidate would match if 'Message' conformed to '_Pointer'
1 | protocol _Pointer {
2 | @inlinable public static func == <Other>(lhs: Self, rhs: Other) -> Bool where Other : _Pointer}
| `- note: candidate would match if 'Message' conformed to '_Pointer'
3 |
Swift.Strideable.==:2:31: note: candidate would match if 'Message' conformed to 'Strideable'
1 | protocol Strideable {
2 | @inlinable public static func == (x: Self, y: Self) -> Bool}
| `- note: candidate would match if 'Message' conformed to 'Strideable'
3 |
Swift.StringProtocol.==:2:31: note: candidate would match if 'Message' conformed to 'StringProtocol'
1 | protocol StringProtocol {
2 | @inlinable public static func == <RHS>(lhs: Self, rhs: RHS) -> Bool where RHS : StringProtocol}
| `- note: candidate would match if 'Message' conformed to 'StringProtocol'
3 |
Swift.SIMD.==:2:20: note: candidate would match if 'Message' conformed to 'SIMD'
1 | protocol SIMD {
2 | public static func == (a: Self, b: Self) -> Bool}
| `- note: candidate would match if 'Message' conformed to 'SIMD'
3 |
Foundation.AttributedStringProtocol.==:2:20: note: candidate would match if 'Message' conformed to 'AttributedStringProtocol'
1 | protocol AttributedStringProtocol {
2 | public static func == <RHS>(lhs: Self, rhs: RHS) -> Bool where RHS : AttributedStringProtocol}
| `- note: candidate would match if 'Message' conformed to 'AttributedStringProtocol'
3 |
Foundation._BridgedStoredNSError.==:2:20: note: candidate would match if 'Message' conformed to '_BridgedStoredNSError'
1 | protocol _BridgedStoredNSError {
2 | public static func == (lhs: Self, rhs: Self) -> Bool}
| `- note: candidate would match if 'Message' conformed to '_BridgedStoredNSError'
3 |
CoreFoundation._CFObject.==:2:20: note: candidate would match if 'Message' conformed to '_CFObject'
1 | protocol _CFObject {
2 | public static func == (left: Self, right: Self) -> Bool}
| `- note: candidate would match if 'Message' conformed to '_CFObject'
3 |
Swift.Equatable.==:2:13: note: protocol requires function '==' with type '(borrowing Message, borrowing Message) -> Bool'
1 | protocol Equatable {
2 | static func == (lhs: borrowing Self, rhs: borrowing Self) -> Bool}
| `- note: protocol requires function '==' with type '(borrowing Message, borrowing Message) -> Bool'
3 |
Failed frontend command:
/Applications/Xcode-27.0.0-Release.Candidate.app/Contents/Developer/Toolchains/XcodeDefault.xctoolchain/usr/bin/swift-frontend -frontend -c /Users/admin/builder/spi-builder-workspace/Sources/ChatGPTUI/Model/Conversation.swift -primary-file /Users/admin/builder/spi-builder-workspace/Sources/ChatGPTUI/Model/Message.swift /Users/admin/builder/spi-builder-workspace/Sources/ChatGPTUI/ObservableObject/AvailableModelsViewModel.swift /Users/admin/builder/spi-builder-workspace/Sources/ChatGPTUI/ObservableObject/ChatViewModel.swift /Users/admin/builder/spi-builder-workspace/Sources/ChatGPTUI/View/AvailableModelsView.swift /Users/admin/builder/spi-builder-workspace/Sources/ChatGPTUI/View/ChatBubbleView.swift /Users/admin/builder/spi-builder-workspace/Sources/ChatGPTUI/View/ChatView.swift /Users/admin/builder/spi-builder-workspace/Sources/ChatGPTUI/View/ConversationsView.swift /Users/admin/builder/spi-builder-workspace/Sources/ChatGPTUI/View/DetailView.swift -emit-dependencies-path /Users/admin/builder/spi-builder-workspace/.derivedData/Build/Intermediates.noindex/ChatGPTUI.build/Debug-watchos/ChatGPTUI-t.build/Objects-normal/arm64/Message.d -emit-const-values-path /Users/admin/builder/spi-builder-workspace/.derivedData/Build/Intermediates.noindex/ChatGPTUI.build/Debug-watchos/ChatGPTUI-t.build/Objects-normal/arm64/Message.swiftconstvalues -emit-reference-dependencies-path /Users/admin/builder/spi-builder-workspace/.derivedData/Build/Intermediates.noindex/ChatGPTUI.build/Debug-watchos/ChatGPTUI-t.build/Objects-normal/arm64/Message.swiftdeps -serialize-diagnostics-path /Users/admin/builder/spi-builder-workspace/.derivedData/Build/Intermediates.noindex/ChatGPTUI.build/Debug-watchos/ChatGPTUI-t.build/Objects-normal/arm64/Message.dia -target arm64-apple-watchos9.0 -disable-cross-import-overlay-search -load-resolved-plugin /Applications/Xcode-27.0.0-Release.Candidate.app/Contents/Developer/Platforms/WatchOS.platform/Developer/usr/lib/swift/host/plugins/libFoundationMacros.dylib\#/Applications/Xcode-27.0.0-Release.Candidate.app/Contents/Developer/Platforms/WatchOS.platform/Developer/usr/bin/swift-plugin-server\#FoundationMacros -load-resolved-plugin /Applications/Xcode-27.0.0-Release.Candidate.app/Contents/Developer/Platforms/WatchOS.platform/Developer/usr/lib/swift/host/plugins/libObservationMacros.dylib\#/Applications/Xcode-27.0.0-Release.Candidate.app/Contents/Developer/Platforms/WatchOS.platform/Developer/usr/bin/swift-plugin-server\#ObservationMacros -load-resolved-plugin /Applications/Xcode-27.0.0-Release.Candidate.app/Contents/Developer/Platforms/WatchOS.platform/Developer/usr/lib/swift/host/plugins/libPreviewsMacros.dylib\#/Applications/Xcode-27.0.0-Release.Candidate.app/Contents/Developer/Platforms/WatchOS.platform/Developer/usr/bin/swift-plugin-server\#PreviewsMacros -load-resolved-plugin /Applications/Xcode-27.0.0-Release.Candidate.app/Contents/Developer/Platforms/WatchOS.platform/Developer/usr/lib/swift/host/plugins/libSwiftMacros.dylib\#/Applications/Xcode-27.0.0-Release.Candidate.app/Contents/Developer/Platforms/WatchOS.platform/Developer/usr/bin/swift-plugin-server\#SwiftMacros -load-resolved-plugin /Applications/Xcode-27.0.0-Release.Candidate.app/Contents/Developer/Platforms/WatchOS.platform/Developer/usr/lib/swift/host/plugins/libSwiftUIMacros.dylib\#/Applications/Xcode-27.0.0-Release.Candidate.app/Contents/Developer/Platforms/WatchOS.platform/Developer/usr/bin/swift-plugin-server\#SwiftUIMacros -disable-implicit-swift-modules -Xcc -fno-implicit-modules -Xcc -fno-implicit-module-maps -explicit-swift-module-map-file /Users/admin/builder/spi-builder-workspace/.derivedData/Build/Intermediates.noindex/ChatGPTUI.build/Debug-watchos/ChatGPTUI-t.build/Objects-normal/arm64/ChatGPTUI-dependencies-2.json -Xllvm -aarch64-use-tbi -enable-objc-interop -stack-check -sdk /Applications/Xcode-27.0.0-Release.Candidate.app/Contents/Developer/Platforms/WatchOS.platform/Developer/SDKs/WatchOS27.0.sdk -I /Users/admin/builder/spi-builder-workspace/.derivedData/Build/Products/Debug-watchos -Isystem /Applications/Xcode-27.0.0-Release.Candidate.app/Contents/Developer/Platforms/WatchOS.platform/Developer/usr/lib -F /Users/admin/builder/spi-builder-workspace/.derivedData/Build/Products/Debug-watchos/PackageFrameworks -F /Users/admin/builder/spi-builder-workspace/.derivedData/Build/Products/Debug-watchos -F /Applications/Xcode-27.0.0-Release.Candidate.app/Contents/Developer/Platforms/WatchOS.platform/Developer/Library/Frameworks -F /Applications/Xcode-27.0.0-Release.Candidate.app/Contents/Developer/Platforms/WatchOS.platform/Developer/SDKs/WatchOS27.0.sdk/Developer/Library/Frameworks -module-cache-path /Users/admin/builder/spi-builder-workspace/.derivedData/Build/Intermediates.noindex/SwiftExplicitPrecompiledModules -no-color-diagnostics -Xcc -fno-color-diagnostics -enable-testing -g -debug-info-format\=dwarf -dwarf-version\=4 -profile-generate -profile-coverage-mapping -swift-version 5 -Onone -D SWIFT_PACKAGE -D DEBUG -D SWIFT_MODULE_RESOURCE_BUNDLE_UNAVAILABLE -D Xcode -serialize-debugging-options -enable-experimental-feature DebugDescriptionMacro -empty-abi-descriptor -validate-clang-modules-once -clang-build-session-file /Users/admin/builder/spi-builder-workspace/.derivedData/ModuleCache.noindex/Session.modulevalidation -Xcc -working-directory -Xcc /Users/admin/builder/spi-builder-workspace/.swiftpm/xcode -enable-anonymous-context-mangled-names -file-compilation-dir /Users/admin/builder/spi-builder-workspace/.swiftpm/xcode -Xcc -D_LIBCPP_HARDENING_MODE\=_LIBCPP_HARDENING_MODE_DEBUG -Xcc -ivfsstatcache -Xcc /Users/admin/builder/spi-builder-workspace/.derivedData/SDKStatCaches.noindex/watchos27.0-24R360-e829b21a6f8c9b70876ba0858053c04477534ef55a1706bf4c1112bbb242f0a2.sdkstatcache -Xcc -fmodules-prune-interval\=86400 -Xcc -fmodules-prune-after\=345600 -Xcc -I/Users/admin/builder/spi-builder-workspace/.derivedData/Build/Products/Debug-watchos/include -Xcc -I/Users/admin/builder/spi-builder-workspace/.derivedData/Build/Intermediates.noindex/ChatGPTUI.build/Debug-watchos/ChatGPTUI-t.build/DerivedSources-normal/arm64 -Xcc -I/Users/admin/builder/spi-builder-workspace/.derivedData/Build/Intermediates.noindex/ChatGPTUI.build/Debug-watchos/ChatGPTUI-t.build/DerivedSources/arm64 -Xcc -I/Users/admin/builder/spi-builder-workspace/.derivedData/Build/Intermediates.noindex/ChatGPTUI.build/Debug-watchos/ChatGPTUI-t.build/DerivedSources -Xcc -DSWIFT_PACKAGE -Xcc -DDEBUG\=1 -no-auto-bridging-header-chaining -module-name ChatGPTUI -const-gather-protocols-file /Users/admin/builder/spi-builder-workspace/.derivedData/Build/Intermediates.noindex/ChatGPTUI.build/Debug-watchos/ChatGPTUI-t.build/Objects-normal/arm64/ChatGPTUI_const_extract_protocols.json -disable-clang-spi -clang-target arm64-apple-watchos27.0 -target-sdk-version 27.0 -target-sdk-name watchos27.0 -in-process-plugin-server-path /Applications/Xcode-27.0.0-Release.Candidate.app/Contents/Developer/Toolchains/XcodeDefault.xctoolchain/usr/lib/swift/host/libSwiftInProcPluginServer.dylib -parse-as-library -o /Users/admin/builder/spi-builder-workspace/.derivedData/Build/Intermediates.noindex/ChatGPTUI.build/Debug-watchos/ChatGPTUI-t.build/Objects-normal/arm64/Message.o -debug-module-path /Users/admin/builder/spi-builder-workspace/.derivedData/Build/Intermediates.noindex/ChatGPTUI.build/Debug-watchos/ChatGPTUI-t.build/Objects-normal/arm64/ChatGPTUI.swiftmodule -index-unit-output-path /ChatGPTUI.build/Debug-watchos/ChatGPTUI-t.build/Objects-normal/arm64/Message.o -index-store-path /Users/admin/builder/spi-builder-workspace/.derivedData/Index.noindex/DataStore -index-system-modules
SwiftCompile normal arm64 /Users/admin/builder/spi-builder-workspace/Sources/ChatGPTUI/Model/Message.swift (in target 'ChatGPTUI' from project 'ChatGPTUI')
cd /Users/admin/builder/spi-builder-workspace/.swiftpm/xcode
builtin-SwiftPerFileCompile Message.swift
SwiftExplicitDependencyGeneratePcm arm64_32 /Users/admin/builder/spi-builder-workspace/.derivedData/SDKExplicitPrecompiledModules/SwiftUI-9AYG9OCT5VOJK7V4MX1WYR86T.pcm
PruneExplicitPrecompiledModules /Users/admin/builder/spi-builder-workspace/.derivedData/Build/Intermediates.noindex/ExplicitPrecompiledModules
PruneExplicitPrecompiledModules /Users/admin/builder/spi-builder-workspace/.derivedData/Build/Intermediates.noindex/SwiftExplicitPrecompiledModules
PruneExplicitPrecompiledModules /Users/admin/builder/spi-builder-workspace/.derivedData/SDKExplicitPrecompiledModules
2026-09-20 05:45:25.796 xcodebuild[792:4687] [MT] IDERunDestination: Supported platforms for the buildables in the current scheme is empty.
** BUILD FAILED **
The following build commands failed:
SwiftCompile normal arm64 Compiling\ Message.swift /Users/admin/builder/spi-builder-workspace/Sources/ChatGPTUI/Model/Message.swift (in target 'ChatGPTUI' from project 'ChatGPTUI')
SwiftCompile normal arm64 /Users/admin/builder/spi-builder-workspace/Sources/ChatGPTUI/Model/Message.swift (in target 'ChatGPTUI' from project 'ChatGPTUI')
Building workspace ChatGPTUI with scheme ChatGPTUI
(3 failures)
Command line invocation:
/Applications/Xcode-27.0.0-Release.Candidate.app/Contents/Developer/usr/bin/xcodebuild -IDEClonedSourcePackagesDirPathOverride=/Users/admin/builder/spi-builder-workspace/.dependencies -resolvePackageDependencies
Resolve Package Graph
Resolved source packages:
TILogger: https://github.com/tichise/TILogger.git @ 1.4.2
ChatGPTUI: /Users/admin/builder/spi-builder-workspace
swift-openapi-runtime: https://github.com/apple/swift-openapi-runtime @ 1.12.1
OpenAI: https://github.com/MacPaw/OpenAI.git @ 0.5.1
swift-http-types: https://github.com/apple/swift-http-types @ 1.8.0
resolved source packages: TILogger, ChatGPTUI, swift-openapi-runtime, OpenAI, swift-http-types
2026-09-20 05:45:40.763 xcodebuild[1108:6486] [MT] IDERunDestination: Supported platforms for the buildables in the current scheme is empty.
{
"dependencies" : [
{
"identity" : "tilogger",
"requirement" : {
"range" : [
{
"lower_bound" : "1.3.1",
"upper_bound" : "2.0.0"
}
]
},
"type" : "sourceControl",
"url" : "https://github.com/tichise/TILogger.git"
},
{
"identity" : "openai",
"requirement" : {
"range" : [
{
"lower_bound" : "0.2.6",
"upper_bound" : "1.0.0"
}
]
},
"type" : "sourceControl",
"url" : "https://github.com/MacPaw/OpenAI.git"
}
],
"manifest_display_name" : "ChatGPTUI",
"name" : "ChatGPTUI",
"path" : "/Users/admin/builder/spi-builder-workspace",
"platforms" : [
{
"name" : "ios",
"version" : "16.0"
}
],
"products" : [
{
"name" : "ChatGPTUI",
"targets" : [
"ChatGPTUI"
],
"type" : {
"library" : [
"automatic"
]
}
}
],
"targets" : [
{
"c99name" : "ChatGPTUITests",
"module_type" : "SwiftTarget",
"name" : "ChatGPTUITests",
"path" : "Tests/ChatGPTUITests",
"sources" : [
"ChatGPTUITests.swift"
],
"target_dependencies" : [
"ChatGPTUI"
],
"type" : "test"
},
{
"c99name" : "ChatGPTUI",
"module_type" : "SwiftTarget",
"name" : "ChatGPTUI",
"path" : "Sources/ChatGPTUI",
"product_dependencies" : [
"TILogger",
"OpenAI"
],
"product_memberships" : [
"ChatGPTUI"
],
"sources" : [
"Model/Conversation.swift",
"Model/Message.swift",
"ObservableObject/AvailableModelsViewModel.swift",
"ObservableObject/ChatViewModel.swift",
"View/AvailableModelsView.swift",
"View/ChatBubbleView.swift",
"View/ChatView.swift",
"View/ConversationsView.swift",
"View/DetailView.swift"
],
"type" : "library"
}
],
"tools_version" : "5.8"
}
{
"workspace" : {
"name" : "ChatGPTUI",
"schemes" : [
"ChatGPTUI"
]
}
}
2026-09-20 05:45:42.099 xcodebuild[1116:6557] [MT] IDERunDestination: Supported platforms for the buildables in the current scheme is empty.
Running build ...
env DEVELOPER_DIR=/Applications/Xcode-27.0.0-Release.Candidate.app xcrun xcodebuild -IDEClonedSourcePackagesDirPathOverride=$PWD/.dependencies -skipMacroValidation -skipPackagePluginValidation -derivedDataPath $PWD/.derivedData build -scheme ChatGPTUI -destination generic/platform=watchOS
Command line invocation:
/Applications/Xcode-27.0.0-Release.Candidate.app/Contents/Developer/usr/bin/xcodebuild -IDEClonedSourcePackagesDirPathOverride=/Users/admin/builder/spi-builder-workspace/.dependencies -skipMacroValidation -skipPackagePluginValidation -derivedDataPath /Users/admin/builder/spi-builder-workspace/.derivedData build -scheme ChatGPTUI -destination generic/platform=watchOS
Resolve Package Graph
Resolved source packages:
swift-http-types: https://github.com/apple/swift-http-types @ 1.8.0
ChatGPTUI: /Users/admin/builder/spi-builder-workspace
TILogger: https://github.com/tichise/TILogger.git @ 1.4.2
OpenAI: https://github.com/MacPaw/OpenAI.git @ 0.5.1
swift-openapi-runtime: https://github.com/apple/swift-openapi-runtime @ 1.12.1
ComputePackagePrebuildTargetDependencyGraph
Prepare packages
CreateBuildRequest
SendProjectDescription
CreateBuildOperation
ComputeTargetDependencyGraph
note: Building targets in dependency order
note: Target dependency graph (10 targets)
Target 'ChatGPTUI-product' in project 'ChatGPTUI'
➜ Explicit dependency on target 'ChatGPTUI' in project 'ChatGPTUI'
➜ Explicit dependency on target 'TILogger-product' in project 'TILogger'
➜ Explicit dependency on target 'OpenAI-product' in project 'OpenAI'
Target 'ChatGPTUI' in project 'ChatGPTUI'
➜ Explicit dependency on target 'TILogger-product' in project 'TILogger'
➜ Explicit dependency on target 'OpenAI-product' in project 'OpenAI'
Target 'OpenAI-product' in project 'OpenAI'
➜ Explicit dependency on target 'OpenAI' in project 'OpenAI'
➜ Explicit dependency on target 'OpenAPIRuntime-product' in project 'swift-openapi-runtime'
Target 'OpenAI' in project 'OpenAI'
➜ Explicit dependency on target 'OpenAPIRuntime-product' in project 'swift-openapi-runtime'
Target 'OpenAPIRuntime-product' in project 'swift-openapi-runtime'
➜ Explicit dependency on target 'OpenAPIRuntime' in project 'swift-openapi-runtime'
➜ Explicit dependency on target 'HTTPTypes-product' in project 'swift-http-types'
Target 'OpenAPIRuntime' in project 'swift-openapi-runtime'
➜ Explicit dependency on target 'HTTPTypes-product' in project 'swift-http-types'
Target 'HTTPTypes-product' in project 'swift-http-types'
➜ Explicit dependency on target 'HTTPTypes' in project 'swift-http-types'
Target 'HTTPTypes' in project 'swift-http-types' (no dependencies)
Target 'TILogger-product' in project 'TILogger'
➜ Explicit dependency on target 'TILogger' in project 'TILogger'
Target 'TILogger' in project 'TILogger' (no dependencies)
GatherProvisioningInputs
CreateBuildDescription
ClangStatCache /Applications/Xcode-27.0.0-Release.Candidate.app/Contents/Developer/Toolchains/XcodeDefault.xctoolchain/usr/bin/clang-stat-cache /Applications/Xcode-27.0.0-Release.Candidate.app/Contents/Developer/Platforms/WatchOS.platform/Developer/SDKs/WatchOS27.0.sdk /Users/admin/builder/spi-builder-workspace/.derivedData/SDKStatCaches.noindex/watchos27.0-24R360-e829b21a6f8c9b70876ba0858053c04477534ef55a1706bf4c1112bbb242f0a2.sdkstatcache
cd /Users/admin/builder/spi-builder-workspace/.swiftpm/xcode
/Applications/Xcode-27.0.0-Release.Candidate.app/Contents/Developer/Toolchains/XcodeDefault.xctoolchain/usr/bin/clang-stat-cache /Applications/Xcode-27.0.0-Release.Candidate.app/Contents/Developer/Platforms/WatchOS.platform/Developer/SDKs/WatchOS27.0.sdk -o /Users/admin/builder/spi-builder-workspace/.derivedData/SDKStatCaches.noindex/watchos27.0-24R360-e829b21a6f8c9b70876ba0858053c04477534ef55a1706bf4c1112bbb242f0a2.sdkstatcache
SwiftDriver OpenAI normal arm64_32 com.apple.xcode.tools.swift.compiler (in target 'OpenAI' from project 'OpenAI')
cd /Users/admin/builder/spi-builder-workspace/.swiftpm/xcode
builtin-SwiftDriver -- /Applications/Xcode-27.0.0-Release.Candidate.app/Contents/Developer/Toolchains/XcodeDefault.xctoolchain/usr/bin/swiftc -parse-as-library -module-name OpenAI -Onone @/Users/admin/builder/spi-builder-workspace/.derivedData/Build/Intermediates.noindex/OpenAI.build/Debug-watchos/OpenAI-t.build/Objects-normal/arm64_32/OpenAI.SwiftFileList -DSWIFT_PACKAGE -DDEBUG -DSWIFT_MODULE_RESOURCE_BUNDLE_UNAVAILABLE -DXcode -plugin-path /Applications/Xcode-27.0.0-Release.Candidate.app/Contents/Developer/Toolchains/XcodeDefault.xctoolchain/usr/lib/swift/host/plugins/testing -enable-experimental-feature DebugDescriptionMacro -sdk /Applications/Xcode-27.0.0-Release.Candidate.app/Contents/Developer/Platforms/WatchOS.platform/Developer/SDKs/WatchOS27.0.sdk -target arm64_32-apple-watchos9.0 -g -module-cache-path /Users/admin/builder/spi-builder-workspace/.derivedData/ModuleCache.noindex -Xfrontend -serialize-debugging-options -profile-coverage-mapping -profile-generate -enable-testing -suppress-warnings -index-store-path /Users/admin/builder/spi-builder-workspace/.derivedData/Index.noindex/DataStore -Xcc -D_LIBCPP_HARDENING_MODE\=_LIBCPP_HARDENING_MODE_DEBUG -swift-version 5 -I /Users/admin/builder/spi-builder-workspace/.derivedData/Build/Products/Debug-watchos -Isystem /Applications/Xcode-27.0.0-Release.Candidate.app/Contents/Developer/Platforms/WatchOS.platform/Developer/usr/lib -F /Users/admin/builder/spi-builder-workspace/.derivedData/Build/Products/Debug-watchos/PackageFrameworks -F /Users/admin/builder/spi-builder-workspace/.derivedData/Build/Products/Debug-watchos -F /Applications/Xcode-27.0.0-Release.Candidate.app/Contents/Developer/Platforms/WatchOS.platform/Developer/Library/Frameworks -F /Applications/Xcode-27.0.0-Release.Candidate.app/Contents/Developer/Platforms/WatchOS.platform/Developer/SDKs/WatchOS27.0.sdk/Developer/Library/Frameworks -c -j10 -enable-batch-mode -incremental -Xcc -ivfsstatcache -Xcc /Users/admin/builder/spi-builder-workspace/.derivedData/SDKStatCaches.noindex/watchos27.0-24R360-e829b21a6f8c9b70876ba0858053c04477534ef55a1706bf4c1112bbb242f0a2.sdkstatcache -output-file-map /Users/admin/builder/spi-builder-workspace/.derivedData/Build/Intermediates.noindex/OpenAI.build/Debug-watchos/OpenAI-t.build/Objects-normal/arm64_32/OpenAI-OutputFileMap.json -save-temps -no-color-diagnostics -explicit-module-build -module-cache-path /Users/admin/builder/spi-builder-workspace/.derivedData/Build/Intermediates.noindex/SwiftExplicitPrecompiledModules -clang-scanner-module-cache-path /Users/admin/builder/spi-builder-workspace/.derivedData/ModuleCache.noindex -sdk-module-cache-path /Users/admin/builder/spi-builder-workspace/.derivedData/SDKExplicitPrecompiledModules -emit-dependencies -emit-module -emit-module-path /Users/admin/builder/spi-builder-workspace/.derivedData/Build/Intermediates.noindex/OpenAI.build/Debug-watchos/OpenAI-t.build/Objects-normal/arm64_32/OpenAI.swiftmodule -serialize-diagnostics -dependency-scan-serialize-diagnostics-path /Users/admin/builder/spi-builder-workspace/.derivedData/Build/Intermediates.noindex/OpenAI.build/Debug-watchos/OpenAI-t.build/Objects-normal/arm64_32/OpenAI-dependency-scan.dia -validate-clang-modules-once -clang-build-session-file /Users/admin/builder/spi-builder-workspace/.derivedData/ModuleCache.noindex/Session.modulevalidation -Xcc -fmodules-prune-interval\=86400 -Xcc -fmodules-prune-after\=345600 -package-name openai -emit-const-values -const-gather-protocols-list /Users/admin/builder/spi-builder-workspace/.derivedData/Build/Intermediates.noindex/OpenAI.build/Debug-watchos/OpenAI-t.build/Objects-normal/arm64_32/OpenAI_const_extract_protocols.json -Xcc -I/Users/admin/builder/spi-builder-workspace/.derivedData/Build/Products/Debug-watchos/include -Xcc -I/Users/admin/builder/spi-builder-workspace/.derivedData/Build/Intermediates.noindex/OpenAI.build/Debug-watchos/OpenAI-t.build/DerivedSources-normal/arm64_32 -Xcc -I/Users/admin/builder/spi-builder-workspace/.derivedData/Build/Intermediates.noindex/OpenAI.build/Debug-watchos/OpenAI-t.build/DerivedSources/arm64_32 -Xcc -I/Users/admin/builder/spi-builder-workspace/.derivedData/Build/Intermediates.noindex/OpenAI.build/Debug-watchos/OpenAI-t.build/DerivedSources -Xcc -DSWIFT_PACKAGE -Xcc -DDEBUG\=1 -emit-objc-header -emit-objc-header-path /Users/admin/builder/spi-builder-workspace/.derivedData/Build/Intermediates.noindex/OpenAI.build/Debug-watchos/OpenAI-t.build/Objects-normal/arm64_32/OpenAI-Swift.h -working-directory /Users/admin/builder/spi-builder-workspace/.swiftpm/xcode -experimental-emit-module-separately -disable-cmo
SwiftDriver OpenAI normal arm64 com.apple.xcode.tools.swift.compiler (in target 'OpenAI' from project 'OpenAI')
cd /Users/admin/builder/spi-builder-workspace/.swiftpm/xcode
builtin-SwiftDriver -- /Applications/Xcode-27.0.0-Release.Candidate.app/Contents/Developer/Toolchains/XcodeDefault.xctoolchain/usr/bin/swiftc -parse-as-library -module-name OpenAI -Onone @/Users/admin/builder/spi-builder-workspace/.derivedData/Build/Intermediates.noindex/OpenAI.build/Debug-watchos/OpenAI-t.build/Objects-normal/arm64/OpenAI.SwiftFileList -DSWIFT_PACKAGE -DDEBUG -DSWIFT_MODULE_RESOURCE_BUNDLE_UNAVAILABLE -DXcode -plugin-path /Applications/Xcode-27.0.0-Release.Candidate.app/Contents/Developer/Toolchains/XcodeDefault.xctoolchain/usr/lib/swift/host/plugins/testing -enable-experimental-feature DebugDescriptionMacro -sdk /Applications/Xcode-27.0.0-Release.Candidate.app/Contents/Developer/Platforms/WatchOS.platform/Developer/SDKs/WatchOS27.0.sdk -target arm64-apple-watchos9.0 -g -module-cache-path /Users/admin/builder/spi-builder-workspace/.derivedData/ModuleCache.noindex -Xfrontend -serialize-debugging-options -profile-coverage-mapping -profile-generate -enable-testing -suppress-warnings -index-store-path /Users/admin/builder/spi-builder-workspace/.derivedData/Index.noindex/DataStore -Xcc -D_LIBCPP_HARDENING_MODE\=_LIBCPP_HARDENING_MODE_DEBUG -swift-version 5 -I /Users/admin/builder/spi-builder-workspace/.derivedData/Build/Products/Debug-watchos -Isystem /Applications/Xcode-27.0.0-Release.Candidate.app/Contents/Developer/Platforms/WatchOS.platform/Developer/usr/lib -F /Users/admin/builder/spi-builder-workspace/.derivedData/Build/Products/Debug-watchos/PackageFrameworks -F /Users/admin/builder/spi-builder-workspace/.derivedData/Build/Products/Debug-watchos -F /Applications/Xcode-27.0.0-Release.Candidate.app/Contents/Developer/Platforms/WatchOS.platform/Developer/Library/Frameworks -F /Applications/Xcode-27.0.0-Release.Candidate.app/Contents/Developer/Platforms/WatchOS.platform/Developer/SDKs/WatchOS27.0.sdk/Developer/Library/Frameworks -c -j10 -enable-batch-mode -incremental -Xcc -ivfsstatcache -Xcc /Users/admin/builder/spi-builder-workspace/.derivedData/SDKStatCaches.noindex/watchos27.0-24R360-e829b21a6f8c9b70876ba0858053c04477534ef55a1706bf4c1112bbb242f0a2.sdkstatcache -output-file-map /Users/admin/builder/spi-builder-workspace/.derivedData/Build/Intermediates.noindex/OpenAI.build/Debug-watchos/OpenAI-t.build/Objects-normal/arm64/OpenAI-OutputFileMap.json -save-temps -no-color-diagnostics -explicit-module-build -module-cache-path /Users/admin/builder/spi-builder-workspace/.derivedData/Build/Intermediates.noindex/SwiftExplicitPrecompiledModules -clang-scanner-module-cache-path /Users/admin/builder/spi-builder-workspace/.derivedData/ModuleCache.noindex -sdk-module-cache-path /Users/admin/builder/spi-builder-workspace/.derivedData/SDKExplicitPrecompiledModules -emit-dependencies -emit-module -emit-module-path /Users/admin/builder/spi-builder-workspace/.derivedData/Build/Intermediates.noindex/OpenAI.build/Debug-watchos/OpenAI-t.build/Objects-normal/arm64/OpenAI.swiftmodule -serialize-diagnostics -dependency-scan-serialize-diagnostics-path /Users/admin/builder/spi-builder-workspace/.derivedData/Build/Intermediates.noindex/OpenAI.build/Debug-watchos/OpenAI-t.build/Objects-normal/arm64/OpenAI-dependency-scan.dia -validate-clang-modules-once -clang-build-session-file /Users/admin/builder/spi-builder-workspace/.derivedData/ModuleCache.noindex/Session.modulevalidation -Xcc -fmodules-prune-interval\=86400 -Xcc -fmodules-prune-after\=345600 -package-name openai -emit-const-values -const-gather-protocols-list /Users/admin/builder/spi-builder-workspace/.derivedData/Build/Intermediates.noindex/OpenAI.build/Debug-watchos/OpenAI-t.build/Objects-normal/arm64/OpenAI_const_extract_protocols.json -Xcc -I/Users/admin/builder/spi-builder-workspace/.derivedData/Build/Products/Debug-watchos/include -Xcc -I/Users/admin/builder/spi-builder-workspace/.derivedData/Build/Intermediates.noindex/OpenAI.build/Debug-watchos/OpenAI-t.build/DerivedSources-normal/arm64 -Xcc -I/Users/admin/builder/spi-builder-workspace/.derivedData/Build/Intermediates.noindex/OpenAI.build/Debug-watchos/OpenAI-t.build/DerivedSources/arm64 -Xcc -I/Users/admin/builder/spi-builder-workspace/.derivedData/Build/Intermediates.noindex/OpenAI.build/Debug-watchos/OpenAI-t.build/DerivedSources -Xcc -DSWIFT_PACKAGE -Xcc -DDEBUG\=1 -emit-objc-header -emit-objc-header-path /Users/admin/builder/spi-builder-workspace/.derivedData/Build/Intermediates.noindex/OpenAI.build/Debug-watchos/OpenAI-t.build/Objects-normal/arm64/OpenAI-Swift.h -working-directory /Users/admin/builder/spi-builder-workspace/.swiftpm/xcode -experimental-emit-module-separately -disable-cmo
SwiftDriver ChatGPTUI normal arm64 com.apple.xcode.tools.swift.compiler (in target 'ChatGPTUI' from project 'ChatGPTUI')
cd /Users/admin/builder/spi-builder-workspace/.swiftpm/xcode
builtin-SwiftDriver -- /Applications/Xcode-27.0.0-Release.Candidate.app/Contents/Developer/Toolchains/XcodeDefault.xctoolchain/usr/bin/swiftc -parse-as-library -module-name ChatGPTUI -Onone @/Users/admin/builder/spi-builder-workspace/.derivedData/Build/Intermediates.noindex/ChatGPTUI.build/Debug-watchos/ChatGPTUI-t.build/Objects-normal/arm64/ChatGPTUI.SwiftFileList -DSWIFT_PACKAGE -DDEBUG -DSWIFT_MODULE_RESOURCE_BUNDLE_UNAVAILABLE -DXcode -plugin-path /Applications/Xcode-27.0.0-Release.Candidate.app/Contents/Developer/Toolchains/XcodeDefault.xctoolchain/usr/lib/swift/host/plugins/testing -enable-experimental-feature DebugDescriptionMacro -sdk /Applications/Xcode-27.0.0-Release.Candidate.app/Contents/Developer/Platforms/WatchOS.platform/Developer/SDKs/WatchOS27.0.sdk -target arm64-apple-watchos9.0 -g -module-cache-path /Users/admin/builder/spi-builder-workspace/.derivedData/ModuleCache.noindex -Xfrontend -serialize-debugging-options -profile-coverage-mapping -profile-generate -enable-testing -index-store-path /Users/admin/builder/spi-builder-workspace/.derivedData/Index.noindex/DataStore -Xcc -D_LIBCPP_HARDENING_MODE\=_LIBCPP_HARDENING_MODE_DEBUG -swift-version 5 -I /Users/admin/builder/spi-builder-workspace/.derivedData/Build/Products/Debug-watchos -Isystem /Applications/Xcode-27.0.0-Release.Candidate.app/Contents/Developer/Platforms/WatchOS.platform/Developer/usr/lib -F /Users/admin/builder/spi-builder-workspace/.derivedData/Build/Products/Debug-watchos/PackageFrameworks -F /Users/admin/builder/spi-builder-workspace/.derivedData/Build/Products/Debug-watchos -F /Applications/Xcode-27.0.0-Release.Candidate.app/Contents/Developer/Platforms/WatchOS.platform/Developer/Library/Frameworks -F /Applications/Xcode-27.0.0-Release.Candidate.app/Contents/Developer/Platforms/WatchOS.platform/Developer/SDKs/WatchOS27.0.sdk/Developer/Library/Frameworks -c -j10 -enable-batch-mode -incremental -Xcc -ivfsstatcache -Xcc /Users/admin/builder/spi-builder-workspace/.derivedData/SDKStatCaches.noindex/watchos27.0-24R360-e829b21a6f8c9b70876ba0858053c04477534ef55a1706bf4c1112bbb242f0a2.sdkstatcache -output-file-map /Users/admin/builder/spi-builder-workspace/.derivedData/Build/Intermediates.noindex/ChatGPTUI.build/Debug-watchos/ChatGPTUI-t.build/Objects-normal/arm64/ChatGPTUI-OutputFileMap.json -save-temps -no-color-diagnostics -explicit-module-build -module-cache-path /Users/admin/builder/spi-builder-workspace/.derivedData/Build/Intermediates.noindex/SwiftExplicitPrecompiledModules -clang-scanner-module-cache-path /Users/admin/builder/spi-builder-workspace/.derivedData/ModuleCache.noindex -sdk-module-cache-path /Users/admin/builder/spi-builder-workspace/.derivedData/SDKExplicitPrecompiledModules -emit-dependencies -emit-module -emit-module-path /Users/admin/builder/spi-builder-workspace/.derivedData/Build/Intermediates.noindex/ChatGPTUI.build/Debug-watchos/ChatGPTUI-t.build/Objects-normal/arm64/ChatGPTUI.swiftmodule -serialize-diagnostics -dependency-scan-serialize-diagnostics-path /Users/admin/builder/spi-builder-workspace/.derivedData/Build/Intermediates.noindex/ChatGPTUI.build/Debug-watchos/ChatGPTUI-t.build/Objects-normal/arm64/ChatGPTUI-dependency-scan.dia -validate-clang-modules-once -clang-build-session-file /Users/admin/builder/spi-builder-workspace/.derivedData/ModuleCache.noindex/Session.modulevalidation -Xcc -fmodules-prune-interval\=86400 -Xcc -fmodules-prune-after\=345600 -emit-const-values -const-gather-protocols-list /Users/admin/builder/spi-builder-workspace/.derivedData/Build/Intermediates.noindex/ChatGPTUI.build/Debug-watchos/ChatGPTUI-t.build/Objects-normal/arm64/ChatGPTUI_const_extract_protocols.json -Xcc -I/Users/admin/builder/spi-builder-workspace/.derivedData/Build/Products/Debug-watchos/include -Xcc -I/Users/admin/builder/spi-builder-workspace/.derivedData/Build/Intermediates.noindex/ChatGPTUI.build/Debug-watchos/ChatGPTUI-t.build/DerivedSources-normal/arm64 -Xcc -I/Users/admin/builder/spi-builder-workspace/.derivedData/Build/Intermediates.noindex/ChatGPTUI.build/Debug-watchos/ChatGPTUI-t.build/DerivedSources/arm64 -Xcc -I/Users/admin/builder/spi-builder-workspace/.derivedData/Build/Intermediates.noindex/ChatGPTUI.build/Debug-watchos/ChatGPTUI-t.build/DerivedSources -Xcc -DSWIFT_PACKAGE -Xcc -DDEBUG\=1 -emit-objc-header -emit-objc-header-path /Users/admin/builder/spi-builder-workspace/.derivedData/Build/Intermediates.noindex/ChatGPTUI.build/Debug-watchos/ChatGPTUI-t.build/Objects-normal/arm64/ChatGPTUI-Swift.h -working-directory /Users/admin/builder/spi-builder-workspace/.swiftpm/xcode -experimental-emit-module-separately -disable-cmo
SwiftDriver ChatGPTUI normal arm64_32 com.apple.xcode.tools.swift.compiler (in target 'ChatGPTUI' from project 'ChatGPTUI')
cd /Users/admin/builder/spi-builder-workspace/.swiftpm/xcode
builtin-SwiftDriver -- /Applications/Xcode-27.0.0-Release.Candidate.app/Contents/Developer/Toolchains/XcodeDefault.xctoolchain/usr/bin/swiftc -parse-as-library -module-name ChatGPTUI -Onone @/Users/admin/builder/spi-builder-workspace/.derivedData/Build/Intermediates.noindex/ChatGPTUI.build/Debug-watchos/ChatGPTUI-t.build/Objects-normal/arm64_32/ChatGPTUI.SwiftFileList -DSWIFT_PACKAGE -DDEBUG -DSWIFT_MODULE_RESOURCE_BUNDLE_UNAVAILABLE -DXcode -plugin-path /Applications/Xcode-27.0.0-Release.Candidate.app/Contents/Developer/Toolchains/XcodeDefault.xctoolchain/usr/lib/swift/host/plugins/testing -enable-experimental-feature DebugDescriptionMacro -sdk /Applications/Xcode-27.0.0-Release.Candidate.app/Contents/Developer/Platforms/WatchOS.platform/Developer/SDKs/WatchOS27.0.sdk -target arm64_32-apple-watchos9.0 -g -module-cache-path /Users/admin/builder/spi-builder-workspace/.derivedData/ModuleCache.noindex -Xfrontend -serialize-debugging-options -profile-coverage-mapping -profile-generate -enable-testing -index-store-path /Users/admin/builder/spi-builder-workspace/.derivedData/Index.noindex/DataStore -Xcc -D_LIBCPP_HARDENING_MODE\=_LIBCPP_HARDENING_MODE_DEBUG -swift-version 5 -I /Users/admin/builder/spi-builder-workspace/.derivedData/Build/Products/Debug-watchos -Isystem /Applications/Xcode-27.0.0-Release.Candidate.app/Contents/Developer/Platforms/WatchOS.platform/Developer/usr/lib -F /Users/admin/builder/spi-builder-workspace/.derivedData/Build/Products/Debug-watchos/PackageFrameworks -F /Users/admin/builder/spi-builder-workspace/.derivedData/Build/Products/Debug-watchos -F /Applications/Xcode-27.0.0-Release.Candidate.app/Contents/Developer/Platforms/WatchOS.platform/Developer/Library/Frameworks -F /Applications/Xcode-27.0.0-Release.Candidate.app/Contents/Developer/Platforms/WatchOS.platform/Developer/SDKs/WatchOS27.0.sdk/Developer/Library/Frameworks -c -j10 -enable-batch-mode -incremental -Xcc -ivfsstatcache -Xcc /Users/admin/builder/spi-builder-workspace/.derivedData/SDKStatCaches.noindex/watchos27.0-24R360-e829b21a6f8c9b70876ba0858053c04477534ef55a1706bf4c1112bbb242f0a2.sdkstatcache -output-file-map /Users/admin/builder/spi-builder-workspace/.derivedData/Build/Intermediates.noindex/ChatGPTUI.build/Debug-watchos/ChatGPTUI-t.build/Objects-normal/arm64_32/ChatGPTUI-OutputFileMap.json -save-temps -no-color-diagnostics -explicit-module-build -module-cache-path /Users/admin/builder/spi-builder-workspace/.derivedData/Build/Intermediates.noindex/SwiftExplicitPrecompiledModules -clang-scanner-module-cache-path /Users/admin/builder/spi-builder-workspace/.derivedData/ModuleCache.noindex -sdk-module-cache-path /Users/admin/builder/spi-builder-workspace/.derivedData/SDKExplicitPrecompiledModules -emit-dependencies -emit-module -emit-module-path /Users/admin/builder/spi-builder-workspace/.derivedData/Build/Intermediates.noindex/ChatGPTUI.build/Debug-watchos/ChatGPTUI-t.build/Objects-normal/arm64_32/ChatGPTUI.swiftmodule -serialize-diagnostics -dependency-scan-serialize-diagnostics-path /Users/admin/builder/spi-builder-workspace/.derivedData/Build/Intermediates.noindex/ChatGPTUI.build/Debug-watchos/ChatGPTUI-t.build/Objects-normal/arm64_32/ChatGPTUI-dependency-scan.dia -validate-clang-modules-once -clang-build-session-file /Users/admin/builder/spi-builder-workspace/.derivedData/ModuleCache.noindex/Session.modulevalidation -Xcc -fmodules-prune-interval\=86400 -Xcc -fmodules-prune-after\=345600 -emit-const-values -const-gather-protocols-list /Users/admin/builder/spi-builder-workspace/.derivedData/Build/Intermediates.noindex/ChatGPTUI.build/Debug-watchos/ChatGPTUI-t.build/Objects-normal/arm64_32/ChatGPTUI_const_extract_protocols.json -Xcc -I/Users/admin/builder/spi-builder-workspace/.derivedData/Build/Products/Debug-watchos/include -Xcc -I/Users/admin/builder/spi-builder-workspace/.derivedData/Build/Intermediates.noindex/ChatGPTUI.build/Debug-watchos/ChatGPTUI-t.build/DerivedSources-normal/arm64_32 -Xcc -I/Users/admin/builder/spi-builder-workspace/.derivedData/Build/Intermediates.noindex/ChatGPTUI.build/Debug-watchos/ChatGPTUI-t.build/DerivedSources/arm64_32 -Xcc -I/Users/admin/builder/spi-builder-workspace/.derivedData/Build/Intermediates.noindex/ChatGPTUI.build/Debug-watchos/ChatGPTUI-t.build/DerivedSources -Xcc -DSWIFT_PACKAGE -Xcc -DDEBUG\=1 -emit-objc-header -emit-objc-header-path /Users/admin/builder/spi-builder-workspace/.derivedData/Build/Intermediates.noindex/ChatGPTUI.build/Debug-watchos/ChatGPTUI-t.build/Objects-normal/arm64_32/ChatGPTUI-Swift.h -working-directory /Users/admin/builder/spi-builder-workspace/.swiftpm/xcode -experimental-emit-module-separately -disable-cmo
SwiftCompile normal arm64 Compiling\ Message.swift /Users/admin/builder/spi-builder-workspace/Sources/ChatGPTUI/Model/Message.swift (in target 'ChatGPTUI' from project 'ChatGPTUI')
SwiftCompile normal arm64 /Users/admin/builder/spi-builder-workspace/Sources/ChatGPTUI/Model/Message.swift (in target 'ChatGPTUI' from project 'ChatGPTUI')
cd /Users/admin/builder/spi-builder-workspace/.swiftpm/xcode
builtin-SwiftPerFileCompile Message.swift
/Users/admin/builder/spi-builder-workspace/Sources/ChatGPTUI/Model/Message.swift:11:22: error: cannot find type 'Chat' in scope
9 | public struct Message: Equatable, Codable, Hashable, Identifiable {
10 | public var id: String
11 | public var role: Chat.Role
| `- error: cannot find type 'Chat' in scope
12 | public var content: String
13 | public var createdAt: Date
/Users/admin/builder/spi-builder-workspace/Sources/ChatGPTUI/Model/Message.swift:9:15: error: type 'Message' does not conform to protocol 'Decodable'
7 |
8 | // メッセージ
9 | public struct Message: Equatable, Codable, Hashable, Identifiable {
| `- error: type 'Message' does not conform to protocol 'Decodable'
10 | public var id: String
11 | public var role: Chat.Role
| `- note: cannot automatically synthesize 'Decodable' because 'Chat.Role' does not conform to 'Decodable'
12 | public var content: String
13 | public var createdAt: Date
Swift.Decodable.init:2:1: note: protocol requires initializer 'init(from:)' with type 'Decodable'
1 | protocol Decodable {
2 | init(from decoder: any Decoder) throws}
| `- note: protocol requires initializer 'init(from:)' with type 'Decodable'
3 |
/Users/admin/builder/spi-builder-workspace/Sources/ChatGPTUI/Model/Message.swift:9:15: error: type 'Message' does not conform to protocol 'Encodable'
7 |
8 | // メッセージ
9 | public struct Message: Equatable, Codable, Hashable, Identifiable {
| `- error: type 'Message' does not conform to protocol 'Encodable'
10 | public var id: String
11 | public var role: Chat.Role
| `- note: cannot automatically synthesize 'Encodable' because 'Chat.Role' does not conform to 'Encodable'
12 | public var content: String
13 | public var createdAt: Date
Swift.Encodable.encode:2:6: note: protocol requires function 'encode(to:)' with type 'Encodable'
1 | protocol Encodable {
2 | func encode(to encoder: any Encoder) throws}
| `- note: protocol requires function 'encode(to:)' with type 'Encodable'
3 |
/Users/admin/builder/spi-builder-workspace/Sources/ChatGPTUI/Model/Message.swift:9:15: error: type 'Message' does not conform to protocol 'Hashable'
7 |
8 | // メッセージ
9 | public struct Message: Equatable, Codable, Hashable, Identifiable {
| `- error: type 'Message' does not conform to protocol 'Hashable'
10 | public var id: String
11 | public var role: Chat.Role
| `- note: stored property type '_' does not conform to protocol 'Hashable', preventing synthesized conformance of 'Message' to 'Hashable'
12 | public var content: String
13 | public var createdAt: Date
/Users/admin/builder/spi-builder-workspace/Sources/ChatGPTUI/Model/Message.swift:9:15: error: type 'Message' does not conform to protocol 'Equatable'
7 |
8 | // メッセージ
9 | public struct Message: Equatable, Codable, Hashable, Identifiable {
| |- error: type 'Message' does not conform to protocol 'Equatable'
| `- note: add stubs for conformance
10 | public var id: String
11 | public var role: Chat.Role
| `- note: stored property type '_' does not conform to protocol 'Equatable', preventing synthesized conformance of 'Message' to 'Equatable'
12 | public var content: String
13 | public var createdAt: Date
Swift.==:1:24: note: candidate would match if 'Message' conformed to 'RawRepresentable'
1 | @inlinable public func == <T>(lhs: T, rhs: T) -> Bool where T : RawRepresentable, T.RawValue : Equatable
| `- note: candidate would match if 'Message' conformed to 'RawRepresentable'
Swift.FloatingPoint.==:2:20: note: candidate would match if 'Message' conformed to 'FloatingPoint'
1 | protocol FloatingPoint {
2 | public static func == (lhs: Self, rhs: Self) -> Bool}
| `- note: candidate would match if 'Message' conformed to 'FloatingPoint'
3 |
Swift.BinaryInteger.==:2:20: note: candidate would match if 'Message' conformed to 'BinaryInteger'
1 | protocol BinaryInteger {
2 | public static func == <Other>(lhs: Self, rhs: Other) -> Bool where Other : BinaryInteger}
| `- note: candidate would match if 'Message' conformed to 'BinaryInteger'
3 |
Swift._Pointer.==:2:20: note: candidate would match if 'Message' conformed to '_Pointer'
1 | protocol _Pointer {
2 | public static func == (lhs: Self, rhs: Self) -> Bool}
| `- note: candidate would match if 'Message' conformed to '_Pointer'
3 |
Swift._Pointer.==:2:31: note: candidate would match if 'Message' conformed to '_Pointer'
1 | protocol _Pointer {
2 | @inlinable public static func == <Other>(lhs: Self, rhs: Other) -> Bool where Other : _Pointer}
| `- note: candidate would match if 'Message' conformed to '_Pointer'
3 |
Swift.Strideable.==:2:31: note: candidate would match if 'Message' conformed to 'Strideable'
1 | protocol Strideable {
2 | @inlinable public static func == (x: Self, y: Self) -> Bool}
| `- note: candidate would match if 'Message' conformed to 'Strideable'
3 |
Swift.StringProtocol.==:2:31: note: candidate would match if 'Message' conformed to 'StringProtocol'
1 | protocol StringProtocol {
2 | @inlinable public static func == <RHS>(lhs: Self, rhs: RHS) -> Bool where RHS : StringProtocol}
| `- note: candidate would match if 'Message' conformed to 'StringProtocol'
3 |
Swift.SIMD.==:2:20: note: candidate would match if 'Message' conformed to 'SIMD'
1 | protocol SIMD {
2 | public static func == (a: Self, b: Self) -> Bool}
| `- note: candidate would match if 'Message' conformed to 'SIMD'
3 |
Foundation.AttributedStringProtocol.==:2:20: note: candidate would match if 'Message' conformed to 'AttributedStringProtocol'
1 | protocol AttributedStringProtocol {
2 | public static func == <RHS>(lhs: Self, rhs: RHS) -> Bool where RHS : AttributedStringProtocol}
| `- note: candidate would match if 'Message' conformed to 'AttributedStringProtocol'
3 |
Foundation._BridgedStoredNSError.==:2:20: note: candidate would match if 'Message' conformed to '_BridgedStoredNSError'
1 | protocol _BridgedStoredNSError {
2 | public static func == (lhs: Self, rhs: Self) -> Bool}
| `- note: candidate would match if 'Message' conformed to '_BridgedStoredNSError'
3 |
CoreFoundation._CFObject.==:2:20: note: candidate would match if 'Message' conformed to '_CFObject'
1 | protocol _CFObject {
2 | public static func == (left: Self, right: Self) -> Bool}
| `- note: candidate would match if 'Message' conformed to '_CFObject'
3 |
Swift.Equatable.==:2:13: note: protocol requires function '==' with type '(borrowing Message, borrowing Message) -> Bool'
1 | protocol Equatable {
2 | static func == (lhs: borrowing Self, rhs: borrowing Self) -> Bool}
| `- note: protocol requires function '==' with type '(borrowing Message, borrowing Message) -> Bool'
3 |
SwiftEmitModule normal arm64 Emitting\ module\ for\ ChatGPTUI (in target 'ChatGPTUI' from project 'ChatGPTUI')
SwiftCompile normal arm64 (in target 'ChatGPTUI' from project 'ChatGPTUI')
cd /Users/admin/builder/spi-builder-workspace/.swiftpm/xcode
/Users/admin/builder/spi-builder-workspace/Sources/ChatGPTUI/Model/Message.swift:11:22: error: cannot find type 'Chat' in scope
9 | public struct Message: Equatable, Codable, Hashable, Identifiable {
10 | public var id: String
11 | public var role: Chat.Role
| `- error: cannot find type 'Chat' in scope
12 | public var content: String
13 | public var createdAt: Date
/Users/admin/builder/spi-builder-workspace/Sources/ChatGPTUI/Model/Message.swift:9:15: error: type 'Message' does not conform to protocol 'Decodable'
7 |
8 | // メッセージ
9 | public struct Message: Equatable, Codable, Hashable, Identifiable {
| `- error: type 'Message' does not conform to protocol 'Decodable'
10 | public var id: String
11 | public var role: Chat.Role
| `- note: cannot automatically synthesize 'Decodable' because 'Chat.Role' does not conform to 'Decodable'
12 | public var content: String
13 | public var createdAt: Date
Swift.Decodable.init:2:1: note: protocol requires initializer 'init(from:)' with type 'Decodable'
1 | protocol Decodable {
2 | init(from decoder: any Decoder) throws}
| `- note: protocol requires initializer 'init(from:)' with type 'Decodable'
3 |
/Users/admin/builder/spi-builder-workspace/Sources/ChatGPTUI/Model/Message.swift:9:15: error: type 'Message' does not conform to protocol 'Encodable'
7 |
8 | // メッセージ
9 | public struct Message: Equatable, Codable, Hashable, Identifiable {
| `- error: type 'Message' does not conform to protocol 'Encodable'
10 | public var id: String
11 | public var role: Chat.Role
| `- note: cannot automatically synthesize 'Encodable' because 'Chat.Role' does not conform to 'Encodable'
12 | public var content: String
13 | public var createdAt: Date
Swift.Encodable.encode:2:6: note: protocol requires function 'encode(to:)' with type 'Encodable'
1 | protocol Encodable {
2 | func encode(to encoder: any Encoder) throws}
| `- note: protocol requires function 'encode(to:)' with type 'Encodable'
3 |
/Users/admin/builder/spi-builder-workspace/Sources/ChatGPTUI/Model/Message.swift:9:15: error: type 'Message' does not conform to protocol 'Hashable'
7 |
8 | // メッセージ
9 | public struct Message: Equatable, Codable, Hashable, Identifiable {
| `- error: type 'Message' does not conform to protocol 'Hashable'
10 | public var id: String
11 | public var role: Chat.Role
| `- note: stored property type '_' does not conform to protocol 'Hashable', preventing synthesized conformance of 'Message' to 'Hashable'
12 | public var content: String
13 | public var createdAt: Date
SwiftCompile normal arm64 Compiling\ ChatView.swift /Users/admin/builder/spi-builder-workspace/Sources/ChatGPTUI/View/ChatView.swift (in target 'ChatGPTUI' from project 'ChatGPTUI')
SwiftCompile normal arm64 /Users/admin/builder/spi-builder-workspace/Sources/ChatGPTUI/View/ChatView.swift (in target 'ChatGPTUI' from project 'ChatGPTUI')
cd /Users/admin/builder/spi-builder-workspace/.swiftpm/xcode
builtin-SwiftPerFileCompile ChatView.swift
SwiftCompile normal arm64 Compiling\ ConversationsView.swift /Users/admin/builder/spi-builder-workspace/Sources/ChatGPTUI/View/ConversationsView.swift (in target 'ChatGPTUI' from project 'ChatGPTUI')
SwiftCompile normal arm64 /Users/admin/builder/spi-builder-workspace/Sources/ChatGPTUI/View/ConversationsView.swift (in target 'ChatGPTUI' from project 'ChatGPTUI')
cd /Users/admin/builder/spi-builder-workspace/.swiftpm/xcode
builtin-SwiftPerFileCompile ConversationsView.swift
SwiftCompile normal arm64 Compiling\ AvailableModelsViewModel.swift /Users/admin/builder/spi-builder-workspace/Sources/ChatGPTUI/ObservableObject/AvailableModelsViewModel.swift (in target 'ChatGPTUI' from project 'ChatGPTUI')
SwiftCompile normal arm64 /Users/admin/builder/spi-builder-workspace/Sources/ChatGPTUI/ObservableObject/AvailableModelsViewModel.swift (in target 'ChatGPTUI' from project 'ChatGPTUI')
cd /Users/admin/builder/spi-builder-workspace/.swiftpm/xcode
builtin-SwiftPerFileCompile AvailableModelsViewModel.swift
SwiftExplicitDependencyGeneratePcm arm64_32 /Users/admin/builder/spi-builder-workspace/.derivedData/SDKExplicitPrecompiledModules/SwiftUI-9AYG9OCT5VOJK7V4MX1WYR86T.pcm
SwiftCompile normal arm64 Compiling\ Conversation.swift /Users/admin/builder/spi-builder-workspace/Sources/ChatGPTUI/Model/Conversation.swift (in target 'ChatGPTUI' from project 'ChatGPTUI')
/Users/admin/builder/spi-builder-workspace/Sources/ChatGPTUI/Model/Message.swift:11:22: error: cannot find type 'Chat' in scope
9 | public struct Message: Equatable, Codable, Hashable, Identifiable {
10 | public var id: String
11 | public var role: Chat.Role
| `- error: cannot find type 'Chat' in scope
12 | public var content: String
13 | public var createdAt: Date
Failed frontend command:
/Applications/Xcode-27.0.0-Release.Candidate.app/Contents/Developer/Toolchains/XcodeDefault.xctoolchain/usr/bin/swift-frontend -frontend -c -primary-file /Users/admin/builder/spi-builder-workspace/Sources/ChatGPTUI/Model/Conversation.swift /Users/admin/builder/spi-builder-workspace/Sources/ChatGPTUI/Model/Message.swift /Users/admin/builder/spi-builder-workspace/Sources/ChatGPTUI/ObservableObject/AvailableModelsViewModel.swift /Users/admin/builder/spi-builder-workspace/Sources/ChatGPTUI/ObservableObject/ChatViewModel.swift /Users/admin/builder/spi-builder-workspace/Sources/ChatGPTUI/View/AvailableModelsView.swift /Users/admin/builder/spi-builder-workspace/Sources/ChatGPTUI/View/ChatBubbleView.swift /Users/admin/builder/spi-builder-workspace/Sources/ChatGPTUI/View/ChatView.swift /Users/admin/builder/spi-builder-workspace/Sources/ChatGPTUI/View/ConversationsView.swift /Users/admin/builder/spi-builder-workspace/Sources/ChatGPTUI/View/DetailView.swift -emit-dependencies-path /Users/admin/builder/spi-builder-workspace/.derivedData/Build/Intermediates.noindex/ChatGPTUI.build/Debug-watchos/ChatGPTUI-t.build/Objects-normal/arm64/Conversation.d -emit-const-values-path /Users/admin/builder/spi-builder-workspace/.derivedData/Build/Intermediates.noindex/ChatGPTUI.build/Debug-watchos/ChatGPTUI-t.build/Objects-normal/arm64/Conversation.swiftconstvalues -emit-reference-dependencies-path /Users/admin/builder/spi-builder-workspace/.derivedData/Build/Intermediates.noindex/ChatGPTUI.build/Debug-watchos/ChatGPTUI-t.build/Objects-normal/arm64/Conversation.swiftdeps -serialize-diagnostics-path /Users/admin/builder/spi-builder-workspace/.derivedData/Build/Intermediates.noindex/ChatGPTUI.build/Debug-watchos/ChatGPTUI-t.build/Objects-normal/arm64/Conversation.dia -target arm64-apple-watchos9.0 -disable-cross-import-overlay-search -load-resolved-plugin /Applications/Xcode-27.0.0-Release.Candidate.app/Contents/Developer/Platforms/WatchOS.platform/Developer/usr/lib/swift/host/plugins/libFoundationMacros.dylib\#/Applications/Xcode-27.0.0-Release.Candidate.app/Contents/Developer/Platforms/WatchOS.platform/Developer/usr/bin/swift-plugin-server\#FoundationMacros -load-resolved-plugin /Applications/Xcode-27.0.0-Release.Candidate.app/Contents/Developer/Platforms/WatchOS.platform/Developer/usr/lib/swift/host/plugins/libObservationMacros.dylib\#/Applications/Xcode-27.0.0-Release.Candidate.app/Contents/Developer/Platforms/WatchOS.platform/Developer/usr/bin/swift-plugin-server\#ObservationMacros -load-resolved-plugin /Applications/Xcode-27.0.0-Release.Candidate.app/Contents/Developer/Platforms/WatchOS.platform/Developer/usr/lib/swift/host/plugins/libPreviewsMacros.dylib\#/Applications/Xcode-27.0.0-Release.Candidate.app/Contents/Developer/Platforms/WatchOS.platform/Developer/usr/bin/swift-plugin-server\#PreviewsMacros -load-resolved-plugin /Applications/Xcode-27.0.0-Release.Candidate.app/Contents/Developer/Platforms/WatchOS.platform/Developer/usr/lib/swift/host/plugins/libSwiftMacros.dylib\#/Applications/Xcode-27.0.0-Release.Candidate.app/Contents/Developer/Platforms/WatchOS.platform/Developer/usr/bin/swift-plugin-server\#SwiftMacros -load-resolved-plugin /Applications/Xcode-27.0.0-Release.Candidate.app/Contents/Developer/Platforms/WatchOS.platform/Developer/usr/lib/swift/host/plugins/libSwiftUIMacros.dylib\#/Applications/Xcode-27.0.0-Release.Candidate.app/Contents/Developer/Platforms/WatchOS.platform/Developer/usr/bin/swift-plugin-server\#SwiftUIMacros -disable-implicit-swift-modules -Xcc -fno-implicit-modules -Xcc -fno-implicit-module-maps -explicit-swift-module-map-file /Users/admin/builder/spi-builder-workspace/.derivedData/Build/Intermediates.noindex/ChatGPTUI.build/Debug-watchos/ChatGPTUI-t.build/Objects-normal/arm64/ChatGPTUI-dependencies-2.json -Xllvm -aarch64-use-tbi -enable-objc-interop -stack-check -sdk /Applications/Xcode-27.0.0-Release.Candidate.app/Contents/Developer/Platforms/WatchOS.platform/Developer/SDKs/WatchOS27.0.sdk -I /Users/admin/builder/spi-builder-workspace/.derivedData/Build/Products/Debug-watchos -Isystem /Applications/Xcode-27.0.0-Release.Candidate.app/Contents/Developer/Platforms/WatchOS.platform/Developer/usr/lib -F /Users/admin/builder/spi-builder-workspace/.derivedData/Build/Products/Debug-watchos/PackageFrameworks -F /Users/admin/builder/spi-builder-workspace/.derivedData/Build/Products/Debug-watchos -F /Applications/Xcode-27.0.0-Release.Candidate.app/Contents/Developer/Platforms/WatchOS.platform/Developer/Library/Frameworks -F /Applications/Xcode-27.0.0-Release.Candidate.app/Contents/Developer/Platforms/WatchOS.platform/Developer/SDKs/WatchOS27.0.sdk/Developer/Library/Frameworks -module-cache-path /Users/admin/builder/spi-builder-workspace/.derivedData/Build/Intermediates.noindex/SwiftExplicitPrecompiledModules -no-color-diagnostics -Xcc -fno-color-diagnostics -enable-testing -g -debug-info-format\=dwarf -dwarf-version\=4 -profile-generate -profile-coverage-mapping -swift-version 5 -Onone -D SWIFT_PACKAGE -D DEBUG -D SWIFT_MODULE_RESOURCE_BUNDLE_UNAVAILABLE -D Xcode -serialize-debugging-options -enable-experimental-feature DebugDescriptionMacro -empty-abi-descriptor -validate-clang-modules-once -clang-build-session-file /Users/admin/builder/spi-builder-workspace/.derivedData/ModuleCache.noindex/Session.modulevalidation -Xcc -working-directory -Xcc /Users/admin/builder/spi-builder-workspace/.swiftpm/xcode -enable-anonymous-context-mangled-names -file-compilation-dir /Users/admin/builder/spi-builder-workspace/.swiftpm/xcode -Xcc -D_LIBCPP_HARDENING_MODE\=_LIBCPP_HARDENING_MODE_DEBUG -Xcc -ivfsstatcache -Xcc /Users/admin/builder/spi-builder-workspace/.derivedData/SDKStatCaches.noindex/watchos27.0-24R360-e829b21a6f8c9b70876ba0858053c04477534ef55a1706bf4c1112bbb242f0a2.sdkstatcache -Xcc -fmodules-prune-interval\=86400 -Xcc -fmodules-prune-after\=345600 -Xcc -I/Users/admin/builder/spi-builder-workspace/.derivedData/Build/Products/Debug-watchos/include -Xcc -I/Users/admin/builder/spi-builder-workspace/.derivedData/Build/Intermediates.noindex/ChatGPTUI.build/Debug-watchos/ChatGPTUI-t.build/DerivedSources-normal/arm64 -Xcc -I/Users/admin/builder/spi-builder-workspace/.derivedData/Build/Intermediates.noindex/ChatGPTUI.build/Debug-watchos/ChatGPTUI-t.build/DerivedSources/arm64 -Xcc -I/Users/admin/builder/spi-builder-workspace/.derivedData/Build/Intermediates.noindex/ChatGPTUI.build/Debug-watchos/ChatGPTUI-t.build/DerivedSources -Xcc -DSWIFT_PACKAGE -Xcc -DDEBUG\=1 -no-auto-bridging-header-chaining -module-name ChatGPTUI -const-gather-protocols-file /Users/admin/builder/spi-builder-workspace/.derivedData/Build/Intermediates.noindex/ChatGPTUI.build/Debug-watchos/ChatGPTUI-t.build/Objects-normal/arm64/ChatGPTUI_const_extract_protocols.json -disable-clang-spi -clang-target arm64-apple-watchos27.0 -target-sdk-version 27.0 -target-sdk-name watchos27.0 -in-process-plugin-server-path /Applications/Xcode-27.0.0-Release.Candidate.app/Contents/Developer/Toolchains/XcodeDefault.xctoolchain/usr/lib/swift/host/libSwiftInProcPluginServer.dylib -parse-as-library -o /Users/admin/builder/spi-builder-workspace/.derivedData/Build/Intermediates.noindex/ChatGPTUI.build/Debug-watchos/ChatGPTUI-t.build/Objects-normal/arm64/Conversation.o -debug-module-path /Users/admin/builder/spi-builder-workspace/.derivedData/Build/Intermediates.noindex/ChatGPTUI.build/Debug-watchos/ChatGPTUI-t.build/Objects-normal/arm64/ChatGPTUI.swiftmodule -index-unit-output-path /ChatGPTUI.build/Debug-watchos/ChatGPTUI-t.build/Objects-normal/arm64/Conversation.o -index-store-path /Users/admin/builder/spi-builder-workspace/.derivedData/Index.noindex/DataStore -index-system-modules
SwiftCompile normal arm64 /Users/admin/builder/spi-builder-workspace/Sources/ChatGPTUI/Model/Conversation.swift (in target 'ChatGPTUI' from project 'ChatGPTUI')
cd /Users/admin/builder/spi-builder-workspace/.swiftpm/xcode
builtin-SwiftPerFileCompile Conversation.swift
SwiftCompile normal arm64 Compiling\ DetailView.swift /Users/admin/builder/spi-builder-workspace/Sources/ChatGPTUI/View/DetailView.swift (in target 'ChatGPTUI' from project 'ChatGPTUI')
SwiftCompile normal arm64 /Users/admin/builder/spi-builder-workspace/Sources/ChatGPTUI/View/DetailView.swift (in target 'ChatGPTUI' from project 'ChatGPTUI')
cd /Users/admin/builder/spi-builder-workspace/.swiftpm/xcode
builtin-SwiftPerFileCompile DetailView.swift
SwiftCompile normal arm64 Compiling\ ChatViewModel.swift /Users/admin/builder/spi-builder-workspace/Sources/ChatGPTUI/ObservableObject/ChatViewModel.swift (in target 'ChatGPTUI' from project 'ChatGPTUI')
SwiftCompile normal arm64 /Users/admin/builder/spi-builder-workspace/Sources/ChatGPTUI/ObservableObject/ChatViewModel.swift (in target 'ChatGPTUI' from project 'ChatGPTUI')
cd /Users/admin/builder/spi-builder-workspace/.swiftpm/xcode
builtin-SwiftPerFileCompile ChatViewModel.swift
SwiftEmitModule normal arm64_32 Emitting\ module\ for\ OpenAI (in target 'OpenAI' from project 'OpenAI')
SwiftCompile normal arm64_32 (in target 'OpenAI' from project 'OpenAI')
cd /Users/admin/builder/spi-builder-workspace/.swiftpm/xcode
SwiftEmitModule normal arm64_32 Emitting\ module\ for\ ChatGPTUI (in target 'ChatGPTUI' from project 'ChatGPTUI')
SwiftCompile normal arm64_32 (in target 'ChatGPTUI' from project 'ChatGPTUI')
cd /Users/admin/builder/spi-builder-workspace/.swiftpm/xcode
SwiftEmitModule normal arm64 Emitting\ module\ for\ OpenAI (in target 'OpenAI' from project 'OpenAI')
SwiftCompile normal arm64 (in target 'OpenAI' from project 'OpenAI')
cd /Users/admin/builder/spi-builder-workspace/.swiftpm/xcode
PruneExplicitPrecompiledModules /Users/admin/builder/spi-builder-workspace/.derivedData/Build/Intermediates.noindex/ExplicitPrecompiledModules
PruneExplicitPrecompiledModules /Users/admin/builder/spi-builder-workspace/.derivedData/SDKExplicitPrecompiledModules
PruneExplicitPrecompiledModules /Users/admin/builder/spi-builder-workspace/.derivedData/Build/Intermediates.noindex/SwiftExplicitPrecompiledModules
2026-09-20 05:45:43.180 xcodebuild[1117:6581] [MT] IDERunDestination: Supported platforms for the buildables in the current scheme is empty.
** BUILD FAILED **
The following build commands failed:
SwiftCompile normal arm64 Compiling\ Conversation.swift /Users/admin/builder/spi-builder-workspace/Sources/ChatGPTUI/Model/Conversation.swift (in target 'ChatGPTUI' from project 'ChatGPTUI')
SwiftCompile normal arm64 /Users/admin/builder/spi-builder-workspace/Sources/ChatGPTUI/Model/Conversation.swift (in target 'ChatGPTUI' from project 'ChatGPTUI')
Building workspace ChatGPTUI with scheme ChatGPTUI
(3 failures)
BUILD FAILURE 6.4 watchOS