The Swift Package Index logo.Swift Package Index

Build Information

Failed to build JolpicaKit, reference v1.1.0 (7140a8), with Swift 6.4 for Wasm on 21 Sep 2026 23:14:31 UTC.

Build Command

bash -c docker run --pull=always --rm -v "checkouts-54344843-0":/host -w "$PWD" -e JAVA_HOME="/root/.sdkman/candidates/java/current" -e SPI_BUILD="1" -e SPI_PROCESSING="1" registry.gitlab.com/saguaro1/spi-images:wasm-6.4-latest swift build --swift-sdk swift-6.4.x-DEVELOPMENT-SNAPSHOT-2026-09-04-a_wasm 2>&1

Build Log

========================================
RunAll
========================================
Builder version: 5.1.0
Interrupt handler set up.
========================================
Checkout
========================================
Clone URL: https://github.com/fantasia-y/JolpicaKit.git
Reference: v1.1.0
Initialized empty Git repository in /host/spi-builder-workspace/.git/
hint: Using 'master' as the name for the initial branch. This default branch name
hint: is subject to change. To configure the initial branch name to use in all
hint: of your new repositories, which will suppress this warning, call:
hint:
hint: 	git config --global init.defaultBranch <name>
hint:
hint: Names commonly chosen instead of 'master' are 'main', 'trunk' and
hint: 'development'. The just-created branch can be renamed via this command:
hint:
hint: 	git branch -m <name>
From https://github.com/fantasia-y/JolpicaKit
 * tag               v1.1.0     -> FETCH_HEAD
HEAD is now at 7140a84 Update README.md
Cloned https://github.com/fantasia-y/JolpicaKit.git
Revision (git rev-parse @):
7140a844957b919ada5c6211a7262694da55e4d3
SUCCESS checkout https://github.com/fantasia-y/JolpicaKit.git at v1.1.0
========================================
Build
========================================
Selected platform:         wasm
Swift version:             6.4
Building package at path:  $PWD
https://github.com/fantasia-y/JolpicaKit.git
Running build ...
bash -c docker run --pull=always --rm -v "checkouts-54344843-0":/host -w "$PWD" -e JAVA_HOME="/root/.sdkman/candidates/java/current" -e SPI_BUILD="1" -e SPI_PROCESSING="1" registry.gitlab.com/saguaro1/spi-images:wasm-6.4-latest swift build --swift-sdk swift-6.4.x-DEVELOPMENT-SNAPSHOT-2026-09-04-a_wasm 2>&1
wasm-6.4-latest: Pulling from saguaro1/spi-images
Digest: sha256:4328fdb43c680d205c1d6761b1e3267aa38277eefdda9ddfb17b6a0f1a77857a
Status: Image is up to date for registry.gitlab.com/saguaro1/spi-images:wasm-6.4-latest
Fetching https://github.com/apple/swift-log.git
[1/8132] Fetching swift-log
Fetched https://github.com/apple/swift-log.git (0.54s)
Computing version for https://github.com/apple/swift-log.git
Computed https://github.com/apple/swift-log.git at 1.15.1 (0.74s)
Creating working copy for https://github.com/apple/swift-log.git
Working copy of https://github.com/apple/swift-log.git resolved at 1.15.1
Building for debugging...
[Pre-planning 1 / 96]
[22 / 37] JolpicaKit
[32 / 47] Logging
[40 / 57] JolpicaKit
[42 / 57] JolpicaKit
[46 / 57] JolpicaKit
error: SwiftCompile normal wasm32 failed with a nonzero exit code. Command line:     cd /host

/host/spi-builder-workspace/Sources/JolpicaKit/Endpoints/Endpoint.swift:74:130: error: cannot find type 'URLRequest' in scope
 72 |     }
 73 |
 74 |     private func formRequest(season: String?, round: String?, endpoint: String, filters: [String], offset: Int?, limit: Int?) -> URLRequest {
    |                                                                                                                                  `- error: cannot find type 'URLRequest' in scope
 75 |         var baseURL = self.config.baseURL
 76 |
/host/spi-builder-workspace/Sources/JolpicaKit/Endpoints/Endpoint.swift:115:49: error: cannot find type 'URLRequest' in scope
113 |     }
114 |
115 |     private func request<T: Decodable>(request: URLRequest, decode: T.Type) async -> Result<T> {
    |                                                 `- error: cannot find type 'URLRequest' in scope
116 |         log("\(request.httpMethod!) \(request.url?.absoluteString ?? "")")
117 |
/host/spi-builder-workspace/Sources/JolpicaKit/Endpoints/Endpoint.swift:162:42: error: 'HTTPURLResponse' is unavailable: This type has moved to the FoundationNetworking module. Import that module to use it.
160 |     }
161 |
162 |     private func parseError<T>(response: HTTPURLResponse) -> Result<T> {
    |                                          `- error: 'HTTPURLResponse' is unavailable: This type has moved to the FoundationNetworking module. Import that module to use it.
163 |         // TODO implement error parsing
164 |         // 429 rate limit
Foundation.HTTPURLResponse:2:18: note: 'HTTPURLResponse' has been explicitly marked unavailable here
1 | @available(*, unavailable, message: "This type has moved to the FoundationNetworking module. Import that module to use it.")
2 | public typealias HTTPURLResponse = AnyObject
  |                  `- note: 'HTTPURLResponse' has been explicitly marked unavailable here
/host/spi-builder-workspace/Sources/JolpicaKit/Extensions.swift:13:1: error: non-nominal type 'HTTPURLResponse' (aka 'AnyObject') cannot be extended [#]8;;https://docs.swift.org/compiler/documentation/diagnostics/nominal-types\NominalTypes]8;;\]
11 | #endif
12 |
13 | extension HTTPURLResponse {
   | `- error: non-nominal type 'HTTPURLResponse' (aka 'AnyObject') cannot be extended [#]8;;https://docs.swift.org/compiler/documentation/diagnostics/nominal-types\NominalTypes]8;;\]
14 |     func isSuccessful() -> Bool {
15 |         return statusCode >= 200 && statusCode <= 299
/host/spi-builder-workspace/Sources/JolpicaKit/JolpicaKit.swift:16:22: error: cannot find type 'URLRequest' in scope
14 |     let baseURL = "https://api.jolpi.ca/ergast/f1"
15 |     let enableLogging: Bool
16 |     let cachePolicy: URLRequest.CachePolicy
   |                      `- error: cannot find type 'URLRequest' in scope
17 |
18 |     init(enableLogging: Bool = false, cachePolicy: URLRequest.CachePolicy = .useProtocolCachePolicy) {
/host/spi-builder-workspace/Sources/JolpicaKit/JolpicaKit.swift:18:52: error: cannot find type 'URLRequest' in scope
16 |     let cachePolicy: URLRequest.CachePolicy
17 |
18 |     init(enableLogging: Bool = false, cachePolicy: URLRequest.CachePolicy = .useProtocolCachePolicy) {
   |                                                    `- error: cannot find type 'URLRequest' in scope
19 |         self.enableLogging = enableLogging
20 |         self.cachePolicy = cachePolicy
/host/spi-builder-workspace/Sources/JolpicaKit/JolpicaKit.swift:39:71: error: cannot find type 'URLRequest' in scope
37 |     public let sprints: SprintsEndpoint
38 |
39 |     public convenience init(enableLogging: Bool = false, cachePolicy: URLRequest.CachePolicy = .useProtocolCachePolicy) {
   |                                                                       `- error: cannot find type 'URLRequest' in scope
40 |         self.init(config: JolpicaConfig(
41 |             enableLogging: enableLogging,
[#NominalTypes]: <https://docs.swift.org/compiler/documentation/diagnostics/nominal-types>
Failed frontend command:
/usr/bin/swift-frontend -frontend -emit-module -experimental-skip-non-inlinable-function-bodies-without-types /host/spi-builder-workspace/Sources/JolpicaKit/Endpoints/CircuitsEndpoint.swift /host/spi-builder-workspace/Sources/JolpicaKit/Endpoints/ConstructorsEndpoint.swift /host/spi-builder-workspace/Sources/JolpicaKit/Endpoints/DriversEndpoint.swift /host/spi-builder-workspace/Sources/JolpicaKit/Endpoints/Endpoint.swift /host/spi-builder-workspace/Sources/JolpicaKit/Endpoints/LapsEndpoint.swift /host/spi-builder-workspace/Sources/JolpicaKit/Endpoints/PitstopsEndpoint.swift /host/spi-builder-workspace/Sources/JolpicaKit/Endpoints/QualifyingEndpoint.swift /host/spi-builder-workspace/Sources/JolpicaKit/Endpoints/RacesEndpoint.swift /host/spi-builder-workspace/Sources/JolpicaKit/Endpoints/ResultsEndpoint.swift /host/spi-builder-workspace/Sources/JolpicaKit/Endpoints/SeasonsEndpoint.swift /host/spi-builder-workspace/Sources/JolpicaKit/Endpoints/SprintsEndpoint.swift /host/spi-builder-workspace/Sources/JolpicaKit/Endpoints/StandingsEndpoint.swift /host/spi-builder-workspace/Sources/JolpicaKit/Endpoints/StatusEndpoint.swift /host/spi-builder-workspace/Sources/JolpicaKit/Extensions.swift /host/spi-builder-workspace/Sources/JolpicaKit/JolpicaKit.swift /host/spi-builder-workspace/Sources/JolpicaKit/Logger.swift /host/spi-builder-workspace/Sources/JolpicaKit/Models/Circuits.swift /host/spi-builder-workspace/Sources/JolpicaKit/Models/Constructors.swift /host/spi-builder-workspace/Sources/JolpicaKit/Models/Drivers.swift /host/spi-builder-workspace/Sources/JolpicaKit/Models/Laps.swift /host/spi-builder-workspace/Sources/JolpicaKit/Models/Pitstops.swift /host/spi-builder-workspace/Sources/JolpicaKit/Models/Qualifying.swift /host/spi-builder-workspace/Sources/JolpicaKit/Models/Races.swift /host/spi-builder-workspace/Sources/JolpicaKit/Models/Results.swift /host/spi-builder-workspace/Sources/JolpicaKit/Models/Seasons.swift /host/spi-builder-workspace/Sources/JolpicaKit/Models/Sprints.swift /host/spi-builder-workspace/Sources/JolpicaKit/Models/Standings.swift /host/spi-builder-workspace/Sources/JolpicaKit/Models/Statics.swift /host/spi-builder-workspace/Sources/JolpicaKit/Models/Status.swift -target wasm32-unknown-wasip1 -disable-objc-interop -sdk /root/.swiftpm/swift-sdks/swift-6.4.x-DEVELOPMENT-SNAPSHOT-2026-09-04-a_wasm.artifactbundle/swift-6.4.x-DEVELOPMENT-SNAPSHOT-2026-09-04-a_wasm/wasm32-unknown-wasip1/WASI.sdk -sysroot /root/.swiftpm/swift-sdks/swift-6.4.x-DEVELOPMENT-SNAPSHOT-2026-09-04-a_wasm.artifactbundle/swift-6.4.x-DEVELOPMENT-SNAPSHOT-2026-09-04-a_wasm/wasm32-unknown-wasip1/WASI.sdk -I /host/spi-builder-workspace/.build/out/Products/Debug-webassembly-wasm32 -module-cache-path /host/spi-builder-workspace/.build/out/ModuleCache.noindex -color-diagnostics -Xcc -fcolor-diagnostics -enable-testing -g -debug-info-format\=dwarf -dwarf-version\=4 -swift-version 6 -Onone -D SWIFT_PACKAGE -D DEBUG -D SWIFT_MODULE_RESOURCE_BUNDLE_UNAVAILABLE -D Xcode -serialize-debugging-options -enable-experimental-feature DebugDescriptionMacro -empty-abi-descriptor -external-plugin-path /usr/lib/swift/host/plugins/testing\#/usr/bin/swift-plugin-server -validate-clang-modules-once -clang-build-session-file /host/spi-builder-workspace/.build/out/ModuleCache.noindex/Session.modulevalidation -Xcc -working-directory -Xcc /host -resource-dir /root/.swiftpm/swift-sdks/swift-6.4.x-DEVELOPMENT-SNAPSHOT-2026-09-04-a_wasm.artifactbundle/swift-6.4.x-DEVELOPMENT-SNAPSHOT-2026-09-04-a_wasm/wasm32-unknown-wasip1/swift.xctoolchain/usr/lib/swift_static -use-static-resource-dir -enable-anonymous-context-mangled-names -file-compilation-dir /host -Xcc -resource-dir -Xcc /root/.swiftpm/swift-sdks/swift-6.4.x-DEVELOPMENT-SNAPSHOT-2026-09-04-a_wasm.artifactbundle/swift-6.4.x-DEVELOPMENT-SNAPSHOT-2026-09-04-a_wasm/wasm32-unknown-wasip1/swift.xctoolchain/usr/lib/swift_static/clang -Xcc -D_LIBCPP_HARDENING_MODE\=_LIBCPP_HARDENING_MODE_DEBUG -Xcc -fmodules-prune-interval\=86400 -Xcc -fmodules-prune-after\=345600 -Xcc -I/host/spi-builder-workspace/.build/out/Products/Debug-webassembly-wasm32/include -Xcc -I/host/spi-builder-workspace/.build/out/Intermediates.noindex/JolpicaKit.build/Debug-webassembly-wasm32/JolpicaKit-t.build/DerivedSources-normal/wasm32 -Xcc -I/host/spi-builder-workspace/.build/out/Intermediates.noindex/JolpicaKit.build/Debug-webassembly-wasm32/JolpicaKit-t.build/DerivedSources/wasm32 -Xcc -I/host/spi-builder-workspace/.build/out/Intermediates.noindex/JolpicaKit.build/Debug-webassembly-wasm32/JolpicaKit-t.build/DerivedSources -Xcc -DSWIFT_PACKAGE -Xcc -DDEBUG\=1 -no-auto-bridging-header-chaining -module-name JolpicaKit -package-name spi_builder_workspace -const-gather-protocols-file /host/spi-builder-workspace/.build/out/Intermediates.noindex/JolpicaKit.build/Debug-webassembly-wasm32/JolpicaKit-t.build/Objects-normal/wasm32/JolpicaKit_const_extract_protocols.json -in-process-plugin-server-path /usr/lib/swift/host/libSwiftInProcPluginServer.so -plugin-path /usr/lib/swift/host/plugins -plugin-path /usr/local/lib/swift/host/plugins -emit-module-doc-path /host/spi-builder-workspace/.build/out/Intermediates.noindex/JolpicaKit.build/Debug-webassembly-wasm32/JolpicaKit-t.build/Objects-normal/wasm32/Modules/JolpicaKit.swiftdoc -emit-module-source-info-path /host/spi-builder-workspace/.build/out/Intermediates.noindex/JolpicaKit.build/Debug-webassembly-wasm32/JolpicaKit-t.build/Objects-normal/wasm32/Modules/JolpicaKit.swiftsourceinfo -emit-objc-header-path /host/spi-builder-workspace/.build/out/Intermediates.noindex/JolpicaKit.build/Debug-webassembly-wasm32/JolpicaKit-t.build/Objects-normal/wasm32/JolpicaKit-Swift.h -serialize-diagnostics-path /host/spi-builder-workspace/.build/out/Intermediates.noindex/JolpicaKit.build/Debug-webassembly-wasm32/JolpicaKit-t.build/Objects-normal/wasm32/JolpicaKit-primary-emit-module.dia -emit-dependencies-path /host/spi-builder-workspace/.build/out/Intermediates.noindex/JolpicaKit.build/Debug-webassembly-wasm32/JolpicaKit-t.build/Objects-normal/wasm32/JolpicaKit-primary-emit-module.d -parse-as-library -o /host/spi-builder-workspace/.build/out/Intermediates.noindex/JolpicaKit.build/Debug-webassembly-wasm32/JolpicaKit-t.build/Objects-normal/wasm32/Modules/JolpicaKit.swiftmodule
error: Build failed
BUILD FAILURE 6.4 wasm