Build Information
Failed to build KingfisherWebP, reference main (693987), with Swift 6.4 for macOS (Xcode) using Xcode 27.0 on 24 Sep 2026 11:03:51 UTC.
Build Command
env DEVELOPER_DIR=/Applications/Xcode-27.0.0-Release.Candidate.app xcrun xcodebuild -IDEClonedSourcePackagesDirPathOverride=$PWD/.dependencies -skipMacroValidation -skipPackagePluginValidation -derivedDataPath $PWD/.derivedData build -scheme KingfisherWebP -destination platform=macOS,arch=arm64Build Log
========================================
RunAll
========================================
Builder version: 5.1.0
Interrupt handler set up.
========================================
Checkout
========================================
Clone URL: https://github.com/yeatse/KingfisherWebP.git
Reference: main
Initialized empty Git repository in /Users/admin/builder/spi-builder-workspace/.git/
From https://github.com/yeatse/KingfisherWebP
* branch main -> FETCH_HEAD
* [new branch] main -> origin/main
HEAD is now at 6939874 Merge pull request #96 from yeatse/codex/fix-exc_bad_access-in-scaleimageusingvimage
Cloned https://github.com/yeatse/KingfisherWebP.git
Revision (git rev-parse @):
6939874df4417cc37a05893ac2f27332e6668460
SUCCESS checkout https://github.com/yeatse/KingfisherWebP.git at main
========================================
Build
========================================
Selected platform: macosXcodebuild
Swift version: 6.4
Building package at path: $PWD
https://github.com/yeatse/KingfisherWebP.git
Command line invocation:
/Applications/Xcode-27.0.0-Release.Candidate.app/Contents/Developer/usr/bin/xcodebuild -IDEClonedSourcePackagesDirPathOverride=/Users/admin/builder/spi-builder-workspace/.dependencies -resolvePackageDependencies
Resolve Package Graph
Fetching from https://github.com/onevcat/Kingfisher.git
Fetching from https://github.com/SDWebImage/libwebp-Xcode
Creating working copy of package ‘libwebp-Xcode’
Checking out 1.6.0 of package ‘libwebp-Xcode’
Creating working copy of package ‘Kingfisher’
Checking out 8.13.0 of package ‘Kingfisher’
Resolved source packages:
Kingfisher: https://github.com/onevcat/Kingfisher.git @ 8.13.0
libwebp: https://github.com/SDWebImage/libwebp-Xcode @ 1.6.0
resolved source packages: Kingfisher, libwebp
{
"dependencies" : [
{
"identity" : "kingfisher",
"requirement" : {
"range" : [
{
"lower_bound" : "8.0.0",
"upper_bound" : "9.0.0"
}
]
},
"type" : "sourceControl",
"url" : "https://github.com/onevcat/Kingfisher.git"
},
{
"identity" : "libwebp-xcode",
"requirement" : {
"range" : [
{
"lower_bound" : "1.1.0",
"upper_bound" : "2.0.0"
}
]
},
"type" : "sourceControl",
"url" : "https://github.com/SDWebImage/libwebp-Xcode.git"
}
],
"manifest_display_name" : "KingfisherWebP",
"name" : "KingfisherWebP",
"path" : "/Users/admin/builder/spi-builder-workspace",
"platforms" : [
{
"name" : "ios",
"version" : "13.0"
},
{
"name" : "tvos",
"version" : "13.0"
},
{
"name" : "watchos",
"version" : "6.0"
},
{
"name" : "macos",
"version" : "10.15"
}
],
"products" : [
{
"name" : "KingfisherWebP",
"targets" : [
"KingfisherWebP"
],
"type" : {
"library" : [
"automatic"
]
}
}
],
"targets" : [
{
"c99name" : "KingfisherWebP_ObjC",
"module_type" : "ClangTarget",
"name" : "KingfisherWebP-ObjC",
"path" : "Sources/KingfisherWebP-ObjC",
"product_dependencies" : [
"libwebp"
],
"product_memberships" : [
"KingfisherWebP"
],
"sources" : [
"CGImage+WebP.m"
],
"type" : "library"
},
{
"c99name" : "KingfisherWebP",
"module_type" : "SwiftTarget",
"name" : "KingfisherWebP",
"path" : "Sources",
"product_dependencies" : [
"Kingfisher"
],
"product_memberships" : [
"KingfisherWebP"
],
"sources" : [
"Image+WebP.swift",
"WebPProcessor.swift",
"WebPSerializer.swift"
],
"target_dependencies" : [
"KingfisherWebP-ObjC"
],
"type" : "library"
}
],
"tools_version" : "5.1"
}
{
"project" : {
"configurations" : [
"Debug",
"Release"
],
"name" : "KingfisherWebP",
"schemes" : [
"KingfisherWebP"
],
"targets" : [
"KingfisherWebP",
"KingfisherWebPTests"
]
}
}
Running build ...
env DEVELOPER_DIR=/Applications/Xcode-27.0.0-Release.Candidate.app xcrun xcodebuild -IDEClonedSourcePackagesDirPathOverride=$PWD/.dependencies -skipMacroValidation -skipPackagePluginValidation -derivedDataPath $PWD/.derivedData build -scheme KingfisherWebP -destination platform=macOS,arch=arm64
Command line invocation:
/Applications/Xcode-27.0.0-Release.Candidate.app/Contents/Developer/usr/bin/xcodebuild -IDEClonedSourcePackagesDirPathOverride=/Users/admin/builder/spi-builder-workspace/.dependencies -skipMacroValidation -skipPackagePluginValidation -derivedDataPath /Users/admin/builder/spi-builder-workspace/.derivedData build -scheme KingfisherWebP -destination platform=macOS,arch=arm64
Resolve Package Graph
Resolved source packages:
Kingfisher: https://github.com/onevcat/Kingfisher.git @ 8.13.0
libwebp: https://github.com/SDWebImage/libwebp-Xcode @ 1.6.0
ComputePackagePrebuildTargetDependencyGraph
Prepare packages
CreateBuildRequest
SendProjectDescription
CreateBuildOperation
ComputeTargetDependencyGraph
note: Building targets in dependency order
note: Target dependency graph (6 targets)
Target 'KingfisherWebP' in project 'KingfisherWebP'
➜ Explicit dependency on target 'libwebp-product' in project 'libwebp'
➜ Explicit dependency on target 'Kingfisher-product' in project 'Kingfisher'
Target 'Kingfisher-product' in project 'Kingfisher'
➜ Explicit dependency on target 'Kingfisher' in project 'Kingfisher'
➜ Explicit dependency on target 'Kingfisher_Kingfisher' in project 'Kingfisher'
Target 'Kingfisher' in project 'Kingfisher'
➜ Explicit dependency on target 'Kingfisher_Kingfisher' in project 'Kingfisher'
Target 'Kingfisher_Kingfisher' in project 'Kingfisher' (no dependencies)
Target 'libwebp-product' in project 'libwebp'
➜ Explicit dependency on target 'libwebp' in project 'libwebp'
Target 'libwebp' in project 'libwebp' (no dependencies)
GatherProvisioningInputs
CreateBuildDescription
ExecuteExternalTool /Applications/Xcode-27.0.0-Release.Candidate.app/Contents/Developer/Toolchains/XcodeDefault.xctoolchain/usr/bin/clang -v -E -dM -isysroot /Applications/Xcode-27.0.0-Release.Candidate.app/Contents/Developer/Platforms/MacOSX.platform/Developer/SDKs/MacOSX27.0.sdk -x c -c /dev/null
ExecuteExternalTool /Applications/Xcode-27.0.0-Release.Candidate.app/Contents/Developer/Toolchains/XcodeDefault.xctoolchain/usr/bin/clang -v -E -dM -arch arm64 -isysroot /Applications/Xcode-27.0.0-Release.Candidate.app/Contents/Developer/Platforms/MacOSX.platform/Developer/SDKs/MacOSX27.0.sdk -x c -c /dev/null
ExecuteExternalTool /Applications/Xcode-27.0.0-Release.Candidate.app/Contents/Developer/Toolchains/XcodeDefault.xctoolchain/usr/bin/swiftc --version
ExecuteExternalTool /Applications/Xcode-27.0.0-Release.Candidate.app/Contents/Developer/Toolchains/XcodeDefault.xctoolchain/usr/bin/clang -v -E -dM -arch arm64 -isysroot /Applications/Xcode-27.0.0-Release.Candidate.app/Contents/Developer/Platforms/MacOSX.platform/Developer/SDKs/MacOSX27.0.sdk -x objective-c -c /dev/null
ExecuteExternalTool /Applications/Xcode-27.0.0-Release.Candidate.app/Contents/Developer/Toolchains/XcodeDefault.xctoolchain/usr/bin/ld -version_details
ReadFileContents /Applications/Xcode-27.0.0-Release.Candidate.app/Contents/Developer/Toolchains/XcodeDefault.xctoolchain/usr/share/docc/features.json
Build description signature: 0451deb8bc9211c3e81051d5de1a2e86
Build description path: /Users/admin/builder/spi-builder-workspace/.derivedData/Build/Intermediates.noindex/XCBuildData/0451deb8bc9211c3e81051d5de1a2e86.xcbuilddata
/Users/admin/builder/spi-builder-workspace/KingfisherWebP.xcodeproj: error: The macOS deployment target 'MACOSX_DEPLOYMENT_TARGET' is set to 10.15, but the range of supported deployment target versions is 12.0 to 27.0.x. (in target 'KingfisherWebP' from project 'KingfisherWebP')
** BUILD FAILED **
The following build commands failed:
Building project KingfisherWebP with scheme KingfisherWebP
(1 failure)
Command line invocation:
/Applications/Xcode-27.0.0-Release.Candidate.app/Contents/Developer/usr/bin/xcodebuild -IDEClonedSourcePackagesDirPathOverride=/Users/admin/builder/spi-builder-workspace/.dependencies -resolvePackageDependencies
Resolve Package Graph
Resolved source packages:
libwebp: https://github.com/SDWebImage/libwebp-Xcode @ 1.6.0
Kingfisher: https://github.com/onevcat/Kingfisher.git @ 8.13.0
resolved source packages: libwebp, Kingfisher
{
"dependencies" : [
{
"identity" : "kingfisher",
"requirement" : {
"range" : [
{
"lower_bound" : "8.0.0",
"upper_bound" : "9.0.0"
}
]
},
"type" : "sourceControl",
"url" : "https://github.com/onevcat/Kingfisher.git"
},
{
"identity" : "libwebp-xcode",
"requirement" : {
"range" : [
{
"lower_bound" : "1.1.0",
"upper_bound" : "2.0.0"
}
]
},
"type" : "sourceControl",
"url" : "https://github.com/SDWebImage/libwebp-Xcode.git"
}
],
"manifest_display_name" : "KingfisherWebP",
"name" : "KingfisherWebP",
"path" : "/Users/admin/builder/spi-builder-workspace",
"platforms" : [
{
"name" : "ios",
"version" : "13.0"
},
{
"name" : "tvos",
"version" : "13.0"
},
{
"name" : "watchos",
"version" : "6.0"
},
{
"name" : "macos",
"version" : "10.15"
}
],
"products" : [
{
"name" : "KingfisherWebP",
"targets" : [
"KingfisherWebP"
],
"type" : {
"library" : [
"automatic"
]
}
}
],
"targets" : [
{
"c99name" : "KingfisherWebP_ObjC",
"module_type" : "ClangTarget",
"name" : "KingfisherWebP-ObjC",
"path" : "Sources/KingfisherWebP-ObjC",
"product_dependencies" : [
"libwebp"
],
"product_memberships" : [
"KingfisherWebP"
],
"sources" : [
"CGImage+WebP.m"
],
"type" : "library"
},
{
"c99name" : "KingfisherWebP",
"module_type" : "SwiftTarget",
"name" : "KingfisherWebP",
"path" : "Sources",
"product_dependencies" : [
"Kingfisher"
],
"product_memberships" : [
"KingfisherWebP"
],
"sources" : [
"Image+WebP.swift",
"WebPProcessor.swift",
"WebPSerializer.swift"
],
"target_dependencies" : [
"KingfisherWebP-ObjC"
],
"type" : "library"
}
],
"tools_version" : "5.1"
}
{
"project" : {
"configurations" : [
"Debug",
"Release"
],
"name" : "KingfisherWebP",
"schemes" : [
"KingfisherWebP"
],
"targets" : [
"KingfisherWebP",
"KingfisherWebPTests"
]
}
}
Running build ...
env DEVELOPER_DIR=/Applications/Xcode-27.0.0-Release.Candidate.app xcrun xcodebuild -IDEClonedSourcePackagesDirPathOverride=$PWD/.dependencies -skipMacroValidation -skipPackagePluginValidation -derivedDataPath $PWD/.derivedData build -scheme KingfisherWebP -destination platform=macOS,arch=arm64
Command line invocation:
/Applications/Xcode-27.0.0-Release.Candidate.app/Contents/Developer/usr/bin/xcodebuild -IDEClonedSourcePackagesDirPathOverride=/Users/admin/builder/spi-builder-workspace/.dependencies -skipMacroValidation -skipPackagePluginValidation -derivedDataPath /Users/admin/builder/spi-builder-workspace/.derivedData build -scheme KingfisherWebP -destination platform=macOS,arch=arm64
Resolve Package Graph
Resolved source packages:
libwebp: https://github.com/SDWebImage/libwebp-Xcode @ 1.6.0
Kingfisher: https://github.com/onevcat/Kingfisher.git @ 8.13.0
ComputePackagePrebuildTargetDependencyGraph
Prepare packages
CreateBuildRequest
SendProjectDescription
CreateBuildOperation
ComputeTargetDependencyGraph
note: Building targets in dependency order
note: Target dependency graph (6 targets)
Target 'KingfisherWebP' in project 'KingfisherWebP'
➜ Explicit dependency on target 'libwebp-product' in project 'libwebp'
➜ Explicit dependency on target 'Kingfisher-product' in project 'Kingfisher'
Target 'Kingfisher-product' in project 'Kingfisher'
➜ Explicit dependency on target 'Kingfisher' in project 'Kingfisher'
➜ Explicit dependency on target 'Kingfisher_Kingfisher' in project 'Kingfisher'
Target 'Kingfisher' in project 'Kingfisher'
➜ Explicit dependency on target 'Kingfisher_Kingfisher' in project 'Kingfisher'
Target 'Kingfisher_Kingfisher' in project 'Kingfisher' (no dependencies)
Target 'libwebp-product' in project 'libwebp'
➜ Explicit dependency on target 'libwebp' in project 'libwebp'
Target 'libwebp' in project 'libwebp' (no dependencies)
GatherProvisioningInputs
CreateBuildDescription
/Users/admin/builder/spi-builder-workspace/KingfisherWebP.xcodeproj: error: The macOS deployment target 'MACOSX_DEPLOYMENT_TARGET' is set to 10.15, but the range of supported deployment target versions is 12.0 to 27.0.x. (in target 'KingfisherWebP' from project 'KingfisherWebP')
** BUILD FAILED **
The following build commands failed:
Building project KingfisherWebP with scheme KingfisherWebP
(1 failure)
BUILD FAILURE 6.4 macosXcodebuild