Build Information
Failed to build Bow OpenAPI, reference master (17cc43), with Swift 6.4 for watchOS using Xcode 27.0 on 17 Sep 2026 07:00:39 UTC.
Build Command
No build command. This typically means the build failed at an early stage where we determine the build command.Build Log
========================================
RunAll
========================================
Builder version: 5.1.0
Interrupt handler set up.
========================================
Checkout
========================================
Clone URL: https://github.com/bow-swift/bow-openapi.git
Reference: master
Initialized empty Git repository in /Users/admin/builder/spi-builder-workspace/.git/
From https://github.com/bow-swift/bow-openapi
* branch master -> FETCH_HEAD
* [new branch] master -> origin/master
HEAD is now at 17cc438 Fix CI - adoptopenjdk8 (#46)
Cloned https://github.com/bow-swift/bow-openapi.git
Revision (git rev-parse @):
17cc438b9739aa61d7646ca24ea70f4dc1dd7c3a
SUCCESS checkout https://github.com/bow-swift/bow-openapi.git at master
========================================
Build
========================================
Selected platform: watchOS
Swift version: 6.4
Building package at path: $PWD
https://github.com/bow-swift/bow-openapi.git
Command line invocation:
/Applications/Xcode-27.0.0-Release.Candidate.app/Contents/Developer/usr/bin/xcodebuild -IDEClonedSourcePackagesDirPathOverride=/Users/admin/builder/spi-builder-workspace/.dependencies -resolvePackageDependencies
Resolve Package Graph
the package at '/Users/admin/builder/spi-builder-workspace/Tests/Fixtures/FixturesAPI' cannot be accessed (/Users/admin/builder/spi-builder-workspace/Tests/Fixtures/FixturesAPI doesn't exist in file system)
Resolve Package Graph
the package at '/Users/admin/builder/spi-builder-workspace/Tests/Fixtures/FixturesAPI' cannot be accessed (/Users/admin/builder/spi-builder-workspace/Tests/Fixtures/FixturesAPI doesn't exist in file system)
Resolved source packages:
spi-builder-workspace: (null)
2026-09-17 03:00:38.177 xcodebuild[529:3054] Writing error result bundle to /var/folders/xq/y_g06wb113726d38xsyx71_h0000gn/T/ResultBundle_2026-17-09_03-00-0038.xcresult
xcodebuild: error: Could not resolve package dependencies:
the package at '/Users/admin/builder/spi-builder-workspace/Tests/Fixtures/FixturesAPI' cannot be accessed (/Users/admin/builder/spi-builder-workspace/Tests/Fixtures/FixturesAPI doesn't exist in file system)
Command line invocation:
/Applications/Xcode-27.0.0-Release.Candidate.app/Contents/Developer/usr/bin/xcodebuild -IDEClonedSourcePackagesDirPathOverride=/Users/admin/builder/spi-builder-workspace/.dependencies -resolvePackageDependencies
Resolve Package Graph
the package at '/Users/admin/builder/spi-builder-workspace/Tests/Fixtures/FixturesAPI' cannot be accessed (/Users/admin/builder/spi-builder-workspace/Tests/Fixtures/FixturesAPI doesn't exist in file system)
Resolved source packages:
spi-builder-workspace: (null)
2026-09-17 03:00:39.261 xcodebuild[599:3705] Writing error result bundle to /var/folders/xq/y_g06wb113726d38xsyx71_h0000gn/T/ResultBundle_2026-17-09_03-00-0039.xcresult
xcodebuild: error: Could not resolve package dependencies:
the package at '/Users/admin/builder/spi-builder-workspace/Tests/Fixtures/FixturesAPI' cannot be accessed (/Users/admin/builder/spi-builder-workspace/Tests/Fixtures/FixturesAPI doesn't exist in file system)
BUILD FAILURE 6.4 watchOS