The Swift Package Index logo.Swift Package Index

Build Information

Failed to build Finite, reference master (cbd5de), with Swift 6.4 for macOS (Xcode) using Xcode 27.0 on 16 Sep 2026 23:36:10 UTC.

Build Command

env DEVELOPER_DIR=/Applications/Xcode-27.0.0-Release.Candidate.app xcrun xcodebuild -IDEClonedSourcePackagesDirPathOverride=$PWD/.dependencies -skipMacroValidation -skipPackagePluginValidation -derivedDataPath $PWD/.derivedData build -scheme Finite-Package -destination platform=macOS,arch=arm64

Build Log

========================================
RunAll
========================================
Builder version: 5.1.0
Interrupt handler set up.
========================================
Checkout
========================================
Clone URL: https://github.com/vknabel/Finite.git
Reference: master
Initialized empty Git repository in /Users/admin/builder/spi-builder-workspace/.git/
From https://github.com/vknabel/Finite
 * branch            master     -> FETCH_HEAD
 * [new branch]      master     -> origin/master
HEAD is now at cbd5de6 Improvements for Swift 5.3
Cloned https://github.com/vknabel/Finite.git
Revision (git rev-parse @):
cbd5de6ebbabfb39a730d1357c1c3659f4301c45
SUCCESS checkout https://github.com/vknabel/Finite.git at master
========================================
Build
========================================
Selected platform:         macosXcodebuild
Swift version:             6.4
Building package at path:  $PWD
https://github.com/vknabel/Finite.git
Command line invocation:
    /Applications/Xcode-27.0.0-Release.Candidate.app/Contents/Developer/usr/bin/xcodebuild -IDEClonedSourcePackagesDirPathOverride=/Users/admin/builder/spi-builder-workspace/.dependencies -resolvePackageDependencies
resolved source packages:
{
  "dependencies" : [
    {
      "identity" : "komondor",
      "requirement" : {
        "range" : [
          {
            "lower_bound" : "1.0.4",
            "upper_bound" : "2.0.0"
          }
        ]
      },
      "type" : "sourceControl",
      "url" : "https://github.com/shibapm/Komondor.git"
    },
    {
      "identity" : "swiftformat",
      "requirement" : {
        "range" : [
          {
            "lower_bound" : "0.43.5",
            "upper_bound" : "1.0.0"
          }
        ]
      },
      "type" : "sourceControl",
      "url" : "https://github.com/nicklockwood/SwiftFormat.git"
    },
    {
      "identity" : "rocket",
      "requirement" : {
        "range" : [
          {
            "lower_bound" : "1.0.0",
            "upper_bound" : "2.0.0"
          }
        ]
      },
      "type" : "sourceControl",
      "url" : "https://github.com/f-meloni/Rocket.git"
    }
  ],
  "manifest_display_name" : "Finite",
  "name" : "Finite",
  "path" : "/Users/admin/builder/spi-builder-workspace",
  "platforms" : [
  ],
  "products" : [
    {
      "name" : "Finite",
      "targets" : [
        "Finite"
      ],
      "type" : {
        "library" : [
          "automatic"
        ]
      }
    }
  ],
  "targets" : [
    {
      "c99name" : "FiniteTests",
      "module_type" : "SwiftTarget",
      "name" : "FiniteTests",
      "path" : "Tests",
      "sources" : [
        "FiniteTests/StateFlowTests.swift",
        "FiniteTests/StateMachine.swift",
        "FiniteTests/SwiftShim.swift",
        "FiniteTests/TransitionTests.swift",
        "XCTestManifests.swift"
      ],
      "target_dependencies" : [
        "Finite"
      ],
      "type" : "test"
    },
    {
      "c99name" : "Finite",
      "module_type" : "SwiftTarget",
      "name" : "Finite",
      "path" : "Sources",
      "product_memberships" : [
        "Finite"
      ],
      "sources" : [
        "Ref.swift",
        "StateFlow.swift",
        "StateMachine.swift",
        "Transition.swift"
      ],
      "type" : "library"
    }
  ],
  "tools_version" : "5.0"
}
{
  "project" : {
    "configurations" : [
      "Debug",
      "Release"
    ],
    "name" : "Finite",
    "schemes" : [
      "Finite-Package"
    ],
    "targets" : [
      "Finite",
      "FinitePackageDescription",
      "FinitePackageTests",
      "FiniteTests"
    ]
  }
}
Running build ...
env DEVELOPER_DIR=/Applications/Xcode-27.0.0-Release.Candidate.app xcrun xcodebuild -IDEClonedSourcePackagesDirPathOverride=$PWD/.dependencies -skipMacroValidation -skipPackagePluginValidation -derivedDataPath $PWD/.derivedData build -scheme Finite-Package -destination platform=macOS,arch=arm64
Command line invocation:
    /Applications/Xcode-27.0.0-Release.Candidate.app/Contents/Developer/usr/bin/xcodebuild -IDEClonedSourcePackagesDirPathOverride=/Users/admin/builder/spi-builder-workspace/.dependencies -skipMacroValidation -skipPackagePluginValidation -derivedDataPath /Users/admin/builder/spi-builder-workspace/.derivedData build -scheme Finite-Package -destination platform=macOS,arch=arm64
ComputePackagePrebuildTargetDependencyGraph
Prepare packages
CreateBuildRequest
SendProjectDescription
CreateBuildOperation
ComputeTargetDependencyGraph
note: Building targets in dependency order
note: Target dependency graph (1 target)
    Target 'Finite' in project 'Finite' (no dependencies)
GatherProvisioningInputs
CreateBuildDescription
ExecuteExternalTool /Applications/Xcode-27.0.0-Release.Candidate.app/Contents/Developer/Toolchains/XcodeDefault.xctoolchain/usr/bin/clang -v -E -dM -isysroot /Applications/Xcode-27.0.0-Release.Candidate.app/Contents/Developer/Platforms/MacOSX.platform/Developer/SDKs/MacOSX27.0.sdk -x c -c /dev/null
ExecuteExternalTool /Applications/Xcode-27.0.0-Release.Candidate.app/Contents/Developer/Toolchains/XcodeDefault.xctoolchain/usr/bin/swiftc --version
ExecuteExternalTool /Applications/Xcode-27.0.0-Release.Candidate.app/Contents/Developer/Toolchains/XcodeDefault.xctoolchain/usr/bin/ld -version_details
Build description signature: 3ffa2716a6eb290c0bbc4c70cba0e0d5
Build description path: /Users/admin/builder/spi-builder-workspace/.derivedData/Build/Intermediates.noindex/XCBuildData/3ffa2716a6eb290c0bbc4c70cba0e0d5.xcbuilddata
/Users/admin/builder/spi-builder-workspace/Finite.xcodeproj: error: The macOS deployment target 'MACOSX_DEPLOYMENT_TARGET' is set to 10.10, but the range of supported deployment target versions is 12.0 to 27.0.x. (in target 'Finite' from project 'Finite')
** BUILD FAILED **
The following build commands failed:
	Building project Finite with scheme Finite-Package
(1 failure)
Command line invocation:
    /Applications/Xcode-27.0.0-Release.Candidate.app/Contents/Developer/usr/bin/xcodebuild -IDEClonedSourcePackagesDirPathOverride=/Users/admin/builder/spi-builder-workspace/.dependencies -resolvePackageDependencies
resolved source packages:
{
  "dependencies" : [
    {
      "identity" : "komondor",
      "requirement" : {
        "range" : [
          {
            "lower_bound" : "1.0.4",
            "upper_bound" : "2.0.0"
          }
        ]
      },
      "type" : "sourceControl",
      "url" : "https://github.com/shibapm/Komondor.git"
    },
    {
      "identity" : "swiftformat",
      "requirement" : {
        "range" : [
          {
            "lower_bound" : "0.43.5",
            "upper_bound" : "1.0.0"
          }
        ]
      },
      "type" : "sourceControl",
      "url" : "https://github.com/nicklockwood/SwiftFormat.git"
    },
    {
      "identity" : "rocket",
      "requirement" : {
        "range" : [
          {
            "lower_bound" : "1.0.0",
            "upper_bound" : "2.0.0"
          }
        ]
      },
      "type" : "sourceControl",
      "url" : "https://github.com/f-meloni/Rocket.git"
    }
  ],
  "manifest_display_name" : "Finite",
  "name" : "Finite",
  "path" : "/Users/admin/builder/spi-builder-workspace",
  "platforms" : [
  ],
  "products" : [
    {
      "name" : "Finite",
      "targets" : [
        "Finite"
      ],
      "type" : {
        "library" : [
          "automatic"
        ]
      }
    }
  ],
  "targets" : [
    {
      "c99name" : "FiniteTests",
      "module_type" : "SwiftTarget",
      "name" : "FiniteTests",
      "path" : "Tests",
      "sources" : [
        "FiniteTests/StateFlowTests.swift",
        "FiniteTests/StateMachine.swift",
        "FiniteTests/SwiftShim.swift",
        "FiniteTests/TransitionTests.swift",
        "XCTestManifests.swift"
      ],
      "target_dependencies" : [
        "Finite"
      ],
      "type" : "test"
    },
    {
      "c99name" : "Finite",
      "module_type" : "SwiftTarget",
      "name" : "Finite",
      "path" : "Sources",
      "product_memberships" : [
        "Finite"
      ],
      "sources" : [
        "Ref.swift",
        "StateFlow.swift",
        "StateMachine.swift",
        "Transition.swift"
      ],
      "type" : "library"
    }
  ],
  "tools_version" : "5.0"
}
{
  "project" : {
    "configurations" : [
      "Debug",
      "Release"
    ],
    "name" : "Finite",
    "schemes" : [
      "Finite-Package"
    ],
    "targets" : [
      "Finite",
      "FinitePackageDescription",
      "FinitePackageTests",
      "FiniteTests"
    ]
  }
}
Running build ...
env DEVELOPER_DIR=/Applications/Xcode-27.0.0-Release.Candidate.app xcrun xcodebuild -IDEClonedSourcePackagesDirPathOverride=$PWD/.dependencies -skipMacroValidation -skipPackagePluginValidation -derivedDataPath $PWD/.derivedData build -scheme Finite-Package -destination platform=macOS,arch=arm64
Command line invocation:
    /Applications/Xcode-27.0.0-Release.Candidate.app/Contents/Developer/usr/bin/xcodebuild -IDEClonedSourcePackagesDirPathOverride=/Users/admin/builder/spi-builder-workspace/.dependencies -skipMacroValidation -skipPackagePluginValidation -derivedDataPath /Users/admin/builder/spi-builder-workspace/.derivedData build -scheme Finite-Package -destination platform=macOS,arch=arm64
ComputePackagePrebuildTargetDependencyGraph
Prepare packages
CreateBuildRequest
SendProjectDescription
CreateBuildOperation
ComputeTargetDependencyGraph
note: Building targets in dependency order
note: Target dependency graph (1 target)
    Target 'Finite' in project 'Finite' (no dependencies)
GatherProvisioningInputs
CreateBuildDescription
/Users/admin/builder/spi-builder-workspace/Finite.xcodeproj: error: The macOS deployment target 'MACOSX_DEPLOYMENT_TARGET' is set to 10.10, but the range of supported deployment target versions is 12.0 to 27.0.x. (in target 'Finite' from project 'Finite')
** BUILD FAILED **
The following build commands failed:
	Building project Finite with scheme Finite-Package
(1 failure)
BUILD FAILURE 6.4 macosXcodebuild