The Swift Package Index logo.Swift Package Index

Build Information

Failed to build CZiti, reference 2.0.0-alpha6 (48ddcf), with Swift 6.4 for tvOS using Xcode 27.0 on 23 Sep 2026 05:45:04 UTC.

Build Command

No build command. This typically means the build failed at an early stage where we determine the build command.

Build Log

========================================
RunAll
========================================
Builder version: 5.1.0
Interrupt handler set up.
========================================
Checkout
========================================
Clone URL: https://github.com/openziti/ziti-sdk-swift-dist.git
Reference: 2.0.0-alpha6
Initialized empty Git repository in /Users/admin/builder/spi-builder-workspace/.git/
From https://github.com/openziti/ziti-sdk-swift-dist
 * tag               2.0.0-alpha6 -> FETCH_HEAD
HEAD is now at 48ddcfe update checksum after fixing release artifacts
Cloned https://github.com/openziti/ziti-sdk-swift-dist.git
Revision (git rev-parse @):
48ddcfe045862a58198e631d7f80806c6c4c68fd
SUCCESS checkout https://github.com/openziti/ziti-sdk-swift-dist.git at 2.0.0-alpha6
========================================
Build
========================================
Selected platform:         tvOS
Swift version:             6.4
Building package at path:  $PWD
https://github.com/openziti/ziti-sdk-swift-dist.git
Command line invocation:
    /Applications/Xcode-27.0.0-Release.Candidate.app/Contents/Developer/usr/bin/xcodebuild -IDEClonedSourcePackagesDirPathOverride=/Users/admin/builder/spi-builder-workspace/.dependencies -resolvePackageDependencies
Resolve Package Graph
failed downloading 'https://github.com/openziti/ziti-sdk-swift/releases/download/2.0.0-alpha6/CZiti.xcframework.zip' which is required by binary target 'CZiti': badResponseStatusCode(404)fatalError
Resolve Package Graph
failed downloading 'https://github.com/openziti/ziti-sdk-swift/releases/download/2.0.0-alpha6/CZiti.xcframework.zip' which is required by binary target 'CZiti': badResponseStatusCode(404)fatalError
Resolved source packages:
  spi-builder-workspace: (null)
2026-09-23 01:45:02.808 xcodebuild[524:2995] Writing error result bundle to /var/folders/xq/y_g06wb113726d38xsyx71_h0000gn/T/ResultBundle_2026-23-09_01-45-0002.xcresult
xcodebuild: error: Could not resolve package dependencies:
  failed downloading 'https://github.com/openziti/ziti-sdk-swift/releases/download/2.0.0-alpha6/CZiti.xcframework.zip' which is required by binary target 'CZiti': badResponseStatusCode(404)
  fatalError
Command line invocation:
    /Applications/Xcode-27.0.0-Release.Candidate.app/Contents/Developer/usr/bin/xcodebuild -IDEClonedSourcePackagesDirPathOverride=/Users/admin/builder/spi-builder-workspace/.dependencies -resolvePackageDependencies
Resolve Package Graph
failed downloading 'https://github.com/openziti/ziti-sdk-swift/releases/download/2.0.0-alpha6/CZiti.xcframework.zip' which is required by binary target 'CZiti': badResponseStatusCode(404)fatalError
Resolved source packages:
  spi-builder-workspace: (null)
2026-09-23 01:45:04.317 xcodebuild[593:3635] Writing error result bundle to /var/folders/xq/y_g06wb113726d38xsyx71_h0000gn/T/ResultBundle_2026-23-09_01-45-0004.xcresult
xcodebuild: error: Could not resolve package dependencies:
  failed downloading 'https://github.com/openziti/ziti-sdk-swift/releases/download/2.0.0-alpha6/CZiti.xcframework.zip' which is required by binary target 'CZiti': badResponseStatusCode(404)
  fatalError
BUILD FAILURE 6.4 tvOS