Build Information
Failed to build LinkerKitIRCBot, reference develop (888f93), with Swift 6.4 for watchOS using Xcode 27.0 on 16 Sep 2026 21:04:25 UTC.
Build Command
env DEVELOPER_DIR=/Applications/Xcode-27.0.0-Release.Candidate.app xcrun xcodebuild -IDEClonedSourcePackagesDirPathOverride=$PWD/.dependencies -skipMacroValidation -skipPackagePluginValidation -derivedDataPath $PWD/.derivedData build -scheme LinkerKitIRCBot-Package -destination generic/platform=watchOSBuild Log
SwiftCompile normal arm64 /Users/admin/builder/spi-builder-workspace/.dependencies/checkouts/swift-nio/Sources/NIO/ChannelInvoker.swift (in target 'NIO' from project 'swift-nio')
cd /Users/admin/builder/spi-builder-workspace/.swiftpm/xcode
builtin-SwiftPerFileCompile ChannelInvoker.swift
SwiftCompile normal arm64 /Users/admin/builder/spi-builder-workspace/.dependencies/checkouts/swift-nio/Sources/NIO/ChannelOption.swift (in target 'NIO' from project 'swift-nio')
cd /Users/admin/builder/spi-builder-workspace/.swiftpm/xcode
builtin-SwiftPerFileCompile ChannelOption.swift
SwiftCompile normal arm64 /Users/admin/builder/spi-builder-workspace/.dependencies/checkouts/swift-nio/Sources/NIO/ChannelPipeline.swift (in target 'NIO' from project 'swift-nio')
cd /Users/admin/builder/spi-builder-workspace/.swiftpm/xcode
builtin-SwiftPerFileCompile ChannelPipeline.swift
SwiftCompile normal arm64 /Users/admin/builder/spi-builder-workspace/.dependencies/checkouts/swift-nio/Sources/NIO/CircularBuffer.swift (in target 'NIO' from project 'swift-nio')
cd /Users/admin/builder/spi-builder-workspace/.swiftpm/xcode
builtin-SwiftPerFileCompile CircularBuffer.swift
SwiftCompile normal arm64 /Users/admin/builder/spi-builder-workspace/.dependencies/checkouts/swift-nio/Sources/NIO/Codec.swift (in target 'NIO' from project 'swift-nio')
cd /Users/admin/builder/spi-builder-workspace/.swiftpm/xcode
builtin-SwiftPerFileCompile Codec.swift
SwiftCompile normal arm64 /Users/admin/builder/spi-builder-workspace/.dependencies/checkouts/swift-nio/Sources/NIO/CompositeError.swift (in target 'NIO' from project 'swift-nio')
cd /Users/admin/builder/spi-builder-workspace/.swiftpm/xcode
builtin-SwiftPerFileCompile CompositeError.swift
SwiftDriverJobDiscovery normal arm64 Compiling ByteBuffer-core.swift, ByteBuffer-int.swift, ByteBuffer-views.swift, Channel.swift, ChannelHandler.swift, ChannelHandlers.swift (in target 'NIO' from project 'swift-nio')
SwiftEmitModule normal arm64_32 Emitting\ module\ for\ SwiftyGPIO (in target 'SwiftyGPIO' from project 'SwiftyGPIO')
SwiftCompile normal arm64_32 (in target 'SwiftyGPIO' from project 'SwiftyGPIO')
cd /Users/admin/builder/spi-builder-workspace/.swiftpm/xcode
SwiftDriverJobDiscovery normal arm64_32 Compiling ByteBuffer-core.swift, ByteBuffer-int.swift, ByteBuffer-views.swift, Channel.swift, ChannelHandler.swift, ChannelHandlers.swift (in target 'NIO' from project 'swift-nio')
SwiftEmitModule normal arm64_32 Emitting\ module\ for\ Eliza (in target 'Eliza' from project 'SwiftEliza')
SwiftCompile normal arm64_32 (in target 'Eliza' from project 'SwiftEliza')
cd /Users/admin/builder/spi-builder-workspace/.swiftpm/xcode
SwiftEmitModule normal arm64 Emitting\ module\ for\ SwiftyGPIO (in target 'SwiftyGPIO' from project 'SwiftyGPIO')
SwiftCompile normal arm64 (in target 'SwiftyGPIO' from project 'SwiftyGPIO')
cd /Users/admin/builder/spi-builder-workspace/.swiftpm/xcode
SwiftDriverJobDiscovery normal arm64_32 Compiling AddressedEnvelope.swift, BaseSocket.swift, BaseSocketChannel.swift, BlockingIOThreadPool.swift, Bootstrap.swift, ByteBuffer-aux.swift (in target 'NIO' from project 'swift-nio')
SwiftEmitModule normal arm64 Emitting\ module\ for\ Eliza (in target 'Eliza' from project 'SwiftEliza')
SwiftCompile normal arm64 (in target 'Eliza' from project 'SwiftEliza')
cd /Users/admin/builder/spi-builder-workspace/.swiftpm/xcode
SwiftDriverJobDiscovery normal arm64_32 Emitting module for Eliza (in target 'Eliza' from project 'SwiftEliza')
SwiftDriver\ Compilation\ Requirements Eliza normal arm64_32 com.apple.xcode.tools.swift.compiler (in target 'Eliza' from project 'SwiftEliza')
cd /Users/admin/builder/spi-builder-workspace/.swiftpm/xcode
builtin-Swift-Compilation-Requirements -- /Applications/Xcode-27.0.0-Release.Candidate.app/Contents/Developer/Toolchains/XcodeDefault.xctoolchain/usr/bin/swiftc -parse-as-library -module-name Eliza -Onone @/Users/admin/builder/spi-builder-workspace/.derivedData/Build/Intermediates.noindex/SwiftEliza.build/Debug-watchos/Eliza-t.build/Objects-normal/arm64_32/Eliza.SwiftFileList -DSWIFT_PACKAGE -DDEBUG -DSWIFT_MODULE_RESOURCE_BUNDLE_UNAVAILABLE -DXcode -plugin-path /Applications/Xcode-27.0.0-Release.Candidate.app/Contents/Developer/Toolchains/XcodeDefault.xctoolchain/usr/lib/swift/host/plugins/testing -enable-experimental-feature DebugDescriptionMacro -sdk /Applications/Xcode-27.0.0-Release.Candidate.app/Contents/Developer/Platforms/WatchOS.platform/Developer/SDKs/WatchOS27.0.sdk -target arm64_32-apple-watchos9.0 -g -module-cache-path /Users/admin/builder/spi-builder-workspace/.derivedData/ModuleCache.noindex -Xfrontend -serialize-debugging-options -enable-testing -suppress-warnings -index-store-path /Users/admin/builder/spi-builder-workspace/.derivedData/Index.noindex/DataStore -Xcc -D_LIBCPP_HARDENING_MODE\=_LIBCPP_HARDENING_MODE_DEBUG -swift-version 5 -I /Users/admin/builder/spi-builder-workspace/.derivedData/Build/Products/Debug-watchos -Isystem /Applications/Xcode-27.0.0-Release.Candidate.app/Contents/Developer/Platforms/WatchOS.platform/Developer/usr/lib -F /Users/admin/builder/spi-builder-workspace/.derivedData/Build/Products/Debug-watchos -F /Applications/Xcode-27.0.0-Release.Candidate.app/Contents/Developer/Platforms/WatchOS.platform/Developer/Library/Frameworks -F /Applications/Xcode-27.0.0-Release.Candidate.app/Contents/Developer/Platforms/WatchOS.platform/Developer/SDKs/WatchOS27.0.sdk/Developer/Library/Frameworks -c -j10 -enable-batch-mode -incremental -Xcc -ivfsstatcache -Xcc /Users/admin/builder/spi-builder-workspace/.derivedData/SDKStatCaches.noindex/watchos27.0-24R360-e829b21a6f8c9b70876ba0858053c04477534ef55a1706bf4c1112bbb242f0a2.sdkstatcache -output-file-map /Users/admin/builder/spi-builder-workspace/.derivedData/Build/Intermediates.noindex/SwiftEliza.build/Debug-watchos/Eliza-t.build/Objects-normal/arm64_32/Eliza-OutputFileMap.json -save-temps -no-color-diagnostics -explicit-module-build -module-cache-path /Users/admin/builder/spi-builder-workspace/.derivedData/Build/Intermediates.noindex/SwiftExplicitPrecompiledModules -clang-scanner-module-cache-path /Users/admin/builder/spi-builder-workspace/.derivedData/ModuleCache.noindex -sdk-module-cache-path /Users/admin/builder/spi-builder-workspace/.derivedData/SDKExplicitPrecompiledModules -emit-dependencies -emit-module -emit-module-path /Users/admin/builder/spi-builder-workspace/.derivedData/Build/Intermediates.noindex/SwiftEliza.build/Debug-watchos/Eliza-t.build/Objects-normal/arm64_32/Eliza.swiftmodule -serialize-diagnostics -dependency-scan-serialize-diagnostics-path /Users/admin/builder/spi-builder-workspace/.derivedData/Build/Intermediates.noindex/SwiftEliza.build/Debug-watchos/Eliza-t.build/Objects-normal/arm64_32/Eliza-dependency-scan.dia -validate-clang-modules-once -clang-build-session-file /Users/admin/builder/spi-builder-workspace/.derivedData/ModuleCache.noindex/Session.modulevalidation -Xcc -fmodules-prune-interval\=86400 -Xcc -fmodules-prune-after\=345600 -emit-const-values -const-gather-protocols-list /Users/admin/builder/spi-builder-workspace/.derivedData/Build/Intermediates.noindex/SwiftEliza.build/Debug-watchos/Eliza-t.build/Objects-normal/arm64_32/Eliza_const_extract_protocols.json -Xcc -I/Users/admin/builder/spi-builder-workspace/.derivedData/Build/Products/Debug-watchos/include -Xcc -I/Users/admin/builder/spi-builder-workspace/.derivedData/Build/Intermediates.noindex/SwiftEliza.build/Debug-watchos/Eliza-t.build/DerivedSources-normal/arm64_32 -Xcc -I/Users/admin/builder/spi-builder-workspace/.derivedData/Build/Intermediates.noindex/SwiftEliza.build/Debug-watchos/Eliza-t.build/DerivedSources/arm64_32 -Xcc -I/Users/admin/builder/spi-builder-workspace/.derivedData/Build/Intermediates.noindex/SwiftEliza.build/Debug-watchos/Eliza-t.build/DerivedSources -Xcc -DSWIFT_PACKAGE -Xcc -DDEBUG\=1 -emit-objc-header -emit-objc-header-path /Users/admin/builder/spi-builder-workspace/.derivedData/Build/Intermediates.noindex/SwiftEliza.build/Debug-watchos/Eliza-t.build/Objects-normal/arm64_32/Eliza-Swift.h -working-directory /Users/admin/builder/spi-builder-workspace/.swiftpm/xcode -experimental-emit-module-separately -disable-cmo
SwiftDriverJobDiscovery normal arm64 Compiling MarkedCircularBuffer.swift, MulticastChannel.swift, NIOAny.swift, NonBlockingFileIO.swift, PendingDatagramWritesManager.swift (in target 'NIO' from project 'swift-nio')
SwiftCompile normal arm64_32 Compiling\ ADC.swift /Users/admin/builder/spi-builder-workspace/.dependencies/checkouts/SwiftyGPIO/Sources/ADC.swift (in target 'SwiftyGPIO' from project 'SwiftyGPIO')
SwiftCompile normal arm64_32 /Users/admin/builder/spi-builder-workspace/.dependencies/checkouts/SwiftyGPIO/Sources/ADC.swift (in target 'SwiftyGPIO' from project 'SwiftyGPIO')
cd /Users/admin/builder/spi-builder-workspace/.swiftpm/xcode
builtin-SwiftPerFileCompile ADC.swift
Copy /Users/admin/builder/spi-builder-workspace/.derivedData/Build/Products/Debug-watchos/Eliza.swiftmodule/arm64_32-apple-watchos.swiftmodule /Users/admin/builder/spi-builder-workspace/.derivedData/Build/Intermediates.noindex/SwiftEliza.build/Debug-watchos/Eliza-t.build/Objects-normal/arm64_32/Eliza.swiftmodule (in target 'Eliza' from project 'SwiftEliza')
cd /Users/admin/builder/spi-builder-workspace/.dependencies/checkouts/SwiftEliza
builtin-copy -exclude .DS_Store -exclude CVS -exclude .svn -exclude .git -exclude .hg -resolve-src-symlinks -rename /Users/admin/builder/spi-builder-workspace/.derivedData/Build/Intermediates.noindex/SwiftEliza.build/Debug-watchos/Eliza-t.build/Objects-normal/arm64_32/Eliza.swiftmodule /Users/admin/builder/spi-builder-workspace/.derivedData/Build/Products/Debug-watchos/Eliza.swiftmodule/arm64_32-apple-watchos.swiftmodule
SwiftDriverJobDiscovery normal arm64_32 Emitting module for SwiftyGPIO (in target 'SwiftyGPIO' from project 'SwiftyGPIO')
SwiftDriver\ Compilation\ Requirements SwiftyGPIO normal arm64_32 com.apple.xcode.tools.swift.compiler (in target 'SwiftyGPIO' from project 'SwiftyGPIO')
cd /Users/admin/builder/spi-builder-workspace/.swiftpm/xcode
builtin-Swift-Compilation-Requirements -- /Applications/Xcode-27.0.0-Release.Candidate.app/Contents/Developer/Toolchains/XcodeDefault.xctoolchain/usr/bin/swiftc -parse-as-library -module-name SwiftyGPIO -Onone @/Users/admin/builder/spi-builder-workspace/.derivedData/Build/Intermediates.noindex/SwiftyGPIO.build/Debug-watchos/SwiftyGPIO-t.build/Objects-normal/arm64_32/SwiftyGPIO.SwiftFileList -DSWIFT_PACKAGE -DDEBUG -DSWIFT_MODULE_RESOURCE_BUNDLE_UNAVAILABLE -DXcode -plugin-path /Applications/Xcode-27.0.0-Release.Candidate.app/Contents/Developer/Toolchains/XcodeDefault.xctoolchain/usr/lib/swift/host/plugins/testing -enable-experimental-feature DebugDescriptionMacro -sdk /Applications/Xcode-27.0.0-Release.Candidate.app/Contents/Developer/Platforms/WatchOS.platform/Developer/SDKs/WatchOS27.0.sdk -target arm64_32-apple-watchos9.0 -g -module-cache-path /Users/admin/builder/spi-builder-workspace/.derivedData/ModuleCache.noindex -Xfrontend -serialize-debugging-options -enable-testing -suppress-warnings -index-store-path /Users/admin/builder/spi-builder-workspace/.derivedData/Index.noindex/DataStore -Xcc -D_LIBCPP_HARDENING_MODE\=_LIBCPP_HARDENING_MODE_DEBUG -swift-version 5 -I /Users/admin/builder/spi-builder-workspace/.derivedData/Build/Products/Debug-watchos -Isystem /Applications/Xcode-27.0.0-Release.Candidate.app/Contents/Developer/Platforms/WatchOS.platform/Developer/usr/lib -F /Users/admin/builder/spi-builder-workspace/.derivedData/Build/Products/Debug-watchos -F /Applications/Xcode-27.0.0-Release.Candidate.app/Contents/Developer/Platforms/WatchOS.platform/Developer/Library/Frameworks -F /Applications/Xcode-27.0.0-Release.Candidate.app/Contents/Developer/Platforms/WatchOS.platform/Developer/SDKs/WatchOS27.0.sdk/Developer/Library/Frameworks -c -j10 -enable-batch-mode -incremental -Xcc -ivfsstatcache -Xcc /Users/admin/builder/spi-builder-workspace/.derivedData/SDKStatCaches.noindex/watchos27.0-24R360-e829b21a6f8c9b70876ba0858053c04477534ef55a1706bf4c1112bbb242f0a2.sdkstatcache -output-file-map /Users/admin/builder/spi-builder-workspace/.derivedData/Build/Intermediates.noindex/SwiftyGPIO.build/Debug-watchos/SwiftyGPIO-t.build/Objects-normal/arm64_32/SwiftyGPIO-OutputFileMap.json -save-temps -no-color-diagnostics -explicit-module-build -module-cache-path /Users/admin/builder/spi-builder-workspace/.derivedData/Build/Intermediates.noindex/SwiftExplicitPrecompiledModules -clang-scanner-module-cache-path /Users/admin/builder/spi-builder-workspace/.derivedData/ModuleCache.noindex -sdk-module-cache-path /Users/admin/builder/spi-builder-workspace/.derivedData/SDKExplicitPrecompiledModules -emit-dependencies -emit-module -emit-module-path /Users/admin/builder/spi-builder-workspace/.derivedData/Build/Intermediates.noindex/SwiftyGPIO.build/Debug-watchos/SwiftyGPIO-t.build/Objects-normal/arm64_32/SwiftyGPIO.swiftmodule -serialize-diagnostics -dependency-scan-serialize-diagnostics-path /Users/admin/builder/spi-builder-workspace/.derivedData/Build/Intermediates.noindex/SwiftyGPIO.build/Debug-watchos/SwiftyGPIO-t.build/Objects-normal/arm64_32/SwiftyGPIO-dependency-scan.dia -validate-clang-modules-once -clang-build-session-file /Users/admin/builder/spi-builder-workspace/.derivedData/ModuleCache.noindex/Session.modulevalidation -Xcc -fmodules-prune-interval\=86400 -Xcc -fmodules-prune-after\=345600 -emit-const-values -const-gather-protocols-list /Users/admin/builder/spi-builder-workspace/.derivedData/Build/Intermediates.noindex/SwiftyGPIO.build/Debug-watchos/SwiftyGPIO-t.build/Objects-normal/arm64_32/SwiftyGPIO_const_extract_protocols.json -Xcc -I/Users/admin/builder/spi-builder-workspace/.derivedData/Build/Products/Debug-watchos/include -Xcc -I/Users/admin/builder/spi-builder-workspace/.derivedData/Build/Intermediates.noindex/SwiftyGPIO.build/Debug-watchos/SwiftyGPIO-t.build/DerivedSources-normal/arm64_32 -Xcc -I/Users/admin/builder/spi-builder-workspace/.derivedData/Build/Intermediates.noindex/SwiftyGPIO.build/Debug-watchos/SwiftyGPIO-t.build/DerivedSources/arm64_32 -Xcc -I/Users/admin/builder/spi-builder-workspace/.derivedData/Build/Intermediates.noindex/SwiftyGPIO.build/Debug-watchos/SwiftyGPIO-t.build/DerivedSources -Xcc -DSWIFT_PACKAGE -Xcc -DDEBUG\=1 -emit-objc-header -emit-objc-header-path /Users/admin/builder/spi-builder-workspace/.derivedData/Build/Intermediates.noindex/SwiftyGPIO.build/Debug-watchos/SwiftyGPIO-t.build/Objects-normal/arm64_32/SwiftyGPIO-Swift.h -working-directory /Users/admin/builder/spi-builder-workspace/.swiftpm/xcode -experimental-emit-module-separately -disable-cmo
Copy /Users/admin/builder/spi-builder-workspace/.derivedData/Build/Products/Debug-watchos/Eliza.swiftmodule/arm64_32-apple-watchos.swiftdoc /Users/admin/builder/spi-builder-workspace/.derivedData/Build/Intermediates.noindex/SwiftEliza.build/Debug-watchos/Eliza-t.build/Objects-normal/arm64_32/Eliza.swiftdoc (in target 'Eliza' from project 'SwiftEliza')
cd /Users/admin/builder/spi-builder-workspace/.dependencies/checkouts/SwiftEliza
builtin-copy -exclude .DS_Store -exclude CVS -exclude .svn -exclude .git -exclude .hg -resolve-src-symlinks -rename /Users/admin/builder/spi-builder-workspace/.derivedData/Build/Intermediates.noindex/SwiftEliza.build/Debug-watchos/Eliza-t.build/Objects-normal/arm64_32/Eliza.swiftdoc /Users/admin/builder/spi-builder-workspace/.derivedData/Build/Products/Debug-watchos/Eliza.swiftmodule/arm64_32-apple-watchos.swiftdoc
Copy /Users/admin/builder/spi-builder-workspace/.derivedData/Build/Products/Debug-watchos/SwiftyGPIO.swiftmodule/arm64_32-apple-watchos.swiftmodule /Users/admin/builder/spi-builder-workspace/.derivedData/Build/Intermediates.noindex/SwiftyGPIO.build/Debug-watchos/SwiftyGPIO-t.build/Objects-normal/arm64_32/SwiftyGPIO.swiftmodule (in target 'SwiftyGPIO' from project 'SwiftyGPIO')
cd /Users/admin/builder/spi-builder-workspace/.dependencies/checkouts/SwiftyGPIO
builtin-copy -exclude .DS_Store -exclude CVS -exclude .svn -exclude .git -exclude .hg -resolve-src-symlinks -rename /Users/admin/builder/spi-builder-workspace/.derivedData/Build/Intermediates.noindex/SwiftyGPIO.build/Debug-watchos/SwiftyGPIO-t.build/Objects-normal/arm64_32/SwiftyGPIO.swiftmodule /Users/admin/builder/spi-builder-workspace/.derivedData/Build/Products/Debug-watchos/SwiftyGPIO.swiftmodule/arm64_32-apple-watchos.swiftmodule
Copy /Users/admin/builder/spi-builder-workspace/.derivedData/Build/Products/Debug-watchos/SwiftyGPIO.swiftmodule/arm64_32-apple-watchos.swiftdoc /Users/admin/builder/spi-builder-workspace/.derivedData/Build/Intermediates.noindex/SwiftyGPIO.build/Debug-watchos/SwiftyGPIO-t.build/Objects-normal/arm64_32/SwiftyGPIO.swiftdoc (in target 'SwiftyGPIO' from project 'SwiftyGPIO')
cd /Users/admin/builder/spi-builder-workspace/.dependencies/checkouts/SwiftyGPIO
builtin-copy -exclude .DS_Store -exclude CVS -exclude .svn -exclude .git -exclude .hg -resolve-src-symlinks -rename /Users/admin/builder/spi-builder-workspace/.derivedData/Build/Intermediates.noindex/SwiftyGPIO.build/Debug-watchos/SwiftyGPIO-t.build/Objects-normal/arm64_32/SwiftyGPIO.swiftdoc /Users/admin/builder/spi-builder-workspace/.derivedData/Build/Products/Debug-watchos/SwiftyGPIO.swiftmodule/arm64_32-apple-watchos.swiftdoc
Copy /Users/admin/builder/spi-builder-workspace/.derivedData/Build/Products/Debug-watchos/SwiftyGPIO.swiftmodule/arm64_32-apple-watchos.abi.json /Users/admin/builder/spi-builder-workspace/.derivedData/Build/Intermediates.noindex/SwiftyGPIO.build/Debug-watchos/SwiftyGPIO-t.build/Objects-normal/arm64_32/SwiftyGPIO.abi.json (in target 'SwiftyGPIO' from project 'SwiftyGPIO')
cd /Users/admin/builder/spi-builder-workspace/.dependencies/checkouts/SwiftyGPIO
builtin-copy -exclude .DS_Store -exclude CVS -exclude .svn -exclude .git -exclude .hg -resolve-src-symlinks -rename /Users/admin/builder/spi-builder-workspace/.derivedData/Build/Intermediates.noindex/SwiftyGPIO.build/Debug-watchos/SwiftyGPIO-t.build/Objects-normal/arm64_32/SwiftyGPIO.abi.json /Users/admin/builder/spi-builder-workspace/.derivedData/Build/Products/Debug-watchos/SwiftyGPIO.swiftmodule/arm64_32-apple-watchos.abi.json
Copy /Users/admin/builder/spi-builder-workspace/.derivedData/Build/Products/Debug-watchos/SwiftyGPIO.swiftmodule/Project/arm64_32-apple-watchos.swiftsourceinfo /Users/admin/builder/spi-builder-workspace/.derivedData/Build/Intermediates.noindex/SwiftyGPIO.build/Debug-watchos/SwiftyGPIO-t.build/Objects-normal/arm64_32/SwiftyGPIO.swiftsourceinfo (in target 'SwiftyGPIO' from project 'SwiftyGPIO')
cd /Users/admin/builder/spi-builder-workspace/.dependencies/checkouts/SwiftyGPIO
builtin-copy -exclude .DS_Store -exclude CVS -exclude .svn -exclude .git -exclude .hg -resolve-src-symlinks -rename /Users/admin/builder/spi-builder-workspace/.derivedData/Build/Intermediates.noindex/SwiftyGPIO.build/Debug-watchos/SwiftyGPIO-t.build/Objects-normal/arm64_32/SwiftyGPIO.swiftsourceinfo /Users/admin/builder/spi-builder-workspace/.derivedData/Build/Products/Debug-watchos/SwiftyGPIO.swiftmodule/Project/arm64_32-apple-watchos.swiftsourceinfo
Copy /Users/admin/builder/spi-builder-workspace/.derivedData/Build/Products/Debug-watchos/Eliza.swiftmodule/arm64_32-apple-watchos.abi.json /Users/admin/builder/spi-builder-workspace/.derivedData/Build/Intermediates.noindex/SwiftEliza.build/Debug-watchos/Eliza-t.build/Objects-normal/arm64_32/Eliza.abi.json (in target 'Eliza' from project 'SwiftEliza')
cd /Users/admin/builder/spi-builder-workspace/.dependencies/checkouts/SwiftEliza
builtin-copy -exclude .DS_Store -exclude CVS -exclude .svn -exclude .git -exclude .hg -resolve-src-symlinks -rename /Users/admin/builder/spi-builder-workspace/.derivedData/Build/Intermediates.noindex/SwiftEliza.build/Debug-watchos/Eliza-t.build/Objects-normal/arm64_32/Eliza.abi.json /Users/admin/builder/spi-builder-workspace/.derivedData/Build/Products/Debug-watchos/Eliza.swiftmodule/arm64_32-apple-watchos.abi.json
Copy /Users/admin/builder/spi-builder-workspace/.derivedData/Build/Products/Debug-watchos/Eliza.swiftmodule/Project/arm64_32-apple-watchos.swiftsourceinfo /Users/admin/builder/spi-builder-workspace/.derivedData/Build/Intermediates.noindex/SwiftEliza.build/Debug-watchos/Eliza-t.build/Objects-normal/arm64_32/Eliza.swiftsourceinfo (in target 'Eliza' from project 'SwiftEliza')
cd /Users/admin/builder/spi-builder-workspace/.dependencies/checkouts/SwiftEliza
builtin-copy -exclude .DS_Store -exclude CVS -exclude .svn -exclude .git -exclude .hg -resolve-src-symlinks -rename /Users/admin/builder/spi-builder-workspace/.derivedData/Build/Intermediates.noindex/SwiftEliza.build/Debug-watchos/Eliza-t.build/Objects-normal/arm64_32/Eliza.swiftsourceinfo /Users/admin/builder/spi-builder-workspace/.derivedData/Build/Products/Debug-watchos/Eliza.swiftmodule/Project/arm64_32-apple-watchos.swiftsourceinfo
SwiftCompile normal arm64 Compiling\ PWM.swift /Users/admin/builder/spi-builder-workspace/.dependencies/checkouts/SwiftyGPIO/Sources/PWM.swift (in target 'SwiftyGPIO' from project 'SwiftyGPIO')
SwiftCompile normal arm64 /Users/admin/builder/spi-builder-workspace/.dependencies/checkouts/SwiftyGPIO/Sources/PWM.swift (in target 'SwiftyGPIO' from project 'SwiftyGPIO')
cd /Users/admin/builder/spi-builder-workspace/.swiftpm/xcode
builtin-SwiftPerFileCompile PWM.swift
SwiftCompile normal arm64 Compiling\ Presets.swift /Users/admin/builder/spi-builder-workspace/.dependencies/checkouts/SwiftyGPIO/Sources/Presets.swift (in target 'SwiftyGPIO' from project 'SwiftyGPIO')
SwiftCompile normal arm64 /Users/admin/builder/spi-builder-workspace/.dependencies/checkouts/SwiftyGPIO/Sources/Presets.swift (in target 'SwiftyGPIO' from project 'SwiftyGPIO')
cd /Users/admin/builder/spi-builder-workspace/.swiftpm/xcode
builtin-SwiftPerFileCompile Presets.swift
SwiftDriverJobDiscovery normal arm64 Emitting module for Eliza (in target 'Eliza' from project 'SwiftEliza')
SwiftDriver\ Compilation\ Requirements Eliza normal arm64 com.apple.xcode.tools.swift.compiler (in target 'Eliza' from project 'SwiftEliza')
cd /Users/admin/builder/spi-builder-workspace/.swiftpm/xcode
builtin-Swift-Compilation-Requirements -- /Applications/Xcode-27.0.0-Release.Candidate.app/Contents/Developer/Toolchains/XcodeDefault.xctoolchain/usr/bin/swiftc -parse-as-library -module-name Eliza -Onone @/Users/admin/builder/spi-builder-workspace/.derivedData/Build/Intermediates.noindex/SwiftEliza.build/Debug-watchos/Eliza-t.build/Objects-normal/arm64/Eliza.SwiftFileList -DSWIFT_PACKAGE -DDEBUG -DSWIFT_MODULE_RESOURCE_BUNDLE_UNAVAILABLE -DXcode -plugin-path /Applications/Xcode-27.0.0-Release.Candidate.app/Contents/Developer/Toolchains/XcodeDefault.xctoolchain/usr/lib/swift/host/plugins/testing -enable-experimental-feature DebugDescriptionMacro -sdk /Applications/Xcode-27.0.0-Release.Candidate.app/Contents/Developer/Platforms/WatchOS.platform/Developer/SDKs/WatchOS27.0.sdk -target arm64-apple-watchos9.0 -g -module-cache-path /Users/admin/builder/spi-builder-workspace/.derivedData/ModuleCache.noindex -Xfrontend -serialize-debugging-options -enable-testing -suppress-warnings -index-store-path /Users/admin/builder/spi-builder-workspace/.derivedData/Index.noindex/DataStore -Xcc -D_LIBCPP_HARDENING_MODE\=_LIBCPP_HARDENING_MODE_DEBUG -swift-version 5 -I /Users/admin/builder/spi-builder-workspace/.derivedData/Build/Products/Debug-watchos -Isystem /Applications/Xcode-27.0.0-Release.Candidate.app/Contents/Developer/Platforms/WatchOS.platform/Developer/usr/lib -F /Users/admin/builder/spi-builder-workspace/.derivedData/Build/Products/Debug-watchos -F /Applications/Xcode-27.0.0-Release.Candidate.app/Contents/Developer/Platforms/WatchOS.platform/Developer/Library/Frameworks -F /Applications/Xcode-27.0.0-Release.Candidate.app/Contents/Developer/Platforms/WatchOS.platform/Developer/SDKs/WatchOS27.0.sdk/Developer/Library/Frameworks -c -j10 -enable-batch-mode -incremental -Xcc -ivfsstatcache -Xcc /Users/admin/builder/spi-builder-workspace/.derivedData/SDKStatCaches.noindex/watchos27.0-24R360-e829b21a6f8c9b70876ba0858053c04477534ef55a1706bf4c1112bbb242f0a2.sdkstatcache -output-file-map /Users/admin/builder/spi-builder-workspace/.derivedData/Build/Intermediates.noindex/SwiftEliza.build/Debug-watchos/Eliza-t.build/Objects-normal/arm64/Eliza-OutputFileMap.json -save-temps -no-color-diagnostics -explicit-module-build -module-cache-path /Users/admin/builder/spi-builder-workspace/.derivedData/Build/Intermediates.noindex/SwiftExplicitPrecompiledModules -clang-scanner-module-cache-path /Users/admin/builder/spi-builder-workspace/.derivedData/ModuleCache.noindex -sdk-module-cache-path /Users/admin/builder/spi-builder-workspace/.derivedData/SDKExplicitPrecompiledModules -emit-dependencies -emit-module -emit-module-path /Users/admin/builder/spi-builder-workspace/.derivedData/Build/Intermediates.noindex/SwiftEliza.build/Debug-watchos/Eliza-t.build/Objects-normal/arm64/Eliza.swiftmodule -serialize-diagnostics -dependency-scan-serialize-diagnostics-path /Users/admin/builder/spi-builder-workspace/.derivedData/Build/Intermediates.noindex/SwiftEliza.build/Debug-watchos/Eliza-t.build/Objects-normal/arm64/Eliza-dependency-scan.dia -validate-clang-modules-once -clang-build-session-file /Users/admin/builder/spi-builder-workspace/.derivedData/ModuleCache.noindex/Session.modulevalidation -Xcc -fmodules-prune-interval\=86400 -Xcc -fmodules-prune-after\=345600 -emit-const-values -const-gather-protocols-list /Users/admin/builder/spi-builder-workspace/.derivedData/Build/Intermediates.noindex/SwiftEliza.build/Debug-watchos/Eliza-t.build/Objects-normal/arm64/Eliza_const_extract_protocols.json -Xcc -I/Users/admin/builder/spi-builder-workspace/.derivedData/Build/Products/Debug-watchos/include -Xcc -I/Users/admin/builder/spi-builder-workspace/.derivedData/Build/Intermediates.noindex/SwiftEliza.build/Debug-watchos/Eliza-t.build/DerivedSources-normal/arm64 -Xcc -I/Users/admin/builder/spi-builder-workspace/.derivedData/Build/Intermediates.noindex/SwiftEliza.build/Debug-watchos/Eliza-t.build/DerivedSources/arm64 -Xcc -I/Users/admin/builder/spi-builder-workspace/.derivedData/Build/Intermediates.noindex/SwiftEliza.build/Debug-watchos/Eliza-t.build/DerivedSources -Xcc -DSWIFT_PACKAGE -Xcc -DDEBUG\=1 -emit-objc-header -emit-objc-header-path /Users/admin/builder/spi-builder-workspace/.derivedData/Build/Intermediates.noindex/SwiftEliza.build/Debug-watchos/Eliza-t.build/Objects-normal/arm64/Eliza-Swift.h -working-directory /Users/admin/builder/spi-builder-workspace/.swiftpm/xcode -experimental-emit-module-separately -disable-cmo
SwiftDriverJobDiscovery normal arm64 Emitting module for SwiftyGPIO (in target 'SwiftyGPIO' from project 'SwiftyGPIO')
SwiftDriver\ Compilation\ Requirements SwiftyGPIO normal arm64 com.apple.xcode.tools.swift.compiler (in target 'SwiftyGPIO' from project 'SwiftyGPIO')
cd /Users/admin/builder/spi-builder-workspace/.swiftpm/xcode
builtin-Swift-Compilation-Requirements -- /Applications/Xcode-27.0.0-Release.Candidate.app/Contents/Developer/Toolchains/XcodeDefault.xctoolchain/usr/bin/swiftc -parse-as-library -module-name SwiftyGPIO -Onone @/Users/admin/builder/spi-builder-workspace/.derivedData/Build/Intermediates.noindex/SwiftyGPIO.build/Debug-watchos/SwiftyGPIO-t.build/Objects-normal/arm64/SwiftyGPIO.SwiftFileList -DSWIFT_PACKAGE -DDEBUG -DSWIFT_MODULE_RESOURCE_BUNDLE_UNAVAILABLE -DXcode -plugin-path /Applications/Xcode-27.0.0-Release.Candidate.app/Contents/Developer/Toolchains/XcodeDefault.xctoolchain/usr/lib/swift/host/plugins/testing -enable-experimental-feature DebugDescriptionMacro -sdk /Applications/Xcode-27.0.0-Release.Candidate.app/Contents/Developer/Platforms/WatchOS.platform/Developer/SDKs/WatchOS27.0.sdk -target arm64-apple-watchos9.0 -g -module-cache-path /Users/admin/builder/spi-builder-workspace/.derivedData/ModuleCache.noindex -Xfrontend -serialize-debugging-options -enable-testing -suppress-warnings -index-store-path /Users/admin/builder/spi-builder-workspace/.derivedData/Index.noindex/DataStore -Xcc -D_LIBCPP_HARDENING_MODE\=_LIBCPP_HARDENING_MODE_DEBUG -swift-version 5 -I /Users/admin/builder/spi-builder-workspace/.derivedData/Build/Products/Debug-watchos -Isystem /Applications/Xcode-27.0.0-Release.Candidate.app/Contents/Developer/Platforms/WatchOS.platform/Developer/usr/lib -F /Users/admin/builder/spi-builder-workspace/.derivedData/Build/Products/Debug-watchos -F /Applications/Xcode-27.0.0-Release.Candidate.app/Contents/Developer/Platforms/WatchOS.platform/Developer/Library/Frameworks -F /Applications/Xcode-27.0.0-Release.Candidate.app/Contents/Developer/Platforms/WatchOS.platform/Developer/SDKs/WatchOS27.0.sdk/Developer/Library/Frameworks -c -j10 -enable-batch-mode -incremental -Xcc -ivfsstatcache -Xcc /Users/admin/builder/spi-builder-workspace/.derivedData/SDKStatCaches.noindex/watchos27.0-24R360-e829b21a6f8c9b70876ba0858053c04477534ef55a1706bf4c1112bbb242f0a2.sdkstatcache -output-file-map /Users/admin/builder/spi-builder-workspace/.derivedData/Build/Intermediates.noindex/SwiftyGPIO.build/Debug-watchos/SwiftyGPIO-t.build/Objects-normal/arm64/SwiftyGPIO-OutputFileMap.json -save-temps -no-color-diagnostics -explicit-module-build -module-cache-path /Users/admin/builder/spi-builder-workspace/.derivedData/Build/Intermediates.noindex/SwiftExplicitPrecompiledModules -clang-scanner-module-cache-path /Users/admin/builder/spi-builder-workspace/.derivedData/ModuleCache.noindex -sdk-module-cache-path /Users/admin/builder/spi-builder-workspace/.derivedData/SDKExplicitPrecompiledModules -emit-dependencies -emit-module -emit-module-path /Users/admin/builder/spi-builder-workspace/.derivedData/Build/Intermediates.noindex/SwiftyGPIO.build/Debug-watchos/SwiftyGPIO-t.build/Objects-normal/arm64/SwiftyGPIO.swiftmodule -serialize-diagnostics -dependency-scan-serialize-diagnostics-path /Users/admin/builder/spi-builder-workspace/.derivedData/Build/Intermediates.noindex/SwiftyGPIO.build/Debug-watchos/SwiftyGPIO-t.build/Objects-normal/arm64/SwiftyGPIO-dependency-scan.dia -validate-clang-modules-once -clang-build-session-file /Users/admin/builder/spi-builder-workspace/.derivedData/ModuleCache.noindex/Session.modulevalidation -Xcc -fmodules-prune-interval\=86400 -Xcc -fmodules-prune-after\=345600 -emit-const-values -const-gather-protocols-list /Users/admin/builder/spi-builder-workspace/.derivedData/Build/Intermediates.noindex/SwiftyGPIO.build/Debug-watchos/SwiftyGPIO-t.build/Objects-normal/arm64/SwiftyGPIO_const_extract_protocols.json -Xcc -I/Users/admin/builder/spi-builder-workspace/.derivedData/Build/Products/Debug-watchos/include -Xcc -I/Users/admin/builder/spi-builder-workspace/.derivedData/Build/Intermediates.noindex/SwiftyGPIO.build/Debug-watchos/SwiftyGPIO-t.build/DerivedSources-normal/arm64 -Xcc -I/Users/admin/builder/spi-builder-workspace/.derivedData/Build/Intermediates.noindex/SwiftyGPIO.build/Debug-watchos/SwiftyGPIO-t.build/DerivedSources/arm64 -Xcc -I/Users/admin/builder/spi-builder-workspace/.derivedData/Build/Intermediates.noindex/SwiftyGPIO.build/Debug-watchos/SwiftyGPIO-t.build/DerivedSources -Xcc -DSWIFT_PACKAGE -Xcc -DDEBUG\=1 -emit-objc-header -emit-objc-header-path /Users/admin/builder/spi-builder-workspace/.derivedData/Build/Intermediates.noindex/SwiftyGPIO.build/Debug-watchos/SwiftyGPIO-t.build/Objects-normal/arm64/SwiftyGPIO-Swift.h -working-directory /Users/admin/builder/spi-builder-workspace/.swiftpm/xcode -experimental-emit-module-separately -disable-cmo
SwiftMergeGeneratedHeaders /Users/admin/builder/spi-builder-workspace/.derivedData/Build/Intermediates.noindex/GeneratedModuleMaps-watchos/Eliza-Swift.h /Users/admin/builder/spi-builder-workspace/.derivedData/Build/Intermediates.noindex/SwiftEliza.build/Debug-watchos/Eliza-t.build/Objects-normal/arm64/Eliza-Swift.h /Users/admin/builder/spi-builder-workspace/.derivedData/Build/Intermediates.noindex/SwiftEliza.build/Debug-watchos/Eliza-t.build/Objects-normal/arm64_32/Eliza-Swift.h (in target 'Eliza' from project 'SwiftEliza')
cd /Users/admin/builder/spi-builder-workspace/.dependencies/checkouts/SwiftEliza
builtin-swiftHeaderTool -arch arm64 /Users/admin/builder/spi-builder-workspace/.derivedData/Build/Intermediates.noindex/SwiftEliza.build/Debug-watchos/Eliza-t.build/Objects-normal/arm64/Eliza-Swift.h -arch arm64_32 /Users/admin/builder/spi-builder-workspace/.derivedData/Build/Intermediates.noindex/SwiftEliza.build/Debug-watchos/Eliza-t.build/Objects-normal/arm64_32/Eliza-Swift.h -o /Users/admin/builder/spi-builder-workspace/.derivedData/Build/Intermediates.noindex/GeneratedModuleMaps-watchos/Eliza-Swift.h
SwiftMergeGeneratedHeaders /Users/admin/builder/spi-builder-workspace/.derivedData/Build/Intermediates.noindex/GeneratedModuleMaps-watchos/SwiftyGPIO-Swift.h /Users/admin/builder/spi-builder-workspace/.derivedData/Build/Intermediates.noindex/SwiftyGPIO.build/Debug-watchos/SwiftyGPIO-t.build/Objects-normal/arm64/SwiftyGPIO-Swift.h /Users/admin/builder/spi-builder-workspace/.derivedData/Build/Intermediates.noindex/SwiftyGPIO.build/Debug-watchos/SwiftyGPIO-t.build/Objects-normal/arm64_32/SwiftyGPIO-Swift.h (in target 'SwiftyGPIO' from project 'SwiftyGPIO')
cd /Users/admin/builder/spi-builder-workspace/.dependencies/checkouts/SwiftyGPIO
builtin-swiftHeaderTool -arch arm64 /Users/admin/builder/spi-builder-workspace/.derivedData/Build/Intermediates.noindex/SwiftyGPIO.build/Debug-watchos/SwiftyGPIO-t.build/Objects-normal/arm64/SwiftyGPIO-Swift.h -arch arm64_32 /Users/admin/builder/spi-builder-workspace/.derivedData/Build/Intermediates.noindex/SwiftyGPIO.build/Debug-watchos/SwiftyGPIO-t.build/Objects-normal/arm64_32/SwiftyGPIO-Swift.h -o /Users/admin/builder/spi-builder-workspace/.derivedData/Build/Intermediates.noindex/GeneratedModuleMaps-watchos/SwiftyGPIO-Swift.h
Copy /Users/admin/builder/spi-builder-workspace/.derivedData/Build/Products/Debug-watchos/SwiftyGPIO.swiftmodule/arm64-apple-watchos.swiftmodule /Users/admin/builder/spi-builder-workspace/.derivedData/Build/Intermediates.noindex/SwiftyGPIO.build/Debug-watchos/SwiftyGPIO-t.build/Objects-normal/arm64/SwiftyGPIO.swiftmodule (in target 'SwiftyGPIO' from project 'SwiftyGPIO')
cd /Users/admin/builder/spi-builder-workspace/.dependencies/checkouts/SwiftyGPIO
builtin-copy -exclude .DS_Store -exclude CVS -exclude .svn -exclude .git -exclude .hg -resolve-src-symlinks -rename /Users/admin/builder/spi-builder-workspace/.derivedData/Build/Intermediates.noindex/SwiftyGPIO.build/Debug-watchos/SwiftyGPIO-t.build/Objects-normal/arm64/SwiftyGPIO.swiftmodule /Users/admin/builder/spi-builder-workspace/.derivedData/Build/Products/Debug-watchos/SwiftyGPIO.swiftmodule/arm64-apple-watchos.swiftmodule
Copy /Users/admin/builder/spi-builder-workspace/.derivedData/Build/Products/Debug-watchos/SwiftyGPIO.swiftmodule/arm64-apple-watchos.swiftdoc /Users/admin/builder/spi-builder-workspace/.derivedData/Build/Intermediates.noindex/SwiftyGPIO.build/Debug-watchos/SwiftyGPIO-t.build/Objects-normal/arm64/SwiftyGPIO.swiftdoc (in target 'SwiftyGPIO' from project 'SwiftyGPIO')
cd /Users/admin/builder/spi-builder-workspace/.dependencies/checkouts/SwiftyGPIO
builtin-copy -exclude .DS_Store -exclude CVS -exclude .svn -exclude .git -exclude .hg -resolve-src-symlinks -rename /Users/admin/builder/spi-builder-workspace/.derivedData/Build/Intermediates.noindex/SwiftyGPIO.build/Debug-watchos/SwiftyGPIO-t.build/Objects-normal/arm64/SwiftyGPIO.swiftdoc /Users/admin/builder/spi-builder-workspace/.derivedData/Build/Products/Debug-watchos/SwiftyGPIO.swiftmodule/arm64-apple-watchos.swiftdoc
Copy /Users/admin/builder/spi-builder-workspace/.derivedData/Build/Products/Debug-watchos/SwiftyGPIO.swiftmodule/arm64-apple-watchos.abi.json /Users/admin/builder/spi-builder-workspace/.derivedData/Build/Intermediates.noindex/SwiftyGPIO.build/Debug-watchos/SwiftyGPIO-t.build/Objects-normal/arm64/SwiftyGPIO.abi.json (in target 'SwiftyGPIO' from project 'SwiftyGPIO')
cd /Users/admin/builder/spi-builder-workspace/.dependencies/checkouts/SwiftyGPIO
builtin-copy -exclude .DS_Store -exclude CVS -exclude .svn -exclude .git -exclude .hg -resolve-src-symlinks -rename /Users/admin/builder/spi-builder-workspace/.derivedData/Build/Intermediates.noindex/SwiftyGPIO.build/Debug-watchos/SwiftyGPIO-t.build/Objects-normal/arm64/SwiftyGPIO.abi.json /Users/admin/builder/spi-builder-workspace/.derivedData/Build/Products/Debug-watchos/SwiftyGPIO.swiftmodule/arm64-apple-watchos.abi.json
Copy /Users/admin/builder/spi-builder-workspace/.derivedData/Build/Products/Debug-watchos/SwiftyGPIO.swiftmodule/Project/arm64-apple-watchos.swiftsourceinfo /Users/admin/builder/spi-builder-workspace/.derivedData/Build/Intermediates.noindex/SwiftyGPIO.build/Debug-watchos/SwiftyGPIO-t.build/Objects-normal/arm64/SwiftyGPIO.swiftsourceinfo (in target 'SwiftyGPIO' from project 'SwiftyGPIO')
cd /Users/admin/builder/spi-builder-workspace/.dependencies/checkouts/SwiftyGPIO
builtin-copy -exclude .DS_Store -exclude CVS -exclude .svn -exclude .git -exclude .hg -resolve-src-symlinks -rename /Users/admin/builder/spi-builder-workspace/.derivedData/Build/Intermediates.noindex/SwiftyGPIO.build/Debug-watchos/SwiftyGPIO-t.build/Objects-normal/arm64/SwiftyGPIO.swiftsourceinfo /Users/admin/builder/spi-builder-workspace/.derivedData/Build/Products/Debug-watchos/SwiftyGPIO.swiftmodule/Project/arm64-apple-watchos.swiftsourceinfo
Copy /Users/admin/builder/spi-builder-workspace/.derivedData/Build/Products/Debug-watchos/Eliza.swiftmodule/arm64-apple-watchos.swiftmodule /Users/admin/builder/spi-builder-workspace/.derivedData/Build/Intermediates.noindex/SwiftEliza.build/Debug-watchos/Eliza-t.build/Objects-normal/arm64/Eliza.swiftmodule (in target 'Eliza' from project 'SwiftEliza')
cd /Users/admin/builder/spi-builder-workspace/.dependencies/checkouts/SwiftEliza
builtin-copy -exclude .DS_Store -exclude CVS -exclude .svn -exclude .git -exclude .hg -resolve-src-symlinks -rename /Users/admin/builder/spi-builder-workspace/.derivedData/Build/Intermediates.noindex/SwiftEliza.build/Debug-watchos/Eliza-t.build/Objects-normal/arm64/Eliza.swiftmodule /Users/admin/builder/spi-builder-workspace/.derivedData/Build/Products/Debug-watchos/Eliza.swiftmodule/arm64-apple-watchos.swiftmodule
Copy /Users/admin/builder/spi-builder-workspace/.derivedData/Build/Products/Debug-watchos/Eliza.swiftmodule/arm64-apple-watchos.swiftdoc /Users/admin/builder/spi-builder-workspace/.derivedData/Build/Intermediates.noindex/SwiftEliza.build/Debug-watchos/Eliza-t.build/Objects-normal/arm64/Eliza.swiftdoc (in target 'Eliza' from project 'SwiftEliza')
cd /Users/admin/builder/spi-builder-workspace/.dependencies/checkouts/SwiftEliza
builtin-copy -exclude .DS_Store -exclude CVS -exclude .svn -exclude .git -exclude .hg -resolve-src-symlinks -rename /Users/admin/builder/spi-builder-workspace/.derivedData/Build/Intermediates.noindex/SwiftEliza.build/Debug-watchos/Eliza-t.build/Objects-normal/arm64/Eliza.swiftdoc /Users/admin/builder/spi-builder-workspace/.derivedData/Build/Products/Debug-watchos/Eliza.swiftmodule/arm64-apple-watchos.swiftdoc
Copy /Users/admin/builder/spi-builder-workspace/.derivedData/Build/Products/Debug-watchos/Eliza.swiftmodule/arm64-apple-watchos.abi.json /Users/admin/builder/spi-builder-workspace/.derivedData/Build/Intermediates.noindex/SwiftEliza.build/Debug-watchos/Eliza-t.build/Objects-normal/arm64/Eliza.abi.json (in target 'Eliza' from project 'SwiftEliza')
cd /Users/admin/builder/spi-builder-workspace/.dependencies/checkouts/SwiftEliza
builtin-copy -exclude .DS_Store -exclude CVS -exclude .svn -exclude .git -exclude .hg -resolve-src-symlinks -rename /Users/admin/builder/spi-builder-workspace/.derivedData/Build/Intermediates.noindex/SwiftEliza.build/Debug-watchos/Eliza-t.build/Objects-normal/arm64/Eliza.abi.json /Users/admin/builder/spi-builder-workspace/.derivedData/Build/Products/Debug-watchos/Eliza.swiftmodule/arm64-apple-watchos.abi.json
Copy /Users/admin/builder/spi-builder-workspace/.derivedData/Build/Products/Debug-watchos/Eliza.swiftmodule/Project/arm64-apple-watchos.swiftsourceinfo /Users/admin/builder/spi-builder-workspace/.derivedData/Build/Intermediates.noindex/SwiftEliza.build/Debug-watchos/Eliza-t.build/Objects-normal/arm64/Eliza.swiftsourceinfo (in target 'Eliza' from project 'SwiftEliza')
cd /Users/admin/builder/spi-builder-workspace/.dependencies/checkouts/SwiftEliza
builtin-copy -exclude .DS_Store -exclude CVS -exclude .svn -exclude .git -exclude .hg -resolve-src-symlinks -rename /Users/admin/builder/spi-builder-workspace/.derivedData/Build/Intermediates.noindex/SwiftEliza.build/Debug-watchos/Eliza-t.build/Objects-normal/arm64/Eliza.swiftsourceinfo /Users/admin/builder/spi-builder-workspace/.derivedData/Build/Products/Debug-watchos/Eliza.swiftmodule/Project/arm64-apple-watchos.swiftsourceinfo
SwiftCompile normal arm64_32 Compiling\ I2C.swift /Users/admin/builder/spi-builder-workspace/.dependencies/checkouts/SwiftyGPIO/Sources/I2C.swift (in target 'SwiftyGPIO' from project 'SwiftyGPIO')
SwiftCompile normal arm64_32 /Users/admin/builder/spi-builder-workspace/.dependencies/checkouts/SwiftyGPIO/Sources/I2C.swift (in target 'SwiftyGPIO' from project 'SwiftyGPIO')
cd /Users/admin/builder/spi-builder-workspace/.swiftpm/xcode
builtin-SwiftPerFileCompile I2C.swift
SwiftCompile normal arm64 Compiling\ ADC.swift /Users/admin/builder/spi-builder-workspace/.dependencies/checkouts/SwiftyGPIO/Sources/ADC.swift (in target 'SwiftyGPIO' from project 'SwiftyGPIO')
SwiftCompile normal arm64 /Users/admin/builder/spi-builder-workspace/.dependencies/checkouts/SwiftyGPIO/Sources/ADC.swift (in target 'SwiftyGPIO' from project 'SwiftyGPIO')
cd /Users/admin/builder/spi-builder-workspace/.swiftpm/xcode
builtin-SwiftPerFileCompile ADC.swift
SwiftDriverJobDiscovery normal arm64 Compiling Presets.swift (in target 'SwiftyGPIO' from project 'SwiftyGPIO')
SwiftDriverJobDiscovery normal arm64 Compiling ChannelInvoker.swift, ChannelOption.swift, ChannelPipeline.swift, CircularBuffer.swift, Codec.swift, CompositeError.swift (in target 'NIO' from project 'swift-nio')
SwiftCompile normal arm64 Compiling\ SwiftyGPIO.swift /Users/admin/builder/spi-builder-workspace/.dependencies/checkouts/SwiftyGPIO/Sources/SwiftyGPIO.swift (in target 'SwiftyGPIO' from project 'SwiftyGPIO')
SwiftCompile normal arm64 /Users/admin/builder/spi-builder-workspace/.dependencies/checkouts/SwiftyGPIO/Sources/SwiftyGPIO.swift (in target 'SwiftyGPIO' from project 'SwiftyGPIO')
cd /Users/admin/builder/spi-builder-workspace/.swiftpm/xcode
builtin-SwiftPerFileCompile SwiftyGPIO.swift
SwiftDriverJobDiscovery normal arm64_32 Compiling ChannelInvoker.swift, ChannelOption.swift, ChannelPipeline.swift, CircularBuffer.swift, Codec.swift, CompositeError.swift (in target 'NIO' from project 'swift-nio')
SwiftCompile normal arm64_32 Compiling\ 1Wire.swift /Users/admin/builder/spi-builder-workspace/.dependencies/checkouts/SwiftyGPIO/Sources/1Wire.swift (in target 'SwiftyGPIO' from project 'SwiftyGPIO')
SwiftCompile normal arm64_32 /Users/admin/builder/spi-builder-workspace/.dependencies/checkouts/SwiftyGPIO/Sources/1Wire.swift (in target 'SwiftyGPIO' from project 'SwiftyGPIO')
cd /Users/admin/builder/spi-builder-workspace/.swiftpm/xcode
builtin-SwiftPerFileCompile 1Wire.swift
SwiftDriverJobDiscovery normal arm64_32 Compiling I2C.swift (in target 'SwiftyGPIO' from project 'SwiftyGPIO')
SwiftCompile normal arm64_32 Compiling\ PWM.swift /Users/admin/builder/spi-builder-workspace/.dependencies/checkouts/SwiftyGPIO/Sources/PWM.swift (in target 'SwiftyGPIO' from project 'SwiftyGPIO')
SwiftCompile normal arm64_32 /Users/admin/builder/spi-builder-workspace/.dependencies/checkouts/SwiftyGPIO/Sources/PWM.swift (in target 'SwiftyGPIO' from project 'SwiftyGPIO')
cd /Users/admin/builder/spi-builder-workspace/.swiftpm/xcode
builtin-SwiftPerFileCompile PWM.swift
SwiftCompile normal arm64_32 Compiling\ Mailbox.swift /Users/admin/builder/spi-builder-workspace/.dependencies/checkouts/SwiftyGPIO/Sources/Mailbox.swift (in target 'SwiftyGPIO' from project 'SwiftyGPIO')
SwiftCompile normal arm64_32 /Users/admin/builder/spi-builder-workspace/.dependencies/checkouts/SwiftyGPIO/Sources/Mailbox.swift (in target 'SwiftyGPIO' from project 'SwiftyGPIO')
cd /Users/admin/builder/spi-builder-workspace/.swiftpm/xcode
builtin-SwiftPerFileCompile Mailbox.swift
SwiftDriverJobDiscovery normal arm64_32 Compiling Selector.swift, ServerSocket.swift, Socket.swift, SocketAddresses.swift, SocketChannel.swift (in target 'NIO' from project 'swift-nio')
SwiftCompile normal arm64 Compiling\ I2C.swift /Users/admin/builder/spi-builder-workspace/.dependencies/checkouts/SwiftyGPIO/Sources/I2C.swift (in target 'SwiftyGPIO' from project 'SwiftyGPIO')
SwiftCompile normal arm64 /Users/admin/builder/spi-builder-workspace/.dependencies/checkouts/SwiftyGPIO/Sources/I2C.swift (in target 'SwiftyGPIO' from project 'SwiftyGPIO')
cd /Users/admin/builder/spi-builder-workspace/.swiftpm/xcode
builtin-SwiftPerFileCompile I2C.swift
SwiftDriverJobDiscovery normal arm64_32 Compiling ADC.swift (in target 'SwiftyGPIO' from project 'SwiftyGPIO')
SwiftCompile normal arm64_32 Compiling\ SPI.swift /Users/admin/builder/spi-builder-workspace/.dependencies/checkouts/SwiftyGPIO/Sources/SPI.swift (in target 'SwiftyGPIO' from project 'SwiftyGPIO')
SwiftCompile normal arm64_32 /Users/admin/builder/spi-builder-workspace/.dependencies/checkouts/SwiftyGPIO/Sources/SPI.swift (in target 'SwiftyGPIO' from project 'SwiftyGPIO')
cd /Users/admin/builder/spi-builder-workspace/.swiftpm/xcode
builtin-SwiftPerFileCompile SPI.swift
SwiftDriverJobDiscovery normal arm64_32 Compiling 1Wire.swift (in target 'SwiftyGPIO' from project 'SwiftyGPIO')
SwiftCompile normal arm64_32 Compiling\ UART.swift /Users/admin/builder/spi-builder-workspace/.dependencies/checkouts/SwiftyGPIO/Sources/UART.swift (in target 'SwiftyGPIO' from project 'SwiftyGPIO')
/Users/admin/builder/spi-builder-workspace/.dependencies/checkouts/SwiftyGPIO/Sources/UART.swift:72:28: error: cannot convert value of type 'UInt32' to expected argument type 'UInt'
70 | switch self {
71 | case .None:
72 | cfg.c_cflag &= ~UInt32(PARENB | PARODD)
| `- error: cannot convert value of type 'UInt32' to expected argument type 'UInt'
73 | case .Even:
74 | cfg.c_cflag &= ~UInt32(PARENB | PARODD)
/Users/admin/builder/spi-builder-workspace/.dependencies/checkouts/SwiftyGPIO/Sources/UART.swift:74:28: error: cannot convert value of type 'UInt32' to expected argument type 'UInt'
72 | cfg.c_cflag &= ~UInt32(PARENB | PARODD)
73 | case .Even:
74 | cfg.c_cflag &= ~UInt32(PARENB | PARODD)
| `- error: cannot convert value of type 'UInt32' to expected argument type 'UInt'
75 | cfg.c_cflag |= UInt32(PARENB)
76 | case .Odd:
/Users/admin/builder/spi-builder-workspace/.dependencies/checkouts/SwiftyGPIO/Sources/UART.swift:75:28: error: cannot convert value of type 'UInt32' to expected argument type 'UInt'
73 | case .Even:
74 | cfg.c_cflag &= ~UInt32(PARENB | PARODD)
75 | cfg.c_cflag |= UInt32(PARENB)
| `- error: cannot convert value of type 'UInt32' to expected argument type 'UInt'
76 | case .Odd:
77 | cfg.c_cflag |= UInt32(PARENB | PARODD)
/Users/admin/builder/spi-builder-workspace/.dependencies/checkouts/SwiftyGPIO/Sources/UART.swift:77:28: error: cannot convert value of type 'UInt32' to expected argument type 'UInt'
75 | cfg.c_cflag |= UInt32(PARENB)
76 | case .Odd:
77 | cfg.c_cflag |= UInt32(PARENB | PARODD)
| `- error: cannot convert value of type 'UInt32' to expected argument type 'UInt'
78 | }
79 | }
/Users/admin/builder/spi-builder-workspace/.dependencies/checkouts/SwiftyGPIO/Sources/UART.swift:88:38: error: cannot convert value of type 'UInt32' to expected argument type 'UInt'
86 |
87 | public func configure(_ cfg: inout termios) {
88 | cfg.c_cflag = (cfg.c_cflag & ~UInt32(CSIZE))
| `- error: cannot convert value of type 'UInt32' to expected argument type 'UInt'
89 | switch self {
90 | case .Eight:
/Users/admin/builder/spi-builder-workspace/.dependencies/checkouts/SwiftyGPIO/Sources/UART.swift:91:28: error: cannot convert value of type 'UInt32' to expected argument type 'UInt'
89 | switch self {
90 | case .Eight:
91 | cfg.c_cflag |= UInt32(CS8)
| `- error: cannot convert value of type 'UInt32' to expected argument type 'UInt'
92 | case .Seven:
93 | cfg.c_cflag |= UInt32(CS7)
/Users/admin/builder/spi-builder-workspace/.dependencies/checkouts/SwiftyGPIO/Sources/UART.swift:93:28: error: cannot convert value of type 'UInt32' to expected argument type 'UInt'
91 | cfg.c_cflag |= UInt32(CS8)
92 | case .Seven:
93 | cfg.c_cflag |= UInt32(CS7)
| `- error: cannot convert value of type 'UInt32' to expected argument type 'UInt'
94 | case .Six:
95 | cfg.c_cflag |= UInt32(CS6)
/Users/admin/builder/spi-builder-workspace/.dependencies/checkouts/SwiftyGPIO/Sources/UART.swift:95:28: error: cannot convert value of type 'UInt32' to expected argument type 'UInt'
93 | cfg.c_cflag |= UInt32(CS7)
94 | case .Six:
95 | cfg.c_cflag |= UInt32(CS6)
| `- error: cannot convert value of type 'UInt32' to expected argument type 'UInt'
96 | }
97 | }
/Users/admin/builder/spi-builder-workspace/.dependencies/checkouts/SwiftyGPIO/Sources/UART.swift:107:28: error: cannot convert value of type 'UInt32' to expected argument type 'UInt'
105 | switch self {
106 | case .One:
107 | cfg.c_cflag &= ~UInt32(CSTOPB)
| `- error: cannot convert value of type 'UInt32' to expected argument type 'UInt'
108 | case .Two:
109 | cfg.c_cflag |= UInt32(CSTOPB)
/Users/admin/builder/spi-builder-workspace/.dependencies/checkouts/SwiftyGPIO/Sources/UART.swift:109:28: error: cannot convert value of type 'UInt32' to expected argument type 'UInt'
107 | cfg.c_cflag &= ~UInt32(CSTOPB)
108 | case .Two:
109 | cfg.c_cflag |= UInt32(CSTOPB)
| `- error: cannot convert value of type 'UInt32' to expected argument type 'UInt'
110 | }
111 | }
/Users/admin/builder/spi-builder-workspace/.dependencies/checkouts/SwiftyGPIO/Sources/UART.swift:199:24: error: cannot convert value of type 'UInt32' to expected argument type 'UInt'
197 |
198 | bitsPerChar.configure(&tty)
199 | tty.c_iflag &= ~UInt32(IGNBRK) // disable break processing
| `- error: cannot convert value of type 'UInt32' to expected argument type 'UInt'
200 | tty.c_lflag = 0 // no signaling chars, no echo,
201 | // no canonical processing -> read bytes as they come without waiting for LF
/Users/admin/builder/spi-builder-workspace/.dependencies/checkouts/SwiftyGPIO/Sources/UART.swift:206:24: error: cannot convert value of type 'UInt32' to expected argument type 'UInt'
204 | withUnsafeMutableBytes(of: &tty.c_cc) {$0[Int(VMIN)] = UInt8(1); return}
205 | withUnsafeMutableBytes(of: &tty.c_cc) {$0[Int(VTIME)] = UInt8(5); return} // 5 10th of second read timeout
206 | tty.c_iflag &= ~UInt32(IXON | IXOFF | IXANY) // Every kind of software flow control off
| `- error: cannot convert value of type 'UInt32' to expected argument type 'UInt'
207 | tty.c_cflag &= ~UInt32(CRTSCTS) //No hw flow control
208 | tty.c_cflag |= UInt32(CLOCAL | CREAD) // Ignore modem controls, enable read
/Users/admin/builder/spi-builder-workspace/.dependencies/checkouts/SwiftyGPIO/Sources/UART.swift:207:24: error: cannot convert value of type 'UInt32' to expected argument type 'UInt'
205 | withUnsafeMutableBytes(of: &tty.c_cc) {$0[Int(VTIME)] = UInt8(5); return} // 5 10th of second read timeout
206 | tty.c_iflag &= ~UInt32(IXON | IXOFF | IXANY) // Every kind of software flow control off
207 | tty.c_cflag &= ~UInt32(CRTSCTS) //No hw flow control
| `- error: cannot convert value of type 'UInt32' to expected argument type 'UInt'
208 | tty.c_cflag |= UInt32(CLOCAL | CREAD) // Ignore modem controls, enable read
209 | parity.configure(&tty)
/Users/admin/builder/spi-builder-workspace/.dependencies/checkouts/SwiftyGPIO/Sources/UART.swift:208:24: error: cannot convert value of type 'UInt32' to expected argument type 'UInt'
206 | tty.c_iflag &= ~UInt32(IXON | IXOFF | IXANY) // Every kind of software flow control off
207 | tty.c_cflag &= ~UInt32(CRTSCTS) //No hw flow control
208 | tty.c_cflag |= UInt32(CLOCAL | CREAD) // Ignore modem controls, enable read
| `- error: cannot convert value of type 'UInt32' to expected argument type 'UInt'
209 | parity.configure(&tty)
210 | stopBits.configure(&tty)
/Users/admin/builder/spi-builder-workspace/.dependencies/checkouts/SwiftyGPIO/Sources/UART.swift:217:37: error: cannot find 'FIONREAD' in scope
215 | public func hasAvailableData() throws -> Bool {
216 | var bytesToRead = 0
217 | let result = ioctl(fd, UInt(FIONREAD), &bytesToRead)
| `- error: cannot find 'FIONREAD' in scope
218 |
219 | guard result >= 0 else { throw IOCTLError.callExecutionFailed(detail: String(format: "%s", strerror(errno))) }
/Applications/Xcode-27.0.0-Release.Candidate.app/Contents/Developer/Platforms/WatchOS.platform/Developer/SDKs/WatchOS27.0.sdk/usr/include/sys/filio.h:77:9: note: macro 'FIONREAD' unavailable: structure not supported
75 | #define FIOCLEX _IO('f', 1) /* set close on exec on fd */
76 | #define FIONCLEX _IO('f', 2) /* remove close on exec */
77 | #define FIONREAD _IOR('f', 127, int) /* get # bytes to read */
| `- note: macro 'FIONREAD' unavailable: structure not supported
78 | #define FIONBIO _IOW('f', 126, int) /* set/clear non-blocking i/o */
79 | #define FIOASYNC _IOW('f', 125, int) /* set/clear async i/o */
Failed frontend command:
/Applications/Xcode-27.0.0-Release.Candidate.app/Contents/Developer/Toolchains/XcodeDefault.xctoolchain/usr/bin/swift-frontend -frontend -c /Users/admin/builder/spi-builder-workspace/.dependencies/checkouts/SwiftyGPIO/Sources/1Wire.swift /Users/admin/builder/spi-builder-workspace/.dependencies/checkouts/SwiftyGPIO/Sources/ADC.swift /Users/admin/builder/spi-builder-workspace/.dependencies/checkouts/SwiftyGPIO/Sources/I2C.swift /Users/admin/builder/spi-builder-workspace/.dependencies/checkouts/SwiftyGPIO/Sources/Mailbox.swift /Users/admin/builder/spi-builder-workspace/.dependencies/checkouts/SwiftyGPIO/Sources/PWM.swift /Users/admin/builder/spi-builder-workspace/.dependencies/checkouts/SwiftyGPIO/Sources/Presets.swift /Users/admin/builder/spi-builder-workspace/.dependencies/checkouts/SwiftyGPIO/Sources/SPI.swift /Users/admin/builder/spi-builder-workspace/.dependencies/checkouts/SwiftyGPIO/Sources/SunXi.swift /Users/admin/builder/spi-builder-workspace/.dependencies/checkouts/SwiftyGPIO/Sources/SwiftyGPIO.swift -primary-file /Users/admin/builder/spi-builder-workspace/.dependencies/checkouts/SwiftyGPIO/Sources/UART.swift -emit-dependencies-path /Users/admin/builder/spi-builder-workspace/.derivedData/Build/Intermediates.noindex/SwiftyGPIO.build/Debug-watchos/SwiftyGPIO-t.build/Objects-normal/arm64_32/UART.d -emit-const-values-path /Users/admin/builder/spi-builder-workspace/.derivedData/Build/Intermediates.noindex/SwiftyGPIO.build/Debug-watchos/SwiftyGPIO-t.build/Objects-normal/arm64_32/UART.swiftconstvalues -emit-reference-dependencies-path /Users/admin/builder/spi-builder-workspace/.derivedData/Build/Intermediates.noindex/SwiftyGPIO.build/Debug-watchos/SwiftyGPIO-t.build/Objects-normal/arm64_32/UART.swiftdeps -serialize-diagnostics-path /Users/admin/builder/spi-builder-workspace/.derivedData/Build/Intermediates.noindex/SwiftyGPIO.build/Debug-watchos/SwiftyGPIO-t.build/Objects-normal/arm64_32/UART.dia -target arm64_32-apple-watchos9.0 -disable-cross-import-overlay-search -swift-module-cross-import Darwin /Applications/Xcode-27.0.0-Release.Candidate.app/Contents/Developer/Platforms/WatchOS.platform/Developer/SDKs/WatchOS.sdk/usr/include/Darwin.swiftcrossimport/xlocale.swiftoverlay -load-resolved-plugin /Applications/Xcode-27.0.0-Release.Candidate.app/Contents/Developer/Platforms/WatchOS.platform/Developer/usr/lib/swift/host/plugins/libFoundationMacros.dylib\#/Applications/Xcode-27.0.0-Release.Candidate.app/Contents/Developer/Platforms/WatchOS.platform/Developer/usr/bin/swift-plugin-server\#FoundationMacros -load-resolved-plugin /Applications/Xcode-27.0.0-Release.Candidate.app/Contents/Developer/Platforms/WatchOS.platform/Developer/usr/lib/swift/host/plugins/libObservationMacros.dylib\#/Applications/Xcode-27.0.0-Release.Candidate.app/Contents/Developer/Platforms/WatchOS.platform/Developer/usr/bin/swift-plugin-server\#ObservationMacros -load-resolved-plugin /Applications/Xcode-27.0.0-Release.Candidate.app/Contents/Developer/Platforms/WatchOS.platform/Developer/usr/lib/swift/host/plugins/libSwiftMacros.dylib\#/Applications/Xcode-27.0.0-Release.Candidate.app/Contents/Developer/Platforms/WatchOS.platform/Developer/usr/bin/swift-plugin-server\#SwiftMacros -disable-implicit-swift-modules -Xcc -fno-implicit-modules -Xcc -fno-implicit-module-maps -explicit-swift-module-map-file /Users/admin/builder/spi-builder-workspace/.derivedData/Build/Intermediates.noindex/SwiftyGPIO.build/Debug-watchos/SwiftyGPIO-t.build/Objects-normal/arm64_32/SwiftyGPIO-dependencies-2.json -enable-objc-interop -sdk /Applications/Xcode-27.0.0-Release.Candidate.app/Contents/Developer/Platforms/WatchOS.platform/Developer/SDKs/WatchOS27.0.sdk -I /Users/admin/builder/spi-builder-workspace/.derivedData/Build/Products/Debug-watchos -Isystem /Applications/Xcode-27.0.0-Release.Candidate.app/Contents/Developer/Platforms/WatchOS.platform/Developer/usr/lib -F /Users/admin/builder/spi-builder-workspace/.derivedData/Build/Products/Debug-watchos -F /Applications/Xcode-27.0.0-Release.Candidate.app/Contents/Developer/Platforms/WatchOS.platform/Developer/Library/Frameworks -F /Applications/Xcode-27.0.0-Release.Candidate.app/Contents/Developer/Platforms/WatchOS.platform/Developer/SDKs/WatchOS27.0.sdk/Developer/Library/Frameworks -module-cache-path /Users/admin/builder/spi-builder-workspace/.derivedData/Build/Intermediates.noindex/SwiftExplicitPrecompiledModules -no-color-diagnostics -Xcc -fno-color-diagnostics -enable-testing -g -debug-info-format\=dwarf -dwarf-version\=4 -suppress-warnings -swift-version 5 -Onone -D SWIFT_PACKAGE -D DEBUG -D SWIFT_MODULE_RESOURCE_BUNDLE_UNAVAILABLE -D Xcode -serialize-debugging-options -enable-experimental-feature DebugDescriptionMacro -empty-abi-descriptor -validate-clang-modules-once -clang-build-session-file /Users/admin/builder/spi-builder-workspace/.derivedData/ModuleCache.noindex/Session.modulevalidation -Xcc -working-directory -Xcc /Users/admin/builder/spi-builder-workspace/.swiftpm/xcode -enable-anonymous-context-mangled-names -file-compilation-dir /Users/admin/builder/spi-builder-workspace/.swiftpm/xcode -Xcc -D_LIBCPP_HARDENING_MODE\=_LIBCPP_HARDENING_MODE_DEBUG -Xcc -ivfsstatcache -Xcc /Users/admin/builder/spi-builder-workspace/.derivedData/SDKStatCaches.noindex/watchos27.0-24R360-e829b21a6f8c9b70876ba0858053c04477534ef55a1706bf4c1112bbb242f0a2.sdkstatcache -Xcc -fmodules-prune-interval\=86400 -Xcc -fmodules-prune-after\=345600 -Xcc -I/Users/admin/builder/spi-builder-workspace/.derivedData/Build/Products/Debug-watchos/include -Xcc -I/Users/admin/builder/spi-builder-workspace/.derivedData/Build/Intermediates.noindex/SwiftyGPIO.build/Debug-watchos/SwiftyGPIO-t.build/DerivedSources-normal/arm64_32 -Xcc -I/Users/admin/builder/spi-builder-workspace/.derivedData/Build/Intermediates.noindex/SwiftyGPIO.build/Debug-watchos/SwiftyGPIO-t.build/DerivedSources/arm64_32 -Xcc -I/Users/admin/builder/spi-builder-workspace/.derivedData/Build/Intermediates.noindex/SwiftyGPIO.build/Debug-watchos/SwiftyGPIO-t.build/DerivedSources -Xcc -DSWIFT_PACKAGE -Xcc -DDEBUG\=1 -no-auto-bridging-header-chaining -module-name SwiftyGPIO -const-gather-protocols-file /Users/admin/builder/spi-builder-workspace/.derivedData/Build/Intermediates.noindex/SwiftyGPIO.build/Debug-watchos/SwiftyGPIO-t.build/Objects-normal/arm64_32/SwiftyGPIO_const_extract_protocols.json -disable-clang-spi -clang-target arm64_32-apple-watchos27.0 -target-sdk-version 27.0 -target-sdk-name watchos27.0 -in-process-plugin-server-path /Applications/Xcode-27.0.0-Release.Candidate.app/Contents/Developer/Toolchains/XcodeDefault.xctoolchain/usr/lib/swift/host/libSwiftInProcPluginServer.dylib -parse-as-library -o /Users/admin/builder/spi-builder-workspace/.derivedData/Build/Intermediates.noindex/SwiftyGPIO.build/Debug-watchos/SwiftyGPIO-t.build/Objects-normal/arm64_32/UART.o -debug-module-path /Users/admin/builder/spi-builder-workspace/.derivedData/Build/Intermediates.noindex/SwiftyGPIO.build/Debug-watchos/SwiftyGPIO-t.build/Objects-normal/arm64_32/SwiftyGPIO.swiftmodule -index-unit-output-path /SwiftyGPIO.build/Debug-watchos/SwiftyGPIO-t.build/Objects-normal/arm64_32/UART.o -index-store-path /Users/admin/builder/spi-builder-workspace/.derivedData/Index.noindex/DataStore -index-system-modules
SwiftCompile normal arm64_32 /Users/admin/builder/spi-builder-workspace/.dependencies/checkouts/SwiftyGPIO/Sources/UART.swift (in target 'SwiftyGPIO' from project 'SwiftyGPIO')
cd /Users/admin/builder/spi-builder-workspace/.swiftpm/xcode
builtin-SwiftPerFileCompile UART.swift
SwiftDriverJobDiscovery normal arm64 Compiling ADC.swift (in target 'SwiftyGPIO' from project 'SwiftyGPIO')
SwiftCompile normal arm64_32 Compiling\ SwiftyGPIO.swift /Users/admin/builder/spi-builder-workspace/.dependencies/checkouts/SwiftyGPIO/Sources/SwiftyGPIO.swift (in target 'SwiftyGPIO' from project 'SwiftyGPIO')
SwiftCompile normal arm64_32 /Users/admin/builder/spi-builder-workspace/.dependencies/checkouts/SwiftyGPIO/Sources/SwiftyGPIO.swift (in target 'SwiftyGPIO' from project 'SwiftyGPIO')
cd /Users/admin/builder/spi-builder-workspace/.swiftpm/xcode
builtin-SwiftPerFileCompile SwiftyGPIO.swift
SwiftDriverJobDiscovery normal arm64 Compiling Selector.swift, ServerSocket.swift, Socket.swift, SocketAddresses.swift, SocketChannel.swift (in target 'NIO' from project 'swift-nio')
SwiftCompile normal arm64 Compiling\ SPI.swift /Users/admin/builder/spi-builder-workspace/.dependencies/checkouts/SwiftyGPIO/Sources/SPI.swift (in target 'SwiftyGPIO' from project 'SwiftyGPIO')
SwiftCompile normal arm64 /Users/admin/builder/spi-builder-workspace/.dependencies/checkouts/SwiftyGPIO/Sources/SPI.swift (in target 'SwiftyGPIO' from project 'SwiftyGPIO')
cd /Users/admin/builder/spi-builder-workspace/.swiftpm/xcode
builtin-SwiftPerFileCompile SPI.swift
SwiftDriverJobDiscovery normal arm64 Compiling PWM.swift (in target 'SwiftyGPIO' from project 'SwiftyGPIO')
SwiftCompile normal arm64 Compiling\ 1Wire.swift /Users/admin/builder/spi-builder-workspace/.dependencies/checkouts/SwiftyGPIO/Sources/1Wire.swift (in target 'SwiftyGPIO' from project 'SwiftyGPIO')
SwiftCompile normal arm64 /Users/admin/builder/spi-builder-workspace/.dependencies/checkouts/SwiftyGPIO/Sources/1Wire.swift (in target 'SwiftyGPIO' from project 'SwiftyGPIO')
cd /Users/admin/builder/spi-builder-workspace/.swiftpm/xcode
builtin-SwiftPerFileCompile 1Wire.swift
SwiftDriverJobDiscovery normal arm64_32 Compiling Mailbox.swift (in target 'SwiftyGPIO' from project 'SwiftyGPIO')
SwiftCompile normal arm64 Compiling\ Mailbox.swift /Users/admin/builder/spi-builder-workspace/.dependencies/checkouts/SwiftyGPIO/Sources/Mailbox.swift (in target 'SwiftyGPIO' from project 'SwiftyGPIO')
SwiftCompile normal arm64 /Users/admin/builder/spi-builder-workspace/.dependencies/checkouts/SwiftyGPIO/Sources/Mailbox.swift (in target 'SwiftyGPIO' from project 'SwiftyGPIO')
cd /Users/admin/builder/spi-builder-workspace/.swiftpm/xcode
builtin-SwiftPerFileCompile Mailbox.swift
SwiftDriverJobDiscovery normal arm64 Compiling I2C.swift (in target 'SwiftyGPIO' from project 'SwiftyGPIO')
SwiftCompile normal arm64_32 Compiling\ Presets.swift /Users/admin/builder/spi-builder-workspace/.dependencies/checkouts/SwiftyGPIO/Sources/Presets.swift (in target 'SwiftyGPIO' from project 'SwiftyGPIO')
SwiftCompile normal arm64_32 /Users/admin/builder/spi-builder-workspace/.dependencies/checkouts/SwiftyGPIO/Sources/Presets.swift (in target 'SwiftyGPIO' from project 'SwiftyGPIO')
cd /Users/admin/builder/spi-builder-workspace/.swiftpm/xcode
builtin-SwiftPerFileCompile Presets.swift
SwiftDriverJobDiscovery normal arm64 Compiling SwiftyGPIO.swift (in target 'SwiftyGPIO' from project 'SwiftyGPIO')
SwiftCompile normal arm64 Compiling\ SunXi.swift /Users/admin/builder/spi-builder-workspace/.dependencies/checkouts/SwiftyGPIO/Sources/SunXi.swift (in target 'SwiftyGPIO' from project 'SwiftyGPIO')
SwiftCompile normal arm64 /Users/admin/builder/spi-builder-workspace/.dependencies/checkouts/SwiftyGPIO/Sources/SunXi.swift (in target 'SwiftyGPIO' from project 'SwiftyGPIO')
cd /Users/admin/builder/spi-builder-workspace/.swiftpm/xcode
builtin-SwiftPerFileCompile SunXi.swift
PruneExplicitPrecompiledModules /Users/admin/builder/spi-builder-workspace/.derivedData/Build/Intermediates.noindex/ExplicitPrecompiledModules
PruneExplicitPrecompiledModules /Users/admin/builder/spi-builder-workspace/.derivedData/SDKExplicitPrecompiledModules
PruneExplicitPrecompiledModules /Users/admin/builder/spi-builder-workspace/.derivedData/Build/Intermediates.noindex/SwiftExplicitPrecompiledModules
2026-09-16 17:04:10.737 xcodebuild[1158:6447] [MT] IDERunDestination: Supported platforms for the buildables in the current scheme is empty.
** BUILD FAILED **
The following build commands failed:
SwiftCompile normal arm64_32 Compiling\ UART.swift /Users/admin/builder/spi-builder-workspace/.dependencies/checkouts/SwiftyGPIO/Sources/UART.swift (in target 'SwiftyGPIO' from project 'SwiftyGPIO')
SwiftCompile normal arm64_32 /Users/admin/builder/spi-builder-workspace/.dependencies/checkouts/SwiftyGPIO/Sources/UART.swift (in target 'SwiftyGPIO' from project 'SwiftyGPIO')
Building workspace LinkerKitIRCBot with scheme LinkerKitIRCBot-Package
(3 failures)
Command line invocation:
/Applications/Xcode-27.0.0-Release.Candidate.app/Contents/Developer/usr/bin/xcodebuild -IDEClonedSourcePackagesDirPathOverride=/Users/admin/builder/spi-builder-workspace/.dependencies -resolvePackageDependencies
Resolve Package Graph
ignoring declared target(s) 'swift-nio-zlib-support' in the system packagecouldn't find pc file for zlib
Resolved source packages:
swift-nio-irc-eliza: https://github.com/NozeIO/swift-nio-irc-eliza.git @ 0.6.0
LinkerKitIRCBot: /Users/admin/builder/spi-builder-workspace
swift-nio-irc-server: https://github.com/NozeIO/swift-nio-irc-server.git @ 0.6.0
swift-nio-irc-client: https://github.com/NozeIO/swift-nio-irc-client.git @ 0.6.1
SwiftEliza: https://github.com/AlwaysRightInstitute/SwiftEliza.git @ 1.0.1
swift-nio: https://github.com/apple/swift-nio.git @ 1.14.4
SwiftyTM1637: https://github.com/AlwaysRightInstitute/SwiftyTM1637.git @ 0.1.2
SwiftyLinkerKit: https://github.com/SwiftyLinkerKit/SwiftyLinkerKit.git @ 0.1.3
swift-nio-irc: https://github.com/SwiftNIOExtras/swift-nio-irc.git @ 0.6.3
SwiftyGPIO: https://github.com/uraimo/SwiftyGPIO.git @ 1.4.4
swift-nio-irc-webclient: https://github.com/NozeIO/swift-nio-irc-webclient.git @ 0.6.2
swift-nio-zlib-support: https://github.com/apple/swift-nio-zlib-support.git @ 1.0.0
resolved source packages: swift-nio-irc-eliza, LinkerKitIRCBot, swift-nio-irc-server, swift-nio-irc-client, SwiftEliza, swift-nio, SwiftyTM1637, SwiftyLinkerKit, swift-nio-irc, SwiftyGPIO, swift-nio-irc-webclient, swift-nio-zlib-support
2026-09-16 17:04:20.117 xcodebuild[1440:7844] [MT] IDERunDestination: Supported platforms for the buildables in the current scheme is empty.
{
"dependencies" : [
{
"identity" : "swiftygpio",
"requirement" : {
"range" : [
{
"lower_bound" : "1.0.0",
"upper_bound" : "2.0.0"
}
]
},
"type" : "sourceControl",
"url" : "https://github.com/uraimo/SwiftyGPIO.git"
},
{
"identity" : "swift-nio",
"requirement" : {
"range" : [
{
"lower_bound" : "1.8.0",
"upper_bound" : "2.0.0"
}
]
},
"type" : "sourceControl",
"url" : "https://github.com/apple/swift-nio.git"
},
{
"identity" : "swift-nio-irc-client",
"requirement" : {
"range" : [
{
"lower_bound" : "0.6.0",
"upper_bound" : "1.0.0"
}
]
},
"type" : "sourceControl",
"url" : "https://github.com/NozeIO/swift-nio-irc-client.git"
},
{
"identity" : "swift-nio-irc-server",
"requirement" : {
"range" : [
{
"lower_bound" : "0.6.0",
"upper_bound" : "1.0.0"
}
]
},
"type" : "sourceControl",
"url" : "https://github.com/NozeIO/swift-nio-irc-server.git"
},
{
"identity" : "swift-nio-irc-eliza",
"requirement" : {
"range" : [
{
"lower_bound" : "0.6.0",
"upper_bound" : "1.0.0"
}
]
},
"type" : "sourceControl",
"url" : "https://github.com/NozeIO/swift-nio-irc-eliza.git"
},
{
"identity" : "swift-nio-irc-webclient",
"requirement" : {
"range" : [
{
"lower_bound" : "0.6.0",
"upper_bound" : "1.0.0"
}
]
},
"type" : "sourceControl",
"url" : "https://github.com/NozeIO/swift-nio-irc-webclient.git"
},
{
"identity" : "swiftylinkerkit",
"requirement" : {
"range" : [
{
"lower_bound" : "0.1.3",
"upper_bound" : "1.0.0"
}
]
},
"type" : "sourceControl",
"url" : "https://github.com/SwiftyLinkerKit/SwiftyLinkerKit.git"
}
],
"manifest_display_name" : "LinkerKitIRCBot",
"name" : "LinkerKitIRCBot",
"path" : "/Users/admin/builder/spi-builder-workspace",
"platforms" : [
],
"products" : [
{
"name" : "LinkerKitIRCBot",
"targets" : [
"LinkerKitIRCBot"
],
"type" : {
"library" : [
"automatic"
]
}
},
{
"name" : "lkircbot",
"targets" : [
"lkircbot"
],
"type" : {
"executable" : null
}
}
],
"targets" : [
{
"c99name" : "lkircbot",
"module_type" : "SwiftTarget",
"name" : "lkircbot",
"path" : "Sources/lkircbot",
"product_dependencies" : [
"SwiftyGPIO",
"SwiftyLinkerKit",
"IRCServer",
"IRCWebClient",
"NIO",
"IRCElizaBot"
],
"product_memberships" : [
"lkircbot"
],
"sources" : [
"Config.swift",
"main.swift"
],
"target_dependencies" : [
"LinkerKitIRCBot"
],
"type" : "executable"
},
{
"c99name" : "LinkerKitIRCBot",
"module_type" : "SwiftTarget",
"name" : "LinkerKitIRCBot",
"path" : "Sources/LinkerKitIRCBot",
"product_dependencies" : [
"SwiftyLinkerKit",
"IRC",
"NIO"
],
"product_memberships" : [
"LinkerKitIRCBot",
"lkircbot"
],
"sources" : [
"LinkerKitBot.swift"
],
"type" : "library"
}
],
"tools_version" : "4.0"
}
{
"workspace" : {
"name" : "LinkerKitIRCBot",
"schemes" : [
"LinkerKitIRCBot",
"LinkerKitIRCBot-Package",
"lkircbot"
]
}
}
2026-09-16 17:04:21.442 xcodebuild[1449:7924] [MT] IDERunDestination: Supported platforms for the buildables in the current scheme is empty.
Running build ...
env DEVELOPER_DIR=/Applications/Xcode-27.0.0-Release.Candidate.app xcrun xcodebuild -IDEClonedSourcePackagesDirPathOverride=$PWD/.dependencies -skipMacroValidation -skipPackagePluginValidation -derivedDataPath $PWD/.derivedData build -scheme LinkerKitIRCBot-Package -destination generic/platform=watchOS
Command line invocation:
/Applications/Xcode-27.0.0-Release.Candidate.app/Contents/Developer/usr/bin/xcodebuild -IDEClonedSourcePackagesDirPathOverride=/Users/admin/builder/spi-builder-workspace/.dependencies -skipMacroValidation -skipPackagePluginValidation -derivedDataPath /Users/admin/builder/spi-builder-workspace/.derivedData build -scheme LinkerKitIRCBot-Package -destination generic/platform=watchOS
Resolve Package Graph
ignoring declared target(s) 'swift-nio-zlib-support' in the system packagecouldn't find pc file for zlib
Resolved source packages:
swift-nio-irc: https://github.com/SwiftNIOExtras/swift-nio-irc.git @ 0.6.3
swift-nio-zlib-support: https://github.com/apple/swift-nio-zlib-support.git @ 1.0.0
swift-nio: https://github.com/apple/swift-nio.git @ 1.14.4
swift-nio-irc-server: https://github.com/NozeIO/swift-nio-irc-server.git @ 0.6.0
swift-nio-irc-client: https://github.com/NozeIO/swift-nio-irc-client.git @ 0.6.1
SwiftEliza: https://github.com/AlwaysRightInstitute/SwiftEliza.git @ 1.0.1
swift-nio-irc-webclient: https://github.com/NozeIO/swift-nio-irc-webclient.git @ 0.6.2
SwiftyTM1637: https://github.com/AlwaysRightInstitute/SwiftyTM1637.git @ 0.1.2
swift-nio-irc-eliza: https://github.com/NozeIO/swift-nio-irc-eliza.git @ 0.6.0
SwiftyGPIO: https://github.com/uraimo/SwiftyGPIO.git @ 1.4.4
SwiftyLinkerKit: https://github.com/SwiftyLinkerKit/SwiftyLinkerKit.git @ 0.1.3
LinkerKitIRCBot: /Users/admin/builder/spi-builder-workspace
ComputePackagePrebuildTargetDependencyGraph
Prepare packages
CreateBuildRequest
SendProjectDescription
CreateBuildOperation
ComputeTargetDependencyGraph
note: Building targets in dependency order
note: Target dependency graph (38 targets)
Target 'lkircbot-product' in project 'LinkerKitIRCBot'
➜ Explicit dependency on target 'LinkerKitIRCBot' in project 'LinkerKitIRCBot'
➜ Explicit dependency on target 'SwiftyLinkerKit-product' in project 'SwiftyLinkerKit'
➜ Explicit dependency on target 'IRC-product' in project 'swift-nio-irc-client'
➜ Explicit dependency on target 'NIO-product' in project 'swift-nio'
➜ Explicit dependency on target 'SwiftyGPIO-product' in project 'SwiftyGPIO'
➜ Explicit dependency on target 'IRCServer-product' in project 'swift-nio-irc-server'
➜ Explicit dependency on target 'IRCWebClient-product' in project 'swift-nio-irc-webclient'
➜ Explicit dependency on target 'IRCElizaBot-product' in project 'swift-nio-irc-eliza'
Target 'IRCElizaBot-product' in project 'swift-nio-irc-eliza'
➜ Explicit dependency on target 'IRCElizaBot' in project 'swift-nio-irc-eliza'
➜ Explicit dependency on target 'IRC-product' in project 'swift-nio-irc-client'
➜ Explicit dependency on target 'Eliza-product' in project 'SwiftEliza'
Target 'IRCElizaBot' in project 'swift-nio-irc-eliza'
➜ Explicit dependency on target 'IRC-product' in project 'swift-nio-irc-client'
➜ Explicit dependency on target 'Eliza-product' in project 'SwiftEliza'
Target 'Eliza-product' in project 'SwiftEliza'
➜ Explicit dependency on target 'Eliza' in project 'SwiftEliza'
Target 'Eliza' in project 'SwiftEliza' (no dependencies)
Target 'IRCWebClient-product' in project 'swift-nio-irc-webclient'
➜ Explicit dependency on target 'IRCWebClient' in project 'swift-nio-irc-webclient'
➜ Explicit dependency on target 'NIOHTTP1-product' in project 'swift-nio'
➜ Explicit dependency on target 'NIOWebSocket-product' in project 'swift-nio'
➜ Explicit dependency on target 'NIOFoundationCompat-product' in project 'swift-nio'
➜ Explicit dependency on target 'IRC-product' in project 'swift-nio-irc-client'
Target 'IRCWebClient' in project 'swift-nio-irc-webclient'
➜ Explicit dependency on target 'NIOHTTP1-product' in project 'swift-nio'
➜ Explicit dependency on target 'NIOWebSocket-product' in project 'swift-nio'
➜ Explicit dependency on target 'NIOFoundationCompat-product' in project 'swift-nio'
➜ Explicit dependency on target 'IRC-product' in project 'swift-nio-irc-client'
Target 'NIOFoundationCompat-product' in project 'swift-nio'
➜ Explicit dependency on target 'NIOFoundationCompat' in project 'swift-nio'
➜ Explicit dependency on target 'CNIOLinux' in project 'swift-nio'
➜ Explicit dependency on target 'CNIODarwin' in project 'swift-nio'
➜ Explicit dependency on target 'CNIOAtomics' in project 'swift-nio'
➜ Explicit dependency on target 'NIOConcurrencyHelpers' in project 'swift-nio'
➜ Explicit dependency on target 'NIOPriorityQueue' in project 'swift-nio'
➜ Explicit dependency on target 'CNIOSHA1' in project 'swift-nio'
➜ Explicit dependency on target 'NIO' in project 'swift-nio'
Target 'NIOFoundationCompat' in project 'swift-nio'
➜ Explicit dependency on target 'swift-nio-zlib-support' in project 'swift-nio-zlib-support'
➜ Explicit dependency on target 'CNIOLinux' in project 'swift-nio'
➜ Explicit dependency on target 'CNIODarwin' in project 'swift-nio'
➜ Explicit dependency on target 'CNIOAtomics' in project 'swift-nio'
➜ Explicit dependency on target 'NIOConcurrencyHelpers' in project 'swift-nio'
➜ Explicit dependency on target 'NIOPriorityQueue' in project 'swift-nio'
➜ Explicit dependency on target 'CNIOSHA1' in project 'swift-nio'
➜ Explicit dependency on target 'NIO' in project 'swift-nio'
Target 'NIOWebSocket-product' in project 'swift-nio'
➜ Explicit dependency on target 'NIOWebSocket' in project 'swift-nio'
➜ Explicit dependency on target 'CNIOLinux' in project 'swift-nio'
➜ Explicit dependency on target 'CNIODarwin' in project 'swift-nio'
➜ Explicit dependency on target 'CNIOAtomics' in project 'swift-nio'
➜ Explicit dependency on target 'NIOConcurrencyHelpers' in project 'swift-nio'
➜ Explicit dependency on target 'NIOPriorityQueue' in project 'swift-nio'
➜ Explicit dependency on target 'CNIOSHA1' in project 'swift-nio'
➜ Explicit dependency on target 'NIO' in project 'swift-nio'
➜ Explicit dependency on target 'CNIOHTTPParser' in project 'swift-nio'
➜ Explicit dependency on target 'CNIOZlib' in project 'swift-nio'
➜ Explicit dependency on target 'NIOHTTP1' in project 'swift-nio'
Target 'NIOWebSocket' in project 'swift-nio'
➜ Explicit dependency on target 'swift-nio-zlib-support' in project 'swift-nio-zlib-support'
➜ Explicit dependency on target 'CNIOLinux' in project 'swift-nio'
➜ Explicit dependency on target 'CNIODarwin' in project 'swift-nio'
➜ Explicit dependency on target 'CNIOAtomics' in project 'swift-nio'
➜ Explicit dependency on target 'NIOConcurrencyHelpers' in project 'swift-nio'
➜ Explicit dependency on target 'NIOPriorityQueue' in project 'swift-nio'
➜ Explicit dependency on target 'CNIOSHA1' in project 'swift-nio'
➜ Explicit dependency on target 'NIO' in project 'swift-nio'
➜ Explicit dependency on target 'CNIOHTTPParser' in project 'swift-nio'
➜ Explicit dependency on target 'CNIOZlib' in project 'swift-nio'
➜ Explicit dependency on target 'NIOHTTP1' in project 'swift-nio'
Target 'NIOHTTP1-product' in project 'swift-nio'
➜ Explicit dependency on target 'NIOHTTP1' in project 'swift-nio'
➜ Explicit dependency on target 'CNIOLinux' in project 'swift-nio'
➜ Explicit dependency on target 'CNIODarwin' in project 'swift-nio'
➜ Explicit dependency on target 'CNIOAtomics' in project 'swift-nio'
➜ Explicit dependency on target 'NIOConcurrencyHelpers' in project 'swift-nio'
➜ Explicit dependency on target 'NIOPriorityQueue' in project 'swift-nio'
➜ Explicit dependency on target 'CNIOSHA1' in project 'swift-nio'
➜ Explicit dependency on target 'NIO' in project 'swift-nio'
➜ Explicit dependency on target 'CNIOHTTPParser' in project 'swift-nio'
➜ Explicit dependency on target 'CNIOZlib' in project 'swift-nio'
Target 'NIOHTTP1' in project 'swift-nio'
➜ Explicit dependency on target 'swift-nio-zlib-support' in project 'swift-nio-zlib-support'
➜ Explicit dependency on target 'CNIOLinux' in project 'swift-nio'
➜ Explicit dependency on target 'CNIODarwin' in project 'swift-nio'
➜ Explicit dependency on target 'CNIOAtomics' in project 'swift-nio'
➜ Explicit dependency on target 'NIOConcurrencyHelpers' in project 'swift-nio'
➜ Explicit dependency on target 'NIOPriorityQueue' in project 'swift-nio'
➜ Explicit dependency on target 'CNIOSHA1' in project 'swift-nio'
➜ Explicit dependency on target 'NIO' in project 'swift-nio'
➜ Explicit dependency on target 'CNIOHTTPParser' in project 'swift-nio'
➜ Explicit dependency on target 'CNIOZlib' in project 'swift-nio'
Target 'CNIOZlib' in project 'swift-nio'
➜ Explicit dependency on target 'swift-nio-zlib-support' in project 'swift-nio-zlib-support'
Target 'CNIOHTTPParser' in project 'swift-nio'
➜ Explicit dependency on target 'swift-nio-zlib-support' in project 'swift-nio-zlib-support'
Target 'IRCServer-product' in project 'swift-nio-irc-server'
➜ Explicit dependency on target 'IRCServer' in project 'swift-nio-irc-server'
➜ Explicit dependency on target 'NIO-product' in project 'swift-nio'
➜ Explicit dependency on target 'NIOIRC-product' in project 'swift-nio-irc'
Target 'IRCServer' in project 'swift-nio-irc-server'
➜ Explicit dependency on target 'NIO-product' in project 'swift-nio'
➜ Explicit dependency on target 'NIOIRC-product' in project 'swift-nio-irc'
Target 'LinkerKitIRCBot-product' in project 'LinkerKitIRCBot'
➜ Explicit dependency on target 'LinkerKitIRCBot' in project 'LinkerKitIRCBot'
➜ Explicit dependency on target 'SwiftyLinkerKit-product' in project 'SwiftyLinkerKit'
➜ Explicit dependency on target 'IRC-product' in project 'swift-nio-irc-client'
➜ Explicit dependency on target 'NIO-product' in project 'swift-nio'
Target 'LinkerKitIRCBot' in project 'LinkerKitIRCBot'
➜ Explicit dependency on target 'SwiftyLinkerKit-product' in project 'SwiftyLinkerKit'
➜ Explicit dependency on target 'IRC-product' in project 'swift-nio-irc-client'
➜ Explicit dependency on target 'NIO-product' in project 'swift-nio'
Target 'IRC-product' in project 'swift-nio-irc-client'
➜ Explicit dependency on target 'IRC' in project 'swift-nio-irc-client'
➜ Explicit dependency on target 'NIOIRC-product' in project 'swift-nio-irc'
Target 'IRC' in project 'swift-nio-irc-client'
➜ Explicit dependency on target 'NIOIRC-product' in project 'swift-nio-irc'
Target 'NIOIRC-product' in project 'swift-nio-irc'
➜ Explicit dependency on target 'NIOIRC' in project 'swift-nio-irc'
➜ Explicit dependency on target 'NIO-product' in project 'swift-nio'
Target 'NIOIRC' in project 'swift-nio-irc'
➜ Explicit dependency on target 'NIO-product' in project 'swift-nio'
Target 'NIO-product' in project 'swift-nio'
➜ Explicit dependency on target 'NIO' in project 'swift-nio'
➜ Explicit dependency on target 'CNIOLinux' in project 'swift-nio'
➜ Explicit dependency on target 'CNIODarwin' in project 'swift-nio'
➜ Explicit dependency on target 'CNIOAtomics' in project 'swift-nio'
➜ Explicit dependency on target 'NIOConcurrencyHelpers' in project 'swift-nio'
➜ Explicit dependency on target 'NIOPriorityQueue' in project 'swift-nio'
➜ Explicit dependency on target 'CNIOSHA1' in project 'swift-nio'
Target 'NIO' in project 'swift-nio'
➜ Explicit dependency on target 'swift-nio-zlib-support' in project 'swift-nio-zlib-support'
➜ Explicit dependency on target 'CNIOLinux' in project 'swift-nio'
➜ Explicit dependency on target 'CNIODarwin' in project 'swift-nio'
➜ Explicit dependency on target 'CNIOAtomics' in project 'swift-nio'
➜ Explicit dependency on target 'NIOConcurrencyHelpers' in project 'swift-nio'
➜ Explicit dependency on target 'NIOPriorityQueue' in project 'swift-nio'
➜ Explicit dependency on target 'CNIOSHA1' in project 'swift-nio'
Target 'CNIOSHA1' in project 'swift-nio'
➜ Explicit dependency on target 'swift-nio-zlib-support' in project 'swift-nio-zlib-support'
Target 'NIOPriorityQueue' in project 'swift-nio'
➜ Explicit dependency on target 'swift-nio-zlib-support' in project 'swift-nio-zlib-support'
Target 'NIOConcurrencyHelpers' in project 'swift-nio'
➜ Explicit dependency on target 'swift-nio-zlib-support' in project 'swift-nio-zlib-support'
➜ Explicit dependency on target 'CNIOAtomics' in project 'swift-nio'
Target 'CNIOAtomics' in project 'swift-nio'
➜ Explicit dependency on target 'swift-nio-zlib-support' in project 'swift-nio-zlib-support'
Target 'CNIODarwin' in project 'swift-nio'
➜ Explicit dependency on target 'swift-nio-zlib-support' in project 'swift-nio-zlib-support'
Target 'CNIOLinux' in project 'swift-nio'
➜ Explicit dependency on target 'swift-nio-zlib-support' in project 'swift-nio-zlib-support'
Target 'swift-nio-zlib-support' in project 'swift-nio-zlib-support' (no dependencies)
Target 'SwiftyLinkerKit-product' in project 'SwiftyLinkerKit'
➜ Explicit dependency on target 'SwiftyLinkerKit' in project 'SwiftyLinkerKit'
➜ Explicit dependency on target 'SwiftyTM1637-product' in project 'SwiftyTM1637'
➜ Explicit dependency on target 'SwiftyGPIO-product' in project 'SwiftyGPIO'
Target 'SwiftyLinkerKit' in project 'SwiftyLinkerKit'
➜ Explicit dependency on target 'SwiftyTM1637-product' in project 'SwiftyTM1637'
➜ Explicit dependency on target 'SwiftyGPIO-product' in project 'SwiftyGPIO'
Target 'SwiftyTM1637-product' in project 'SwiftyTM1637'
➜ Explicit dependency on target 'SwiftyTM1637' in project 'SwiftyTM1637'
➜ Explicit dependency on target 'SwiftyGPIO-product' in project 'SwiftyGPIO'
Target 'SwiftyTM1637' in project 'SwiftyTM1637'
➜ Explicit dependency on target 'SwiftyGPIO-product' in project 'SwiftyGPIO'
Target 'SwiftyGPIO-product' in project 'SwiftyGPIO'
➜ Explicit dependency on target 'SwiftyGPIO' in project 'SwiftyGPIO'
Target 'SwiftyGPIO' in project 'SwiftyGPIO' (no dependencies)
GatherProvisioningInputs
CreateBuildDescription
ClangStatCache /Applications/Xcode-27.0.0-Release.Candidate.app/Contents/Developer/Toolchains/XcodeDefault.xctoolchain/usr/bin/clang-stat-cache /Applications/Xcode-27.0.0-Release.Candidate.app/Contents/Developer/Platforms/WatchOS.platform/Developer/SDKs/WatchOS27.0.sdk /Users/admin/builder/spi-builder-workspace/.derivedData/SDKStatCaches.noindex/watchos27.0-24R360-e829b21a6f8c9b70876ba0858053c04477534ef55a1706bf4c1112bbb242f0a2.sdkstatcache
cd /Users/admin/builder/spi-builder-workspace/.swiftpm/xcode
/Applications/Xcode-27.0.0-Release.Candidate.app/Contents/Developer/Toolchains/XcodeDefault.xctoolchain/usr/bin/clang-stat-cache /Applications/Xcode-27.0.0-Release.Candidate.app/Contents/Developer/Platforms/WatchOS.platform/Developer/SDKs/WatchOS27.0.sdk -o /Users/admin/builder/spi-builder-workspace/.derivedData/SDKStatCaches.noindex/watchos27.0-24R360-e829b21a6f8c9b70876ba0858053c04477534ef55a1706bf4c1112bbb242f0a2.sdkstatcache
SwiftDriver SwiftyGPIO normal arm64_32 com.apple.xcode.tools.swift.compiler (in target 'SwiftyGPIO' from project 'SwiftyGPIO')
cd /Users/admin/builder/spi-builder-workspace/.swiftpm/xcode
builtin-SwiftDriver -- /Applications/Xcode-27.0.0-Release.Candidate.app/Contents/Developer/Toolchains/XcodeDefault.xctoolchain/usr/bin/swiftc -parse-as-library -module-name SwiftyGPIO -Onone @/Users/admin/builder/spi-builder-workspace/.derivedData/Build/Intermediates.noindex/SwiftyGPIO.build/Debug-watchos/SwiftyGPIO-t.build/Objects-normal/arm64_32/SwiftyGPIO.SwiftFileList -DSWIFT_PACKAGE -DDEBUG -DSWIFT_MODULE_RESOURCE_BUNDLE_UNAVAILABLE -DXcode -plugin-path /Applications/Xcode-27.0.0-Release.Candidate.app/Contents/Developer/Toolchains/XcodeDefault.xctoolchain/usr/lib/swift/host/plugins/testing -enable-experimental-feature DebugDescriptionMacro -sdk /Applications/Xcode-27.0.0-Release.Candidate.app/Contents/Developer/Platforms/WatchOS.platform/Developer/SDKs/WatchOS27.0.sdk -target arm64_32-apple-watchos9.0 -g -module-cache-path /Users/admin/builder/spi-builder-workspace/.derivedData/ModuleCache.noindex -Xfrontend -serialize-debugging-options -enable-testing -suppress-warnings -index-store-path /Users/admin/builder/spi-builder-workspace/.derivedData/Index.noindex/DataStore -Xcc -D_LIBCPP_HARDENING_MODE\=_LIBCPP_HARDENING_MODE_DEBUG -swift-version 5 -I /Users/admin/builder/spi-builder-workspace/.derivedData/Build/Products/Debug-watchos -Isystem /Applications/Xcode-27.0.0-Release.Candidate.app/Contents/Developer/Platforms/WatchOS.platform/Developer/usr/lib -F /Users/admin/builder/spi-builder-workspace/.derivedData/Build/Products/Debug-watchos -F /Applications/Xcode-27.0.0-Release.Candidate.app/Contents/Developer/Platforms/WatchOS.platform/Developer/Library/Frameworks -F /Applications/Xcode-27.0.0-Release.Candidate.app/Contents/Developer/Platforms/WatchOS.platform/Developer/SDKs/WatchOS27.0.sdk/Developer/Library/Frameworks -c -j10 -enable-batch-mode -incremental -Xcc -ivfsstatcache -Xcc /Users/admin/builder/spi-builder-workspace/.derivedData/SDKStatCaches.noindex/watchos27.0-24R360-e829b21a6f8c9b70876ba0858053c04477534ef55a1706bf4c1112bbb242f0a2.sdkstatcache -output-file-map /Users/admin/builder/spi-builder-workspace/.derivedData/Build/Intermediates.noindex/SwiftyGPIO.build/Debug-watchos/SwiftyGPIO-t.build/Objects-normal/arm64_32/SwiftyGPIO-OutputFileMap.json -save-temps -no-color-diagnostics -explicit-module-build -module-cache-path /Users/admin/builder/spi-builder-workspace/.derivedData/Build/Intermediates.noindex/SwiftExplicitPrecompiledModules -clang-scanner-module-cache-path /Users/admin/builder/spi-builder-workspace/.derivedData/ModuleCache.noindex -sdk-module-cache-path /Users/admin/builder/spi-builder-workspace/.derivedData/SDKExplicitPrecompiledModules -emit-dependencies -emit-module -emit-module-path /Users/admin/builder/spi-builder-workspace/.derivedData/Build/Intermediates.noindex/SwiftyGPIO.build/Debug-watchos/SwiftyGPIO-t.build/Objects-normal/arm64_32/SwiftyGPIO.swiftmodule -serialize-diagnostics -dependency-scan-serialize-diagnostics-path /Users/admin/builder/spi-builder-workspace/.derivedData/Build/Intermediates.noindex/SwiftyGPIO.build/Debug-watchos/SwiftyGPIO-t.build/Objects-normal/arm64_32/SwiftyGPIO-dependency-scan.dia -validate-clang-modules-once -clang-build-session-file /Users/admin/builder/spi-builder-workspace/.derivedData/ModuleCache.noindex/Session.modulevalidation -Xcc -fmodules-prune-interval\=86400 -Xcc -fmodules-prune-after\=345600 -emit-const-values -const-gather-protocols-list /Users/admin/builder/spi-builder-workspace/.derivedData/Build/Intermediates.noindex/SwiftyGPIO.build/Debug-watchos/SwiftyGPIO-t.build/Objects-normal/arm64_32/SwiftyGPIO_const_extract_protocols.json -Xcc -I/Users/admin/builder/spi-builder-workspace/.derivedData/Build/Products/Debug-watchos/include -Xcc -I/Users/admin/builder/spi-builder-workspace/.derivedData/Build/Intermediates.noindex/SwiftyGPIO.build/Debug-watchos/SwiftyGPIO-t.build/DerivedSources-normal/arm64_32 -Xcc -I/Users/admin/builder/spi-builder-workspace/.derivedData/Build/Intermediates.noindex/SwiftyGPIO.build/Debug-watchos/SwiftyGPIO-t.build/DerivedSources/arm64_32 -Xcc -I/Users/admin/builder/spi-builder-workspace/.derivedData/Build/Intermediates.noindex/SwiftyGPIO.build/Debug-watchos/SwiftyGPIO-t.build/DerivedSources -Xcc -DSWIFT_PACKAGE -Xcc -DDEBUG\=1 -emit-objc-header -emit-objc-header-path /Users/admin/builder/spi-builder-workspace/.derivedData/Build/Intermediates.noindex/SwiftyGPIO.build/Debug-watchos/SwiftyGPIO-t.build/Objects-normal/arm64_32/SwiftyGPIO-Swift.h -working-directory /Users/admin/builder/spi-builder-workspace/.swiftpm/xcode -experimental-emit-module-separately -disable-cmo
SwiftDriver SwiftyGPIO normal arm64 com.apple.xcode.tools.swift.compiler (in target 'SwiftyGPIO' from project 'SwiftyGPIO')
cd /Users/admin/builder/spi-builder-workspace/.swiftpm/xcode
builtin-SwiftDriver -- /Applications/Xcode-27.0.0-Release.Candidate.app/Contents/Developer/Toolchains/XcodeDefault.xctoolchain/usr/bin/swiftc -parse-as-library -module-name SwiftyGPIO -Onone @/Users/admin/builder/spi-builder-workspace/.derivedData/Build/Intermediates.noindex/SwiftyGPIO.build/Debug-watchos/SwiftyGPIO-t.build/Objects-normal/arm64/SwiftyGPIO.SwiftFileList -DSWIFT_PACKAGE -DDEBUG -DSWIFT_MODULE_RESOURCE_BUNDLE_UNAVAILABLE -DXcode -plugin-path /Applications/Xcode-27.0.0-Release.Candidate.app/Contents/Developer/Toolchains/XcodeDefault.xctoolchain/usr/lib/swift/host/plugins/testing -enable-experimental-feature DebugDescriptionMacro -sdk /Applications/Xcode-27.0.0-Release.Candidate.app/Contents/Developer/Platforms/WatchOS.platform/Developer/SDKs/WatchOS27.0.sdk -target arm64-apple-watchos9.0 -g -module-cache-path /Users/admin/builder/spi-builder-workspace/.derivedData/ModuleCache.noindex -Xfrontend -serialize-debugging-options -enable-testing -suppress-warnings -index-store-path /Users/admin/builder/spi-builder-workspace/.derivedData/Index.noindex/DataStore -Xcc -D_LIBCPP_HARDENING_MODE\=_LIBCPP_HARDENING_MODE_DEBUG -swift-version 5 -I /Users/admin/builder/spi-builder-workspace/.derivedData/Build/Products/Debug-watchos -Isystem /Applications/Xcode-27.0.0-Release.Candidate.app/Contents/Developer/Platforms/WatchOS.platform/Developer/usr/lib -F /Users/admin/builder/spi-builder-workspace/.derivedData/Build/Products/Debug-watchos -F /Applications/Xcode-27.0.0-Release.Candidate.app/Contents/Developer/Platforms/WatchOS.platform/Developer/Library/Frameworks -F /Applications/Xcode-27.0.0-Release.Candidate.app/Contents/Developer/Platforms/WatchOS.platform/Developer/SDKs/WatchOS27.0.sdk/Developer/Library/Frameworks -c -j10 -enable-batch-mode -incremental -Xcc -ivfsstatcache -Xcc /Users/admin/builder/spi-builder-workspace/.derivedData/SDKStatCaches.noindex/watchos27.0-24R360-e829b21a6f8c9b70876ba0858053c04477534ef55a1706bf4c1112bbb242f0a2.sdkstatcache -output-file-map /Users/admin/builder/spi-builder-workspace/.derivedData/Build/Intermediates.noindex/SwiftyGPIO.build/Debug-watchos/SwiftyGPIO-t.build/Objects-normal/arm64/SwiftyGPIO-OutputFileMap.json -save-temps -no-color-diagnostics -explicit-module-build -module-cache-path /Users/admin/builder/spi-builder-workspace/.derivedData/Build/Intermediates.noindex/SwiftExplicitPrecompiledModules -clang-scanner-module-cache-path /Users/admin/builder/spi-builder-workspace/.derivedData/ModuleCache.noindex -sdk-module-cache-path /Users/admin/builder/spi-builder-workspace/.derivedData/SDKExplicitPrecompiledModules -emit-dependencies -emit-module -emit-module-path /Users/admin/builder/spi-builder-workspace/.derivedData/Build/Intermediates.noindex/SwiftyGPIO.build/Debug-watchos/SwiftyGPIO-t.build/Objects-normal/arm64/SwiftyGPIO.swiftmodule -serialize-diagnostics -dependency-scan-serialize-diagnostics-path /Users/admin/builder/spi-builder-workspace/.derivedData/Build/Intermediates.noindex/SwiftyGPIO.build/Debug-watchos/SwiftyGPIO-t.build/Objects-normal/arm64/SwiftyGPIO-dependency-scan.dia -validate-clang-modules-once -clang-build-session-file /Users/admin/builder/spi-builder-workspace/.derivedData/ModuleCache.noindex/Session.modulevalidation -Xcc -fmodules-prune-interval\=86400 -Xcc -fmodules-prune-after\=345600 -emit-const-values -const-gather-protocols-list /Users/admin/builder/spi-builder-workspace/.derivedData/Build/Intermediates.noindex/SwiftyGPIO.build/Debug-watchos/SwiftyGPIO-t.build/Objects-normal/arm64/SwiftyGPIO_const_extract_protocols.json -Xcc -I/Users/admin/builder/spi-builder-workspace/.derivedData/Build/Products/Debug-watchos/include -Xcc -I/Users/admin/builder/spi-builder-workspace/.derivedData/Build/Intermediates.noindex/SwiftyGPIO.build/Debug-watchos/SwiftyGPIO-t.build/DerivedSources-normal/arm64 -Xcc -I/Users/admin/builder/spi-builder-workspace/.derivedData/Build/Intermediates.noindex/SwiftyGPIO.build/Debug-watchos/SwiftyGPIO-t.build/DerivedSources/arm64 -Xcc -I/Users/admin/builder/spi-builder-workspace/.derivedData/Build/Intermediates.noindex/SwiftyGPIO.build/Debug-watchos/SwiftyGPIO-t.build/DerivedSources -Xcc -DSWIFT_PACKAGE -Xcc -DDEBUG\=1 -emit-objc-header -emit-objc-header-path /Users/admin/builder/spi-builder-workspace/.derivedData/Build/Intermediates.noindex/SwiftyGPIO.build/Debug-watchos/SwiftyGPIO-t.build/Objects-normal/arm64/SwiftyGPIO-Swift.h -working-directory /Users/admin/builder/spi-builder-workspace/.swiftpm/xcode -experimental-emit-module-separately -disable-cmo
SwiftDriver NIO normal arm64_32 com.apple.xcode.tools.swift.compiler (in target 'NIO' from project 'swift-nio')
cd /Users/admin/builder/spi-builder-workspace/.swiftpm/xcode
builtin-SwiftDriver -- /Applications/Xcode-27.0.0-Release.Candidate.app/Contents/Developer/Toolchains/XcodeDefault.xctoolchain/usr/bin/swiftc -parse-as-library -module-name NIO -Onone @/Users/admin/builder/spi-builder-workspace/.derivedData/Build/Intermediates.noindex/swift-nio.build/Debug-watchos/NIO-t.build/Objects-normal/arm64_32/NIO.SwiftFileList -DSWIFT_PACKAGE -DDEBUG -DSWIFT_MODULE_RESOURCE_BUNDLE_UNAVAILABLE -Xcc -fmodule-map-file\=/Users/admin/builder/spi-builder-workspace/.derivedData/Build/Intermediates.noindex/GeneratedModuleMaps-watchos/CNIOSHA1.modulemap -Xcc -fmodule-map-file\=/Users/admin/builder/spi-builder-workspace/.derivedData/Build/Intermediates.noindex/GeneratedModuleMaps-watchos/CNIOAtomics.modulemap -Xcc -fmodule-map-file\=/Users/admin/builder/spi-builder-workspace/.derivedData/Build/Intermediates.noindex/GeneratedModuleMaps-watchos/CNIODarwin.modulemap -Xcc -fmodule-map-file\=/Users/admin/builder/spi-builder-workspace/.derivedData/Build/Intermediates.noindex/GeneratedModuleMaps-watchos/CNIOLinux.modulemap -Xcc -fmodule-map-file\=/Users/admin/builder/spi-builder-workspace/.dependencies/checkouts/swift-nio-zlib-support/module.modulemap -DXcode -plugin-path /Applications/Xcode-27.0.0-Release.Candidate.app/Contents/Developer/Toolchains/XcodeDefault.xctoolchain/usr/lib/swift/host/plugins/testing -enable-experimental-feature DebugDescriptionMacro -sdk /Applications/Xcode-27.0.0-Release.Candidate.app/Contents/Developer/Platforms/WatchOS.platform/Developer/SDKs/WatchOS27.0.sdk -target arm64_32-apple-watchos9.0 -g -module-cache-path /Users/admin/builder/spi-builder-workspace/.derivedData/ModuleCache.noindex -Xfrontend -serialize-debugging-options -enable-testing -suppress-warnings -index-store-path /Users/admin/builder/spi-builder-workspace/.derivedData/Index.noindex/DataStore -Xcc -D_LIBCPP_HARDENING_MODE\=_LIBCPP_HARDENING_MODE_DEBUG -swift-version 4 -I /Users/admin/builder/spi-builder-workspace/.derivedData/Build/Products/Debug-watchos -Isystem /Applications/Xcode-27.0.0-Release.Candidate.app/Contents/Developer/Platforms/WatchOS.platform/Developer/usr/lib -F /Users/admin/builder/spi-builder-workspace/.derivedData/Build/Products/Debug-watchos/PackageFrameworks -F /Users/admin/builder/spi-builder-workspace/.derivedData/Build/Products/Debug-watchos -F /Applications/Xcode-27.0.0-Release.Candidate.app/Contents/Developer/Platforms/WatchOS.platform/Developer/Library/Frameworks -F /Applications/Xcode-27.0.0-Release.Candidate.app/Contents/Developer/Platforms/WatchOS.platform/Developer/SDKs/WatchOS27.0.sdk/Developer/Library/Frameworks -c -j10 -enable-batch-mode -incremental -Xcc -ivfsstatcache -Xcc /Users/admin/builder/spi-builder-workspace/.derivedData/SDKStatCaches.noindex/watchos27.0-24R360-e829b21a6f8c9b70876ba0858053c04477534ef55a1706bf4c1112bbb242f0a2.sdkstatcache -output-file-map /Users/admin/builder/spi-builder-workspace/.derivedData/Build/Intermediates.noindex/swift-nio.build/Debug-watchos/NIO-t.build/Objects-normal/arm64_32/NIO-OutputFileMap.json -save-temps -no-color-diagnostics -emit-dependencies -emit-module -emit-module-path /Users/admin/builder/spi-builder-workspace/.derivedData/Build/Intermediates.noindex/swift-nio.build/Debug-watchos/NIO-t.build/Objects-normal/arm64_32/NIO.swiftmodule -serialize-diagnostics -validate-clang-modules-once -clang-build-session-file /Users/admin/builder/spi-builder-workspace/.derivedData/ModuleCache.noindex/Session.modulevalidation -Xcc -fmodules-prune-interval\=86400 -Xcc -fmodules-prune-after\=345600 -emit-const-values -const-gather-protocols-list /Users/admin/builder/spi-builder-workspace/.derivedData/Build/Intermediates.noindex/swift-nio.build/Debug-watchos/NIO-t.build/Objects-normal/arm64_32/NIO_const_extract_protocols.json -Xcc -I/Users/admin/builder/spi-builder-workspace/.dependencies/checkouts/swift-nio/Sources/CNIOSHA1/include -Xcc -I/Users/admin/builder/spi-builder-workspace/.dependencies/checkouts/swift-nio/Sources/CNIOAtomics/include -Xcc -I/Users/admin/builder/spi-builder-workspace/.dependencies/checkouts/swift-nio/Sources/CNIODarwin/include -Xcc -I/Users/admin/builder/spi-builder-workspace/.dependencies/checkouts/swift-nio/Sources/CNIOLinux/include -Xcc -I/Users/admin/builder/spi-builder-workspace/.derivedData/Build/Products/Debug-watchos/include -Xcc -I/Users/admin/builder/spi-builder-workspace/.derivedData/Build/Intermediates.noindex/swift-nio.build/Debug-watchos/NIO-t.build/DerivedSources-normal/arm64_32 -Xcc -I/Users/admin/builder/spi-builder-workspace/.derivedData/Build/Intermediates.noindex/swift-nio.build/Debug-watchos/NIO-t.build/DerivedSources/arm64_32 -Xcc -I/Users/admin/builder/spi-builder-workspace/.derivedData/Build/Intermediates.noindex/swift-nio.build/Debug-watchos/NIO-t.build/DerivedSources -Xcc -DSWIFT_PACKAGE -Xcc -DDEBUG\=1 -emit-objc-header -emit-objc-header-path /Users/admin/builder/spi-builder-workspace/.derivedData/Build/Intermediates.noindex/swift-nio.build/Debug-watchos/NIO-t.build/Objects-normal/arm64_32/NIO-Swift.h -working-directory /Users/admin/builder/spi-builder-workspace/.swiftpm/xcode -experimental-emit-module-separately -disable-cmo
SwiftDriver NIO normal arm64 com.apple.xcode.tools.swift.compiler (in target 'NIO' from project 'swift-nio')
cd /Users/admin/builder/spi-builder-workspace/.swiftpm/xcode
builtin-SwiftDriver -- /Applications/Xcode-27.0.0-Release.Candidate.app/Contents/Developer/Toolchains/XcodeDefault.xctoolchain/usr/bin/swiftc -parse-as-library -module-name NIO -Onone @/Users/admin/builder/spi-builder-workspace/.derivedData/Build/Intermediates.noindex/swift-nio.build/Debug-watchos/NIO-t.build/Objects-normal/arm64/NIO.SwiftFileList -DSWIFT_PACKAGE -DDEBUG -DSWIFT_MODULE_RESOURCE_BUNDLE_UNAVAILABLE -Xcc -fmodule-map-file\=/Users/admin/builder/spi-builder-workspace/.derivedData/Build/Intermediates.noindex/GeneratedModuleMaps-watchos/CNIOSHA1.modulemap -Xcc -fmodule-map-file\=/Users/admin/builder/spi-builder-workspace/.derivedData/Build/Intermediates.noindex/GeneratedModuleMaps-watchos/CNIOAtomics.modulemap -Xcc -fmodule-map-file\=/Users/admin/builder/spi-builder-workspace/.derivedData/Build/Intermediates.noindex/GeneratedModuleMaps-watchos/CNIODarwin.modulemap -Xcc -fmodule-map-file\=/Users/admin/builder/spi-builder-workspace/.derivedData/Build/Intermediates.noindex/GeneratedModuleMaps-watchos/CNIOLinux.modulemap -Xcc -fmodule-map-file\=/Users/admin/builder/spi-builder-workspace/.dependencies/checkouts/swift-nio-zlib-support/module.modulemap -DXcode -plugin-path /Applications/Xcode-27.0.0-Release.Candidate.app/Contents/Developer/Toolchains/XcodeDefault.xctoolchain/usr/lib/swift/host/plugins/testing -enable-experimental-feature DebugDescriptionMacro -sdk /Applications/Xcode-27.0.0-Release.Candidate.app/Contents/Developer/Platforms/WatchOS.platform/Developer/SDKs/WatchOS27.0.sdk -target arm64-apple-watchos9.0 -g -module-cache-path /Users/admin/builder/spi-builder-workspace/.derivedData/ModuleCache.noindex -Xfrontend -serialize-debugging-options -enable-testing -suppress-warnings -index-store-path /Users/admin/builder/spi-builder-workspace/.derivedData/Index.noindex/DataStore -Xcc -D_LIBCPP_HARDENING_MODE\=_LIBCPP_HARDENING_MODE_DEBUG -swift-version 4 -I /Users/admin/builder/spi-builder-workspace/.derivedData/Build/Products/Debug-watchos -Isystem /Applications/Xcode-27.0.0-Release.Candidate.app/Contents/Developer/Platforms/WatchOS.platform/Developer/usr/lib -F /Users/admin/builder/spi-builder-workspace/.derivedData/Build/Products/Debug-watchos/PackageFrameworks -F /Users/admin/builder/spi-builder-workspace/.derivedData/Build/Products/Debug-watchos -F /Applications/Xcode-27.0.0-Release.Candidate.app/Contents/Developer/Platforms/WatchOS.platform/Developer/Library/Frameworks -F /Applications/Xcode-27.0.0-Release.Candidate.app/Contents/Developer/Platforms/WatchOS.platform/Developer/SDKs/WatchOS27.0.sdk/Developer/Library/Frameworks -c -j10 -enable-batch-mode -incremental -Xcc -ivfsstatcache -Xcc /Users/admin/builder/spi-builder-workspace/.derivedData/SDKStatCaches.noindex/watchos27.0-24R360-e829b21a6f8c9b70876ba0858053c04477534ef55a1706bf4c1112bbb242f0a2.sdkstatcache -output-file-map /Users/admin/builder/spi-builder-workspace/.derivedData/Build/Intermediates.noindex/swift-nio.build/Debug-watchos/NIO-t.build/Objects-normal/arm64/NIO-OutputFileMap.json -save-temps -no-color-diagnostics -emit-dependencies -emit-module -emit-module-path /Users/admin/builder/spi-builder-workspace/.derivedData/Build/Intermediates.noindex/swift-nio.build/Debug-watchos/NIO-t.build/Objects-normal/arm64/NIO.swiftmodule -serialize-diagnostics -validate-clang-modules-once -clang-build-session-file /Users/admin/builder/spi-builder-workspace/.derivedData/ModuleCache.noindex/Session.modulevalidation -Xcc -fmodules-prune-interval\=86400 -Xcc -fmodules-prune-after\=345600 -emit-const-values -const-gather-protocols-list /Users/admin/builder/spi-builder-workspace/.derivedData/Build/Intermediates.noindex/swift-nio.build/Debug-watchos/NIO-t.build/Objects-normal/arm64/NIO_const_extract_protocols.json -Xcc -I/Users/admin/builder/spi-builder-workspace/.dependencies/checkouts/swift-nio/Sources/CNIOSHA1/include -Xcc -I/Users/admin/builder/spi-builder-workspace/.dependencies/checkouts/swift-nio/Sources/CNIOAtomics/include -Xcc -I/Users/admin/builder/spi-builder-workspace/.dependencies/checkouts/swift-nio/Sources/CNIODarwin/include -Xcc -I/Users/admin/builder/spi-builder-workspace/.dependencies/checkouts/swift-nio/Sources/CNIOLinux/include -Xcc -I/Users/admin/builder/spi-builder-workspace/.derivedData/Build/Products/Debug-watchos/include -Xcc -I/Users/admin/builder/spi-builder-workspace/.derivedData/Build/Intermediates.noindex/swift-nio.build/Debug-watchos/NIO-t.build/DerivedSources-normal/arm64 -Xcc -I/Users/admin/builder/spi-builder-workspace/.derivedData/Build/Intermediates.noindex/swift-nio.build/Debug-watchos/NIO-t.build/DerivedSources/arm64 -Xcc -I/Users/admin/builder/spi-builder-workspace/.derivedData/Build/Intermediates.noindex/swift-nio.build/Debug-watchos/NIO-t.build/DerivedSources -Xcc -DSWIFT_PACKAGE -Xcc -DDEBUG\=1 -emit-objc-header -emit-objc-header-path /Users/admin/builder/spi-builder-workspace/.derivedData/Build/Intermediates.noindex/swift-nio.build/Debug-watchos/NIO-t.build/Objects-normal/arm64/NIO-Swift.h -working-directory /Users/admin/builder/spi-builder-workspace/.swiftpm/xcode -experimental-emit-module-separately -disable-cmo
SwiftDriver Eliza normal arm64 com.apple.xcode.tools.swift.compiler (in target 'Eliza' from project 'SwiftEliza')
cd /Users/admin/builder/spi-builder-workspace/.swiftpm/xcode
builtin-SwiftDriver -- /Applications/Xcode-27.0.0-Release.Candidate.app/Contents/Developer/Toolchains/XcodeDefault.xctoolchain/usr/bin/swiftc -parse-as-library -module-name Eliza -Onone @/Users/admin/builder/spi-builder-workspace/.derivedData/Build/Intermediates.noindex/SwiftEliza.build/Debug-watchos/Eliza-t.build/Objects-normal/arm64/Eliza.SwiftFileList -DSWIFT_PACKAGE -DDEBUG -DSWIFT_MODULE_RESOURCE_BUNDLE_UNAVAILABLE -DXcode -plugin-path /Applications/Xcode-27.0.0-Release.Candidate.app/Contents/Developer/Toolchains/XcodeDefault.xctoolchain/usr/lib/swift/host/plugins/testing -enable-experimental-feature DebugDescriptionMacro -sdk /Applications/Xcode-27.0.0-Release.Candidate.app/Contents/Developer/Platforms/WatchOS.platform/Developer/SDKs/WatchOS27.0.sdk -target arm64-apple-watchos9.0 -g -module-cache-path /Users/admin/builder/spi-builder-workspace/.derivedData/ModuleCache.noindex -Xfrontend -serialize-debugging-options -enable-testing -suppress-warnings -index-store-path /Users/admin/builder/spi-builder-workspace/.derivedData/Index.noindex/DataStore -Xcc -D_LIBCPP_HARDENING_MODE\=_LIBCPP_HARDENING_MODE_DEBUG -swift-version 5 -I /Users/admin/builder/spi-builder-workspace/.derivedData/Build/Products/Debug-watchos -Isystem /Applications/Xcode-27.0.0-Release.Candidate.app/Contents/Developer/Platforms/WatchOS.platform/Developer/usr/lib -F /Users/admin/builder/spi-builder-workspace/.derivedData/Build/Products/Debug-watchos -F /Applications/Xcode-27.0.0-Release.Candidate.app/Contents/Developer/Platforms/WatchOS.platform/Developer/Library/Frameworks -F /Applications/Xcode-27.0.0-Release.Candidate.app/Contents/Developer/Platforms/WatchOS.platform/Developer/SDKs/WatchOS27.0.sdk/Developer/Library/Frameworks -c -j10 -enable-batch-mode -incremental -Xcc -ivfsstatcache -Xcc /Users/admin/builder/spi-builder-workspace/.derivedData/SDKStatCaches.noindex/watchos27.0-24R360-e829b21a6f8c9b70876ba0858053c04477534ef55a1706bf4c1112bbb242f0a2.sdkstatcache -output-file-map /Users/admin/builder/spi-builder-workspace/.derivedData/Build/Intermediates.noindex/SwiftEliza.build/Debug-watchos/Eliza-t.build/Objects-normal/arm64/Eliza-OutputFileMap.json -save-temps -no-color-diagnostics -explicit-module-build -module-cache-path /Users/admin/builder/spi-builder-workspace/.derivedData/Build/Intermediates.noindex/SwiftExplicitPrecompiledModules -clang-scanner-module-cache-path /Users/admin/builder/spi-builder-workspace/.derivedData/ModuleCache.noindex -sdk-module-cache-path /Users/admin/builder/spi-builder-workspace/.derivedData/SDKExplicitPrecompiledModules -emit-dependencies -emit-module -emit-module-path /Users/admin/builder/spi-builder-workspace/.derivedData/Build/Intermediates.noindex/SwiftEliza.build/Debug-watchos/Eliza-t.build/Objects-normal/arm64/Eliza.swiftmodule -serialize-diagnostics -dependency-scan-serialize-diagnostics-path /Users/admin/builder/spi-builder-workspace/.derivedData/Build/Intermediates.noindex/SwiftEliza.build/Debug-watchos/Eliza-t.build/Objects-normal/arm64/Eliza-dependency-scan.dia -validate-clang-modules-once -clang-build-session-file /Users/admin/builder/spi-builder-workspace/.derivedData/ModuleCache.noindex/Session.modulevalidation -Xcc -fmodules-prune-interval\=86400 -Xcc -fmodules-prune-after\=345600 -emit-const-values -const-gather-protocols-list /Users/admin/builder/spi-builder-workspace/.derivedData/Build/Intermediates.noindex/SwiftEliza.build/Debug-watchos/Eliza-t.build/Objects-normal/arm64/Eliza_const_extract_protocols.json -Xcc -I/Users/admin/builder/spi-builder-workspace/.derivedData/Build/Products/Debug-watchos/include -Xcc -I/Users/admin/builder/spi-builder-workspace/.derivedData/Build/Intermediates.noindex/SwiftEliza.build/Debug-watchos/Eliza-t.build/DerivedSources-normal/arm64 -Xcc -I/Users/admin/builder/spi-builder-workspace/.derivedData/Build/Intermediates.noindex/SwiftEliza.build/Debug-watchos/Eliza-t.build/DerivedSources/arm64 -Xcc -I/Users/admin/builder/spi-builder-workspace/.derivedData/Build/Intermediates.noindex/SwiftEliza.build/Debug-watchos/Eliza-t.build/DerivedSources -Xcc -DSWIFT_PACKAGE -Xcc -DDEBUG\=1 -emit-objc-header -emit-objc-header-path /Users/admin/builder/spi-builder-workspace/.derivedData/Build/Intermediates.noindex/SwiftEliza.build/Debug-watchos/Eliza-t.build/Objects-normal/arm64/Eliza-Swift.h -working-directory /Users/admin/builder/spi-builder-workspace/.swiftpm/xcode -experimental-emit-module-separately -disable-cmo
SwiftDriver Eliza normal arm64_32 com.apple.xcode.tools.swift.compiler (in target 'Eliza' from project 'SwiftEliza')
cd /Users/admin/builder/spi-builder-workspace/.swiftpm/xcode
builtin-SwiftDriver -- /Applications/Xcode-27.0.0-Release.Candidate.app/Contents/Developer/Toolchains/XcodeDefault.xctoolchain/usr/bin/swiftc -parse-as-library -module-name Eliza -Onone @/Users/admin/builder/spi-builder-workspace/.derivedData/Build/Intermediates.noindex/SwiftEliza.build/Debug-watchos/Eliza-t.build/Objects-normal/arm64_32/Eliza.SwiftFileList -DSWIFT_PACKAGE -DDEBUG -DSWIFT_MODULE_RESOURCE_BUNDLE_UNAVAILABLE -DXcode -plugin-path /Applications/Xcode-27.0.0-Release.Candidate.app/Contents/Developer/Toolchains/XcodeDefault.xctoolchain/usr/lib/swift/host/plugins/testing -enable-experimental-feature DebugDescriptionMacro -sdk /Applications/Xcode-27.0.0-Release.Candidate.app/Contents/Developer/Platforms/WatchOS.platform/Developer/SDKs/WatchOS27.0.sdk -target arm64_32-apple-watchos9.0 -g -module-cache-path /Users/admin/builder/spi-builder-workspace/.derivedData/ModuleCache.noindex -Xfrontend -serialize-debugging-options -enable-testing -suppress-warnings -index-store-path /Users/admin/builder/spi-builder-workspace/.derivedData/Index.noindex/DataStore -Xcc -D_LIBCPP_HARDENING_MODE\=_LIBCPP_HARDENING_MODE_DEBUG -swift-version 5 -I /Users/admin/builder/spi-builder-workspace/.derivedData/Build/Products/Debug-watchos -Isystem /Applications/Xcode-27.0.0-Release.Candidate.app/Contents/Developer/Platforms/WatchOS.platform/Developer/usr/lib -F /Users/admin/builder/spi-builder-workspace/.derivedData/Build/Products/Debug-watchos -F /Applications/Xcode-27.0.0-Release.Candidate.app/Contents/Developer/Platforms/WatchOS.platform/Developer/Library/Frameworks -F /Applications/Xcode-27.0.0-Release.Candidate.app/Contents/Developer/Platforms/WatchOS.platform/Developer/SDKs/WatchOS27.0.sdk/Developer/Library/Frameworks -c -j10 -enable-batch-mode -incremental -Xcc -ivfsstatcache -Xcc /Users/admin/builder/spi-builder-workspace/.derivedData/SDKStatCaches.noindex/watchos27.0-24R360-e829b21a6f8c9b70876ba0858053c04477534ef55a1706bf4c1112bbb242f0a2.sdkstatcache -output-file-map /Users/admin/builder/spi-builder-workspace/.derivedData/Build/Intermediates.noindex/SwiftEliza.build/Debug-watchos/Eliza-t.build/Objects-normal/arm64_32/Eliza-OutputFileMap.json -save-temps -no-color-diagnostics -explicit-module-build -module-cache-path /Users/admin/builder/spi-builder-workspace/.derivedData/Build/Intermediates.noindex/SwiftExplicitPrecompiledModules -clang-scanner-module-cache-path /Users/admin/builder/spi-builder-workspace/.derivedData/ModuleCache.noindex -sdk-module-cache-path /Users/admin/builder/spi-builder-workspace/.derivedData/SDKExplicitPrecompiledModules -emit-dependencies -emit-module -emit-module-path /Users/admin/builder/spi-builder-workspace/.derivedData/Build/Intermediates.noindex/SwiftEliza.build/Debug-watchos/Eliza-t.build/Objects-normal/arm64_32/Eliza.swiftmodule -serialize-diagnostics -dependency-scan-serialize-diagnostics-path /Users/admin/builder/spi-builder-workspace/.derivedData/Build/Intermediates.noindex/SwiftEliza.build/Debug-watchos/Eliza-t.build/Objects-normal/arm64_32/Eliza-dependency-scan.dia -validate-clang-modules-once -clang-build-session-file /Users/admin/builder/spi-builder-workspace/.derivedData/ModuleCache.noindex/Session.modulevalidation -Xcc -fmodules-prune-interval\=86400 -Xcc -fmodules-prune-after\=345600 -emit-const-values -const-gather-protocols-list /Users/admin/builder/spi-builder-workspace/.derivedData/Build/Intermediates.noindex/SwiftEliza.build/Debug-watchos/Eliza-t.build/Objects-normal/arm64_32/Eliza_const_extract_protocols.json -Xcc -I/Users/admin/builder/spi-builder-workspace/.derivedData/Build/Products/Debug-watchos/include -Xcc -I/Users/admin/builder/spi-builder-workspace/.derivedData/Build/Intermediates.noindex/SwiftEliza.build/Debug-watchos/Eliza-t.build/DerivedSources-normal/arm64_32 -Xcc -I/Users/admin/builder/spi-builder-workspace/.derivedData/Build/Intermediates.noindex/SwiftEliza.build/Debug-watchos/Eliza-t.build/DerivedSources/arm64_32 -Xcc -I/Users/admin/builder/spi-builder-workspace/.derivedData/Build/Intermediates.noindex/SwiftEliza.build/Debug-watchos/Eliza-t.build/DerivedSources -Xcc -DSWIFT_PACKAGE -Xcc -DDEBUG\=1 -emit-objc-header -emit-objc-header-path /Users/admin/builder/spi-builder-workspace/.derivedData/Build/Intermediates.noindex/SwiftEliza.build/Debug-watchos/Eliza-t.build/Objects-normal/arm64_32/Eliza-Swift.h -working-directory /Users/admin/builder/spi-builder-workspace/.swiftpm/xcode -experimental-emit-module-separately -disable-cmo
CompileC /Users/admin/builder/spi-builder-workspace/.derivedData/Build/Intermediates.noindex/swift-nio.build/Debug-watchos/CNIOAtomics-t.build/Objects-normal/arm64_32/c-atomics.o /Users/admin/builder/spi-builder-workspace/.dependencies/checkouts/swift-nio/Sources/CNIOAtomics/src/c-atomics.c normal arm64_32 c com.apple.compilers.llvm.clang.1_0.compiler (in target 'CNIOAtomics' from project 'swift-nio')
cd /Users/admin/builder/spi-builder-workspace/.swiftpm/xcode
Using response file: /Users/admin/builder/spi-builder-workspace/.derivedData/Build/Intermediates.noindex/swift-nio.build/Debug-watchos/CNIOAtomics-t.build/Objects-normal/arm64_32/7187679823f38a2a940e0043cdf9d637-common-args.resp
/Applications/Xcode-27.0.0-Release.Candidate.app/Contents/Developer/Toolchains/XcodeDefault.xctoolchain/usr/bin/clang -x c -ivfsstatcache /Users/admin/builder/spi-builder-workspace/.derivedData/SDKStatCaches.noindex/watchos27.0-24R360-e829b21a6f8c9b70876ba0858053c04477534ef55a1706bf4c1112bbb242f0a2.sdkstatcache -target arm64_32-apple-watchos9.0 -fmessage-length\=0 -fdiagnostics-show-note-include-stack -fmacro-backtrace-limit\=0 -fno-color-diagnostics -fmodules-prune-interval\=86400 -fmodules-prune-after\=345600 -fbuild-session-file\=/Users/admin/builder/spi-builder-workspace/.derivedData/ModuleCache.noindex/Session.modulevalidation -fmodules-validate-once-per-build-session -Wnon-modular-include-in-framework-module -Werror\=non-modular-include-in-framework-module -Wno-trigraphs -Wno-missing-field-initializers -Wno-missing-prototypes -Wno-return-type -Wno-missing-braces -Wparentheses -Wswitch -Wno-unused-function -Wno-unused-label -Wno-unused-parameter -Wno-unused-variable -Wunused-value -Wno-empty-body -Wno-uninitialized -Wno-unknown-pragmas -w -Wno-shadow -Wno-four-char-constants -Wno-conversion -Wno-constant-conversion -Wno-int-conversion -Wno-bool-conversion -Wno-enum-conversion -Wno-float-conversion -Wno-non-literal-null-conversion -Wno-objc-literal-conversion -Wno-shorten-64-to-32 -Wpointer-sign -Wno-newline-eof -Wno-implicit-fallthrough -isysroot /Applications/Xcode-27.0.0-Release.Candidate.app/Contents/Developer/Platforms/WatchOS.platform/Developer/SDKs/WatchOS27.0.sdk -fstrict-aliasing -Wdeprecated-declarations -Wno-sign-conversion -Wno-infinite-recursion -Wno-comma -Wno-block-capture-autoreleasing -Wno-strict-prototypes -Wno-semicolon-before-method-body -index-store-path /Users/admin/builder/spi-builder-workspace/.derivedData/Index.noindex/DataStore @/Users/admin/builder/spi-builder-workspace/.derivedData/Build/Intermediates.noindex/swift-nio.build/Debug-watchos/CNIOAtomics-t.build/Objects-normal/arm64_32/7187679823f38a2a940e0043cdf9d637-common-args.resp -MMD -MT dependencies -MF /Users/admin/builder/spi-builder-workspace/.derivedData/Build/Intermediates.noindex/swift-nio.build/Debug-watchos/CNIOAtomics-t.build/Objects-normal/arm64_32/c-atomics.d --serialize-diagnostics /Users/admin/builder/spi-builder-workspace/.derivedData/Build/Intermediates.noindex/swift-nio.build/Debug-watchos/CNIOAtomics-t.build/Objects-normal/arm64_32/c-atomics.dia -c /Users/admin/builder/spi-builder-workspace/.dependencies/checkouts/swift-nio/Sources/CNIOAtomics/src/c-atomics.c -o /Users/admin/builder/spi-builder-workspace/.derivedData/Build/Intermediates.noindex/swift-nio.build/Debug-watchos/CNIOAtomics-t.build/Objects-normal/arm64_32/c-atomics.o -index-unit-output-path /swift-nio.build/Debug-watchos/CNIOAtomics-t.build/Objects-normal/arm64_32/c-atomics.o
Failed frontend command:
/Applications/Xcode-27.0.0-Release.Candidate.app/Contents/Developer/Toolchains/XcodeDefault.xctoolchain/usr/bin/clang -cc1 -Wundef-prefix\=TARGET_OS_ -fdiagnostics-show-note-include-stack -fmacro-backtrace-limit\=0 -w -ferror-limit 19 -serialize-diagnostic-file /Users/admin/builder/spi-builder-workspace/.derivedData/Build/Intermediates.noindex/swift-nio.build/Debug-watchos/CNIOAtomics-t.build/Objects-normal/arm64_32/c-atomics.dia -Wdeprecated-objc-isa-usage -Werror\=deprecated-objc-isa-usage -Werror\=implicit-function-declaration -Wnon-modular-include-in-framework-module -Werror\=non-modular-include-in-framework-module -Wno-trigraphs -Wno-missing-field-initializers -Wno-missing-prototypes -Wno-return-type -Wno-missing-braces -Wparentheses -Wswitch -Wno-unused-function -Wno-unused-label -Wno-unused-parameter -Wno-unused-variable -Wunused-value -Wno-empty-body -Wno-uninitialized -Wno-unknown-pragmas -Wno-shadow -Wno-four-char-constants -Wno-conversion -Wno-constant-conversion -Wno-int-conversion -Wno-bool-conversion -Wno-enum-conversion -Wno-float-conversion -Wno-non-literal-null-conversion -Wno-objc-literal-conversion -Wno-shorten-64-to-32 -Wpointer-sign -Wno-newline-eof -Wno-implicit-fallthrough -Wdeprecated-declarations -Wno-sign-conversion -Wno-infinite-recursion -Wno-comma -Wno-block-capture-autoreleasing -Wno-strict-prototypes -Wno-semicolon-before-method-body -Wno-elaborated-enum-base -Wno-error\=allocator-wrappers -index-store-path /Users/admin/builder/spi-builder-workspace/.derivedData/Index.noindex/DataStore -index-unit-output-path /swift-nio.build/Debug-watchos/CNIOAtomics-t.build/Objects-normal/arm64_32/c-atomics.o -fmodule-map-file\=/Users/admin/builder/spi-builder-workspace/.dependencies/checkouts/swift-nio-zlib-support/module.modulemap -fmodule-map-file\=/Applications/Xcode-27.0.0-Release.Candidate.app/Contents/Developer/Platforms/WatchOS.platform/Developer/SDKs/WatchOS.sdk/usr/include/DarwinFoundation2.modulemap -fmodule-map-file\=/Applications/Xcode-27.0.0-Release.Candidate.app/Contents/Developer/Toolchains/XcodeDefault.xctoolchain/usr/lib/clang/21/include/module.modulemap -fmodule-map-file\=/Applications/Xcode-27.0.0-Release.Candidate.app/Contents/Developer/Platforms/WatchOS.platform/Developer/SDKs/WatchOS.sdk/usr/include/DarwinFoundation3.modulemap -fmodule-map-file\=/Applications/Xcode-27.0.0-Release.Candidate.app/Contents/Developer/Toolchains/XcodeDefault.xctoolchain/usr/lib/clang/21/include/module.modulemap -fmodule-map-file\=/Applications/Xcode-27.0.0-Release.Candidate.app/Contents/Developer/Toolchains/XcodeDefault.xctoolchain/usr/lib/clang/21/include/module.modulemap -fmodule-map-file\=/Applications/Xcode-27.0.0-Release.Candidate.app/Contents/Developer/Toolchains/XcodeDefault.xctoolchain/usr/lib/clang/21/include/module.modulemap -o /Users/admin/builder/spi-builder-workspace/.derivedData/Build/Intermediates.noindex/swift-nio.build/Debug-watchos/CNIOAtomics-t.build/Objects-normal/arm64_32/c-atomics.o -disable-free -emit-obj -x c /Users/admin/builder/spi-builder-workspace/.dependencies/checkouts/swift-nio/Sources/CNIOAtomics/src/c-atomics.c -target-abi darwinpcs -target-cpu apple-s4 -target-feature +v8.3a -target-feature +aes -target-feature +complxnum -target-feature +crc -target-feature +fp-armv8 -target-feature +fullfp16 -target-feature +jsconv -target-feature +lse -target-feature +neon -target-feature +pauth -target-feature +perfmon -target-feature +ras -target-feature +rcpc -target-feature +rdm -target-feature +sha2 -triple arm64_32-apple-watchos9.0.0 -target-linker-version 1166.2 -target-sdk-version\=27.0 -fmodules-validate-system-headers -fno-modulemap-allow-subdirectory-search -isysroot /Applications/Xcode-27.0.0-Release.Candidate.app/Contents/Developer/Platforms/WatchOS.platform/Developer/SDKs/WatchOS27.0.sdk -resource-dir /Applications/Xcode-27.0.0-Release.Candidate.app/Contents/Developer/Toolchains/XcodeDefault.xctoolchain/usr/lib/clang/21 -fmodule-format\=obj -fmodule-file\=_Builtin_inttypes\=/Users/admin/builder/spi-builder-workspace/.derivedData/Build/Intermediates.noindex/ExplicitPrecompiledModules/_Builtin_inttypes-3H9ADMB7R1MBRLRQ8LNHIW9WF.pcm -fmodule-file\=_Builtin_stdatomic\=/Users/admin/builder/spi-builder-workspace/.derivedData/Build/Intermediates.noindex/ExplicitPrecompiledModules/_Builtin_stdatomic-QKC7LFHWS2CZI9UG4SMDJ68P.pcm -fmodule-file\=_Builtin_stdbool\=/Users/admin/builder/spi-builder-workspace/.derivedData/Build/Intermediates.noindex/ExplicitPrecompiledModules/_Builtin_stdbool-C795FZDBIYT8T1PWQI3ZQAS0Z.pcm -fmodule-file\=_Builtin_stdint\=/Users/admin/builder/spi-builder-workspace/.derivedData/Build/Intermediates.noindex/ExplicitPrecompiledModules/_Builtin_stdint-C9F8CC0X0IM0BACQMFOUG41PC.pcm -fmodule-file\=_DarwinFoundation2\=/Users/admin/builder/spi-builder-workspace/.derivedData/Build/Intermediates.noindex/ExplicitPrecompiledModules/_DarwinFoundation2-UOPWJD88NWYOYIOBXLEYL9XL.pcm -fmodule-file\=_DarwinFoundation3\=/Users/admin/builder/spi-builder-workspace/.derivedData/Build/Intermediates.noindex/ExplicitPrecompiledModules/_DarwinFoundation3-8YQJHADOAGVLGCJ0XL0EXZ0DO.pcm -I /Users/admin/builder/spi-builder-workspace/.derivedData/Build/Products/Debug-watchos/include -I /Users/admin/builder/spi-builder-workspace/.dependencies/checkouts/swift-nio/Sources/CNIOAtomics/include -I /Users/admin/builder/spi-builder-workspace/.derivedData/Build/Intermediates.noindex/swift-nio.build/Debug-watchos/CNIOAtomics-t.build/DerivedSources-normal/arm64_32 -I /Users/admin/builder/spi-builder-workspace/.derivedData/Build/Intermediates.noindex/swift-nio.build/Debug-watchos/CNIOAtomics-t.build/DerivedSources/arm64_32 -I /Users/admin/builder/spi-builder-workspace/.derivedData/Build/Intermediates.noindex/swift-nio.build/Debug-watchos/CNIOAtomics-t.build/DerivedSources -F /Users/admin/builder/spi-builder-workspace/.derivedData/Build/Products/Debug-watchos -iframework /Applications/Xcode-27.0.0-Release.Candidate.app/Contents/Developer/Platforms/WatchOS.platform/Developer/Library/Frameworks -iframework /Applications/Xcode-27.0.0-Release.Candidate.app/Contents/Developer/Platforms/WatchOS.platform/Developer/SDKs/WatchOS27.0.sdk/Developer/Library/Frameworks -internal-isystem /Applications/Xcode-27.0.0-Release.Candidate.app/Contents/Developer/Platforms/WatchOS.platform/Developer/SDKs/WatchOS27.0.sdk/usr/local/include -internal-isystem /Applications/Xcode-27.0.0-Release.Candidate.app/Contents/Developer/Toolchains/XcodeDefault.xctoolchain/usr/lib/clang/21/include -internal-externc-isystem /Applications/Xcode-27.0.0-Release.Candidate.app/Contents/Developer/Platforms/WatchOS.platform/Developer/SDKs/WatchOS27.0.sdk/usr/include -internal-externc-isystem /Applications/Xcode-27.0.0-Release.Candidate.app/Contents/Developer/Toolchains/XcodeDefault.xctoolchain/usr/include -internal-iframework /Applications/Xcode-27.0.0-Release.Candidate.app/Contents/Developer/Platforms/WatchOS.platform/Developer/SDKs/WatchOS27.0.sdk/System/Library/Frameworks -internal-iframework /Applications/Xcode-27.0.0-Release.Candidate.app/Contents/Developer/Platforms/WatchOS.platform/Developer/SDKs/WatchOS27.0.sdk/System/Library/SubFrameworks -internal-iframework /Applications/Xcode-27.0.0-Release.Candidate.app/Contents/Developer/Platforms/WatchOS.platform/Developer/SDKs/WatchOS27.0.sdk/Library/Frameworks -ivfsstatcache /Users/admin/builder/spi-builder-workspace/.derivedData/SDKStatCaches.noindex/watchos27.0-24R360-e829b21a6f8c9b70876ba0858053c04477534ef55a1706bf4c1112bbb242f0a2.sdkstatcache -std\=gnu17 -fskip-odr-check-in-gmf -fmodules -fmodule-name\=CNIOAtomics -fno-implicit-modules -fmax-type-align\=16 -fpascal-strings -fvisibility-inlines-hidden-static-local-var -mdarwin-stkchk-strong-link -fno-odr-hash-protocols -pic-level 2 -fencode-extended-block-signature -stack-protector 1 -fgnuc-version\=4.2.1 -fblocks -fno-convergent-functions -ffp-contract\=on -fclang-abi-compat\=4.0 -fno-experimental-relative-c++-abi-vtables -fno-file-reproducible -clang-vendor-feature\=+disableNonDependentMemberExprInCurrentInstantiation -clang-vendor-feature\=+enableAggressiveVLAFolding -clang-vendor-feature\=+revert09abecef7bbf -clang-vendor-feature\=+thisNoAlignAttr -clang-vendor-feature\=+thisNoNullAttr -clang-vendor-feature\=+disableAtImportPrivateFrameworkInImplementationError -O0 -fno-assume-unique-vtables -fdebug-compilation-dir\=/Users/admin/builder/spi-builder-workspace/.swiftpm/xcode -fcoverage-compilation-dir\=/Users/admin/builder/spi-builder-workspace/.swiftpm/xcode -fcommon -fdwarf2-cfi-asm -fobjc-msgsend-selector-stubs -fregister-global-dtors-with-atexit -fno-strict-return -dwarf-version\=4 -debugger-tuning\=lldb -disable-llvm-verifier -dwarf-ext-refs -funwind-tables\=1 -enable-tlsdesc -clear-ast-before-backend -discard-value-names -main-file-name c-atomics.c -mframe-pointer\=non-leaf -debug-info-kind\=standalone -fno-loop-interchange -fdiagnostics-hotness-threshold\=0 -fdiagnostics-misexpect-tolerance\=0 -D DEBUG\=1 -D SWIFT_PACKAGE -D Xcode -fdefine-target-os-macros -MT dependencies -dependency-file /Users/admin/builder/spi-builder-workspace/.derivedData/Build/Intermediates.noindex/swift-nio.build/Debug-watchos/CNIOAtomics-t.build/Objects-normal/arm64_32/c-atomics.d -skip-unused-modulemap-deps -module-file-deps\=direct -fdepfile-entry\=/Applications/Xcode-27.0.0-Release.Candidate.app/Contents/Developer/Platforms/WatchOS.platform/Developer/SDKs/WatchOS27.0.sdk/SDKSettings.json
CompileC /Users/admin/builder/spi-builder-workspace/.derivedData/Build/Intermediates.noindex/swift-nio.build/Debug-watchos/CNIOAtomics-t.build/Objects-normal/arm64/c-atomics.o /Users/admin/builder/spi-builder-workspace/.dependencies/checkouts/swift-nio/Sources/CNIOAtomics/src/c-atomics.c normal arm64 c com.apple.compilers.llvm.clang.1_0.compiler (in target 'CNIOAtomics' from project 'swift-nio')
cd /Users/admin/builder/spi-builder-workspace/.swiftpm/xcode
Using response file: /Users/admin/builder/spi-builder-workspace/.derivedData/Build/Intermediates.noindex/swift-nio.build/Debug-watchos/CNIOAtomics-t.build/Objects-normal/arm64/7187679823f38a2a940e0043cdf9d637-common-args.resp
/Applications/Xcode-27.0.0-Release.Candidate.app/Contents/Developer/Toolchains/XcodeDefault.xctoolchain/usr/bin/clang -x c -ivfsstatcache /Users/admin/builder/spi-builder-workspace/.derivedData/SDKStatCaches.noindex/watchos27.0-24R360-e829b21a6f8c9b70876ba0858053c04477534ef55a1706bf4c1112bbb242f0a2.sdkstatcache -target arm64-apple-watchos9.0 -fmessage-length\=0 -fdiagnostics-show-note-include-stack -fmacro-backtrace-limit\=0 -fno-color-diagnostics -fmodules-prune-interval\=86400 -fmodules-prune-after\=345600 -fbuild-session-file\=/Users/admin/builder/spi-builder-workspace/.derivedData/ModuleCache.noindex/Session.modulevalidation -fmodules-validate-once-per-build-session -Wnon-modular-include-in-framework-module -Werror\=non-modular-include-in-framework-module -Wno-trigraphs -Wno-missing-field-initializers -Wno-missing-prototypes -Wno-return-type -Wno-missing-braces -Wparentheses -Wswitch -Wno-unused-function -Wno-unused-label -Wno-unused-parameter -Wno-unused-variable -Wunused-value -Wno-empty-body -Wno-uninitialized -Wno-unknown-pragmas -w -Wno-shadow -Wno-four-char-constants -Wno-conversion -Wno-constant-conversion -Wno-int-conversion -Wno-bool-conversion -Wno-enum-conversion -Wno-float-conversion -Wno-non-literal-null-conversion -Wno-objc-literal-conversion -Wshorten-64-to-32 -Wpointer-sign -Wno-newline-eof -Wno-implicit-fallthrough -isysroot /Applications/Xcode-27.0.0-Release.Candidate.app/Contents/Developer/Platforms/WatchOS.platform/Developer/SDKs/WatchOS27.0.sdk -fstrict-aliasing -Wdeprecated-declarations -Wno-sign-conversion -Wno-infinite-recursion -Wno-comma -Wno-block-capture-autoreleasing -Wno-strict-prototypes -Wno-semicolon-before-method-body -index-store-path /Users/admin/builder/spi-builder-workspace/.derivedData/Index.noindex/DataStore @/Users/admin/builder/spi-builder-workspace/.derivedData/Build/Intermediates.noindex/swift-nio.build/Debug-watchos/CNIOAtomics-t.build/Objects-normal/arm64/7187679823f38a2a940e0043cdf9d637-common-args.resp -MMD -MT dependencies -MF /Users/admin/builder/spi-builder-workspace/.derivedData/Build/Intermediates.noindex/swift-nio.build/Debug-watchos/CNIOAtomics-t.build/Objects-normal/arm64/c-atomics.d --serialize-diagnostics /Users/admin/builder/spi-builder-workspace/.derivedData/Build/Intermediates.noindex/swift-nio.build/Debug-watchos/CNIOAtomics-t.build/Objects-normal/arm64/c-atomics.dia -c /Users/admin/builder/spi-builder-workspace/.dependencies/checkouts/swift-nio/Sources/CNIOAtomics/src/c-atomics.c -o /Users/admin/builder/spi-builder-workspace/.derivedData/Build/Intermediates.noindex/swift-nio.build/Debug-watchos/CNIOAtomics-t.build/Objects-normal/arm64/c-atomics.o -index-unit-output-path /swift-nio.build/Debug-watchos/CNIOAtomics-t.build/Objects-normal/arm64/c-atomics.o
Failed frontend command:
/Applications/Xcode-27.0.0-Release.Candidate.app/Contents/Developer/Toolchains/XcodeDefault.xctoolchain/usr/bin/clang -cc1 -Wundef-prefix\=TARGET_OS_ -fdiagnostics-show-note-include-stack -fmacro-backtrace-limit\=0 -w -ferror-limit 19 -serialize-diagnostic-file /Users/admin/builder/spi-builder-workspace/.derivedData/Build/Intermediates.noindex/swift-nio.build/Debug-watchos/CNIOAtomics-t.build/Objects-normal/arm64/c-atomics.dia -Wdeprecated-objc-isa-usage -Werror\=deprecated-objc-isa-usage -Werror\=implicit-function-declaration -Wnon-modular-include-in-framework-module -Werror\=non-modular-include-in-framework-module -Wno-trigraphs -Wno-missing-field-initializers -Wno-missing-prototypes -Wno-return-type -Wno-missing-braces -Wparentheses -Wswitch -Wno-unused-function -Wno-unused-label -Wno-unused-parameter -Wno-unused-variable -Wunused-value -Wno-empty-body -Wno-uninitialized -Wno-unknown-pragmas -Wno-shadow -Wno-four-char-constants -Wno-conversion -Wno-constant-conversion -Wno-int-conversion -Wno-bool-conversion -Wno-enum-conversion -Wno-float-conversion -Wno-non-literal-null-conversion -Wno-objc-literal-conversion -Wshorten-64-to-32 -Wpointer-sign -Wno-newline-eof -Wno-implicit-fallthrough -Wdeprecated-declarations -Wno-sign-conversion -Wno-infinite-recursion -Wno-comma -Wno-block-capture-autoreleasing -Wno-strict-prototypes -Wno-semicolon-before-method-body -Wno-elaborated-enum-base -Wno-error\=allocator-wrappers -index-store-path /Users/admin/builder/spi-builder-workspace/.derivedData/Index.noindex/DataStore -index-unit-output-path /swift-nio.build/Debug-watchos/CNIOAtomics-t.build/Objects-normal/arm64/c-atomics.o -fmodule-map-file\=/Users/admin/builder/spi-builder-workspace/.dependencies/checkouts/swift-nio-zlib-support/module.modulemap -fmodule-map-file\=/Applications/Xcode-27.0.0-Release.Candidate.app/Contents/Developer/Platforms/WatchOS.platform/Developer/SDKs/WatchOS.sdk/usr/include/DarwinFoundation2.modulemap -fmodule-map-file\=/Applications/Xcode-27.0.0-Release.Candidate.app/Contents/Developer/Toolchains/XcodeDefault.xctoolchain/usr/lib/clang/21/include/module.modulemap -fmodule-map-file\=/Applications/Xcode-27.0.0-Release.Candidate.app/Contents/Developer/Platforms/WatchOS.platform/Developer/SDKs/WatchOS.sdk/usr/include/DarwinFoundation3.modulemap -fmodule-map-file\=/Applications/Xcode-27.0.0-Release.Candidate.app/Contents/Developer/Toolchains/XcodeDefault.xctoolchain/usr/lib/clang/21/include/module.modulemap -fmodule-map-file\=/Applications/Xcode-27.0.0-Release.Candidate.app/Contents/Developer/Toolchains/XcodeDefault.xctoolchain/usr/lib/clang/21/include/module.modulemap -fmodule-map-file\=/Applications/Xcode-27.0.0-Release.Candidate.app/Contents/Developer/Toolchains/XcodeDefault.xctoolchain/usr/lib/clang/21/include/module.modulemap -o /Users/admin/builder/spi-builder-workspace/.derivedData/Build/Intermediates.noindex/swift-nio.build/Debug-watchos/CNIOAtomics-t.build/Objects-normal/arm64/c-atomics.o -disable-free -emit-obj -x c /Users/admin/builder/spi-builder-workspace/.dependencies/checkouts/swift-nio/Sources/CNIOAtomics/src/c-atomics.c -target-abi darwinpcs -target-cpu apple-s9 -target-feature +v8.6a -target-feature +aes -target-feature +bf16 -target-feature +complxnum -target-feature +crc -target-feature +dotprod -target-feature +fp-armv8 -target-feature +fp16fml -target-feature +fpac -target-feature +fullfp16 -target-feature +hcx -target-feature +i8mm -target-feature +jsconv -target-feature +lse -target-feature +neon -target-feature +pauth -target-feature +perfmon -target-feature +ras -target-feature +rcpc -target-feature +rdm -target-feature +sha2 -target-feature +sha3 -target-feature +ssbs -triple arm64-apple-watchos9.0.0 -target-linker-version 1166.2 -target-sdk-version\=27.0 -fmodules-validate-system-headers -fno-modulemap-allow-subdirectory-search -isysroot /Applications/Xcode-27.0.0-Release.Candidate.app/Contents/Developer/Platforms/WatchOS.platform/Developer/SDKs/WatchOS27.0.sdk -resource-dir /Applications/Xcode-27.0.0-Release.Candidate.app/Contents/Developer/Toolchains/XcodeDefault.xctoolchain/usr/lib/clang/21 -fmodule-format\=obj -fmodule-file\=_Builtin_inttypes\=/Users/admin/builder/spi-builder-workspace/.derivedData/Build/Intermediates.noindex/ExplicitPrecompiledModules/_Builtin_inttypes-4QKZTPSXCB84C33E5VPLU08N9.pcm -fmodule-file\=_Builtin_stdatomic\=/Users/admin/builder/spi-builder-workspace/.derivedData/Build/Intermediates.noindex/ExplicitPrecompiledModules/_Builtin_stdatomic-2TZ5F2LHUF21NLH7K5RHBKX2B.pcm -fmodule-file\=_Builtin_stdbool\=/Users/admin/builder/spi-builder-workspace/.derivedData/Build/Intermediates.noindex/ExplicitPrecompiledModules/_Builtin_stdbool-5ZH7P5RJNXA8SAG7EHP5206PC.pcm -fmodule-file\=_Builtin_stdint\=/Users/admin/builder/spi-builder-workspace/.derivedData/Build/Intermediates.noindex/ExplicitPrecompiledModules/_Builtin_stdint-CSE9JYDM5Q1PO78CBR9FK72Q4.pcm -fmodule-file\=_DarwinFoundation2\=/Users/admin/builder/spi-builder-workspace/.derivedData/Build/Intermediates.noindex/ExplicitPrecompiledModules/_DarwinFoundation2-97B3A1VFJWM3XXNSKJIWN1MUQ.pcm -fmodule-file\=_DarwinFoundation3\=/Users/admin/builder/spi-builder-workspace/.derivedData/Build/Intermediates.noindex/ExplicitPrecompiledModules/_DarwinFoundation3-AEQ8M866EXUQLRMRTUGOCYYV3.pcm -I /Users/admin/builder/spi-builder-workspace/.derivedData/Build/Products/Debug-watchos/include -I /Users/admin/builder/spi-builder-workspace/.dependencies/checkouts/swift-nio/Sources/CNIOAtomics/include -I /Users/admin/builder/spi-builder-workspace/.derivedData/Build/Intermediates.noindex/swift-nio.build/Debug-watchos/CNIOAtomics-t.build/DerivedSources-normal/arm64 -I /Users/admin/builder/spi-builder-workspace/.derivedData/Build/Intermediates.noindex/swift-nio.build/Debug-watchos/CNIOAtomics-t.build/DerivedSources/arm64 -I /Users/admin/builder/spi-builder-workspace/.derivedData/Build/Intermediates.noindex/swift-nio.build/Debug-watchos/CNIOAtomics-t.build/DerivedSources -F /Users/admin/builder/spi-builder-workspace/.derivedData/Build/Products/Debug-watchos -iframework /Applications/Xcode-27.0.0-Release.Candidate.app/Contents/Developer/Platforms/WatchOS.platform/Developer/Library/Frameworks -iframework /Applications/Xcode-27.0.0-Release.Candidate.app/Contents/Developer/Platforms/WatchOS.platform/Developer/SDKs/WatchOS27.0.sdk/Developer/Library/Frameworks -internal-isystem /Applications/Xcode-27.0.0-Release.Candidate.app/Contents/Developer/Platforms/WatchOS.platform/Developer/SDKs/WatchOS27.0.sdk/usr/local/include -internal-isystem /Applications/Xcode-27.0.0-Release.Candidate.app/Contents/Developer/Toolchains/XcodeDefault.xctoolchain/usr/lib/clang/21/include -internal-externc-isystem /Applications/Xcode-27.0.0-Release.Candidate.app/Contents/Developer/Platforms/WatchOS.platform/Developer/SDKs/WatchOS27.0.sdk/usr/include -internal-externc-isystem /Applications/Xcode-27.0.0-Release.Candidate.app/Contents/Developer/Toolchains/XcodeDefault.xctoolchain/usr/include -internal-iframework /Applications/Xcode-27.0.0-Release.Candidate.app/Contents/Developer/Platforms/WatchOS.platform/Developer/SDKs/WatchOS27.0.sdk/System/Library/Frameworks -internal-iframework /Applications/Xcode-27.0.0-Release.Candidate.app/Contents/Developer/Platforms/WatchOS.platform/Developer/SDKs/WatchOS27.0.sdk/System/Library/SubFrameworks -internal-iframework /Applications/Xcode-27.0.0-Release.Candidate.app/Contents/Developer/Platforms/WatchOS.platform/Developer/SDKs/WatchOS27.0.sdk/Library/Frameworks -ivfsstatcache /Users/admin/builder/spi-builder-workspace/.derivedData/SDKStatCaches.noindex/watchos27.0-24R360-e829b21a6f8c9b70876ba0858053c04477534ef55a1706bf4c1112bbb242f0a2.sdkstatcache -std\=gnu17 -fskip-odr-check-in-gmf -fmodules -fmodule-name\=CNIOAtomics -fno-implicit-modules -fmax-type-align\=16 -fpascal-strings -fstack-check -fvisibility-inlines-hidden-static-local-var -mdarwin-stkchk-strong-link -fno-odr-hash-protocols -pic-level 2 -fencode-extended-block-signature -stack-protector 1 -fgnuc-version\=4.2.1 -fblocks -fno-convergent-functions -ffp-contract\=on -fclang-abi-compat\=4.0 -fno-experimental-relative-c++-abi-vtables -fno-file-reproducible -clang-vendor-feature\=+disableNonDependentMemberExprInCurrentInstantiation -clang-vendor-feature\=+enableAggressiveVLAFolding -clang-vendor-feature\=+revert09abecef7bbf -clang-vendor-feature\=+thisNoAlignAttr -clang-vendor-feature\=+thisNoNullAttr -clang-vendor-feature\=+disableAtImportPrivateFrameworkInImplementationError -O0 -fno-assume-unique-vtables -fdebug-compilation-dir\=/Users/admin/builder/spi-builder-workspace/.swiftpm/xcode -fcoverage-compilation-dir\=/Users/admin/builder/spi-builder-workspace/.swiftpm/xcode -fcommon -fdwarf2-cfi-asm -fobjc-msgsend-selector-stubs -fregister-global-dtors-with-atexit -fno-strict-return -dwarf-version\=4 -debugger-tuning\=lldb -disable-llvm-verifier -dwarf-ext-refs -funwind-tables\=1 -enable-tlsdesc -clear-ast-before-backend -discard-value-names -main-file-name c-atomics.c -mframe-pointer\=non-leaf -debug-info-kind\=standalone -fno-loop-interchange -fdiagnostics-hotness-threshold\=0 -fdiagnostics-misexpect-tolerance\=0 -D DEBUG\=1 -D SWIFT_PACKAGE -D Xcode -fdefine-target-os-macros -MT dependencies -dependency-file /Users/admin/builder/spi-builder-workspace/.derivedData/Build/Intermediates.noindex/swift-nio.build/Debug-watchos/CNIOAtomics-t.build/Objects-normal/arm64/c-atomics.d -skip-unused-modulemap-deps -module-file-deps\=direct -fdepfile-entry\=/Applications/Xcode-27.0.0-Release.Candidate.app/Contents/Developer/Platforms/WatchOS.platform/Developer/SDKs/WatchOS27.0.sdk/SDKSettings.json
SwiftDriver SwiftyTM1637 normal arm64_32 com.apple.xcode.tools.swift.compiler (in target 'SwiftyTM1637' from project 'SwiftyTM1637')
cd /Users/admin/builder/spi-builder-workspace/.swiftpm/xcode
builtin-SwiftDriver -- /Applications/Xcode-27.0.0-Release.Candidate.app/Contents/Developer/Toolchains/XcodeDefault.xctoolchain/usr/bin/swiftc -parse-as-library -module-name SwiftyTM1637 -Onone @/Users/admin/builder/spi-builder-workspace/.derivedData/Build/Intermediates.noindex/SwiftyTM1637.build/Debug-watchos/SwiftyTM1637-t.build/Objects-normal/arm64_32/SwiftyTM1637.SwiftFileList -DSWIFT_PACKAGE -DDEBUG -DSWIFT_MODULE_RESOURCE_BUNDLE_UNAVAILABLE -DXcode -plugin-path /Applications/Xcode-27.0.0-Release.Candidate.app/Contents/Developer/Toolchains/XcodeDefault.xctoolchain/usr/lib/swift/host/plugins/testing -enable-experimental-feature DebugDescriptionMacro -sdk /Applications/Xcode-27.0.0-Release.Candidate.app/Contents/Developer/Platforms/WatchOS.platform/Developer/SDKs/WatchOS27.0.sdk -target arm64_32-apple-watchos9.0 -g -module-cache-path /Users/admin/builder/spi-builder-workspace/.derivedData/ModuleCache.noindex -Xfrontend -serialize-debugging-options -enable-testing -suppress-warnings -index-store-path /Users/admin/builder/spi-builder-workspace/.derivedData/Index.noindex/DataStore -Xcc -D_LIBCPP_HARDENING_MODE\=_LIBCPP_HARDENING_MODE_DEBUG -swift-version 4 -I /Users/admin/builder/spi-builder-workspace/.derivedData/Build/Products/Debug-watchos -Isystem /Applications/Xcode-27.0.0-Release.Candidate.app/Contents/Developer/Platforms/WatchOS.platform/Developer/usr/lib -F /Users/admin/builder/spi-builder-workspace/.derivedData/Build/Products/Debug-watchos/PackageFrameworks -F /Users/admin/builder/spi-builder-workspace/.derivedData/Build/Products/Debug-watchos -F /Applications/Xcode-27.0.0-Release.Candidate.app/Contents/Developer/Platforms/WatchOS.platform/Developer/Library/Frameworks -F /Applications/Xcode-27.0.0-Release.Candidate.app/Contents/Developer/Platforms/WatchOS.platform/Developer/SDKs/WatchOS27.0.sdk/Developer/Library/Frameworks -c -j10 -enable-batch-mode -incremental -Xcc -ivfsstatcache -Xcc /Users/admin/builder/spi-builder-workspace/.derivedData/SDKStatCaches.noindex/watchos27.0-24R360-e829b21a6f8c9b70876ba0858053c04477534ef55a1706bf4c1112bbb242f0a2.sdkstatcache -output-file-map /Users/admin/builder/spi-builder-workspace/.derivedData/Build/Intermediates.noindex/SwiftyTM1637.build/Debug-watchos/SwiftyTM1637-t.build/Objects-normal/arm64_32/SwiftyTM1637-OutputFileMap.json -save-temps -no-color-diagnostics -emit-dependencies -emit-module -emit-module-path /Users/admin/builder/spi-builder-workspace/.derivedData/Build/Intermediates.noindex/SwiftyTM1637.build/Debug-watchos/SwiftyTM1637-t.build/Objects-normal/arm64_32/SwiftyTM1637.swiftmodule -serialize-diagnostics -validate-clang-modules-once -clang-build-session-file /Users/admin/builder/spi-builder-workspace/.derivedData/ModuleCache.noindex/Session.modulevalidation -Xcc -fmodules-prune-interval\=86400 -Xcc -fmodules-prune-after\=345600 -emit-const-values -const-gather-protocols-list /Users/admin/builder/spi-builder-workspace/.derivedData/Build/Intermediates.noindex/SwiftyTM1637.build/Debug-watchos/SwiftyTM1637-t.build/Objects-normal/arm64_32/SwiftyTM1637_const_extract_protocols.json -Xcc -I/Users/admin/builder/spi-builder-workspace/.derivedData/Build/Products/Debug-watchos/include -Xcc -I/Users/admin/builder/spi-builder-workspace/.derivedData/Build/Intermediates.noindex/SwiftyTM1637.build/Debug-watchos/SwiftyTM1637-t.build/DerivedSources-normal/arm64_32 -Xcc -I/Users/admin/builder/spi-builder-workspace/.derivedData/Build/Intermediates.noindex/SwiftyTM1637.build/Debug-watchos/SwiftyTM1637-t.build/DerivedSources/arm64_32 -Xcc -I/Users/admin/builder/spi-builder-workspace/.derivedData/Build/Intermediates.noindex/SwiftyTM1637.build/Debug-watchos/SwiftyTM1637-t.build/DerivedSources -Xcc -DSWIFT_PACKAGE -Xcc -DDEBUG\=1 -emit-objc-header -emit-objc-header-path /Users/admin/builder/spi-builder-workspace/.derivedData/Build/Intermediates.noindex/SwiftyTM1637.build/Debug-watchos/SwiftyTM1637-t.build/Objects-normal/arm64_32/SwiftyTM1637-Swift.h -working-directory /Users/admin/builder/spi-builder-workspace/.swiftpm/xcode -experimental-emit-module-separately -disable-cmo
SwiftDriver SwiftyTM1637 normal arm64 com.apple.xcode.tools.swift.compiler (in target 'SwiftyTM1637' from project 'SwiftyTM1637')
cd /Users/admin/builder/spi-builder-workspace/.swiftpm/xcode
builtin-SwiftDriver -- /Applications/Xcode-27.0.0-Release.Candidate.app/Contents/Developer/Toolchains/XcodeDefault.xctoolchain/usr/bin/swiftc -parse-as-library -module-name SwiftyTM1637 -Onone @/Users/admin/builder/spi-builder-workspace/.derivedData/Build/Intermediates.noindex/SwiftyTM1637.build/Debug-watchos/SwiftyTM1637-t.build/Objects-normal/arm64/SwiftyTM1637.SwiftFileList -DSWIFT_PACKAGE -DDEBUG -DSWIFT_MODULE_RESOURCE_BUNDLE_UNAVAILABLE -DXcode -plugin-path /Applications/Xcode-27.0.0-Release.Candidate.app/Contents/Developer/Toolchains/XcodeDefault.xctoolchain/usr/lib/swift/host/plugins/testing -enable-experimental-feature DebugDescriptionMacro -sdk /Applications/Xcode-27.0.0-Release.Candidate.app/Contents/Developer/Platforms/WatchOS.platform/Developer/SDKs/WatchOS27.0.sdk -target arm64-apple-watchos9.0 -g -module-cache-path /Users/admin/builder/spi-builder-workspace/.derivedData/ModuleCache.noindex -Xfrontend -serialize-debugging-options -enable-testing -suppress-warnings -index-store-path /Users/admin/builder/spi-builder-workspace/.derivedData/Index.noindex/DataStore -Xcc -D_LIBCPP_HARDENING_MODE\=_LIBCPP_HARDENING_MODE_DEBUG -swift-version 4 -I /Users/admin/builder/spi-builder-workspace/.derivedData/Build/Products/Debug-watchos -Isystem /Applications/Xcode-27.0.0-Release.Candidate.app/Contents/Developer/Platforms/WatchOS.platform/Developer/usr/lib -F /Users/admin/builder/spi-builder-workspace/.derivedData/Build/Products/Debug-watchos/PackageFrameworks -F /Users/admin/builder/spi-builder-workspace/.derivedData/Build/Products/Debug-watchos -F /Applications/Xcode-27.0.0-Release.Candidate.app/Contents/Developer/Platforms/WatchOS.platform/Developer/Library/Frameworks -F /Applications/Xcode-27.0.0-Release.Candidate.app/Contents/Developer/Platforms/WatchOS.platform/Developer/SDKs/WatchOS27.0.sdk/Developer/Library/Frameworks -c -j10 -enable-batch-mode -incremental -Xcc -ivfsstatcache -Xcc /Users/admin/builder/spi-builder-workspace/.derivedData/SDKStatCaches.noindex/watchos27.0-24R360-e829b21a6f8c9b70876ba0858053c04477534ef55a1706bf4c1112bbb242f0a2.sdkstatcache -output-file-map /Users/admin/builder/spi-builder-workspace/.derivedData/Build/Intermediates.noindex/SwiftyTM1637.build/Debug-watchos/SwiftyTM1637-t.build/Objects-normal/arm64/SwiftyTM1637-OutputFileMap.json -save-temps -no-color-diagnostics -emit-dependencies -emit-module -emit-module-path /Users/admin/builder/spi-builder-workspace/.derivedData/Build/Intermediates.noindex/SwiftyTM1637.build/Debug-watchos/SwiftyTM1637-t.build/Objects-normal/arm64/SwiftyTM1637.swiftmodule -serialize-diagnostics -validate-clang-modules-once -clang-build-session-file /Users/admin/builder/spi-builder-workspace/.derivedData/ModuleCache.noindex/Session.modulevalidation -Xcc -fmodules-prune-interval\=86400 -Xcc -fmodules-prune-after\=345600 -emit-const-values -const-gather-protocols-list /Users/admin/builder/spi-builder-workspace/.derivedData/Build/Intermediates.noindex/SwiftyTM1637.build/Debug-watchos/SwiftyTM1637-t.build/Objects-normal/arm64/SwiftyTM1637_const_extract_protocols.json -Xcc -I/Users/admin/builder/spi-builder-workspace/.derivedData/Build/Products/Debug-watchos/include -Xcc -I/Users/admin/builder/spi-builder-workspace/.derivedData/Build/Intermediates.noindex/SwiftyTM1637.build/Debug-watchos/SwiftyTM1637-t.build/DerivedSources-normal/arm64 -Xcc -I/Users/admin/builder/spi-builder-workspace/.derivedData/Build/Intermediates.noindex/SwiftyTM1637.build/Debug-watchos/SwiftyTM1637-t.build/DerivedSources/arm64 -Xcc -I/Users/admin/builder/spi-builder-workspace/.derivedData/Build/Intermediates.noindex/SwiftyTM1637.build/Debug-watchos/SwiftyTM1637-t.build/DerivedSources -Xcc -DSWIFT_PACKAGE -Xcc -DDEBUG\=1 -emit-objc-header -emit-objc-header-path /Users/admin/builder/spi-builder-workspace/.derivedData/Build/Intermediates.noindex/SwiftyTM1637.build/Debug-watchos/SwiftyTM1637-t.build/Objects-normal/arm64/SwiftyTM1637-Swift.h -working-directory /Users/admin/builder/spi-builder-workspace/.swiftpm/xcode -experimental-emit-module-separately -disable-cmo
SwiftEmitModule normal arm64 Emitting\ module\ for\ SwiftyTM1637 (in target 'SwiftyTM1637' from project 'SwiftyTM1637')
SwiftCompile normal arm64 (in target 'SwiftyTM1637' from project 'SwiftyTM1637')
cd /Users/admin/builder/spi-builder-workspace/.swiftpm/xcode
SwiftCompile normal arm64 Compiling\ SevenSegment.swift /Users/admin/builder/spi-builder-workspace/.dependencies/checkouts/SwiftyTM1637/Sources/SwiftyTM1637/SevenSegment.swift (in target 'SwiftyTM1637' from project 'SwiftyTM1637')
SwiftCompile normal arm64 /Users/admin/builder/spi-builder-workspace/.dependencies/checkouts/SwiftyTM1637/Sources/SwiftyTM1637/SevenSegment.swift (in target 'SwiftyTM1637' from project 'SwiftyTM1637')
cd /Users/admin/builder/spi-builder-workspace/.swiftpm/xcode
builtin-SwiftPerFileCompile SevenSegment.swift
SwiftEmitModule normal arm64_32 Emitting\ module\ for\ SwiftyTM1637 (in target 'SwiftyTM1637' from project 'SwiftyTM1637')
SwiftCompile normal arm64_32 (in target 'SwiftyTM1637' from project 'SwiftyTM1637')
cd /Users/admin/builder/spi-builder-workspace/.swiftpm/xcode
SwiftCompile normal arm64_32 Compiling\ SevenSegmentHexDigits.swift /Users/admin/builder/spi-builder-workspace/.dependencies/checkouts/SwiftyTM1637/Sources/SwiftyTM1637/SevenSegmentHexDigits.swift (in target 'SwiftyTM1637' from project 'SwiftyTM1637')
SwiftCompile normal arm64_32 /Users/admin/builder/spi-builder-workspace/.dependencies/checkouts/SwiftyTM1637/Sources/SwiftyTM1637/SevenSegmentHexDigits.swift (in target 'SwiftyTM1637' from project 'SwiftyTM1637')
cd /Users/admin/builder/spi-builder-workspace/.swiftpm/xcode
builtin-SwiftPerFileCompile SevenSegmentHexDigits.swift
SwiftEmitModule normal arm64_32 Emitting\ module\ for\ Eliza (in target 'Eliza' from project 'SwiftEliza')
SwiftCompile normal arm64_32 (in target 'Eliza' from project 'SwiftEliza')
cd /Users/admin/builder/spi-builder-workspace/.swiftpm/xcode
SwiftEmitModule normal arm64_32 Emitting\ module\ for\ SwiftyGPIO (in target 'SwiftyGPIO' from project 'SwiftyGPIO')
SwiftCompile normal arm64_32 (in target 'SwiftyGPIO' from project 'SwiftyGPIO')
cd /Users/admin/builder/spi-builder-workspace/.swiftpm/xcode
SwiftEmitModule normal arm64 Emitting\ module\ for\ SwiftyGPIO (in target 'SwiftyGPIO' from project 'SwiftyGPIO')
SwiftCompile normal arm64 (in target 'SwiftyGPIO' from project 'SwiftyGPIO')
cd /Users/admin/builder/spi-builder-workspace/.swiftpm/xcode
SwiftEmitModule normal arm64 Emitting\ module\ for\ Eliza (in target 'Eliza' from project 'SwiftEliza')
SwiftCompile normal arm64 (in target 'Eliza' from project 'SwiftEliza')
cd /Users/admin/builder/spi-builder-workspace/.swiftpm/xcode
SwiftEmitModule normal arm64 Emitting\ module\ for\ NIO (in target 'NIO' from project 'swift-nio')
SwiftCompile normal arm64 (in target 'NIO' from project 'swift-nio')
cd /Users/admin/builder/spi-builder-workspace/.swiftpm/xcode
SwiftEmitModule normal arm64_32 Emitting\ module\ for\ NIO (in target 'NIO' from project 'swift-nio')
SwiftCompile normal arm64_32 (in target 'NIO' from project 'swift-nio')
cd /Users/admin/builder/spi-builder-workspace/.swiftpm/xcode
SwiftCompile normal arm64 Compiling\ SevenSegmentLetters.swift /Users/admin/builder/spi-builder-workspace/.dependencies/checkouts/SwiftyTM1637/Sources/SwiftyTM1637/SevenSegmentLetters.swift (in target 'SwiftyTM1637' from project 'SwiftyTM1637')
SwiftCompile normal arm64 /Users/admin/builder/spi-builder-workspace/.dependencies/checkouts/SwiftyTM1637/Sources/SwiftyTM1637/SevenSegmentLetters.swift (in target 'SwiftyTM1637' from project 'SwiftyTM1637')
cd /Users/admin/builder/spi-builder-workspace/.swiftpm/xcode
builtin-SwiftPerFileCompile SevenSegmentLetters.swift
SwiftDriverJobDiscovery normal arm64 Emitting module for SwiftyTM1637 (in target 'SwiftyTM1637' from project 'SwiftyTM1637')
SwiftDriver\ Compilation\ Requirements SwiftyTM1637 normal arm64 com.apple.xcode.tools.swift.compiler (in target 'SwiftyTM1637' from project 'SwiftyTM1637')
cd /Users/admin/builder/spi-builder-workspace/.swiftpm/xcode
builtin-Swift-Compilation-Requirements -- /Applications/Xcode-27.0.0-Release.Candidate.app/Contents/Developer/Toolchains/XcodeDefault.xctoolchain/usr/bin/swiftc -parse-as-library -module-name SwiftyTM1637 -Onone @/Users/admin/builder/spi-builder-workspace/.derivedData/Build/Intermediates.noindex/SwiftyTM1637.build/Debug-watchos/SwiftyTM1637-t.build/Objects-normal/arm64/SwiftyTM1637.SwiftFileList -DSWIFT_PACKAGE -DDEBUG -DSWIFT_MODULE_RESOURCE_BUNDLE_UNAVAILABLE -DXcode -plugin-path /Applications/Xcode-27.0.0-Release.Candidate.app/Contents/Developer/Toolchains/XcodeDefault.xctoolchain/usr/lib/swift/host/plugins/testing -enable-experimental-feature DebugDescriptionMacro -sdk /Applications/Xcode-27.0.0-Release.Candidate.app/Contents/Developer/Platforms/WatchOS.platform/Developer/SDKs/WatchOS27.0.sdk -target arm64-apple-watchos9.0 -g -module-cache-path /Users/admin/builder/spi-builder-workspace/.derivedData/ModuleCache.noindex -Xfrontend -serialize-debugging-options -enable-testing -suppress-warnings -index-store-path /Users/admin/builder/spi-builder-workspace/.derivedData/Index.noindex/DataStore -Xcc -D_LIBCPP_HARDENING_MODE\=_LIBCPP_HARDENING_MODE_DEBUG -swift-version 4 -I /Users/admin/builder/spi-builder-workspace/.derivedData/Build/Products/Debug-watchos -Isystem /Applications/Xcode-27.0.0-Release.Candidate.app/Contents/Developer/Platforms/WatchOS.platform/Developer/usr/lib -F /Users/admin/builder/spi-builder-workspace/.derivedData/Build/Products/Debug-watchos/PackageFrameworks -F /Users/admin/builder/spi-builder-workspace/.derivedData/Build/Products/Debug-watchos -F /Applications/Xcode-27.0.0-Release.Candidate.app/Contents/Developer/Platforms/WatchOS.platform/Developer/Library/Frameworks -F /Applications/Xcode-27.0.0-Release.Candidate.app/Contents/Developer/Platforms/WatchOS.platform/Developer/SDKs/WatchOS27.0.sdk/Developer/Library/Frameworks -c -j10 -enable-batch-mode -incremental -Xcc -ivfsstatcache -Xcc /Users/admin/builder/spi-builder-workspace/.derivedData/SDKStatCaches.noindex/watchos27.0-24R360-e829b21a6f8c9b70876ba0858053c04477534ef55a1706bf4c1112bbb242f0a2.sdkstatcache -output-file-map /Users/admin/builder/spi-builder-workspace/.derivedData/Build/Intermediates.noindex/SwiftyTM1637.build/Debug-watchos/SwiftyTM1637-t.build/Objects-normal/arm64/SwiftyTM1637-OutputFileMap.json -save-temps -no-color-diagnostics -emit-dependencies -emit-module -emit-module-path /Users/admin/builder/spi-builder-workspace/.derivedData/Build/Intermediates.noindex/SwiftyTM1637.build/Debug-watchos/SwiftyTM1637-t.build/Objects-normal/arm64/SwiftyTM1637.swiftmodule -serialize-diagnostics -validate-clang-modules-once -clang-build-session-file /Users/admin/builder/spi-builder-workspace/.derivedData/ModuleCache.noindex/Session.modulevalidation -Xcc -fmodules-prune-interval\=86400 -Xcc -fmodules-prune-after\=345600 -emit-const-values -const-gather-protocols-list /Users/admin/builder/spi-builder-workspace/.derivedData/Build/Intermediates.noindex/SwiftyTM1637.build/Debug-watchos/SwiftyTM1637-t.build/Objects-normal/arm64/SwiftyTM1637_const_extract_protocols.json -Xcc -I/Users/admin/builder/spi-builder-workspace/.derivedData/Build/Products/Debug-watchos/include -Xcc -I/Users/admin/builder/spi-builder-workspace/.derivedData/Build/Intermediates.noindex/SwiftyTM1637.build/Debug-watchos/SwiftyTM1637-t.build/DerivedSources-normal/arm64 -Xcc -I/Users/admin/builder/spi-builder-workspace/.derivedData/Build/Intermediates.noindex/SwiftyTM1637.build/Debug-watchos/SwiftyTM1637-t.build/DerivedSources/arm64 -Xcc -I/Users/admin/builder/spi-builder-workspace/.derivedData/Build/Intermediates.noindex/SwiftyTM1637.build/Debug-watchos/SwiftyTM1637-t.build/DerivedSources -Xcc -DSWIFT_PACKAGE -Xcc -DDEBUG\=1 -emit-objc-header -emit-objc-header-path /Users/admin/builder/spi-builder-workspace/.derivedData/Build/Intermediates.noindex/SwiftyTM1637.build/Debug-watchos/SwiftyTM1637-t.build/Objects-normal/arm64/SwiftyTM1637-Swift.h -working-directory /Users/admin/builder/spi-builder-workspace/.swiftpm/xcode -experimental-emit-module-separately -disable-cmo
SwiftCompile normal arm64_32 Compiling\ SwiftyTM1637.swift /Users/admin/builder/spi-builder-workspace/.dependencies/checkouts/SwiftyTM1637/Sources/SwiftyTM1637/SwiftyTM1637.swift (in target 'SwiftyTM1637' from project 'SwiftyTM1637')
SwiftCompile normal arm64_32 /Users/admin/builder/spi-builder-workspace/.dependencies/checkouts/SwiftyTM1637/Sources/SwiftyTM1637/SwiftyTM1637.swift (in target 'SwiftyTM1637' from project 'SwiftyTM1637')
cd /Users/admin/builder/spi-builder-workspace/.swiftpm/xcode
builtin-SwiftPerFileCompile SwiftyTM1637.swift
Copy /Users/admin/builder/spi-builder-workspace/.derivedData/Build/Products/Debug-watchos/SwiftyTM1637.swiftmodule/arm64-apple-watchos.swiftmodule /Users/admin/builder/spi-builder-workspace/.derivedData/Build/Intermediates.noindex/SwiftyTM1637.build/Debug-watchos/SwiftyTM1637-t.build/Objects-normal/arm64/SwiftyTM1637.swiftmodule (in target 'SwiftyTM1637' from project 'SwiftyTM1637')
cd /Users/admin/builder/spi-builder-workspace/.dependencies/checkouts/SwiftyTM1637
builtin-copy -exclude .DS_Store -exclude CVS -exclude .svn -exclude .git -exclude .hg -resolve-src-symlinks -rename /Users/admin/builder/spi-builder-workspace/.derivedData/Build/Intermediates.noindex/SwiftyTM1637.build/Debug-watchos/SwiftyTM1637-t.build/Objects-normal/arm64/SwiftyTM1637.swiftmodule /Users/admin/builder/spi-builder-workspace/.derivedData/Build/Products/Debug-watchos/SwiftyTM1637.swiftmodule/arm64-apple-watchos.swiftmodule
SwiftDriverJobDiscovery normal arm64 Compiling SevenSegment.swift (in target 'SwiftyTM1637' from project 'SwiftyTM1637')
Copy /Users/admin/builder/spi-builder-workspace/.derivedData/Build/Products/Debug-watchos/SwiftyTM1637.swiftmodule/arm64-apple-watchos.swiftdoc /Users/admin/builder/spi-builder-workspace/.derivedData/Build/Intermediates.noindex/SwiftyTM1637.build/Debug-watchos/SwiftyTM1637-t.build/Objects-normal/arm64/SwiftyTM1637.swiftdoc (in target 'SwiftyTM1637' from project 'SwiftyTM1637')
cd /Users/admin/builder/spi-builder-workspace/.dependencies/checkouts/SwiftyTM1637
builtin-copy -exclude .DS_Store -exclude CVS -exclude .svn -exclude .git -exclude .hg -resolve-src-symlinks -rename /Users/admin/builder/spi-builder-workspace/.derivedData/Build/Intermediates.noindex/SwiftyTM1637.build/Debug-watchos/SwiftyTM1637-t.build/Objects-normal/arm64/SwiftyTM1637.swiftdoc /Users/admin/builder/spi-builder-workspace/.derivedData/Build/Products/Debug-watchos/SwiftyTM1637.swiftmodule/arm64-apple-watchos.swiftdoc
Copy /Users/admin/builder/spi-builder-workspace/.derivedData/Build/Products/Debug-watchos/SwiftyTM1637.swiftmodule/arm64-apple-watchos.abi.json /Users/admin/builder/spi-builder-workspace/.derivedData/Build/Intermediates.noindex/SwiftyTM1637.build/Debug-watchos/SwiftyTM1637-t.build/Objects-normal/arm64/SwiftyTM1637.abi.json (in target 'SwiftyTM1637' from project 'SwiftyTM1637')
cd /Users/admin/builder/spi-builder-workspace/.dependencies/checkouts/SwiftyTM1637
builtin-copy -exclude .DS_Store -exclude CVS -exclude .svn -exclude .git -exclude .hg -resolve-src-symlinks -rename /Users/admin/builder/spi-builder-workspace/.derivedData/Build/Intermediates.noindex/SwiftyTM1637.build/Debug-watchos/SwiftyTM1637-t.build/Objects-normal/arm64/SwiftyTM1637.abi.json /Users/admin/builder/spi-builder-workspace/.derivedData/Build/Products/Debug-watchos/SwiftyTM1637.swiftmodule/arm64-apple-watchos.abi.json
Copy /Users/admin/builder/spi-builder-workspace/.derivedData/Build/Products/Debug-watchos/SwiftyTM1637.swiftmodule/Project/arm64-apple-watchos.swiftsourceinfo /Users/admin/builder/spi-builder-workspace/.derivedData/Build/Intermediates.noindex/SwiftyTM1637.build/Debug-watchos/SwiftyTM1637-t.build/Objects-normal/arm64/SwiftyTM1637.swiftsourceinfo (in target 'SwiftyTM1637' from project 'SwiftyTM1637')
cd /Users/admin/builder/spi-builder-workspace/.dependencies/checkouts/SwiftyTM1637
builtin-copy -exclude .DS_Store -exclude CVS -exclude .svn -exclude .git -exclude .hg -resolve-src-symlinks -rename /Users/admin/builder/spi-builder-workspace/.derivedData/Build/Intermediates.noindex/SwiftyTM1637.build/Debug-watchos/SwiftyTM1637-t.build/Objects-normal/arm64/SwiftyTM1637.swiftsourceinfo /Users/admin/builder/spi-builder-workspace/.derivedData/Build/Products/Debug-watchos/SwiftyTM1637.swiftmodule/Project/arm64-apple-watchos.swiftsourceinfo
SwiftCompile normal arm64 Compiling\ SwiftyTM1637.swift /Users/admin/builder/spi-builder-workspace/.dependencies/checkouts/SwiftyTM1637/Sources/SwiftyTM1637/SwiftyTM1637.swift (in target 'SwiftyTM1637' from project 'SwiftyTM1637')
SwiftCompile normal arm64 /Users/admin/builder/spi-builder-workspace/.dependencies/checkouts/SwiftyTM1637/Sources/SwiftyTM1637/SwiftyTM1637.swift (in target 'SwiftyTM1637' from project 'SwiftyTM1637')
cd /Users/admin/builder/spi-builder-workspace/.swiftpm/xcode
builtin-SwiftPerFileCompile SwiftyTM1637.swift
SwiftCompile normal arm64 Compiling\ SevenSegmentRepresentable.swift /Users/admin/builder/spi-builder-workspace/.dependencies/checkouts/SwiftyTM1637/Sources/SwiftyTM1637/SevenSegmentRepresentable.swift (in target 'SwiftyTM1637' from project 'SwiftyTM1637')
SwiftCompile normal arm64 /Users/admin/builder/spi-builder-workspace/.dependencies/checkouts/SwiftyTM1637/Sources/SwiftyTM1637/SevenSegmentRepresentable.swift (in target 'SwiftyTM1637' from project 'SwiftyTM1637')
cd /Users/admin/builder/spi-builder-workspace/.swiftpm/xcode
builtin-SwiftPerFileCompile SevenSegmentRepresentable.swift
SwiftCompile normal arm64 Compiling\ SevenSegmentHexDigits.swift /Users/admin/builder/spi-builder-workspace/.dependencies/checkouts/SwiftyTM1637/Sources/SwiftyTM1637/SevenSegmentHexDigits.swift (in target 'SwiftyTM1637' from project 'SwiftyTM1637')
SwiftCompile normal arm64 /Users/admin/builder/spi-builder-workspace/.dependencies/checkouts/SwiftyTM1637/Sources/SwiftyTM1637/SevenSegmentHexDigits.swift (in target 'SwiftyTM1637' from project 'SwiftyTM1637')
cd /Users/admin/builder/spi-builder-workspace/.swiftpm/xcode
builtin-SwiftPerFileCompile SevenSegmentHexDigits.swift
SwiftDriverJobDiscovery normal arm64 Compiling SevenSegmentLetters.swift (in target 'SwiftyTM1637' from project 'SwiftyTM1637')
SwiftCompile normal arm64_32 Compiling\ SevenSegmentRepresentable.swift /Users/admin/builder/spi-builder-workspace/.dependencies/checkouts/SwiftyTM1637/Sources/SwiftyTM1637/SevenSegmentRepresentable.swift (in target 'SwiftyTM1637' from project 'SwiftyTM1637')
SwiftCompile normal arm64_32 /Users/admin/builder/spi-builder-workspace/.dependencies/checkouts/SwiftyTM1637/Sources/SwiftyTM1637/SevenSegmentRepresentable.swift (in target 'SwiftyTM1637' from project 'SwiftyTM1637')
cd /Users/admin/builder/spi-builder-workspace/.swiftpm/xcode
builtin-SwiftPerFileCompile SevenSegmentRepresentable.swift
SwiftDriverJobDiscovery normal arm64_32 Compiling SevenSegmentHexDigits.swift (in target 'SwiftyTM1637' from project 'SwiftyTM1637')
SwiftCompile normal arm64_32 Compiling\ SevenSegmentLetters.swift /Users/admin/builder/spi-builder-workspace/.dependencies/checkouts/SwiftyTM1637/Sources/SwiftyTM1637/SevenSegmentLetters.swift (in target 'SwiftyTM1637' from project 'SwiftyTM1637')
SwiftCompile normal arm64_32 /Users/admin/builder/spi-builder-workspace/.dependencies/checkouts/SwiftyTM1637/Sources/SwiftyTM1637/SevenSegmentLetters.swift (in target 'SwiftyTM1637' from project 'SwiftyTM1637')
cd /Users/admin/builder/spi-builder-workspace/.swiftpm/xcode
builtin-SwiftPerFileCompile SevenSegmentLetters.swift
SwiftDriverJobDiscovery normal arm64 Compiling SevenSegmentRepresentable.swift (in target 'SwiftyTM1637' from project 'SwiftyTM1637')
SwiftCompile normal arm64_32 Compiling\ SevenSegment.swift /Users/admin/builder/spi-builder-workspace/.dependencies/checkouts/SwiftyTM1637/Sources/SwiftyTM1637/SevenSegment.swift (in target 'SwiftyTM1637' from project 'SwiftyTM1637')
SwiftCompile normal arm64_32 /Users/admin/builder/spi-builder-workspace/.dependencies/checkouts/SwiftyTM1637/Sources/SwiftyTM1637/SevenSegment.swift (in target 'SwiftyTM1637' from project 'SwiftyTM1637')
cd /Users/admin/builder/spi-builder-workspace/.swiftpm/xcode
builtin-SwiftPerFileCompile SevenSegment.swift
SwiftDriverJobDiscovery normal arm64 Compiling SwiftyTM1637.swift (in target 'SwiftyTM1637' from project 'SwiftyTM1637')
SwiftCompile normal arm64 Compiling\ SPI.swift /Users/admin/builder/spi-builder-workspace/.dependencies/checkouts/SwiftyGPIO/Sources/SPI.swift (in target 'SwiftyGPIO' from project 'SwiftyGPIO')
SwiftCompile normal arm64 /Users/admin/builder/spi-builder-workspace/.dependencies/checkouts/SwiftyGPIO/Sources/SPI.swift (in target 'SwiftyGPIO' from project 'SwiftyGPIO')
cd /Users/admin/builder/spi-builder-workspace/.swiftpm/xcode
builtin-SwiftPerFileCompile SPI.swift
SwiftDriverJobDiscovery normal arm64_32 Compiling SwiftyTM1637.swift (in target 'SwiftyTM1637' from project 'SwiftyTM1637')
SwiftCompile normal arm64 Compiling\ UART.swift /Users/admin/builder/spi-builder-workspace/.dependencies/checkouts/SwiftyGPIO/Sources/UART.swift (in target 'SwiftyGPIO' from project 'SwiftyGPIO')
/Users/admin/builder/spi-builder-workspace/.dependencies/checkouts/SwiftyGPIO/Sources/UART.swift:72:28: error: cannot convert value of type 'UInt32' to expected argument type 'UInt'
70 | switch self {
71 | case .None:
72 | cfg.c_cflag &= ~UInt32(PARENB | PARODD)
| `- error: cannot convert value of type 'UInt32' to expected argument type 'UInt'
73 | case .Even:
74 | cfg.c_cflag &= ~UInt32(PARENB | PARODD)
/Users/admin/builder/spi-builder-workspace/.dependencies/checkouts/SwiftyGPIO/Sources/UART.swift:74:28: error: cannot convert value of type 'UInt32' to expected argument type 'UInt'
72 | cfg.c_cflag &= ~UInt32(PARENB | PARODD)
73 | case .Even:
74 | cfg.c_cflag &= ~UInt32(PARENB | PARODD)
| `- error: cannot convert value of type 'UInt32' to expected argument type 'UInt'
75 | cfg.c_cflag |= UInt32(PARENB)
76 | case .Odd:
/Users/admin/builder/spi-builder-workspace/.dependencies/checkouts/SwiftyGPIO/Sources/UART.swift:75:28: error: cannot convert value of type 'UInt32' to expected argument type 'UInt'
73 | case .Even:
74 | cfg.c_cflag &= ~UInt32(PARENB | PARODD)
75 | cfg.c_cflag |= UInt32(PARENB)
| `- error: cannot convert value of type 'UInt32' to expected argument type 'UInt'
76 | case .Odd:
77 | cfg.c_cflag |= UInt32(PARENB | PARODD)
/Users/admin/builder/spi-builder-workspace/.dependencies/checkouts/SwiftyGPIO/Sources/UART.swift:77:28: error: cannot convert value of type 'UInt32' to expected argument type 'UInt'
75 | cfg.c_cflag |= UInt32(PARENB)
76 | case .Odd:
77 | cfg.c_cflag |= UInt32(PARENB | PARODD)
| `- error: cannot convert value of type 'UInt32' to expected argument type 'UInt'
78 | }
79 | }
/Users/admin/builder/spi-builder-workspace/.dependencies/checkouts/SwiftyGPIO/Sources/UART.swift:88:38: error: cannot convert value of type 'UInt32' to expected argument type 'UInt'
86 |
87 | public func configure(_ cfg: inout termios) {
88 | cfg.c_cflag = (cfg.c_cflag & ~UInt32(CSIZE))
| `- error: cannot convert value of type 'UInt32' to expected argument type 'UInt'
89 | switch self {
90 | case .Eight:
/Users/admin/builder/spi-builder-workspace/.dependencies/checkouts/SwiftyGPIO/Sources/UART.swift:91:28: error: cannot convert value of type 'UInt32' to expected argument type 'UInt'
89 | switch self {
90 | case .Eight:
91 | cfg.c_cflag |= UInt32(CS8)
| `- error: cannot convert value of type 'UInt32' to expected argument type 'UInt'
92 | case .Seven:
93 | cfg.c_cflag |= UInt32(CS7)
/Users/admin/builder/spi-builder-workspace/.dependencies/checkouts/SwiftyGPIO/Sources/UART.swift:93:28: error: cannot convert value of type 'UInt32' to expected argument type 'UInt'
91 | cfg.c_cflag |= UInt32(CS8)
92 | case .Seven:
93 | cfg.c_cflag |= UInt32(CS7)
| `- error: cannot convert value of type 'UInt32' to expected argument type 'UInt'
94 | case .Six:
95 | cfg.c_cflag |= UInt32(CS6)
/Users/admin/builder/spi-builder-workspace/.dependencies/checkouts/SwiftyGPIO/Sources/UART.swift:95:28: error: cannot convert value of type 'UInt32' to expected argument type 'UInt'
93 | cfg.c_cflag |= UInt32(CS7)
94 | case .Six:
95 | cfg.c_cflag |= UInt32(CS6)
| `- error: cannot convert value of type 'UInt32' to expected argument type 'UInt'
96 | }
97 | }
/Users/admin/builder/spi-builder-workspace/.dependencies/checkouts/SwiftyGPIO/Sources/UART.swift:107:28: error: cannot convert value of type 'UInt32' to expected argument type 'UInt'
105 | switch self {
106 | case .One:
107 | cfg.c_cflag &= ~UInt32(CSTOPB)
| `- error: cannot convert value of type 'UInt32' to expected argument type 'UInt'
108 | case .Two:
109 | cfg.c_cflag |= UInt32(CSTOPB)
/Users/admin/builder/spi-builder-workspace/.dependencies/checkouts/SwiftyGPIO/Sources/UART.swift:109:28: error: cannot convert value of type 'UInt32' to expected argument type 'UInt'
107 | cfg.c_cflag &= ~UInt32(CSTOPB)
108 | case .Two:
109 | cfg.c_cflag |= UInt32(CSTOPB)
| `- error: cannot convert value of type 'UInt32' to expected argument type 'UInt'
110 | }
111 | }
/Users/admin/builder/spi-builder-workspace/.dependencies/checkouts/SwiftyGPIO/Sources/UART.swift:199:24: error: cannot convert value of type 'UInt32' to expected argument type 'UInt'
197 |
198 | bitsPerChar.configure(&tty)
199 | tty.c_iflag &= ~UInt32(IGNBRK) // disable break processing
| `- error: cannot convert value of type 'UInt32' to expected argument type 'UInt'
200 | tty.c_lflag = 0 // no signaling chars, no echo,
201 | // no canonical processing -> read bytes as they come without waiting for LF
/Users/admin/builder/spi-builder-workspace/.dependencies/checkouts/SwiftyGPIO/Sources/UART.swift:206:24: error: cannot convert value of type 'UInt32' to expected argument type 'UInt'
204 | withUnsafeMutableBytes(of: &tty.c_cc) {$0[Int(VMIN)] = UInt8(1); return}
205 | withUnsafeMutableBytes(of: &tty.c_cc) {$0[Int(VTIME)] = UInt8(5); return} // 5 10th of second read timeout
206 | tty.c_iflag &= ~UInt32(IXON | IXOFF | IXANY) // Every kind of software flow control off
| `- error: cannot convert value of type 'UInt32' to expected argument type 'UInt'
207 | tty.c_cflag &= ~UInt32(CRTSCTS) //No hw flow control
208 | tty.c_cflag |= UInt32(CLOCAL | CREAD) // Ignore modem controls, enable read
/Users/admin/builder/spi-builder-workspace/.dependencies/checkouts/SwiftyGPIO/Sources/UART.swift:207:24: error: cannot convert value of type 'UInt32' to expected argument type 'UInt'
205 | withUnsafeMutableBytes(of: &tty.c_cc) {$0[Int(VTIME)] = UInt8(5); return} // 5 10th of second read timeout
206 | tty.c_iflag &= ~UInt32(IXON | IXOFF | IXANY) // Every kind of software flow control off
207 | tty.c_cflag &= ~UInt32(CRTSCTS) //No hw flow control
| `- error: cannot convert value of type 'UInt32' to expected argument type 'UInt'
208 | tty.c_cflag |= UInt32(CLOCAL | CREAD) // Ignore modem controls, enable read
209 | parity.configure(&tty)
/Users/admin/builder/spi-builder-workspace/.dependencies/checkouts/SwiftyGPIO/Sources/UART.swift:208:24: error: cannot convert value of type 'UInt32' to expected argument type 'UInt'
206 | tty.c_iflag &= ~UInt32(IXON | IXOFF | IXANY) // Every kind of software flow control off
207 | tty.c_cflag &= ~UInt32(CRTSCTS) //No hw flow control
208 | tty.c_cflag |= UInt32(CLOCAL | CREAD) // Ignore modem controls, enable read
| `- error: cannot convert value of type 'UInt32' to expected argument type 'UInt'
209 | parity.configure(&tty)
210 | stopBits.configure(&tty)
/Users/admin/builder/spi-builder-workspace/.dependencies/checkouts/SwiftyGPIO/Sources/UART.swift:217:37: error: cannot find 'FIONREAD' in scope
215 | public func hasAvailableData() throws -> Bool {
216 | var bytesToRead = 0
217 | let result = ioctl(fd, UInt(FIONREAD), &bytesToRead)
| `- error: cannot find 'FIONREAD' in scope
218 |
219 | guard result >= 0 else { throw IOCTLError.callExecutionFailed(detail: String(format: "%s", strerror(errno))) }
/Applications/Xcode-27.0.0-Release.Candidate.app/Contents/Developer/Platforms/WatchOS.platform/Developer/SDKs/WatchOS27.0.sdk/usr/include/sys/filio.h:77:9: note: macro 'FIONREAD' unavailable: structure not supported
75 | #define FIOCLEX _IO('f', 1) /* set close on exec on fd */
76 | #define FIONCLEX _IO('f', 2) /* remove close on exec */
77 | #define FIONREAD _IOR('f', 127, int) /* get # bytes to read */
| `- note: macro 'FIONREAD' unavailable: structure not supported
78 | #define FIONBIO _IOW('f', 126, int) /* set/clear non-blocking i/o */
79 | #define FIOASYNC _IOW('f', 125, int) /* set/clear async i/o */
Failed frontend command:
/Applications/Xcode-27.0.0-Release.Candidate.app/Contents/Developer/Toolchains/XcodeDefault.xctoolchain/usr/bin/swift-frontend -frontend -c /Users/admin/builder/spi-builder-workspace/.dependencies/checkouts/SwiftyGPIO/Sources/1Wire.swift /Users/admin/builder/spi-builder-workspace/.dependencies/checkouts/SwiftyGPIO/Sources/ADC.swift /Users/admin/builder/spi-builder-workspace/.dependencies/checkouts/SwiftyGPIO/Sources/I2C.swift /Users/admin/builder/spi-builder-workspace/.dependencies/checkouts/SwiftyGPIO/Sources/Mailbox.swift /Users/admin/builder/spi-builder-workspace/.dependencies/checkouts/SwiftyGPIO/Sources/PWM.swift /Users/admin/builder/spi-builder-workspace/.dependencies/checkouts/SwiftyGPIO/Sources/Presets.swift /Users/admin/builder/spi-builder-workspace/.dependencies/checkouts/SwiftyGPIO/Sources/SPI.swift /Users/admin/builder/spi-builder-workspace/.dependencies/checkouts/SwiftyGPIO/Sources/SunXi.swift /Users/admin/builder/spi-builder-workspace/.dependencies/checkouts/SwiftyGPIO/Sources/SwiftyGPIO.swift -primary-file /Users/admin/builder/spi-builder-workspace/.dependencies/checkouts/SwiftyGPIO/Sources/UART.swift -emit-dependencies-path /Users/admin/builder/spi-builder-workspace/.derivedData/Build/Intermediates.noindex/SwiftyGPIO.build/Debug-watchos/SwiftyGPIO-t.build/Objects-normal/arm64/UART.d -emit-const-values-path /Users/admin/builder/spi-builder-workspace/.derivedData/Build/Intermediates.noindex/SwiftyGPIO.build/Debug-watchos/SwiftyGPIO-t.build/Objects-normal/arm64/UART.swiftconstvalues -emit-reference-dependencies-path /Users/admin/builder/spi-builder-workspace/.derivedData/Build/Intermediates.noindex/SwiftyGPIO.build/Debug-watchos/SwiftyGPIO-t.build/Objects-normal/arm64/UART.swiftdeps -serialize-diagnostics-path /Users/admin/builder/spi-builder-workspace/.derivedData/Build/Intermediates.noindex/SwiftyGPIO.build/Debug-watchos/SwiftyGPIO-t.build/Objects-normal/arm64/UART.dia -target arm64-apple-watchos9.0 -disable-cross-import-overlay-search -swift-module-cross-import Darwin /Applications/Xcode-27.0.0-Release.Candidate.app/Contents/Developer/Platforms/WatchOS.platform/Developer/SDKs/WatchOS.sdk/usr/include/Darwin.swiftcrossimport/xlocale.swiftoverlay -load-resolved-plugin /Applications/Xcode-27.0.0-Release.Candidate.app/Contents/Developer/Platforms/WatchOS.platform/Developer/usr/lib/swift/host/plugins/libFoundationMacros.dylib\#/Applications/Xcode-27.0.0-Release.Candidate.app/Contents/Developer/Platforms/WatchOS.platform/Developer/usr/bin/swift-plugin-server\#FoundationMacros -load-resolved-plugin /Applications/Xcode-27.0.0-Release.Candidate.app/Contents/Developer/Platforms/WatchOS.platform/Developer/usr/lib/swift/host/plugins/libObservationMacros.dylib\#/Applications/Xcode-27.0.0-Release.Candidate.app/Contents/Developer/Platforms/WatchOS.platform/Developer/usr/bin/swift-plugin-server\#ObservationMacros -load-resolved-plugin /Applications/Xcode-27.0.0-Release.Candidate.app/Contents/Developer/Platforms/WatchOS.platform/Developer/usr/lib/swift/host/plugins/libSwiftMacros.dylib\#/Applications/Xcode-27.0.0-Release.Candidate.app/Contents/Developer/Platforms/WatchOS.platform/Developer/usr/bin/swift-plugin-server\#SwiftMacros -disable-implicit-swift-modules -Xcc -fno-implicit-modules -Xcc -fno-implicit-module-maps -explicit-swift-module-map-file /Users/admin/builder/spi-builder-workspace/.derivedData/Build/Intermediates.noindex/SwiftyGPIO.build/Debug-watchos/SwiftyGPIO-t.build/Objects-normal/arm64/SwiftyGPIO-dependencies-2.json -Xllvm -aarch64-use-tbi -enable-objc-interop -stack-check -sdk /Applications/Xcode-27.0.0-Release.Candidate.app/Contents/Developer/Platforms/WatchOS.platform/Developer/SDKs/WatchOS27.0.sdk -I /Users/admin/builder/spi-builder-workspace/.derivedData/Build/Products/Debug-watchos -Isystem /Applications/Xcode-27.0.0-Release.Candidate.app/Contents/Developer/Platforms/WatchOS.platform/Developer/usr/lib -F /Users/admin/builder/spi-builder-workspace/.derivedData/Build/Products/Debug-watchos -F /Applications/Xcode-27.0.0-Release.Candidate.app/Contents/Developer/Platforms/WatchOS.platform/Developer/Library/Frameworks -F /Applications/Xcode-27.0.0-Release.Candidate.app/Contents/Developer/Platforms/WatchOS.platform/Developer/SDKs/WatchOS27.0.sdk/Developer/Library/Frameworks -module-cache-path /Users/admin/builder/spi-builder-workspace/.derivedData/Build/Intermediates.noindex/SwiftExplicitPrecompiledModules -no-color-diagnostics -Xcc -fno-color-diagnostics -enable-testing -g -debug-info-format\=dwarf -dwarf-version\=4 -suppress-warnings -swift-version 5 -Onone -D SWIFT_PACKAGE -D DEBUG -D SWIFT_MODULE_RESOURCE_BUNDLE_UNAVAILABLE -D Xcode -serialize-debugging-options -enable-experimental-feature DebugDescriptionMacro -empty-abi-descriptor -validate-clang-modules-once -clang-build-session-file /Users/admin/builder/spi-builder-workspace/.derivedData/ModuleCache.noindex/Session.modulevalidation -Xcc -working-directory -Xcc /Users/admin/builder/spi-builder-workspace/.swiftpm/xcode -enable-anonymous-context-mangled-names -file-compilation-dir /Users/admin/builder/spi-builder-workspace/.swiftpm/xcode -Xcc -D_LIBCPP_HARDENING_MODE\=_LIBCPP_HARDENING_MODE_DEBUG -Xcc -ivfsstatcache -Xcc /Users/admin/builder/spi-builder-workspace/.derivedData/SDKStatCaches.noindex/watchos27.0-24R360-e829b21a6f8c9b70876ba0858053c04477534ef55a1706bf4c1112bbb242f0a2.sdkstatcache -Xcc -fmodules-prune-interval\=86400 -Xcc -fmodules-prune-after\=345600 -Xcc -I/Users/admin/builder/spi-builder-workspace/.derivedData/Build/Products/Debug-watchos/include -Xcc -I/Users/admin/builder/spi-builder-workspace/.derivedData/Build/Intermediates.noindex/SwiftyGPIO.build/Debug-watchos/SwiftyGPIO-t.build/DerivedSources-normal/arm64 -Xcc -I/Users/admin/builder/spi-builder-workspace/.derivedData/Build/Intermediates.noindex/SwiftyGPIO.build/Debug-watchos/SwiftyGPIO-t.build/DerivedSources/arm64 -Xcc -I/Users/admin/builder/spi-builder-workspace/.derivedData/Build/Intermediates.noindex/SwiftyGPIO.build/Debug-watchos/SwiftyGPIO-t.build/DerivedSources -Xcc -DSWIFT_PACKAGE -Xcc -DDEBUG\=1 -no-auto-bridging-header-chaining -module-name SwiftyGPIO -const-gather-protocols-file /Users/admin/builder/spi-builder-workspace/.derivedData/Build/Intermediates.noindex/SwiftyGPIO.build/Debug-watchos/SwiftyGPIO-t.build/Objects-normal/arm64/SwiftyGPIO_const_extract_protocols.json -disable-clang-spi -clang-target arm64-apple-watchos27.0 -target-sdk-version 27.0 -target-sdk-name watchos27.0 -in-process-plugin-server-path /Applications/Xcode-27.0.0-Release.Candidate.app/Contents/Developer/Toolchains/XcodeDefault.xctoolchain/usr/lib/swift/host/libSwiftInProcPluginServer.dylib -parse-as-library -o /Users/admin/builder/spi-builder-workspace/.derivedData/Build/Intermediates.noindex/SwiftyGPIO.build/Debug-watchos/SwiftyGPIO-t.build/Objects-normal/arm64/UART.o -debug-module-path /Users/admin/builder/spi-builder-workspace/.derivedData/Build/Intermediates.noindex/SwiftyGPIO.build/Debug-watchos/SwiftyGPIO-t.build/Objects-normal/arm64/SwiftyGPIO.swiftmodule -index-unit-output-path /SwiftyGPIO.build/Debug-watchos/SwiftyGPIO-t.build/Objects-normal/arm64/UART.o -index-store-path /Users/admin/builder/spi-builder-workspace/.derivedData/Index.noindex/DataStore -index-system-modules
SwiftCompile normal arm64 /Users/admin/builder/spi-builder-workspace/.dependencies/checkouts/SwiftyGPIO/Sources/UART.swift (in target 'SwiftyGPIO' from project 'SwiftyGPIO')
cd /Users/admin/builder/spi-builder-workspace/.swiftpm/xcode
builtin-SwiftPerFileCompile UART.swift
SwiftDriverJobDiscovery normal arm64 Compiling SevenSegmentHexDigits.swift (in target 'SwiftyTM1637' from project 'SwiftyTM1637')
SwiftDriver\ Compilation SwiftyTM1637 normal arm64 com.apple.xcode.tools.swift.compiler (in target 'SwiftyTM1637' from project 'SwiftyTM1637')
cd /Users/admin/builder/spi-builder-workspace/.swiftpm/xcode
builtin-Swift-Compilation -- /Applications/Xcode-27.0.0-Release.Candidate.app/Contents/Developer/Toolchains/XcodeDefault.xctoolchain/usr/bin/swiftc -parse-as-library -module-name SwiftyTM1637 -Onone @/Users/admin/builder/spi-builder-workspace/.derivedData/Build/Intermediates.noindex/SwiftyTM1637.build/Debug-watchos/SwiftyTM1637-t.build/Objects-normal/arm64/SwiftyTM1637.SwiftFileList -DSWIFT_PACKAGE -DDEBUG -DSWIFT_MODULE_RESOURCE_BUNDLE_UNAVAILABLE -DXcode -plugin-path /Applications/Xcode-27.0.0-Release.Candidate.app/Contents/Developer/Toolchains/XcodeDefault.xctoolchain/usr/lib/swift/host/plugins/testing -enable-experimental-feature DebugDescriptionMacro -sdk /Applications/Xcode-27.0.0-Release.Candidate.app/Contents/Developer/Platforms/WatchOS.platform/Developer/SDKs/WatchOS27.0.sdk -target arm64-apple-watchos9.0 -g -module-cache-path /Users/admin/builder/spi-builder-workspace/.derivedData/ModuleCache.noindex -Xfrontend -serialize-debugging-options -enable-testing -suppress-warnings -index-store-path /Users/admin/builder/spi-builder-workspace/.derivedData/Index.noindex/DataStore -Xcc -D_LIBCPP_HARDENING_MODE\=_LIBCPP_HARDENING_MODE_DEBUG -swift-version 4 -I /Users/admin/builder/spi-builder-workspace/.derivedData/Build/Products/Debug-watchos -Isystem /Applications/Xcode-27.0.0-Release.Candidate.app/Contents/Developer/Platforms/WatchOS.platform/Developer/usr/lib -F /Users/admin/builder/spi-builder-workspace/.derivedData/Build/Products/Debug-watchos/PackageFrameworks -F /Users/admin/builder/spi-builder-workspace/.derivedData/Build/Products/Debug-watchos -F /Applications/Xcode-27.0.0-Release.Candidate.app/Contents/Developer/Platforms/WatchOS.platform/Developer/Library/Frameworks -F /Applications/Xcode-27.0.0-Release.Candidate.app/Contents/Developer/Platforms/WatchOS.platform/Developer/SDKs/WatchOS27.0.sdk/Developer/Library/Frameworks -c -j10 -enable-batch-mode -incremental -Xcc -ivfsstatcache -Xcc /Users/admin/builder/spi-builder-workspace/.derivedData/SDKStatCaches.noindex/watchos27.0-24R360-e829b21a6f8c9b70876ba0858053c04477534ef55a1706bf4c1112bbb242f0a2.sdkstatcache -output-file-map /Users/admin/builder/spi-builder-workspace/.derivedData/Build/Intermediates.noindex/SwiftyTM1637.build/Debug-watchos/SwiftyTM1637-t.build/Objects-normal/arm64/SwiftyTM1637-OutputFileMap.json -save-temps -no-color-diagnostics -emit-dependencies -emit-module -emit-module-path /Users/admin/builder/spi-builder-workspace/.derivedData/Build/Intermediates.noindex/SwiftyTM1637.build/Debug-watchos/SwiftyTM1637-t.build/Objects-normal/arm64/SwiftyTM1637.swiftmodule -serialize-diagnostics -validate-clang-modules-once -clang-build-session-file /Users/admin/builder/spi-builder-workspace/.derivedData/ModuleCache.noindex/Session.modulevalidation -Xcc -fmodules-prune-interval\=86400 -Xcc -fmodules-prune-after\=345600 -emit-const-values -const-gather-protocols-list /Users/admin/builder/spi-builder-workspace/.derivedData/Build/Intermediates.noindex/SwiftyTM1637.build/Debug-watchos/SwiftyTM1637-t.build/Objects-normal/arm64/SwiftyTM1637_const_extract_protocols.json -Xcc -I/Users/admin/builder/spi-builder-workspace/.derivedData/Build/Products/Debug-watchos/include -Xcc -I/Users/admin/builder/spi-builder-workspace/.derivedData/Build/Intermediates.noindex/SwiftyTM1637.build/Debug-watchos/SwiftyTM1637-t.build/DerivedSources-normal/arm64 -Xcc -I/Users/admin/builder/spi-builder-workspace/.derivedData/Build/Intermediates.noindex/SwiftyTM1637.build/Debug-watchos/SwiftyTM1637-t.build/DerivedSources/arm64 -Xcc -I/Users/admin/builder/spi-builder-workspace/.derivedData/Build/Intermediates.noindex/SwiftyTM1637.build/Debug-watchos/SwiftyTM1637-t.build/DerivedSources -Xcc -DSWIFT_PACKAGE -Xcc -DDEBUG\=1 -emit-objc-header -emit-objc-header-path /Users/admin/builder/spi-builder-workspace/.derivedData/Build/Intermediates.noindex/SwiftyTM1637.build/Debug-watchos/SwiftyTM1637-t.build/Objects-normal/arm64/SwiftyTM1637-Swift.h -working-directory /Users/admin/builder/spi-builder-workspace/.swiftpm/xcode -experimental-emit-module-separately -disable-cmo
SwiftDriverJobDiscovery normal arm64_32 Compiling SevenSegmentRepresentable.swift (in target 'SwiftyTM1637' from project 'SwiftyTM1637')
SwiftCompile normal arm64_32 Compiling\ SwiftyGPIO.swift /Users/admin/builder/spi-builder-workspace/.dependencies/checkouts/SwiftyGPIO/Sources/SwiftyGPIO.swift (in target 'SwiftyGPIO' from project 'SwiftyGPIO')
SwiftCompile normal arm64_32 /Users/admin/builder/spi-builder-workspace/.dependencies/checkouts/SwiftyGPIO/Sources/SwiftyGPIO.swift (in target 'SwiftyGPIO' from project 'SwiftyGPIO')
cd /Users/admin/builder/spi-builder-workspace/.swiftpm/xcode
builtin-SwiftPerFileCompile SwiftyGPIO.swift
SwiftCompile normal arm64_32 Compiling\ SunXi.swift /Users/admin/builder/spi-builder-workspace/.dependencies/checkouts/SwiftyGPIO/Sources/SunXi.swift (in target 'SwiftyGPIO' from project 'SwiftyGPIO')
SwiftCompile normal arm64_32 /Users/admin/builder/spi-builder-workspace/.dependencies/checkouts/SwiftyGPIO/Sources/SunXi.swift (in target 'SwiftyGPIO' from project 'SwiftyGPIO')
cd /Users/admin/builder/spi-builder-workspace/.swiftpm/xcode
builtin-SwiftPerFileCompile SunXi.swift
SwiftDriverJobDiscovery normal arm64_32 Compiling SevenSegmentLetters.swift (in target 'SwiftyTM1637' from project 'SwiftyTM1637')
SwiftCompile normal arm64_32 Compiling\ UART.swift /Users/admin/builder/spi-builder-workspace/.dependencies/checkouts/SwiftyGPIO/Sources/UART.swift (in target 'SwiftyGPIO' from project 'SwiftyGPIO')
SwiftCompile normal arm64_32 /Users/admin/builder/spi-builder-workspace/.dependencies/checkouts/SwiftyGPIO/Sources/UART.swift (in target 'SwiftyGPIO' from project 'SwiftyGPIO')
cd /Users/admin/builder/spi-builder-workspace/.swiftpm/xcode
builtin-SwiftPerFileCompile UART.swift
SwiftDriverJobDiscovery normal arm64_32 Emitting module for SwiftyTM1637 (in target 'SwiftyTM1637' from project 'SwiftyTM1637')
SwiftDriver\ Compilation\ Requirements SwiftyTM1637 normal arm64_32 com.apple.xcode.tools.swift.compiler (in target 'SwiftyTM1637' from project 'SwiftyTM1637')
cd /Users/admin/builder/spi-builder-workspace/.swiftpm/xcode
builtin-Swift-Compilation-Requirements -- /Applications/Xcode-27.0.0-Release.Candidate.app/Contents/Developer/Toolchains/XcodeDefault.xctoolchain/usr/bin/swiftc -parse-as-library -module-name SwiftyTM1637 -Onone @/Users/admin/builder/spi-builder-workspace/.derivedData/Build/Intermediates.noindex/SwiftyTM1637.build/Debug-watchos/SwiftyTM1637-t.build/Objects-normal/arm64_32/SwiftyTM1637.SwiftFileList -DSWIFT_PACKAGE -DDEBUG -DSWIFT_MODULE_RESOURCE_BUNDLE_UNAVAILABLE -DXcode -plugin-path /Applications/Xcode-27.0.0-Release.Candidate.app/Contents/Developer/Toolchains/XcodeDefault.xctoolchain/usr/lib/swift/host/plugins/testing -enable-experimental-feature DebugDescriptionMacro -sdk /Applications/Xcode-27.0.0-Release.Candidate.app/Contents/Developer/Platforms/WatchOS.platform/Developer/SDKs/WatchOS27.0.sdk -target arm64_32-apple-watchos9.0 -g -module-cache-path /Users/admin/builder/spi-builder-workspace/.derivedData/ModuleCache.noindex -Xfrontend -serialize-debugging-options -enable-testing -suppress-warnings -index-store-path /Users/admin/builder/spi-builder-workspace/.derivedData/Index.noindex/DataStore -Xcc -D_LIBCPP_HARDENING_MODE\=_LIBCPP_HARDENING_MODE_DEBUG -swift-version 4 -I /Users/admin/builder/spi-builder-workspace/.derivedData/Build/Products/Debug-watchos -Isystem /Applications/Xcode-27.0.0-Release.Candidate.app/Contents/Developer/Platforms/WatchOS.platform/Developer/usr/lib -F /Users/admin/builder/spi-builder-workspace/.derivedData/Build/Products/Debug-watchos/PackageFrameworks -F /Users/admin/builder/spi-builder-workspace/.derivedData/Build/Products/Debug-watchos -F /Applications/Xcode-27.0.0-Release.Candidate.app/Contents/Developer/Platforms/WatchOS.platform/Developer/Library/Frameworks -F /Applications/Xcode-27.0.0-Release.Candidate.app/Contents/Developer/Platforms/WatchOS.platform/Developer/SDKs/WatchOS27.0.sdk/Developer/Library/Frameworks -c -j10 -enable-batch-mode -incremental -Xcc -ivfsstatcache -Xcc /Users/admin/builder/spi-builder-workspace/.derivedData/SDKStatCaches.noindex/watchos27.0-24R360-e829b21a6f8c9b70876ba0858053c04477534ef55a1706bf4c1112bbb242f0a2.sdkstatcache -output-file-map /Users/admin/builder/spi-builder-workspace/.derivedData/Build/Intermediates.noindex/SwiftyTM1637.build/Debug-watchos/SwiftyTM1637-t.build/Objects-normal/arm64_32/SwiftyTM1637-OutputFileMap.json -save-temps -no-color-diagnostics -emit-dependencies -emit-module -emit-module-path /Users/admin/builder/spi-builder-workspace/.derivedData/Build/Intermediates.noindex/SwiftyTM1637.build/Debug-watchos/SwiftyTM1637-t.build/Objects-normal/arm64_32/SwiftyTM1637.swiftmodule -serialize-diagnostics -validate-clang-modules-once -clang-build-session-file /Users/admin/builder/spi-builder-workspace/.derivedData/ModuleCache.noindex/Session.modulevalidation -Xcc -fmodules-prune-interval\=86400 -Xcc -fmodules-prune-after\=345600 -emit-const-values -const-gather-protocols-list /Users/admin/builder/spi-builder-workspace/.derivedData/Build/Intermediates.noindex/SwiftyTM1637.build/Debug-watchos/SwiftyTM1637-t.build/Objects-normal/arm64_32/SwiftyTM1637_const_extract_protocols.json -Xcc -I/Users/admin/builder/spi-builder-workspace/.derivedData/Build/Products/Debug-watchos/include -Xcc -I/Users/admin/builder/spi-builder-workspace/.derivedData/Build/Intermediates.noindex/SwiftyTM1637.build/Debug-watchos/SwiftyTM1637-t.build/DerivedSources-normal/arm64_32 -Xcc -I/Users/admin/builder/spi-builder-workspace/.derivedData/Build/Intermediates.noindex/SwiftyTM1637.build/Debug-watchos/SwiftyTM1637-t.build/DerivedSources/arm64_32 -Xcc -I/Users/admin/builder/spi-builder-workspace/.derivedData/Build/Intermediates.noindex/SwiftyTM1637.build/Debug-watchos/SwiftyTM1637-t.build/DerivedSources -Xcc -DSWIFT_PACKAGE -Xcc -DDEBUG\=1 -emit-objc-header -emit-objc-header-path /Users/admin/builder/spi-builder-workspace/.derivedData/Build/Intermediates.noindex/SwiftyTM1637.build/Debug-watchos/SwiftyTM1637-t.build/Objects-normal/arm64_32/SwiftyTM1637-Swift.h -working-directory /Users/admin/builder/spi-builder-workspace/.swiftpm/xcode -experimental-emit-module-separately -disable-cmo
SwiftDriverJobDiscovery normal arm64_32 Compiling SevenSegment.swift (in target 'SwiftyTM1637' from project 'SwiftyTM1637')
SwiftCompile normal arm64_32 Compiling\ Presets.swift /Users/admin/builder/spi-builder-workspace/.dependencies/checkouts/SwiftyGPIO/Sources/Presets.swift (in target 'SwiftyGPIO' from project 'SwiftyGPIO')
SwiftCompile normal arm64_32 /Users/admin/builder/spi-builder-workspace/.dependencies/checkouts/SwiftyGPIO/Sources/Presets.swift (in target 'SwiftyGPIO' from project 'SwiftyGPIO')
cd /Users/admin/builder/spi-builder-workspace/.swiftpm/xcode
builtin-SwiftPerFileCompile Presets.swift
SwiftMergeGeneratedHeaders /Users/admin/builder/spi-builder-workspace/.derivedData/Build/Intermediates.noindex/GeneratedModuleMaps-watchos/SwiftyTM1637-Swift.h /Users/admin/builder/spi-builder-workspace/.derivedData/Build/Intermediates.noindex/SwiftyTM1637.build/Debug-watchos/SwiftyTM1637-t.build/Objects-normal/arm64/SwiftyTM1637-Swift.h /Users/admin/builder/spi-builder-workspace/.derivedData/Build/Intermediates.noindex/SwiftyTM1637.build/Debug-watchos/SwiftyTM1637-t.build/Objects-normal/arm64_32/SwiftyTM1637-Swift.h (in target 'SwiftyTM1637' from project 'SwiftyTM1637')
cd /Users/admin/builder/spi-builder-workspace/.dependencies/checkouts/SwiftyTM1637
builtin-swiftHeaderTool -arch arm64 /Users/admin/builder/spi-builder-workspace/.derivedData/Build/Intermediates.noindex/SwiftyTM1637.build/Debug-watchos/SwiftyTM1637-t.build/Objects-normal/arm64/SwiftyTM1637-Swift.h -arch arm64_32 /Users/admin/builder/spi-builder-workspace/.derivedData/Build/Intermediates.noindex/SwiftyTM1637.build/Debug-watchos/SwiftyTM1637-t.build/Objects-normal/arm64_32/SwiftyTM1637-Swift.h -o /Users/admin/builder/spi-builder-workspace/.derivedData/Build/Intermediates.noindex/GeneratedModuleMaps-watchos/SwiftyTM1637-Swift.h
PruneExplicitPrecompiledModules /Users/admin/builder/spi-builder-workspace/.derivedData/Build/Intermediates.noindex/SwiftExplicitPrecompiledModules
PruneExplicitPrecompiledModules /Users/admin/builder/spi-builder-workspace/.derivedData/SDKExplicitPrecompiledModules
PruneExplicitPrecompiledModules /Users/admin/builder/spi-builder-workspace/.derivedData/Build/Intermediates.noindex/ExplicitPrecompiledModules
2026-09-16 17:04:22.512 xcodebuild[1451:7950] [MT] IDERunDestination: Supported platforms for the buildables in the current scheme is empty.
** BUILD FAILED **
The following build commands failed:
SwiftCompile normal arm64 Compiling\ UART.swift /Users/admin/builder/spi-builder-workspace/.dependencies/checkouts/SwiftyGPIO/Sources/UART.swift (in target 'SwiftyGPIO' from project 'SwiftyGPIO')
SwiftCompile normal arm64 /Users/admin/builder/spi-builder-workspace/.dependencies/checkouts/SwiftyGPIO/Sources/UART.swift (in target 'SwiftyGPIO' from project 'SwiftyGPIO')
Building workspace LinkerKitIRCBot with scheme LinkerKitIRCBot-Package
(3 failures)
BUILD FAILURE 6.4 watchOS