Build Information
Failed to build AmplitudeCore, reference main (53086f), with Swift 6.2 for Linux on 12 Oct 2026 18:38:55 UTC.
Build Command
bash -c docker run --pull=always --rm -v "checkouts-54344847-1":/host -w "$PWD" -e JAVA_HOME="/root/.sdkman/candidates/java/current" -e SPI_BUILD="1" -e SPI_PROCESSING="1" registry.gitlab.com/saguaro1/spi-images:basic-6.2-latest swift build --triple x86_64-unknown-linux-gnu 2>&1Build Log
========================================
RunAll
========================================
Builder version: 5.1.1
Interrupt handler set up.
========================================
Checkout
========================================
Clone URL: https://github.com/amplitude/AmplitudeCore-Swift.git
Reference: main
Initialized empty Git repository in /host/spi-builder-workspace/.git/
hint: Using 'master' as the name for the initial branch. This default branch name
hint: is subject to change. To configure the initial branch name to use in all
hint: of your new repositories, which will suppress this warning, call:
hint:
hint: git config --global init.defaultBranch <name>
hint:
hint: Names commonly chosen instead of 'master' are 'main', 'trunk' and
hint: 'development'. The just-created branch can be renamed via this command:
hint:
hint: git branch -m <name>
From https://github.com/amplitude/AmplitudeCore-Swift
* branch main -> FETCH_HEAD
* [new branch] main -> origin/main
HEAD is now at 53086ff docs: use stable Amplitude logo URL (#111)
Cloned https://github.com/amplitude/AmplitudeCore-Swift.git
Revision (git rev-parse @):
53086ff48f1e53498edb277046bd41c61a1f67d1
SUCCESS checkout https://github.com/amplitude/AmplitudeCore-Swift.git at main
========================================
Build
========================================
Selected platform: linux
Swift version: 6.2
Building package at path: $PWD
https://github.com/amplitude/AmplitudeCore-Swift.git
Running build ...
bash -c docker run --pull=always --rm -v "checkouts-54344847-1":/host -w "$PWD" -e JAVA_HOME="/root/.sdkman/candidates/java/current" -e SPI_BUILD="1" -e SPI_PROCESSING="1" registry.gitlab.com/saguaro1/spi-images:basic-6.2-latest swift build --triple x86_64-unknown-linux-gnu 2>&1
basic-6.2-latest: Pulling from saguaro1/spi-images
Digest: sha256:24009fa1488c01937630ee3297a7a7a1872c773069724929dff85071fefc3743
Status: Image is up to date for registry.gitlab.com/saguaro1/spi-images:basic-6.2-latest
Downloading binary artifact https://github.com/amplitude/AmplitudeCore-Swift/releases/download/v1.5.4/AmplitudeCore.zip
Downloading binary artifact https://github.com/amplitude/AmplitudeCore-Swift/releases/download/v1.5.4/AmplitudeCoreNoUIKit.zip
[16375/21008254] Downloading https://github.com/amplitude/AmplitudeCore-Swift/releases/download/v1.5.4/AmplitudeCore.zip
[21106558/39642110] Downloading https://github.com/amplitude/AmplitudeCore-Swift/releases/download/v1.5.4/AmplitudeCore.zip, https://github.com/amplitude/AmplitudeCore-Swift/releases/download/v1.5.4/AmplitudeCoreNoUIKit.zip
Downloaded https://github.com/amplitude/AmplitudeCore-Swift/releases/download/v1.5.4/AmplitudeCore.zip (1.49s)
Downloaded https://github.com/amplitude/AmplitudeCore-Swift/releases/download/v1.5.4/AmplitudeCoreNoUIKit.zip (1.53s)
Building for debugging...
[0/5] Write sources
[0/5] Copying PrivacyInfo.xcprivacy
[0/5] Write sources
[0/5] Copying PrivacyInfo.xcprivacy
[4/5] Write swift-version-24593BA9C3E375BF.txt
error: emit-module command failed with exit code 1 (use -v to see invocation)
[6/53] Emitting module AmplitudeCoreNoUIKit
/host/spi-builder-workspace/Sources/AmplitudeCoreNoUIKit/Logger/OSLogger.swift:8:8: error: no such module 'OSLog'
6 | //
7 |
8 | import OSLog
| `- error: no such module 'OSLog'
9 |
10 | public final class OSLogger: CoreLogger {
[7/56] Compiling AmplitudeCore AppEnvironment.swift
/host/spi-builder-workspace/Sources/AmplitudeCoreNoUIKit/Logger/OSLogger.swift:8:8: error: no such module 'OSLog'
6 | //
7 |
8 | import OSLog
| `- error: no such module 'OSLog'
9 |
10 | public final class OSLogger: CoreLogger {
[8/56] Compiling AmplitudeCore CodableExtension.swift
/host/spi-builder-workspace/Sources/AmplitudeCoreNoUIKit/Logger/OSLogger.swift:8:8: error: no such module 'OSLog'
6 | //
7 |
8 | import OSLog
| `- error: no such module 'OSLog'
9 |
10 | public final class OSLogger: CoreLogger {
[9/56] Compiling AmplitudeCore CrashCatcher.swift
/host/spi-builder-workspace/Sources/AmplitudeCoreNoUIKit/Logger/OSLogger.swift:8:8: error: no such module 'OSLog'
6 | //
7 |
8 | import OSLog
| `- error: no such module 'OSLog'
9 |
10 | public final class OSLogger: CoreLogger {
/host/spi-builder-workspace/Sources/AmplitudeCore/Logger/OSLogger.swift:8:8: error: no such module 'OSLog'
6 | //
7 |
8 | import OSLog
| `- error: no such module 'OSLog'
9 |
10 | public final class OSLogger: CoreLogger {
/host/spi-builder-workspace/Sources/AmplitudeCore/Logger/OSLogger.swift:8:8: error: no such module 'OSLog'
6 | //
7 |
8 | import OSLog
| `- error: no such module 'OSLog'
9 |
10 | public final class OSLogger: CoreLogger {
/host/spi-builder-workspace/Sources/AmplitudeCore/Logger/OSLogger.swift:8:8: error: no such module 'OSLog'
6 | //
7 |
8 | import OSLog
| `- error: no such module 'OSLog'
9 |
10 | public final class OSLogger: CoreLogger {
[13/56] Compiling AmplitudeCore HttpUtil.swift
/host/spi-builder-workspace/Sources/AmplitudeCore/Logger/OSLogger.swift:8:8: error: no such module 'OSLog'
6 | //
7 |
8 | import OSLog
| `- error: no such module 'OSLog'
9 |
10 | public final class OSLogger: CoreLogger {
[14/56] Compiling AmplitudeCore JSONValue.swift
/host/spi-builder-workspace/Sources/AmplitudeCore/Logger/OSLogger.swift:8:8: error: no such module 'OSLog'
6 | //
7 |
8 | import OSLog
| `- error: no such module 'OSLog'
9 |
10 | public final class OSLogger: CoreLogger {
[15/56] Compiling AmplitudeCore Sample.swift
/host/spi-builder-workspace/Sources/AmplitudeCore/Logger/OSLogger.swift:8:8: error: no such module 'OSLog'
6 | //
7 |
8 | import OSLog
| `- error: no such module 'OSLog'
9 |
10 | public final class OSLogger: CoreLogger {
error: emit-module command failed with exit code 1 (use -v to see invocation)
[16/59] Emitting module AmplitudeCore
/host/spi-builder-workspace/Sources/AmplitudeCore/Logger/OSLogger.swift:8:8: error: no such module 'OSLog'
6 | //
7 |
8 | import OSLog
| `- error: no such module 'OSLog'
9 |
10 | public final class OSLogger: CoreLogger {
[17/59] Compiling AmplitudeCore Constants.swift
/host/spi-builder-workspace/Sources/AmplitudeCore/Logger/OSLogger.swift:8:8: error: no such module 'OSLog'
6 | //
7 |
8 | import OSLog
| `- error: no such module 'OSLog'
9 |
10 | public final class OSLogger: CoreLogger {
[18/59] Compiling AmplitudeCore AmplitudeContext.swift
/host/spi-builder-workspace/Sources/AmplitudeCore/Logger/OSLogger.swift:8:8: error: no such module 'OSLog'
6 | //
7 |
8 | import OSLog
| `- error: no such module 'OSLog'
9 |
10 | public final class OSLogger: CoreLogger {
[19/59] Compiling AmplitudeCore CoreDevice.swift
/host/spi-builder-workspace/Sources/AmplitudeCore/Logger/OSLogger.swift:8:8: error: no such module 'OSLog'
6 | //
7 |
8 | import OSLog
| `- error: no such module 'OSLog'
9 |
10 | public final class OSLogger: CoreLogger {
[20/59] Compiling AmplitudeCore CoreDiagnostics.swift
/host/spi-builder-workspace/Sources/AmplitudeCore/Logger/OSLogger.swift:8:8: error: no such module 'OSLog'
6 | //
7 |
8 | import OSLog
| `- error: no such module 'OSLog'
9 |
10 | public final class OSLogger: CoreLogger {
[21/59] Compiling AmplitudeCore InterfaceSignal.swift
/host/spi-builder-workspace/Sources/AmplitudeCoreNoUIKit/Logger/OSLogger.swift:8:8: error: no such module 'OSLog'
6 | //
7 |
8 | import OSLog
| `- error: no such module 'OSLog'
9 |
10 | public final class OSLogger: CoreLogger {
[22/59] Compiling AmplitudeCore CoreLogger.swift
/host/spi-builder-workspace/Sources/AmplitudeCoreNoUIKit/Logger/OSLogger.swift:8:8: error: no such module 'OSLog'
6 | //
7 |
8 | import OSLog
| `- error: no such module 'OSLog'
9 |
10 | public final class OSLogger: CoreLogger {
[23/59] Compiling AmplitudeCore OSLogger.swift
/host/spi-builder-workspace/Sources/AmplitudeCoreNoUIKit/Logger/OSLogger.swift:8:8: error: no such module 'OSLog'
6 | //
7 |
8 | import OSLog
| `- error: no such module 'OSLog'
9 |
10 | public final class OSLogger: CoreLogger {
[24/59] Compiling AmplitudeCore AnalyticsClient.swift
/host/spi-builder-workspace/Sources/AmplitudeCoreNoUIKit/Logger/OSLogger.swift:8:8: error: no such module 'OSLog'
6 | //
7 |
8 | import OSLog
| `- error: no such module 'OSLog'
9 |
10 | public final class OSLogger: CoreLogger {
/host/spi-builder-workspace/Sources/AmplitudeCore/Logger/OSLogger.swift:8:8: error: no such module 'OSLog'
6 | //
7 |
8 | import OSLog
| `- error: no such module 'OSLog'
9 |
10 | public final class OSLogger: CoreLogger {
/host/spi-builder-workspace/Sources/AmplitudeCore/Logger/OSLogger.swift:8:8: error: no such module 'OSLog'
6 | //
7 |
8 | import OSLog
| `- error: no such module 'OSLog'
9 |
10 | public final class OSLogger: CoreLogger {
[27/59] Compiling AmplitudeCore AnalyticsEvent.swift
/host/spi-builder-workspace/Sources/AmplitudeCore/Logger/OSLogger.swift:8:8: error: no such module 'OSLog'
6 | //
7 |
8 | import OSLog
| `- error: no such module 'OSLog'
9 |
10 | public final class OSLogger: CoreLogger {
[28/59] Compiling AmplitudeCore UniversalPlugin.swift
/host/spi-builder-workspace/Sources/AmplitudeCore/Logger/OSLogger.swift:8:8: error: no such module 'OSLog'
6 | //
7 |
8 | import OSLog
| `- error: no such module 'OSLog'
9 |
10 | public final class OSLogger: CoreLogger {
[29/59] Compiling AmplitudeCore RemoteConfigClient.swift
/host/spi-builder-workspace/Sources/AmplitudeCore/Logger/OSLogger.swift:8:8: error: no such module 'OSLog'
6 | //
7 |
8 | import OSLog
| `- error: no such module 'OSLog'
9 |
10 | public final class OSLogger: CoreLogger {
[30/59] Compiling AmplitudeCore ServerZone.swift
/host/spi-builder-workspace/Sources/AmplitudeCore/Logger/OSLogger.swift:8:8: error: no such module 'OSLog'
6 | //
7 |
8 | import OSLog
| `- error: no such module 'OSLog'
9 |
10 | public final class OSLogger: CoreLogger {
[31/59] Compiling AmplitudeCore AnalyticsEventSnapshot.swift
/host/spi-builder-workspace/Sources/AmplitudeCore/Logger/OSLogger.swift:8:8: error: no such module 'OSLog'
6 | //
7 |
8 | import OSLog
| `- error: no such module 'OSLog'
9 |
10 | public final class OSLogger: CoreLogger {
[32/59] Compiling AmplitudeCore AnalyticsIdentity.swift
/host/spi-builder-workspace/Sources/AmplitudeCore/Logger/OSLogger.swift:8:8: error: no such module 'OSLog'
6 | //
7 |
8 | import OSLog
| `- error: no such module 'OSLog'
9 |
10 | public final class OSLogger: CoreLogger {
[33/59] Compiling AmplitudeCore PluginHost.swift
/host/spi-builder-workspace/Sources/AmplitudeCore/Logger/OSLogger.swift:8:8: error: no such module 'OSLog'
6 | //
7 |
8 | import OSLog
| `- error: no such module 'OSLog'
9 |
10 | public final class OSLogger: CoreLogger {
[34/59] Compiling AmplitudeCore DiagnosticsClient.swift
/host/spi-builder-workspace/Sources/AmplitudeCore/Logger/OSLogger.swift:8:8: error: no such module 'OSLog'
6 | //
7 |
8 | import OSLog
| `- error: no such module 'OSLog'
9 |
10 | public final class OSLogger: CoreLogger {
[35/59] Compiling AmplitudeCore DiagnosticsStorage.swift
/host/spi-builder-workspace/Sources/AmplitudeCore/Logger/OSLogger.swift:8:8: error: no such module 'OSLog'
6 | //
7 |
8 | import OSLog
| `- error: no such module 'OSLog'
9 |
10 | public final class OSLogger: CoreLogger {
/host/spi-builder-workspace/Sources/AmplitudeCore/Logger/OSLogger.swift:8:8: error: no such module 'OSLog'
6 | //
7 |
8 | import OSLog
| `- error: no such module 'OSLog'
9 |
10 | public final class OSLogger: CoreLogger {
/host/spi-builder-workspace/Sources/AmplitudeCore/Logger/OSLogger.swift:8:8: error: no such module 'OSLog'
6 | //
7 |
8 | import OSLog
| `- error: no such module 'OSLog'
9 |
10 | public final class OSLogger: CoreLogger {
[38/59] Compiling AmplitudeCore Storage.swift
/host/spi-builder-workspace/Sources/AmplitudeCore/Logger/OSLogger.swift:8:8: error: no such module 'OSLog'
6 | //
7 |
8 | import OSLog
| `- error: no such module 'OSLog'
9 |
10 | public final class OSLogger: CoreLogger {
[39/59] Compiling AmplitudeCore StringExtension.swift
/host/spi-builder-workspace/Sources/AmplitudeCore/Logger/OSLogger.swift:8:8: error: no such module 'OSLog'
6 | //
7 |
8 | import OSLog
| `- error: no such module 'OSLog'
9 |
10 | public final class OSLogger: CoreLogger {
[40/59] Compiling AmplitudeCore resource_bundle_accessor.swift
/host/spi-builder-workspace/Sources/AmplitudeCore/Logger/OSLogger.swift:8:8: error: no such module 'OSLog'
6 | //
7 |
8 | import OSLog
| `- error: no such module 'OSLog'
9 |
10 | public final class OSLogger: CoreLogger {
BUILD FAILURE 6.2 linux