The Swift Package Index logo.Swift Package Index

Build Information

Failed to build hummingbird-wallet, reference main (5cd193), with Swift 6.1 for Wasm on 13 Jul 2026 02:04:09 UTC.

Build Command

bash -c docker run --pull=always --rm -v "checkouts-53886769-0":/host -w "$PWD" -e JAVA_HOME="/root/.sdkman/candidates/java/current" -e SPI_BUILD="1" -e SPI_PROCESSING="1" registry.gitlab.com/saguaro1/spi-images:wasm-6.1-latest swift build --swift-sdk wasm32-unknown-wasi 2>&1

Build Log

========================================
RunAll
========================================
Builder version: 0e64495ecc1688c3b3e031a5ef1348b5c05091ae
Interrupt handler set up.
========================================
Checkout
========================================
Clone URL: https://github.com/hummingbird-community/hummingbird-wallet.git
Reference: main
Initialized empty Git repository in /host/spi-builder-workspace/.git/
hint: Using 'master' as the name for the initial branch. This default branch name
hint: is subject to change. To configure the initial branch name to use in all
hint: of your new repositories, which will suppress this warning, call:
hint:
hint: 	git config --global init.defaultBranch <name>
hint:
hint: Names commonly chosen instead of 'master' are 'main', 'trunk' and
hint: 'development'. The just-created branch can be renamed via this command:
hint:
hint: 	git branch -m <name>
From https://github.com/hummingbird-community/hummingbird-wallet
 * branch            main       -> FETCH_HEAD
 * [new branch]      main       -> origin/main
HEAD is now at 5cd1937 Update from Hummingbird Project Template (#14)
Cloned https://github.com/hummingbird-community/hummingbird-wallet.git
Revision (git rev-parse @):
5cd19379401a42153cf3d3ded64692424593c1d9
SPI manifest file found: $PWD/.spi.yml
SUCCESS checkout https://github.com/hummingbird-community/hummingbird-wallet.git at main
========================================
Build
========================================
Selected platform:         wasm
Swift version:             6.1
Building package at path:  $PWD
https://github.com/hummingbird-community/hummingbird-wallet.git
https://github.com/hummingbird-community/hummingbird-wallet.git
WARNING: environment variable SUPPRESS_SWIFT_6_FLAGS is not set
Running build ...
bash -c docker run --pull=always --rm -v "checkouts-53886769-0":/host -w "$PWD" -e JAVA_HOME="/root/.sdkman/candidates/java/current" -e SPI_BUILD="1" -e SPI_PROCESSING="1" registry.gitlab.com/saguaro1/spi-images:wasm-6.1-latest swift build --swift-sdk wasm32-unknown-wasi -Xswiftc -Xfrontend -Xswiftc -stats-output-dir -Xswiftc -Xfrontend -Xswiftc .stats -Xswiftc -strict-concurrency=complete -Xswiftc -enable-upcoming-feature -Xswiftc StrictConcurrency -Xswiftc -enable-upcoming-feature -Xswiftc DisableOutwardActorInference -Xswiftc -enable-upcoming-feature -Xswiftc GlobalActorIsolatedTypesUsability -Xswiftc -enable-upcoming-feature -Xswiftc InferSendableFromCaptures 2>&1
wasm-6.1-latest: Pulling from saguaro1/spi-images
Digest: sha256:1ad245dad3d2ae0004e1afbc92334bd39884ed9ca587cf04d0a8d5f640fb02e9
Status: Image is up to date for registry.gitlab.com/saguaro1/spi-images:wasm-6.1-latest
Fetching https://github.com/fpseverino/fluent-wallet.git
Fetching https://github.com/swift-server/swift-service-lifecycle.git
Fetching https://github.com/fpseverino/swift-wallet.git
Fetching https://github.com/swift-server-community/APNSwift.git
Fetching https://github.com/adam-fowler/swift-zip-archive.git
Fetching https://github.com/vapor/fluent-sqlite-driver.git
[1/1022] Fetching swift-zip-archive
[73/2389] Fetching swift-zip-archive, fluent-sqlite-driver
[1558/2884] Fetching swift-zip-archive, fluent-sqlite-driver, swift-wallet
[2866/5654] Fetching swift-zip-archive, fluent-sqlite-driver, swift-wallet, swift-service-lifecycle
[2867/6075] Fetching swift-zip-archive, fluent-sqlite-driver, swift-wallet, swift-service-lifecycle, fluent-wallet
Fetched https://github.com/adam-fowler/swift-zip-archive.git from cache (0.36s)
Fetching https://github.com/hummingbird-project/hummingbird-fluent.git
[2006/5053] Fetching fluent-sqlite-driver, swift-wallet, swift-service-lifecycle, fluent-wallet
[3226/10919] Fetching fluent-sqlite-driver, swift-wallet, swift-service-lifecycle, fluent-wallet, apnswift
[3956/10424] Fetching fluent-sqlite-driver, swift-service-lifecycle, fluent-wallet, apnswift
Fetched https://github.com/fpseverino/swift-wallet.git from cache (0.39s)
Fetching https://github.com/hummingbird-project/hummingbird.git
Fetched https://github.com/fpseverino/fluent-wallet.git from cache (0.51s)
Fetched https://github.com/vapor/fluent-sqlite-driver.git from cache (0.51s)
Fetched https://github.com/swift-server/swift-service-lifecycle.git from cache (0.51s)
Fetched https://github.com/swift-server-community/APNSwift.git from cache (0.51s)
[1/27152] Fetching hummingbird
[2/28136] Fetching hummingbird, hummingbird-fluent
Fetched https://github.com/hummingbird-project/hummingbird-fluent.git from cache (0.44s)
[5431/27152] Fetching hummingbird
Fetched https://github.com/hummingbird-project/hummingbird.git from cache (0.81s)
Computing version for https://github.com/vapor/fluent-sqlite-driver.git
Computed https://github.com/vapor/fluent-sqlite-driver.git at 4.9.0 (1.43s)
Fetching https://github.com/vapor/fluent-kit.git
Fetching https://github.com/apple/swift-log.git
Fetching https://github.com/vapor/sqlite-kit.git
[1/7694] Fetching swift-log
[155/9877] Fetching swift-log, sqlite-kit
[9878/23835] Fetching swift-log, sqlite-kit, fluent-kit
Fetched https://github.com/apple/swift-log.git from cache (0.45s)
[2323/16141] Fetching sqlite-kit, fluent-kit
Fetched https://github.com/vapor/sqlite-kit.git from cache (0.74s)
Fetched https://github.com/vapor/fluent-kit.git from cache (0.74s)
Computing version for https://github.com/swift-server/swift-service-lifecycle.git
Computed https://github.com/swift-server/swift-service-lifecycle.git at 2.11.0 (0.99s)
Fetching https://github.com/apple/swift-async-algorithms.git
[1/6595] Fetching swift-async-algorithms
Fetched https://github.com/apple/swift-async-algorithms.git from cache (0.52s)
Computing version for https://github.com/fpseverino/fluent-wallet.git
Computed https://github.com/fpseverino/fluent-wallet.git at 0.3.0 (0.75s)
Computing version for https://github.com/fpseverino/swift-wallet.git
Computed https://github.com/fpseverino/swift-wallet.git at 1.0.0 (0.24s)
Fetching https://github.com/apple/swift-crypto.git
Fetching https://github.com/apple/swift-certificates.git
Fetching https://github.com/apple/swift-asn1.git
[1/1914] Fetching swift-asn1
[1915/9306] Fetching swift-asn1, swift-certificates
[9307/27086] Fetching swift-asn1, swift-certificates, swift-crypto
Fetched https://github.com/apple/swift-asn1.git from cache (1.30s)
Fetched https://github.com/apple/swift-certificates.git from cache (1.30s)
Fetched https://github.com/apple/swift-crypto.git from cache (1.31s)
Computing version for https://github.com/hummingbird-project/hummingbird-fluent.git
Computed https://github.com/hummingbird-project/hummingbird-fluent.git at 2.0.0 (1.56s)
Computing version for https://github.com/vapor/sqlite-kit.git
Computed https://github.com/vapor/sqlite-kit.git at 4.5.2 (0.23s)
Fetching https://github.com/vapor/sqlite-nio.git
Fetching https://github.com/vapor/sql-kit.git
Fetching https://github.com/apple/swift-nio.git
Fetching https://github.com/vapor/async-kit.git
[1/2496] Fetching async-kit
Fetched https://github.com/vapor/async-kit.git from cache (0.38s)
[1/6250] Fetching sql-kit
[6251/90790] Fetching sql-kit, swift-nio
[15551/92678] Fetching sql-kit, swift-nio, sqlite-nio
Fetched https://github.com/vapor/sql-kit.git from cache (2.86s)
Fetched https://github.com/vapor/sqlite-nio.git from cache (2.87s)
Fetched https://github.com/apple/swift-nio.git from cache (2.90s)
Computing version for https://github.com/swift-server-community/APNSwift.git
Computed https://github.com/swift-server-community/APNSwift.git at 6.6.0 (3.15s)
Fetching https://github.com/apple/swift-nio-ssl.git
Fetching https://github.com/apple/swift-nio-http2.git
Fetching https://github.com/swift-server/async-http-client.git
[1/15589] Fetching swift-nio-ssl
[1560/31608] Fetching swift-nio-ssl, async-http-client
[2834/43764] Fetching swift-nio-ssl, async-http-client, swift-nio-http2
Fetched https://github.com/swift-server/async-http-client.git from cache (1.17s)
Fetched https://github.com/apple/swift-nio-http2.git from cache (1.17s)
Fetched https://github.com/apple/swift-nio-ssl.git from cache (1.17s)
Computing version for https://github.com/vapor/fluent-kit.git
Computed https://github.com/vapor/fluent-kit.git at 1.57.0 (1.41s)
Fetching https://github.com/apple/swift-service-context.git
Fetching https://github.com/apple/swift-distributed-tracing.git
[1/1301] Fetching swift-service-context
[1302/7160] Fetching swift-service-context, swift-distributed-tracing
Fetched https://github.com/apple/swift-service-context.git from cache (0.50s)
Fetched https://github.com/apple/swift-distributed-tracing.git from cache (0.50s)
Computing version for https://github.com/apple/swift-crypto.git
Computed https://github.com/apple/swift-crypto.git at 4.5.0 (1.99s)
Computing version for https://github.com/apple/swift-async-algorithms.git
Computed https://github.com/apple/swift-async-algorithms.git at 1.1.5 (0.27s)
Fetching https://github.com/apple/swift-collections.git
[1/25985] Fetching swift-collections
Fetched https://github.com/apple/swift-collections.git from cache (1.06s)
Computing version for https://github.com/apple/swift-distributed-tracing.git
Computed https://github.com/apple/swift-distributed-tracing.git at 1.4.1 (1.30s)
Computing version for https://github.com/adam-fowler/swift-zip-archive.git
Computed https://github.com/adam-fowler/swift-zip-archive.git at 0.8.1 (0.28s)
Fetching https://github.com/apple/swift-system.git
[1/6160] Fetching swift-system
Fetched https://github.com/apple/swift-system.git from cache (0.55s)
Computing version for https://github.com/hummingbird-project/hummingbird.git
Computed https://github.com/hummingbird-project/hummingbird.git at 2.25.0 (0.83s)
Fetching https://github.com/apple/swift-nio-transport-services.git
Fetching https://github.com/apple/swift-atomics.git
Fetching https://github.com/apple/swift-nio-extras.git
Fetching https://github.com/apple/swift-http-types.git
Fetching https://github.com/apple/swift-metrics.git
[1/1219] Fetching swift-http-types
[50/4079] Fetching swift-http-types, swift-nio-transport-services
[1923/7457] Fetching swift-http-types, swift-nio-transport-services, swift-metrics
[4462/14055] Fetching swift-http-types, swift-nio-transport-services, swift-metrics, swift-nio-extras
[4746/15923] Fetching swift-http-types, swift-nio-transport-services, swift-metrics, swift-nio-extras, swift-atomics
Fetched https://github.com/apple/swift-metrics.git from cache (0.45s)
[11292/12545] Fetching swift-http-types, swift-nio-transport-services, swift-nio-extras, swift-atomics
Fetched https://github.com/apple/swift-atomics.git from cache (0.50s)
Fetched https://github.com/apple/swift-http-types.git from cache (0.51s)
Fetched https://github.com/apple/swift-nio-transport-services.git from cache (0.51s)
Fetched https://github.com/apple/swift-nio-extras.git from cache (0.51s)
Computing version for https://github.com/apple/swift-nio-http2.git
Computed https://github.com/apple/swift-nio-http2.git at 1.44.0 (0.76s)
Computing version for https://github.com/apple/swift-nio-extras.git
Computed https://github.com/apple/swift-nio-extras.git at 1.34.3 (0.34s)
Fetching https://github.com/apple/swift-algorithms.git
Fetching https://github.com/apple/swift-http-structured-headers.git
[1/6074] Fetching swift-algorithms
[6075/7323] Fetching swift-algorithms, swift-http-structured-headers
Fetched https://github.com/apple/swift-http-structured-headers.git from cache (0.68s)
Fetched https://github.com/apple/swift-algorithms.git from cache (0.68s)
Computing version for https://github.com/apple/swift-algorithms.git
Computed https://github.com/apple/swift-algorithms.git at 1.2.1 (1.65s)
Fetching https://github.com/apple/swift-numerics.git
[1/6441] Fetching swift-numerics
Fetched https://github.com/apple/swift-numerics.git from cache (0.88s)
Computing version for https://github.com/apple/swift-atomics.git
Computed https://github.com/apple/swift-atomics.git at 1.3.1 (1.12s)
Computing version for https://github.com/apple/swift-nio.git
Computed https://github.com/apple/swift-nio.git at 2.101.2 (0.45s)
Computing version for https://github.com/apple/swift-service-context.git
Computed https://github.com/apple/swift-service-context.git at 1.3.0 (0.24s)
Computing version for https://github.com/vapor/async-kit.git
Computed https://github.com/vapor/async-kit.git at 1.22.0 (0.23s)
Computing version for https://github.com/apple/swift-collections.git
Computed https://github.com/apple/swift-collections.git at 1.6.0 (0.33s)
Computing version for https://github.com/apple/swift-http-types.git
Computed https://github.com/apple/swift-http-types.git at 1.6.0 (0.23s)
Computing version for https://github.com/apple/swift-numerics.git
Computed https://github.com/apple/swift-numerics.git at 1.1.1 (0.22s)
Computing version for https://github.com/apple/swift-log.git
Computed https://github.com/apple/swift-log.git at 1.14.0 (0.23s)
Computing version for https://github.com/vapor/sql-kit.git
Computed https://github.com/vapor/sql-kit.git at 3.36.0 (0.23s)
Computing version for https://github.com/apple/swift-nio-ssl.git
Computed https://github.com/apple/swift-nio-ssl.git at 2.37.1 (0.26s)
Computing version for https://github.com/apple/swift-asn1.git
Computed https://github.com/apple/swift-asn1.git at 1.7.1 (0.26s)
Computing version for https://github.com/apple/swift-http-structured-headers.git
Computed https://github.com/apple/swift-http-structured-headers.git at 1.7.0 (0.23s)
Computing version for https://github.com/apple/swift-certificates.git
Computed https://github.com/apple/swift-certificates.git at 1.19.3 (0.29s)
Computing version for https://github.com/swift-server/async-http-client.git
Computed https://github.com/swift-server/async-http-client.git at 1.35.0 (0.24s)
Computing version for https://github.com/apple/swift-nio-transport-services.git
Computed https://github.com/apple/swift-nio-transport-services.git at 1.28.0 (0.23s)
Computing version for https://github.com/apple/swift-metrics.git
Computed https://github.com/apple/swift-metrics.git at 2.11.0 (0.23s)
Computing version for https://github.com/apple/swift-system.git
Computed https://github.com/apple/swift-system.git at 1.7.4 (0.27s)
Computing version for https://github.com/vapor/sqlite-nio.git
Computed https://github.com/vapor/sqlite-nio.git at 1.12.9 (0.24s)
Creating working copy for https://github.com/vapor/sqlite-nio.git
Working copy of https://github.com/vapor/sqlite-nio.git resolved at 1.12.9
Creating working copy for https://github.com/apple/swift-collections.git
Working copy of https://github.com/apple/swift-collections.git resolved at 1.6.0
Creating working copy for https://github.com/swift-server/async-http-client.git
Working copy of https://github.com/swift-server/async-http-client.git resolved at 1.35.0
Creating working copy for https://github.com/vapor/async-kit.git
Working copy of https://github.com/vapor/async-kit.git resolved at 1.22.0
Creating working copy for https://github.com/apple/swift-atomics.git
Working copy of https://github.com/apple/swift-atomics.git resolved at 1.3.1
Creating working copy for https://github.com/adam-fowler/swift-zip-archive.git
Working copy of https://github.com/adam-fowler/swift-zip-archive.git resolved at 0.8.1
Creating working copy for https://github.com/fpseverino/fluent-wallet.git
Working copy of https://github.com/fpseverino/fluent-wallet.git resolved at 0.3.0
Creating working copy for https://github.com/vapor/sqlite-kit.git
Working copy of https://github.com/vapor/sqlite-kit.git resolved at 4.5.2
Creating working copy for https://github.com/apple/swift-nio.git
Working copy of https://github.com/apple/swift-nio.git resolved at 2.101.2
Creating working copy for https://github.com/apple/swift-http-types.git
Working copy of https://github.com/apple/swift-http-types.git resolved at 1.6.0
Creating working copy for https://github.com/apple/swift-nio-http2.git
Working copy of https://github.com/apple/swift-nio-http2.git resolved at 1.44.0
Creating working copy for https://github.com/swift-server-community/APNSwift.git
Working copy of https://github.com/swift-server-community/APNSwift.git resolved at 6.6.0
Creating working copy for https://github.com/apple/swift-asn1.git
Working copy of https://github.com/apple/swift-asn1.git resolved at 1.7.1
Creating working copy for https://github.com/apple/swift-async-algorithms.git
Working copy of https://github.com/apple/swift-async-algorithms.git resolved at 1.1.5
Creating working copy for https://github.com/apple/swift-crypto.git
Working copy of https://github.com/apple/swift-crypto.git resolved at 4.5.0
Creating working copy for https://github.com/apple/swift-algorithms.git
Working copy of https://github.com/apple/swift-algorithms.git resolved at 1.2.1
Creating working copy for https://github.com/apple/swift-nio-extras.git
Working copy of https://github.com/apple/swift-nio-extras.git resolved at 1.34.3
Creating working copy for https://github.com/fpseverino/swift-wallet.git
Working copy of https://github.com/fpseverino/swift-wallet.git resolved at 1.0.0
Creating working copy for https://github.com/vapor/sql-kit.git
Working copy of https://github.com/vapor/sql-kit.git resolved at 3.36.0
Creating working copy for https://github.com/apple/swift-nio-ssl.git
Working copy of https://github.com/apple/swift-nio-ssl.git resolved at 2.37.1
Creating working copy for https://github.com/hummingbird-project/hummingbird.git
Working copy of https://github.com/hummingbird-project/hummingbird.git resolved at 2.25.0
Creating working copy for https://github.com/vapor/fluent-sqlite-driver.git
Working copy of https://github.com/vapor/fluent-sqlite-driver.git resolved at 4.9.0
Creating working copy for https://github.com/apple/swift-metrics.git
Working copy of https://github.com/apple/swift-metrics.git resolved at 2.11.0
Creating working copy for https://github.com/apple/swift-log.git
Working copy of https://github.com/apple/swift-log.git resolved at 1.14.0
Creating working copy for https://github.com/apple/swift-system.git
Working copy of https://github.com/apple/swift-system.git resolved at 1.7.4
Creating working copy for https://github.com/hummingbird-project/hummingbird-fluent.git
Working copy of https://github.com/hummingbird-project/hummingbird-fluent.git resolved at 2.0.0
Creating working copy for https://github.com/vapor/fluent-kit.git
Working copy of https://github.com/vapor/fluent-kit.git resolved at 1.57.0
Creating working copy for https://github.com/swift-server/swift-service-lifecycle.git
Working copy of https://github.com/swift-server/swift-service-lifecycle.git resolved at 2.11.0
Creating working copy for https://github.com/apple/swift-certificates.git
Working copy of https://github.com/apple/swift-certificates.git resolved at 1.19.3
Creating working copy for https://github.com/apple/swift-distributed-tracing.git
Working copy of https://github.com/apple/swift-distributed-tracing.git resolved at 1.4.1
Creating working copy for https://github.com/apple/swift-http-structured-headers.git
Working copy of https://github.com/apple/swift-http-structured-headers.git resolved at 1.7.0
Creating working copy for https://github.com/apple/swift-numerics.git
Working copy of https://github.com/apple/swift-numerics.git resolved at 1.1.1
Creating working copy for https://github.com/apple/swift-nio-transport-services.git
Working copy of https://github.com/apple/swift-nio-transport-services.git resolved at 1.28.0
Creating working copy for https://github.com/apple/swift-service-context.git
Working copy of https://github.com/apple/swift-service-context.git resolved at 1.3.0
Building for debugging...
[0/876] Write sources
[51/876] Compiling _CWASI _CWASI.c
[52/876] Write sources
[53/876] Compiling _AtomicsShims.c
[53/876] Write sources
[63/876] Compiling _NumericsShims _NumericsShims.c
[64/876] Compiling CZipArchiveZlib inffast.c
[64/876] Compiling CZipArchiveZlib zutil.c
[66/876] Compiling CZipArchiveZlib inftrees.c
[67/876] Compiling CXKCPShims shims.c
[68/876] Compiling SimpleFIPS202.c
[69/876] Compiling CZipArchiveZlib adler32.c
[70/876] Compiling CZipArchiveZlib crc32.c
[71/876] Compiling CZipArchiveZlib trees.c
[72/876] Compiling KeccakSponge.c
[73/876] Compiling CNIOWindows shim.c
[74/876] Compiling CSystem shims.c
[74/876] Compiling KeccakHash.c
[76/876] Compiling CZipArchiveZlib inflate.c
[77/876] Compiling CNIOWindows WSAStartup.c
[78/876] Compiling CNIOWASI CNIOWASI.c
[79/876] Compiling CNIOOpenBSD shim.c
[79/876] Compiling CNIOLinux shim.c
[79/876] Compiling CNIOPosix event_loop_id.c
[82/876] Compiling CNIOLinux liburing_shims.c
[83/876] Compiling CZipArchiveZlib deflate.c
[84/876] Compiling CNIOFreeBSD shim.c
[85/876] Compiling CNIOLLHTTP c_nio_http.c
[86/876] Compiling CNIOExtrasZlib zutil.c
[87/876] Compiling CNIOLLHTTP c_nio_api.c
[88/876] Compiling CNIOExtrasZlib inftrees.c
[89/876] Write swift-version-24593BA9C3E375BF.txt
[90/876] Compiling CNIOExtrasZlib inffast.c
[91/876] Compiling CNIOExtrasZlib trees.c
[92/876] Compiling CNIOExtrasZlib adler32.c
[93/876] Compiling CNIOExtrasZlib crc32.c
[94/876] Compiling CNIOExtrasZlib inflate.c
[95/876] Compiling CNIOExtrasZlib deflate.c
[97/941] Emitting module _NIODataStructures
<unknown>:0: warning: upcoming feature 'InferSendableFromCaptures' is already enabled as of Swift version 6
<unknown>:0: warning: upcoming feature 'GlobalActorIsolatedTypesUsability' is already enabled as of Swift version 6
<unknown>:0: warning: upcoming feature 'DisableOutwardActorInference' is already enabled as of Swift version 6
[97/941] Compiling CNIOLLHTTP c_nio_llhttp.c
[99/952] Compiling RealModule ElementaryFunctions.swift
[100/952] Compiling RealModule Float+Real.swift
[101/953] Compiling RealModule AugmentedArithmetic.swift
<unknown>:0: warning: upcoming feature 'InferSendableFromCaptures' is already enabled as of Swift version 6
<unknown>:0: warning: upcoming feature 'GlobalActorIsolatedTypesUsability' is already enabled as of Swift version 6
<unknown>:0: warning: upcoming feature 'DisableOutwardActorInference' is already enabled as of Swift version 6
[102/953] Compiling RealModule Double+Real.swift
<unknown>:0: warning: upcoming feature 'InferSendableFromCaptures' is already enabled as of Swift version 6
<unknown>:0: warning: upcoming feature 'GlobalActorIsolatedTypesUsability' is already enabled as of Swift version 6
<unknown>:0: warning: upcoming feature 'DisableOutwardActorInference' is already enabled as of Swift version 6
<unknown>:0: warning: upcoming feature 'InferSendableFromCaptures' is already enabled as of Swift version 6
<unknown>:0: warning: upcoming feature 'GlobalActorIsolatedTypesUsability' is already enabled as of Swift version 6
<unknown>:0: warning: upcoming feature 'DisableOutwardActorInference' is already enabled as of Swift version 6
[104/955] Compiling SystemPackage Identifiers.swift
<unknown>:0: warning: upcoming feature 'InferSendableFromCaptures' is already enabled as of Swift version 6
<unknown>:0: warning: upcoming feature 'GlobalActorIsolatedTypesUsability' is already enabled as of Swift version 6
<unknown>:0: warning: upcoming feature 'DisableOutwardActorInference' is already enabled as of Swift version 6
[105/955] Compiling SystemPackage Stat.swift
<unknown>:0: warning: upcoming feature 'InferSendableFromCaptures' is already enabled as of Swift version 6
<unknown>:0: warning: upcoming feature 'GlobalActorIsolatedTypesUsability' is already enabled as of Swift version 6
<unknown>:0: warning: upcoming feature 'DisableOutwardActorInference' is already enabled as of Swift version 6
[106/955] Compiling SystemPackage FileOperations.swift
<unknown>:0: warning: upcoming feature 'InferSendableFromCaptures' is already enabled as of Swift version 6
<unknown>:0: warning: upcoming feature 'GlobalActorIsolatedTypesUsability' is already enabled as of Swift version 6
<unknown>:0: warning: upcoming feature 'DisableOutwardActorInference' is already enabled as of Swift version 6
[107/955] Compiling SystemPackage FilePath.swift
<unknown>:0: warning: upcoming feature 'InferSendableFromCaptures' is already enabled as of Swift version 6
<unknown>:0: warning: upcoming feature 'GlobalActorIsolatedTypesUsability' is already enabled as of Swift version 6
<unknown>:0: warning: upcoming feature 'DisableOutwardActorInference' is already enabled as of Swift version 6
[108/955] Compiling RealModule Float16+Real.swift
[109/955] Compiling ServiceContextModule ServiceContextKey.swift
<unknown>:0: warning: upcoming feature 'InferSendableFromCaptures' is already enabled as of Swift version 6
<unknown>:0: warning: upcoming feature 'GlobalActorIsolatedTypesUsability' is already enabled as of Swift version 6
<unknown>:0: warning: upcoming feature 'DisableOutwardActorInference' is already enabled as of Swift version 6
<unknown>:0: warning: upcoming feature 'InferSendableFromCaptures' is already enabled as of Swift version 6
<unknown>:0: warning: upcoming feature 'GlobalActorIsolatedTypesUsability' is already enabled as of Swift version 6
<unknown>:0: warning: upcoming feature 'DisableOutwardActorInference' is already enabled as of Swift version 6
[111/955] Compiling RealModule AlgebraicField.swift
<unknown>:0: warning: upcoming feature 'InferSendableFromCaptures' is already enabled as of Swift version 6
<unknown>:0: warning: upcoming feature 'GlobalActorIsolatedTypesUsability' is already enabled as of Swift version 6
<unknown>:0: warning: upcoming feature 'DisableOutwardActorInference' is already enabled as of Swift version 6
[112/955] Compiling RealModule ApproximateEquality.swift
<unknown>:0: warning: upcoming feature 'InferSendableFromCaptures' is already enabled as of Swift version 6
<unknown>:0: warning: upcoming feature 'GlobalActorIsolatedTypesUsability' is already enabled as of Swift version 6
<unknown>:0: warning: upcoming feature 'DisableOutwardActorInference' is already enabled as of Swift version 6
[113/955] Emitting module _NIOBase64
<unknown>:0: warning: upcoming feature 'InferSendableFromCaptures' is already enabled as of Swift version 6
<unknown>:0: warning: upcoming feature 'GlobalActorIsolatedTypesUsability' is already enabled as of Swift version 6
<unknown>:0: warning: upcoming feature 'DisableOutwardActorInference' is already enabled as of Swift version 6
[114/955] Compiling SystemPackage FileMode.swift
<unknown>:0: warning: upcoming feature 'InferSendableFromCaptures' is already enabled as of Swift version 6
<unknown>:0: warning: upcoming feature 'GlobalActorIsolatedTypesUsability' is already enabled as of Swift version 6
<unknown>:0: warning: upcoming feature 'DisableOutwardActorInference' is already enabled as of Swift version 6
[115/955] Compiling SystemPackage FileType.swift
<unknown>:0: warning: upcoming feature 'InferSendableFromCaptures' is already enabled as of Swift version 6
<unknown>:0: warning: upcoming feature 'GlobalActorIsolatedTypesUsability' is already enabled as of Swift version 6
<unknown>:0: warning: upcoming feature 'DisableOutwardActorInference' is already enabled as of Swift version 6
[116/955] Compiling RealModule RelaxedArithmetic.swift
[117/955] Compiling _NIOBase64 Base64.swift
<unknown>:0: warning: upcoming feature 'InferSendableFromCaptures' is already enabled as of Swift version 6
<unknown>:0: warning: upcoming feature 'GlobalActorIsolatedTypesUsability' is already enabled as of Swift version 6
<unknown>:0: warning: upcoming feature 'DisableOutwardActorInference' is already enabled as of Swift version 6
[118/955] Compiling _NIODataStructures PriorityQueue.swift
<unknown>:0: warning: upcoming feature 'InferSendableFromCaptures' is already enabled as of Swift version 6
<unknown>:0: warning: upcoming feature 'GlobalActorIsolatedTypesUsability' is already enabled as of Swift version 6
<unknown>:0: warning: upcoming feature 'DisableOutwardActorInference' is already enabled as of Swift version 6
[119/956] Compiling _NIODataStructures _TinyArray.swift
<unknown>:0: warning: upcoming feature 'InferSendableFromCaptures' is already enabled as of Swift version 6
<unknown>:0: warning: upcoming feature 'GlobalActorIsolatedTypesUsability' is already enabled as of Swift version 6
<unknown>:0: warning: upcoming feature 'DisableOutwardActorInference' is already enabled as of Swift version 6
[120/956] Emitting module ServiceContextModule
<unknown>:0: warning: upcoming feature 'InferSendableFromCaptures' is already enabled as of Swift version 6
<unknown>:0: warning: upcoming feature 'GlobalActorIsolatedTypesUsability' is already enabled as of Swift version 6
<unknown>:0: warning: upcoming feature 'DisableOutwardActorInference' is already enabled as of Swift version 6
[121/956] Compiling ServiceContextModule ServiceContext.swift
<unknown>:0: warning: upcoming feature 'InferSendableFromCaptures' is already enabled as of Swift version 6
<unknown>:0: warning: upcoming feature 'GlobalActorIsolatedTypesUsability' is already enabled as of Swift version 6
<unknown>:0: warning: upcoming feature 'DisableOutwardActorInference' is already enabled as of Swift version 6
[122/957] Compiling SystemPackage Errno.swift
[123/957] Compiling SystemPackage ErrnoWindows.swift
[124/957] Compiling SystemPackage FileDescriptor.swift
[125/957] Compiling SystemPackage FileHelpers.swift
[130/962] Compiling RealModule RealFunctions.swift
[131/962] Compiling RealModule Float80+Real.swift
[132/962] Compiling RealModule Real.swift
[133/962] Compiling _CertificateInternals _TinyArray.swift
<unknown>:0: warning: upcoming feature 'InferSendableFromCaptures' is already enabled as of Swift version 6
<unknown>:0: warning: upcoming feature 'GlobalActorIsolatedTypesUsability' is already enabled as of Swift version 6
<unknown>:0: warning: upcoming feature 'DisableOutwardActorInference' is already enabled as of Swift version 6
[134/962] Emitting module _CertificateInternals
<unknown>:0: warning: upcoming feature 'InferSendableFromCaptures' is already enabled as of Swift version 6
<unknown>:0: warning: upcoming feature 'GlobalActorIsolatedTypesUsability' is already enabled as of Swift version 6
<unknown>:0: warning: upcoming feature 'DisableOutwardActorInference' is already enabled as of Swift version 6
[135/963] Emitting module RealModule
[142/984] Emitting module SwiftASN1
<unknown>:0: warning: upcoming feature 'InferSendableFromCaptures' is already enabled as of Swift version 6
<unknown>:0: warning: upcoming feature 'GlobalActorIsolatedTypesUsability' is already enabled as of Swift version 6
<unknown>:0: warning: upcoming feature 'DisableOutwardActorInference' is already enabled as of Swift version 6
[143/993] Compiling InternalCollectionsUtilities LifetimeOverride.swift
[144/993] Compiling InternalCollectionsUtilities RandomAccessCollection+Offsets.swift
[145/993] Compiling InternalCollectionsUtilities Span+Extras.swift
[146/993] Compiling InternalCollectionsUtilities Debugging.swift
[147/993] Compiling InternalCollectionsUtilities Descriptions.swift
[148/993] Compiling InternalCollectionsUtilities FixedWidthInteger+roundUpToPowerOfTwo.swift
<unknown>:0: warning: upcoming feature 'InferSendableFromCaptures' is already enabled as of Swift version 6
<unknown>:0: warning: upcoming feature 'GlobalActorIsolatedTypesUsability' is already enabled as of Swift version 6
<unknown>:0: warning: upcoming feature 'DisableOutwardActorInference' is already enabled as of Swift version 6
[149/993] Compiling InternalCollectionsUtilities UnsafeBufferPointer+Extras.swift
<unknown>:0: warning: upcoming feature 'InferSendableFromCaptures' is already enabled as of Swift version 6
<unknown>:0: warning: upcoming feature 'GlobalActorIsolatedTypesUsability' is already enabled as of Swift version 6
<unknown>:0: warning: upcoming feature 'DisableOutwardActorInference' is already enabled as of Swift version 6
[150/993] Compiling InternalCollectionsUtilities UnsafeMutableBufferPointer+Extras.swift
<unknown>:0: warning: upcoming feature 'InferSendableFromCaptures' is already enabled as of Swift version 6
<unknown>:0: warning: upcoming feature 'GlobalActorIsolatedTypesUsability' is already enabled as of Swift version 6
<unknown>:0: warning: upcoming feature 'DisableOutwardActorInference' is already enabled as of Swift version 6
[151/993] Compiling InternalCollectionsUtilities _UnsafeBitSet+_Word.swift
<unknown>:0: warning: upcoming feature 'InferSendableFromCaptures' is already enabled as of Swift version 6
<unknown>:0: warning: upcoming feature 'GlobalActorIsolatedTypesUsability' is already enabled as of Swift version 6
<unknown>:0: warning: upcoming feature 'DisableOutwardActorInference' is already enabled as of Swift version 6
[152/993] Compiling InternalCollectionsUtilities Integer rank.swift
[153/993] Compiling InternalCollectionsUtilities UInt+first and last set bit.swift
[154/993] Compiling InternalCollectionsUtilities UInt+reversed.swift
[155/993] Compiling InternalCollectionsUtilities String+Padding.swift
[156/993] Compiling InternalCollectionsUtilities _UnsafeBitSet+Index.swift
[157/993] Emitting module SystemPackage
[158/993] Compiling _NIODataStructures Heap.swift
<unknown>:0: warning: upcoming feature 'InferSendableFromCaptures' is already enabled as of Swift version 6
<unknown>:0: warning: upcoming feature 'GlobalActorIsolatedTypesUsability' is already enabled as of Swift version 6
<unknown>:0: warning: upcoming feature 'DisableOutwardActorInference' is already enabled as of Swift version 6
<unknown>:0: warning: upcoming feature 'InferSendableFromCaptures' is already enabled as of Swift version 6
<unknown>:0: warning: upcoming feature 'GlobalActorIsolatedTypesUsability' is already enabled as of Swift version 6
<unknown>:0: warning: upcoming feature 'DisableOutwardActorInference' is already enabled as of Swift version 6
<unknown>:0: warning: upcoming feature 'InferSendableFromCaptures' is already enabled as of Swift version 6
<unknown>:0: warning: upcoming feature 'GlobalActorIsolatedTypesUsability' is already enabled as of Swift version 6
<unknown>:0: warning: upcoming feature 'DisableOutwardActorInference' is already enabled as of Swift version 6
<unknown>:0: warning: upcoming feature 'InferSendableFromCaptures' is already enabled as of Swift version 6
<unknown>:0: warning: upcoming feature 'GlobalActorIsolatedTypesUsability' is already enabled as of Swift version 6
<unknown>:0: warning: upcoming feature 'DisableOutwardActorInference' is already enabled as of Swift version 6
<unknown>:0: warning: upcoming feature 'InferSendableFromCaptures' is already enabled as of Swift version 6
<unknown>:0: warning: upcoming feature 'GlobalActorIsolatedTypesUsability' is already enabled as of Swift version 6
<unknown>:0: warning: upcoming feature 'DisableOutwardActorInference' is already enabled as of Swift version 6
[163/1001] Compiling Logging LoggingSystem.swift
<unknown>:0: warning: upcoming feature 'InferSendableFromCaptures' is already enabled as of Swift version 6
<unknown>:0: warning: upcoming feature 'GlobalActorIsolatedTypesUsability' is already enabled as of Swift version 6
<unknown>:0: warning: upcoming feature 'DisableOutwardActorInference' is already enabled as of Swift version 6
[164/1001] Compiling InternalCollectionsUtilities UnsafeRawBufferPointer+Extras.swift
[165/1001] Compiling SwiftASN1 Errors.swift
[166/1001] Compiling SystemPackage FilePathParsing.swift
[167/1001] Compiling SystemPackage FilePathString.swift
[168/1001] Compiling SystemPackage FilePathSyntax.swift
[169/1001] Compiling SystemPackage Backcompat.swift
[170/1001] Compiling SystemPackage CInterop.swift
[171/1001] Compiling SystemPackage Constants.swift
[172/1001] Compiling SystemPackage Exports.swift
[173/1001] Compiling SystemPackage Mocking.swift
[174/1001] Compiling SystemPackage RawBuffer.swift
[175/1001] Compiling SystemPackage Syscalls.swift
[176/1001] Compiling SystemPackage WindowsSyscallAdapters.swift
[177/1001] Compiling SystemPackage MachPort.swift
[178/1001] Compiling SystemPackage PlatformString.swift
[179/1001] Compiling SystemPackage IOCompletion.swift
[180/1001] Compiling SystemPackage IORequest.swift
[181/1001] Compiling SystemPackage IORing+Util.swift
[182/1001] Compiling SystemPackage IORing.swift
[183/1001] Compiling SystemPackage RawIORequest.swift
[184/1010] Compiling Instrumentation NoOpInstrument.swift
<unknown>:0: warning: upcoming feature 'InferSendableFromCaptures' is already enabled as of Swift version 6
<unknown>:0: warning: upcoming feature 'GlobalActorIsolatedTypesUsability' is already enabled as of Swift version 6
<unknown>:0: warning: upcoming feature 'DisableOutwardActorInference' is already enabled as of Swift version 6
[186/1010] Compiling Instrumentation MultiplexInstrument.swift
<unknown>:0: warning: upcoming feature 'InferSendableFromCaptures' is already enabled as of Swift version 6
<unknown>:0: warning: upcoming feature 'GlobalActorIsolatedTypesUsability' is already enabled as of Swift version 6
<unknown>:0: warning: upcoming feature 'DisableOutwardActorInference' is already enabled as of Swift version 6
<unknown>:0: warning: upcoming feature 'InferSendableFromCaptures' is already enabled as of Swift version 6
<unknown>:0: warning: upcoming feature 'GlobalActorIsolatedTypesUsability' is already enabled as of Swift version 6
<unknown>:0: warning: upcoming feature 'DisableOutwardActorInference' is already enabled as of Swift version 6
<unknown>:0: warning: upcoming feature 'InferSendableFromCaptures' is already enabled as of Swift version 6
<unknown>:0: warning: upcoming feature 'GlobalActorIsolatedTypesUsability' is already enabled as of Swift version 6
<unknown>:0: warning: upcoming feature 'DisableOutwardActorInference' is already enabled as of Swift version 6
[189/1010] Compiling Instrumentation InstrumentationSystem.swift
<unknown>:0: warning: upcoming feature 'InferSendableFromCaptures' is already enabled as of Swift version 6
<unknown>:0: warning: upcoming feature 'GlobalActorIsolatedTypesUsability' is already enabled as of Swift version 6
<unknown>:0: warning: upcoming feature 'DisableOutwardActorInference' is already enabled as of Swift version 6
[190/1010] Compiling Instrumentation Locks.swift
<unknown>:0: warning: upcoming feature 'InferSendableFromCaptures' is already enabled as of Swift version 6
<unknown>:0: warning: upcoming feature 'GlobalActorIsolatedTypesUsability' is already enabled as of Swift version 6
<unknown>:0: warning: upcoming feature 'DisableOutwardActorInference' is already enabled as of Swift version 6
[191/1010] Compiling Instrumentation Instrument.swift
<unknown>:0: warning: upcoming feature 'InferSendableFromCaptures' is already enabled as of Swift version 6
<unknown>:0: warning: upcoming feature 'GlobalActorIsolatedTypesUsability' is already enabled as of Swift version 6
<unknown>:0: warning: upcoming feature 'DisableOutwardActorInference' is already enabled as of Swift version 6
[192/1010] Emitting module Instrumentation
<unknown>:0: warning: upcoming feature 'InferSendableFromCaptures' is already enabled as of Swift version 6
<unknown>:0: warning: upcoming feature 'GlobalActorIsolatedTypesUsability' is already enabled as of Swift version 6
<unknown>:0: warning: upcoming feature 'DisableOutwardActorInference' is already enabled as of Swift version 6
<unknown>:0: warning: upcoming feature 'InferSendableFromCaptures' is already enabled as of Swift version 6
<unknown>:0: warning: upcoming feature 'GlobalActorIsolatedTypesUsability' is already enabled as of Swift version 6
<unknown>:0: warning: upcoming feature 'DisableOutwardActorInference' is already enabled as of Swift version 6
<unknown>:0: warning: upcoming feature 'InferSendableFromCaptures' is already enabled as of Swift version 6
<unknown>:0: warning: upcoming feature 'GlobalActorIsolatedTypesUsability' is already enabled as of Swift version 6
<unknown>:0: warning: upcoming feature 'DisableOutwardActorInference' is already enabled as of Swift version 6
<unknown>:0: warning: upcoming feature 'InferSendableFromCaptures' is already enabled as of Swift version 6
<unknown>:0: warning: upcoming feature 'GlobalActorIsolatedTypesUsability' is already enabled as of Swift version 6
<unknown>:0: warning: upcoming feature 'DisableOutwardActorInference' is already enabled as of Swift version 6
<unknown>:0: warning: upcoming feature 'InferSendableFromCaptures' is already enabled as of Swift version 6
<unknown>:0: warning: upcoming feature 'GlobalActorIsolatedTypesUsability' is already enabled as of Swift version 6
<unknown>:0: warning: upcoming feature 'DisableOutwardActorInference' is already enabled as of Swift version 6
<unknown>:0: warning: upcoming feature 'InferSendableFromCaptures' is already enabled as of Swift version 6
<unknown>:0: warning: upcoming feature 'GlobalActorIsolatedTypesUsability' is already enabled as of Swift version 6
<unknown>:0: warning: upcoming feature 'DisableOutwardActorInference' is already enabled as of Swift version 6
[198/1014] Compiling Logging MetadataProvider.swift
<unknown>:0: warning: upcoming feature 'InferSendableFromCaptures' is already enabled as of Swift version 6
<unknown>:0: warning: upcoming feature 'GlobalActorIsolatedTypesUsability' is already enabled as of Swift version 6
<unknown>:0: warning: upcoming feature 'DisableOutwardActorInference' is already enabled as of Swift version 6
[200/1014] Compiling HTTPTypes HTTPField.swift
<unknown>:0: warning: upcoming feature 'InferSendableFromCaptures' is already enabled as of Swift version 6
<unknown>:0: warning: upcoming feature 'GlobalActorIsolatedTypesUsability' is already enabled as of Swift version 6
<unknown>:0: warning: upcoming feature 'DisableOutwardActorInference' is already enabled as of Swift version 6
[202/1014] Compiling HTTPTypes HTTPFieldName.swift
<unknown>:0: warning: upcoming feature 'InferSendableFromCaptures' is already enabled as of Swift version 6
<unknown>:0: warning: upcoming feature 'GlobalActorIsolatedTypesUsability' is already enabled as of Swift version 6
<unknown>:0: warning: upcoming feature 'DisableOutwardActorInference' is already enabled as of Swift version 6
<unknown>:0: warning: upcoming feature 'InferSendableFromCaptures' is already enabled as of Swift version 6
<unknown>:0: warning: upcoming feature 'GlobalActorIsolatedTypesUsability' is already enabled as of Swift version 6
<unknown>:0: warning: upcoming feature 'DisableOutwardActorInference' is already enabled as of Swift version 6
<unknown>:0: warning: upcoming feature 'InferSendableFromCaptures' is already enabled as of Swift version 6
<unknown>:0: warning: upcoming feature 'GlobalActorIsolatedTypesUsability' is already enabled as of Swift version 6
<unknown>:0: warning: upcoming feature 'DisableOutwardActorInference' is already enabled as of Swift version 6
<unknown>:0: warning: upcoming feature 'InferSendableFromCaptures' is already enabled as of Swift version 6
<unknown>:0: warning: upcoming feature 'GlobalActorIsolatedTypesUsability' is already enabled as of Swift version 6
<unknown>:0: warning: upcoming feature 'DisableOutwardActorInference' is already enabled as of Swift version 6
<unknown>:0: warning: upcoming feature 'InferSendableFromCaptures' is already enabled as of Swift version 6
<unknown>:0: warning: upcoming feature 'GlobalActorIsolatedTypesUsability' is already enabled as of Swift version 6
<unknown>:0: warning: upcoming feature 'DisableOutwardActorInference' is already enabled as of Swift version 6
[207/1019] Compiling InternalCollectionsUtilities _SortedCollection.swift
<unknown>:0: warning: upcoming feature 'InferSendableFromCaptures' is already enabled as of Swift version 6
<unknown>:0: warning: upcoming feature 'GlobalActorIsolatedTypesUsability' is already enabled as of Swift version 6
<unknown>:0: warning: upcoming feature 'DisableOutwardActorInference' is already enabled as of Swift version 6
[208/1019] Compiling InternalCollectionsUtilities _UniqueCollection.swift
<unknown>:0: warning: upcoming feature 'InferSendableFromCaptures' is already enabled as of Swift version 6
<unknown>:0: warning: upcoming feature 'GlobalActorIsolatedTypesUsability' is already enabled as of Swift version 6
<unknown>:0: warning: upcoming feature 'DisableOutwardActorInference' is already enabled as of Swift version 6
[209/1022] Compiling CoreMetrics WithMetricsFactory.swift
<unknown>:0: warning: upcoming feature 'InferSendableFromCaptures' is already enabled as of Swift version 6
<unknown>:0: warning: upcoming feature 'GlobalActorIsolatedTypesUsability' is already enabled as of Swift version 6
<unknown>:0: warning: upcoming feature 'DisableOutwardActorInference' is already enabled as of Swift version 6
[210/1022] Compiling CoreMetrics MappingMetricsFactory.swift
<unknown>:0: warning: upcoming feature 'InferSendableFromCaptures' is already enabled as of Swift version 6
<unknown>:0: warning: upcoming feature 'GlobalActorIsolatedTypesUsability' is already enabled as of Swift version 6
<unknown>:0: warning: upcoming feature 'DisableOutwardActorInference' is already enabled as of Swift version 6
[211/1022] Compiling CoreMetrics Locks.swift
<unknown>:0: warning: upcoming feature 'InferSendableFromCaptures' is already enabled as of Swift version 6
<unknown>:0: warning: upcoming feature 'GlobalActorIsolatedTypesUsability' is already enabled as of Swift version 6
<unknown>:0: warning: upcoming feature 'DisableOutwardActorInference' is already enabled as of Swift version 6
[212/1022] Compiling HTTPTypes ISOLatin1String.swift
<unknown>:0: warning: upcoming feature 'InferSendableFromCaptures' is already enabled as of Swift version 6
<unknown>:0: warning: upcoming feature 'GlobalActorIsolatedTypesUsability' is already enabled as of Swift version 6
<unknown>:0: warning: upcoming feature 'DisableOutwardActorInference' is already enabled as of Swift version 6
[213/1031] Compiling Logging Logger+Attributes.swift
<unknown>:0: warning: upcoming feature 'InferSendableFromCaptures' is already enabled as of Swift version 6
<unknown>:0: warning: upcoming feature 'GlobalActorIsolatedTypesUsability' is already enabled as of Swift version 6
<unknown>:0: warning: upcoming feature 'DisableOutwardActorInference' is already enabled as of Swift version 6
[214/1031] Compiling Logging Logger+With.swift
unable to find node: pound
unable to find node: pound
<unknown>:0: warning: upcoming feature 'InferSendableFromCaptures' is already enabled as of Swift version 6
<unknown>:0: warning: upcoming feature 'GlobalActorIsolatedTypesUsability' is already enabled as of Swift version 6
<unknown>:0: warning: upcoming feature 'DisableOutwardActorInference' is already enabled as of Swift version 6
[215/1031] Compiling Logging Logger.swift
<unknown>:0: warning: upcoming feature 'InferSendableFromCaptures' is already enabled as of Swift version 6
<unknown>:0: warning: upcoming feature 'GlobalActorIsolatedTypesUsability' is already enabled as of Swift version 6
<unknown>:0: warning: upcoming feature 'DisableOutwardActorInference' is already enabled as of Swift version 6
[216/1031] Compiling SystemPackage SystemString.swift
[217/1031] Compiling SystemPackage Util+StringArray.swift
[218/1031] Compiling SystemPackage Util.swift
[219/1031] Compiling SystemPackage UtilConsumers.swift
[220/1031] Compiling SystemPackage WinSDK+Overlay.swift
<unknown>:0: warning: upcoming feature 'InferSendableFromCaptures' is already enabled as of Swift version 6
<unknown>:0: warning: upcoming feature 'GlobalActorIsolatedTypesUsability' is already enabled as of Swift version 6
<unknown>:0: warning: upcoming feature 'DisableOutwardActorInference' is already enabled as of Swift version 6
<unknown>:0: warning: upcoming feature 'InferSendableFromCaptures' is already enabled as of Swift version 6
<unknown>:0: warning: upcoming feature 'GlobalActorIsolatedTypesUsability' is already enabled as of Swift version 6
<unknown>:0: warning: upcoming feature 'DisableOutwardActorInference' is already enabled as of Swift version 6
[223/1032] Emitting module Logging
unable to find node: pound
unable to find node: pound
<unknown>:0: warning: upcoming feature 'InferSendableFromCaptures' is already enabled as of Swift version 6
<unknown>:0: warning: upcoming feature 'GlobalActorIsolatedTypesUsability' is already enabled as of Swift version 6
<unknown>:0: warning: upcoming feature 'DisableOutwardActorInference' is already enabled as of Swift version 6
[224/1033] Compiling ConcurrencyHelpers LockedValueBox.swift
[226/1033] Compiling Tracing NoOpTracer.swift
<unknown>:0: warning: upcoming feature 'InferSendableFromCaptures' is already enabled as of Swift version 6
<unknown>:0: warning: upcoming feature 'GlobalActorIsolatedTypesUsability' is already enabled as of Swift version 6
<unknown>:0: warning: upcoming feature 'DisableOutwardActorInference' is already enabled as of Swift version 6
[226/1033] Compiling CNIODarwin shim.c
[229/1033] Emitting module ConcurrencyHelpers
[230/1033] Compiling ConcurrencyHelpers Lock.swift
[231/1034] Emitting module CoreMetrics
<unknown>:0: warning: upcoming feature 'InferSendableFromCaptures' is already enabled as of Swift version 6
<unknown>:0: warning: upcoming feature 'GlobalActorIsolatedTypesUsability' is already enabled as of Swift version 6
<unknown>:0: warning: upcoming feature 'DisableOutwardActorInference' is already enabled as of Swift version 6
[232/1034] Emitting module InternalCollectionsUtilities
<unknown>:0: warning: upcoming feature 'InferSendableFromCaptures' is already enabled as of Swift version 6
<unknown>:0: warning: upcoming feature 'GlobalActorIsolatedTypesUsability' is already enabled as of Swift version 6
<unknown>:0: warning: upcoming feature 'DisableOutwardActorInference' is already enabled as of Swift version 6
[233/1034] Compiling HTTPTypes NIOLock.swift
<unknown>:0: warning: upcoming feature 'InferSendableFromCaptures' is already enabled as of Swift version 6
<unknown>:0: warning: upcoming feature 'GlobalActorIsolatedTypesUsability' is already enabled as of Swift version 6
<unknown>:0: warning: upcoming feature 'DisableOutwardActorInference' is already enabled as of Swift version 6
[234/1034] Compiling Tracing TracingTime.swift
<unknown>:0: warning: upcoming feature 'InferSendableFromCaptures' is already enabled as of Swift version 6
<unknown>:0: warning: upcoming feature 'GlobalActorIsolatedTypesUsability' is already enabled as of Swift version 6
<unknown>:0: warning: upcoming feature 'DisableOutwardActorInference' is already enabled as of Swift version 6
[235/1034] Emitting module Tracing
<unknown>:0: warning: upcoming feature 'InferSendableFromCaptures' is already enabled as of Swift version 6
<unknown>:0: warning: upcoming feature 'GlobalActorIsolatedTypesUsability' is already enabled as of Swift version 6
<unknown>:0: warning: upcoming feature 'DisableOutwardActorInference' is already enabled as of Swift version 6
<unknown>:0: warning: upcoming feature 'InferSendableFromCaptures' is already enabled as of Swift version 6
<unknown>:0: warning: upcoming feature 'GlobalActorIsolatedTypesUsability' is already enabled as of Swift version 6
<unknown>:0: warning: upcoming feature 'DisableOutwardActorInference' is already enabled as of Swift version 6
<unknown>:0: warning: upcoming feature 'InferSendableFromCaptures' is already enabled as of Swift version 6
<unknown>:0: warning: upcoming feature 'GlobalActorIsolatedTypesUsability' is already enabled as of Swift version 6
<unknown>:0: warning: upcoming feature 'DisableOutwardActorInference' is already enabled as of Swift version 6
[239/1034] Compiling InternalCollectionsUtilities UnsafeMutableRawBufferPointer+Extras.swift
<unknown>:0: warning: upcoming feature 'InferSendableFromCaptures' is already enabled as of Swift version 6
<unknown>:0: warning: upcoming feature 'GlobalActorIsolatedTypesUsability' is already enabled as of Swift version 6
<unknown>:0: warning: upcoming feature 'DisableOutwardActorInference' is already enabled as of Swift version 6
<unknown>:0: warning: upcoming feature 'InferSendableFromCaptures' is already enabled as of Swift version 6
<unknown>:0: warning: upcoming feature 'GlobalActorIsolatedTypesUsability' is already enabled as of Swift version 6
<unknown>:0: warning: upcoming feature 'DisableOutwardActorInference' is already enabled as of Swift version 6
<unknown>:0: warning: upcoming feature 'InferSendableFromCaptures' is already enabled as of Swift version 6
<unknown>:0: warning: upcoming feature 'GlobalActorIsolatedTypesUsability' is already enabled as of Swift version 6
<unknown>:0: warning: upcoming feature 'DisableOutwardActorInference' is already enabled as of Swift version 6
[242/1034] Compiling InternalCollectionsUtilities _UnsafeBitSet.swift
<unknown>:0: warning: upcoming feature 'InferSendableFromCaptures' is already enabled as of Swift version 6
<unknown>:0: warning: upcoming feature 'GlobalActorIsolatedTypesUsability' is already enabled as of Swift version 6
<unknown>:0: warning: upcoming feature 'DisableOutwardActorInference' is already enabled as of Swift version 6
[243/1046] Compiling Tracing Tracer.swift
<unknown>:0: warning: upcoming feature 'InferSendableFromCaptures' is already enabled as of Swift version 6
<unknown>:0: warning: upcoming feature 'GlobalActorIsolatedTypesUsability' is already enabled as of Swift version 6
<unknown>:0: warning: upcoming feature 'DisableOutwardActorInference' is already enabled as of Swift version 6
[245/1051] Compiling HTTPTypes HTTPRequest.swift
<unknown>:0: warning: upcoming feature 'InferSendableFromCaptures' is already enabled as of Swift version 6
<unknown>:0: warning: upcoming feature 'GlobalActorIsolatedTypesUsability' is already enabled as of Swift version 6
<unknown>:0: warning: upcoming feature 'DisableOutwardActorInference' is already enabled as of Swift version 6
[246/1051] Compiling Tracing TracerProtocol+Legacy.swift
<unknown>:0: warning: upcoming feature 'InferSendableFromCaptures' is already enabled as of Swift version 6
<unknown>:0: warning: upcoming feature 'GlobalActorIsolatedTypesUsability' is already enabled as of Swift version 6
<unknown>:0: warning: upcoming feature 'DisableOutwardActorInference' is already enabled as of Swift version 6
[247/1051] Compiling Tracing TracerProtocol.swift
<unknown>:0: warning: upcoming feature 'InferSendableFromCaptures' is already enabled as of Swift version 6
<unknown>:0: warning: upcoming feature 'GlobalActorIsolatedTypesUsability' is already enabled as of Swift version 6
<unknown>:0: warning: upcoming feature 'DisableOutwardActorInference' is already enabled as of Swift version 6
[248/1054] Compiling HTTPTypes HTTPRequest+URL.swift
<unknown>:0: warning: upcoming feature 'InferSendableFromCaptures' is already enabled as of Swift version 6
<unknown>:0: warning: upcoming feature 'GlobalActorIsolatedTypesUsability' is already enabled as of Swift version 6
<unknown>:0: warning: upcoming feature 'DisableOutwardActorInference' is already enabled as of Swift version 6
[249/1054] Compiling HTTPTypes HTTPResponse.swift
<unknown>:0: warning: upcoming feature 'InferSendableFromCaptures' is already enabled as of Swift version 6
<unknown>:0: warning: upcoming feature 'GlobalActorIsolatedTypesUsability' is already enabled as of Swift version 6
<unknown>:0: warning: upcoming feature 'DisableOutwardActorInference' is already enabled as of Swift version 6
[250/1054] Compiling HTTPTypes HTTPParsedFields.swift
<unknown>:0: warning: upcoming feature 'InferSendableFromCaptures' is already enabled as of Swift version 6
<unknown>:0: warning: upcoming feature 'GlobalActorIsolatedTypesUsability' is already enabled as of Swift version 6
<unknown>:0: warning: upcoming feature 'DisableOutwardActorInference' is already enabled as of Swift version 6
[250/1054] Compiling fiat_p256_adx_sqr.S
[252/1054] Emitting module UnixSignals
[252/1054] Compiling CNIOBoringSSLShims shims.c
error: emit-module command failed with exit code 1 (use -v to see invocation)
[254/1124] Emitting module ZipArchive
<unknown>:0: warning: upcoming feature 'InferSendableFromCaptures' is already enabled as of Swift version 6
<unknown>:0: warning: upcoming feature 'GlobalActorIsolatedTypesUsability' is already enabled as of Swift version 6
<unknown>:0: warning: upcoming feature 'DisableOutwardActorInference' is already enabled as of Swift version 6
/host/spi-builder-workspace/.build/checkouts/swift-zip-archive/Sources/ZipArchive/DirectoryDescriptor.swift:22:8: error: Unsupported platform
 20 | import FoundationEssentials
 21 | #else
 22 | #error("Unsupported platform")
    |        `- error: Unsupported platform
 23 | #endif
 24 |
/host/spi-builder-workspace/.build/checkouts/swift-zip-archive/Sources/ZipArchive/System+directory.swift:106:57: error: cannot find type 'DIR' in scope
104 | internal typealias system_DIRPtr = OpaquePointer
105 | #else
106 | internal typealias system_DIRPtr = UnsafeMutablePointer<DIR>
    |                                                         `- error: cannot find type 'DIR' in scope
107 | #endif
108 |
/host/spi-builder-workspace/.build/checkouts/swift-zip-archive/Sources/ZipArchive/System+directory.swift:102:30: error: cannot find 'DT_DIR' in scope
100 |
101 | internal typealias system_dirent = dirent
102 | internal let SYSTEM_DT_DIR = DT_DIR
    |                              `- error: cannot find 'DT_DIR' in scope
103 | #if os(Linux) || os(Android)
104 | internal typealias system_DIRPtr = OpaquePointer
[255/1126] Compiling Tracing InstrumentationSystem+Tracing.swift
<unknown>:0: warning: upcoming feature 'InferSendableFromCaptures' is already enabled as of Swift version 6
<unknown>:0: warning: upcoming feature 'GlobalActorIsolatedTypesUsability' is already enabled as of Swift version 6
<unknown>:0: warning: upcoming feature 'DisableOutwardActorInference' is already enabled as of Swift version 6
[256/1126] Compiling Tracing SpanProtocol.swift
<unknown>:0: warning: upcoming feature 'InferSendableFromCaptures' is already enabled as of Swift version 6
<unknown>:0: warning: upcoming feature 'GlobalActorIsolatedTypesUsability' is already enabled as of Swift version 6
<unknown>:0: warning: upcoming feature 'DisableOutwardActorInference' is already enabled as of Swift version 6
[257/1126] Compiling _RopeModule BigString+Debugging.swift
<unknown>:0: warning: upcoming feature 'InferSendableFromCaptures' is already enabled as of Swift version 6
<unknown>:0: warning: upcoming feature 'GlobalActorIsolatedTypesUsability' is already enabled as of Swift version 6
<unknown>:0: warning: upcoming feature 'DisableOutwardActorInference' is already enabled as of Swift version 6
[258/1126] Compiling _RopeModule BigString+Index.swift
<unknown>:0: warning: upcoming feature 'InferSendableFromCaptures' is already enabled as of Swift version 6
<unknown>:0: warning: upcoming feature 'GlobalActorIsolatedTypesUsability' is already enabled as of Swift version 6
<unknown>:0: warning: upcoming feature 'DisableOutwardActorInference' is already enabled as of Swift version 6
[259/1127] Compiling _RopeModule BigString+Builder.swift
[260/1127] Compiling _RopeModule BigString+Contents.swift
[263/1127] Compiling _RopeModule BigString+Ingester.swift
[264/1127] Compiling _RopeModule BigString+Invariants.swift
[265/1127] Compiling _RopeModule BigString+Metrics.swift
[266/1127] Compiling _RopeModule BigString+Summary.swift
[267/1127] Compiling _RopeModule BigString.swift
[268/1127] Compiling _RopeModule BigString+Chunk+Append and Insert.swift
[269/1136] Compiling CoreMetrics Metrics.swift
<unknown>:0: warning: upcoming feature 'InferSendableFromCaptures' is already enabled as of Swift version 6
<unknown>:0: warning: upcoming feature 'GlobalActorIsolatedTypesUsability' is already enabled as of Swift version 6
<unknown>:0: warning: upcoming feature 'DisableOutwardActorInference' is already enabled as of Swift version 6
[270/1136] Compiling UnixSignals UnixSignal.swift
[271/1136] Compiling UnixSignals UnixSignalsSequence.swift
[275/1195] Compiling OrderedCollections OrderedDictionary+Elements.SubSequence.swift
<unknown>:0: warning: upcoming feature 'InferSendableFromCaptures' is already enabled as of Swift version 6
<unknown>:0: warning: upcoming feature 'GlobalActorIsolatedTypesUsability' is already enabled as of Swift version 6
<unknown>:0: warning: upcoming feature 'DisableOutwardActorInference' is already enabled as of Swift version 6
[276/1195] Compiling OrderedCollections OrderedDictionary+Elements.swift
<unknown>:0: warning: upcoming feature 'InferSendableFromCaptures' is already enabled as of Swift version 6
<unknown>:0: warning: upcoming feature 'GlobalActorIsolatedTypesUsability' is already enabled as of Swift version 6
<unknown>:0: warning: upcoming feature 'DisableOutwardActorInference' is already enabled as of Swift version 6
[277/1314] Compiling ContainersPreview Container+SpanwiseZip.swift
<unknown>:0: warning: upcoming feature 'InferSendableFromCaptures' is already enabled as of Swift version 6
<unknown>:0: warning: upcoming feature 'GlobalActorIsolatedTypesUsability' is already enabled as of Swift version 6
<unknown>:0: warning: upcoming feature 'DisableOutwardActorInference' is already enabled as of Swift version 6
/host/spi-builder-workspace/.build/checkouts/swift-zip-archive/Sources/ZipArchive/System+directory.swift:102:30: error: cannot find 'DT_DIR' in scope
100 |
101 | internal typealias system_dirent = dirent
102 | internal let SYSTEM_DT_DIR = DT_DIR
    |                              `- error: cannot find 'DT_DIR' in scope
103 | #if os(Linux) || os(Android)
104 | internal typealias system_DIRPtr = OpaquePointer
/host/spi-builder-workspace/.build/checkouts/swift-zip-archive/Sources/ZipArchive/System+directory.swift:106:57: error: cannot find type 'DIR' in scope
104 | internal typealias system_DIRPtr = OpaquePointer
105 | #else
106 | internal typealias system_DIRPtr = UnsafeMutablePointer<DIR>
    |                                                         `- error: cannot find type 'DIR' in scope
107 | #endif
108 |
[278/1314] Compiling ContainersPreview Container.swift
<unknown>:0: warning: upcoming feature 'InferSendableFromCaptures' is already enabled as of Swift version 6
<unknown>:0: warning: upcoming feature 'GlobalActorIsolatedTypesUsability' is already enabled as of Swift version 6
<unknown>:0: warning: upcoming feature 'DisableOutwardActorInference' is already enabled as of Swift version 6
/host/spi-builder-workspace/.build/checkouts/swift-zip-archive/Sources/ZipArchive/System+directory.swift:102:30: error: cannot find 'DT_DIR' in scope
100 |
101 | internal typealias system_dirent = dirent
102 | internal let SYSTEM_DT_DIR = DT_DIR
    |                              `- error: cannot find 'DT_DIR' in scope
103 | #if os(Linux) || os(Android)
104 | internal typealias system_DIRPtr = OpaquePointer
/host/spi-builder-workspace/.build/checkouts/swift-zip-archive/Sources/ZipArchive/System+directory.swift:106:57: error: cannot find type 'DIR' in scope
104 | internal typealias system_DIRPtr = OpaquePointer
105 | #else
106 | internal typealias system_DIRPtr = UnsafeMutablePointer<DIR>
    |                                                         `- error: cannot find type 'DIR' in scope
107 | #endif
108 |
[279/1314] Compiling ContainersPreview BorrowingIteratorProtocol+Map.swift
<unknown>:0: warning: upcoming feature 'InferSendableFromCaptures' is already enabled as of Swift version 6
<unknown>:0: warning: upcoming feature 'GlobalActorIsolatedTypesUsability' is already enabled as of Swift version 6
<unknown>:0: warning: upcoming feature 'DisableOutwardActorInference' is already enabled as of Swift version 6
[280/1314] Compiling ContainersPreview BorrowingIteratorProtocol+Reduce.swift
<unknown>:0: warning: upcoming feature 'InferSendableFromCaptures' is already enabled as of Swift version 6
<unknown>:0: warning: upcoming feature 'GlobalActorIsolatedTypesUsability' is already enabled as of Swift version 6
<unknown>:0: warning: upcoming feature 'DisableOutwardActorInference' is already enabled as of Swift version 6
[281/1314] Compiling ContainersPreview Producer+Map.swift
<unknown>:0: warning: upcoming feature 'InferSendableFromCaptures' is already enabled as of Swift version 6
<unknown>:0: warning: upcoming feature 'GlobalActorIsolatedTypesUsability' is already enabled as of Swift version 6
<unknown>:0: warning: upcoming feature 'DisableOutwardActorInference' is already enabled as of Swift version 6
[282/1314] Compiling ContainersPreview Producer+Reduce.swift
<unknown>:0: warning: upcoming feature 'InferSendableFromCaptures' is already enabled as of Swift version 6
<unknown>:0: warning: upcoming feature 'GlobalActorIsolatedTypesUsability' is already enabled as of Swift version 6
<unknown>:0: warning: upcoming feature 'DisableOutwardActorInference' is already enabled as of Swift version 6
[283/1314] Compiling ContainersPreview Producer.swift
<unknown>:0: warning: upcoming feature 'InferSendableFromCaptures' is already enabled as of Swift version 6
<unknown>:0: warning: upcoming feature 'GlobalActorIsolatedTypesUsability' is already enabled as of Swift version 6
<unknown>:0: warning: upcoming feature 'DisableOutwardActorInference' is already enabled as of Swift version 6
[284/1314] Compiling ContainersPreview InputSpan.swift
<unknown>:0: warning: upcoming feature 'InferSendableFromCaptures' is already enabled as of Swift version 6
<unknown>:0: warning: upcoming feature 'GlobalActorIsolatedTypesUsability' is already enabled as of Swift version 6
<unknown>:0: warning: upcoming feature 'DisableOutwardActorInference' is already enabled as of Swift version 6
[285/1314] Compiling ContainersPreview MutableRef.swift
<unknown>:0: warning: upcoming feature 'InferSendableFromCaptures' is already enabled as of Swift version 6
<unknown>:0: warning: upcoming feature 'GlobalActorIsolatedTypesUsability' is already enabled as of Swift version 6
<unknown>:0: warning: upcoming feature 'DisableOutwardActorInference' is already enabled as of Swift version 6
[286/1314] Compiling ContainersPreview Drain+Map.swift
<unknown>:0: warning: upcoming feature 'InferSendableFromCaptures' is already enabled as of Swift version 6
<unknown>:0: warning: upcoming feature 'GlobalActorIsolatedTypesUsability' is already enabled as of Swift version 6
<unknown>:0: warning: upcoming feature 'DisableOutwardActorInference' is already enabled as of Swift version 6
[287/1314] Compiling ContainersPreview Drain+Reduce.swift
<unknown>:0: warning: upcoming feature 'InferSendableFromCaptures' is already enabled as of Swift version 6
<unknown>:0: warning: upcoming feature 'GlobalActorIsolatedTypesUsability' is already enabled as of Swift version 6
<unknown>:0: warning: upcoming feature 'DisableOutwardActorInference' is already enabled as of Swift version 6
[288/1314] Compiling ContainersPreview Drain.swift
<unknown>:0: warning: upcoming feature 'InferSendableFromCaptures' is already enabled as of Swift version 6
<unknown>:0: warning: upcoming feature 'GlobalActorIsolatedTypesUsability' is already enabled as of Swift version 6
<unknown>:0: warning: upcoming feature 'DisableOutwardActorInference' is already enabled as of Swift version 6
[289/1314] Compiling ContainersPreview Producer+Collect.swift
<unknown>:0: warning: upcoming feature 'InferSendableFromCaptures' is already enabled as of Swift version 6
<unknown>:0: warning: upcoming feature 'GlobalActorIsolatedTypesUsability' is already enabled as of Swift version 6
<unknown>:0: warning: upcoming feature 'DisableOutwardActorInference' is already enabled as of Swift version 6
[290/1314] Compiling ContainersPreview Producer+Filter.swift
<unknown>:0: warning: upcoming feature 'InferSendableFromCaptures' is already enabled as of Swift version 6
<unknown>:0: warning: upcoming feature 'GlobalActorIsolatedTypesUsability' is already enabled as of Swift version 6
<unknown>:0: warning: upcoming feature 'DisableOutwardActorInference' is already enabled as of Swift version 6
<unknown>:0: warning: upcoming feature 'InferSendableFromCaptures' is already enabled as of Swift version 6
<unknown>:0: warning: upcoming feature 'GlobalActorIsolatedTypesUsability' is already enabled as of Swift version 6
<unknown>:0: warning: upcoming feature 'DisableOutwardActorInference' is already enabled as of Swift version 6
<unknown>:0: warning: upcoming feature 'InferSendableFromCaptures' is already enabled as of Swift version 6
<unknown>:0: warning: upcoming feature 'GlobalActorIsolatedTypesUsability' is already enabled as of Swift version 6
<unknown>:0: warning: upcoming feature 'DisableOutwardActorInference' is already enabled as of Swift version 6
[293/1318] Compiling ContainersPreview BorrowingIteratorProtocol+SpanwiseZip.swift
<unknown>:0: warning: upcoming feature 'InferSendableFromCaptures' is already enabled as of Swift version 6
<unknown>:0: warning: upcoming feature 'GlobalActorIsolatedTypesUsability' is already enabled as of Swift version 6
<unknown>:0: warning: upcoming feature 'DisableOutwardActorInference' is already enabled as of Swift version 6
[294/1318] Compiling ContainersPreview BorrowingIteratorProtocol.swift
<unknown>:0: warning: upcoming feature 'InferSendableFromCaptures' is already enabled as of Swift version 6
<unknown>:0: warning: upcoming feature 'GlobalActorIsolatedTypesUsability' is already enabled as of Swift version 6
<unknown>:0: warning: upcoming feature 'DisableOutwardActorInference' is already enabled as of Swift version 6
[295/1318] Compiling ContainersPreview BorrowingSequence+Algorithms.swift
<unknown>:0: warning: upcoming feature 'InferSendableFromCaptures' is already enabled as of Swift version 6
<unknown>:0: warning: upcoming feature 'GlobalActorIsolatedTypesUsability' is already enabled as of Swift version 6
<unknown>:0: warning: upcoming feature 'DisableOutwardActorInference' is already enabled as of Swift version 6
[296/1318] Emitting module ContainersPreview
<unknown>:0: warning: upcoming feature 'InferSendableFromCaptures' is already enabled as of Swift version 6
<unknown>:0: warning: upcoming feature 'GlobalActorIsolatedTypesUsability' is already enabled as of Swift version 6
<unknown>:0: warning: upcoming feature 'DisableOutwardActorInference' is already enabled as of Swift version 6
[297/1318] Compiling ContainersPreview BorrowingIteratorProtocol+ElementsEqual.swift
<unknown>:0: warning: upcoming feature 'InferSendableFromCaptures' is already enabled as of Swift version 6
<unknown>:0: warning: upcoming feature 'GlobalActorIsolatedTypesUsability' is already enabled as of Swift version 6
<unknown>:0: warning: upcoming feature 'DisableOutwardActorInference' is already enabled as of Swift version 6
[298/1318] Compiling ContainersPreview BorrowingIteratorProtocol+Filter.swift
<unknown>:0: warning: upcoming feature 'InferSendableFromCaptures' is already enabled as of Swift version 6
<unknown>:0: warning: upcoming feature 'GlobalActorIsolatedTypesUsability' is already enabled as of Swift version 6
<unknown>:0: warning: upcoming feature 'DisableOutwardActorInference' is already enabled as of Swift version 6
[299/1318] Compiling ContainersPreview TemporaryAllocation.swift
<unknown>:0: warning: upcoming feature 'InferSendableFromCaptures' is already enabled as of Swift version 6
<unknown>:0: warning: upcoming feature 'GlobalActorIsolatedTypesUsability' is already enabled as of Swift version 6
<unknown>:0: warning: upcoming feature 'DisableOutwardActorInference' is already enabled as of Swift version 6
/host/spi-builder-workspace/.build/checkouts/swift-zip-archive/Sources/ZipArchive/ZipArchiveWriter.swift:407:41: error: integer literal '4294967295' overflows when stored into 'Int'
405 |                 memoryBuffer.writeInteger(fileHeader.compressedSize)
406 |             }
407 |             if offsetOfLocalHeader32 == 0xffff_ffff {
    |                                         `- error: integer literal '4294967295' overflows when stored into 'Int'
408 |                 memoryBuffer.writeInteger(fileHeader.offsetOfLocalHeader)
409 |             }
/host/spi-builder-workspace/.build/checkouts/swift-zip-archive/Sources/ZipArchive/ZipArchiveWriter.swift:404:36: error: integer literal '4294967295' overflows when stored into 'Int'
402 |                 memoryBuffer.writeInteger(fileHeader.uncompressedSize)
403 |             }
404 |             if compressedSize32 == 0xffff_ffff {
    |                                    `- error: integer literal '4294967295' overflows when stored into 'Int'
405 |                 memoryBuffer.writeInteger(fileHeader.compressedSize)
406 |             }
/host/spi-builder-workspace/.build/checkouts/swift-zip-archive/Sources/ZipArchive/ZipArchiveWriter.swift:401:38: error: integer literal '4294967295' overflows when stored into 'Int'
399 |         if includeZip64 {
400 |             memoryBuffer.writeIntegers(Zip.ExtraFieldHeader.zip64.rawValue, UInt16(zip64ExtraFieldSize - 4))
401 |             if uncompressedSize32 == 0xffff_ffff {
    |                                      `- error: integer literal '4294967295' overflows when stored into 'Int'
402 |                 memoryBuffer.writeInteger(fileHeader.uncompressedSize)
403 |             }
/host/spi-builder-workspace/.build/checkouts/swift-zip-archive/Sources/ZipArchive/ZipArchiveWriter.swift:377:41: error: integer literal '4294967295' overflows when stored into 'Int'
375 |             if compressedSize32 == 0xffff_ffff { zip64ExtraFieldSize += 8 }
376 |             if uncompressedSize32 == 0xffff_ffff { zip64ExtraFieldSize += 8 }
377 |             if offsetOfLocalHeader32 == 0xffff_ffff { zip64ExtraFieldSize += 8 }
    |                                         `- error: integer literal '4294967295' overflows when stored into 'Int'
378 |         } else {
379 |             zip64ExtraFieldSize = 0
/host/spi-builder-workspace/.build/checkouts/swift-zip-archive/Sources/ZipArchive/ZipArchiveWriter.swift:376:38: error: integer literal '4294967295' overflows when stored into 'Int'
374 |             zip64ExtraFieldSize = 4
375 |             if compressedSize32 == 0xffff_ffff { zip64ExtraFieldSize += 8 }
376 |             if uncompressedSize32 == 0xffff_ffff { zip64ExtraFieldSize += 8 }
    |                                      `- error: integer literal '4294967295' overflows when stored into 'Int'
377 |             if offsetOfLocalHeader32 == 0xffff_ffff { zip64ExtraFieldSize += 8 }
378 |         } else {
/host/spi-builder-workspace/.build/checkouts/swift-zip-archive/Sources/ZipArchive/ZipArchiveWriter.swift:375:36: error: integer literal '4294967295' overflows when stored into 'Int'
373 |         if includeZip64 {
374 |             zip64ExtraFieldSize = 4
375 |             if compressedSize32 == 0xffff_ffff { zip64ExtraFieldSize += 8 }
    |                                    `- error: integer literal '4294967295' overflows when stored into 'Int'
376 |             if uncompressedSize32 == 0xffff_ffff { zip64ExtraFieldSize += 8 }
377 |             if offsetOfLocalHeader32 == 0xffff_ffff { zip64ExtraFieldSize += 8 }
/host/spi-builder-workspace/.build/checkouts/swift-zip-archive/Sources/ZipArchive/ZipArchiveWriter.swift:370:97: error: integer literal '4294967295' overflows when stored into signed 'Builtin.Int32'
368 |         let offsetOfLocalHeader32 = fileHeader.offsetOfLocalHeader > 0xffff_ffff ? 0xffff_ffff : numericCast(fileHeader.offsetOfLocalHeader)
369 |
370 |         let includeZip64 = compressedSize32 == 0xffff_ffff || uncompressedSize32 == 0xffff_ffff || offsetOfLocalHeader32 == 0xffff_ffff
    |                                                                                                 `- error: integer literal '4294967295' overflows when stored into signed 'Builtin.Int32'
371 |
372 |         var zip64ExtraFieldSize: Int
/host/spi-builder-workspace/.build/checkouts/swift-zip-archive/Sources/ZipArchive/ZipArchiveWriter.swift:370:60: error: integer literal '4294967295' overflows when stored into signed 'Builtin.Int32'
368 |         let offsetOfLocalHeader32 = fileHeader.offsetOfLocalHeader > 0xffff_ffff ? 0xffff_ffff : numericCast(fileHeader.offsetOfLocalHeader)
369 |
370 |         let includeZip64 = compressedSize32 == 0xffff_ffff || uncompressedSize32 == 0xffff_ffff || offsetOfLocalHeader32 == 0xffff_ffff
    |                                                            `- error: integer literal '4294967295' overflows when stored into signed 'Builtin.Int32'
371 |
372 |         var zip64ExtraFieldSize: Int
/host/spi-builder-workspace/.build/checkouts/swift-zip-archive/Sources/ZipArchive/ZipArchiveWriter.swift:370:48: error: integer literal '4294967295' overflows when stored into 'Int'
368 |         let offsetOfLocalHeader32 = fileHeader.offsetOfLocalHeader > 0xffff_ffff ? 0xffff_ffff : numericCast(fileHeader.offsetOfLocalHeader)
369 |
370 |         let includeZip64 = compressedSize32 == 0xffff_ffff || uncompressedSize32 == 0xffff_ffff || offsetOfLocalHeader32 == 0xffff_ffff
    |                                                `- error: integer literal '4294967295' overflows when stored into 'Int'
371 |
372 |         var zip64ExtraFieldSize: Int
/host/spi-builder-workspace/.build/checkouts/swift-zip-archive/Sources/ZipArchive/ZipArchiveWriter.swift:368:84: error: integer literal '4294967295' overflows when stored into 'Int'
366 |         let compressedSize32 = fileHeader.compressedSize > 0xffff_ffff ? 0xffff_ffff : numericCast(fileHeader.compressedSize)
367 |         let uncompressedSize32 = fileHeader.uncompressedSize > 0xffff_ffff ? 0xffff_ffff : numericCast(fileHeader.uncompressedSize)
368 |         let offsetOfLocalHeader32 = fileHeader.offsetOfLocalHeader > 0xffff_ffff ? 0xffff_ffff : numericCast(fileHeader.offsetOfLocalHeader)
    |                                                                                    `- error: integer literal '4294967295' overflows when stored into 'Int'
369 |
370 |         let includeZip64 = compressedSize32 == 0xffff_ffff || uncompressedSize32 == 0xffff_ffff || offsetOfLocalHeader32 == 0xffff_ffff
/host/spi-builder-workspace/.build/checkouts/swift-zip-archive/Sources/ZipArchive/ZipArchiveWriter.swift:367:78: error: integer literal '4294967295' overflows when stored into 'Int'
365 |         // Zip64 extra field
366 |         let compressedSize32 = fileHeader.compressedSize > 0xffff_ffff ? 0xffff_ffff : numericCast(fileHeader.compressedSize)
367 |         let uncompressedSize32 = fileHeader.uncompressedSize > 0xffff_ffff ? 0xffff_ffff : numericCast(fileHeader.uncompressedSize)
    |                                                                              `- error: integer literal '4294967295' overflows when stored into 'Int'
368 |         let offsetOfLocalHeader32 = fileHeader.offsetOfLocalHeader > 0xffff_ffff ? 0xffff_ffff : numericCast(fileHeader.offsetOfLocalHeader)
369 |
/host/spi-builder-workspace/.build/checkouts/swift-zip-archive/Sources/ZipArchive/ZipArchiveWriter.swift:366:74: error: integer literal '4294967295' overflows when stored into 'Int'
364 |         let extendedTimestampExtraFieldSize = localFileHeader ? 4 + 9 : 4 + 5
365 |         // Zip64 extra field
366 |         let compressedSize32 = fileHeader.compressedSize > 0xffff_ffff ? 0xffff_ffff : numericCast(fileHeader.compressedSize)
    |                                                                          `- error: integer literal '4294967295' overflows when stored into 'Int'
367 |         let uncompressedSize32 = fileHeader.uncompressedSize > 0xffff_ffff ? 0xffff_ffff : numericCast(fileHeader.uncompressedSize)
368 |         let offsetOfLocalHeader32 = fileHeader.offsetOfLocalHeader > 0xffff_ffff ? 0xffff_ffff : numericCast(fileHeader.offsetOfLocalHeader)
/host/spi-builder-workspace/.build/checkouts/swift-zip-archive/Sources/ZipArchive/ZipArchiveWriter.swift:370:85: error: integer literal '4294967295' overflows when stored into 'Int'
368 |         let offsetOfLocalHeader32 = fileHeader.offsetOfLocalHeader > 0xffff_ffff ? 0xffff_ffff : numericCast(fileHeader.offsetOfLocalHeader)
369 |
370 |         let includeZip64 = compressedSize32 == 0xffff_ffff || uncompressedSize32 == 0xffff_ffff || offsetOfLocalHeader32 == 0xffff_ffff
    |                                                                                     `- error: integer literal '4294967295' overflows when stored into 'Int'
371 |
372 |         var zip64ExtraFieldSize: Int
/host/spi-builder-workspace/.build/checkouts/swift-zip-archive/Sources/ZipArchive/ZipArchiveWriter.swift:370:125: error: integer literal '4294967295' overflows when stored into 'Int'
368 |         let offsetOfLocalHeader32 = fileHeader.offsetOfLocalHeader > 0xffff_ffff ? 0xffff_ffff : numericCast(fileHeader.offsetOfLocalHeader)
369 |
370 |         let includeZip64 = compressedSize32 == 0xffff_ffff || uncompressedSize32 == 0xffff_ffff || offsetOfLocalHeader32 == 0xffff_ffff
    |                                                                                                                             `- error: integer literal '4294967295' overflows when stored into 'Int'
371 |
372 |         var zip64ExtraFieldSize: Int
[300/1318] Compiling ContainersPreview BorrowingIteratorProtocol+Copy.swift
<unknown>:0: warning: upcoming feature 'InferSendableFromCaptures' is already enabled as of Swift version 6
<unknown>:0: warning: upcoming feature 'GlobalActorIsolatedTypesUsability' is already enabled as of Swift version 6
<unknown>:0: warning: upcoming feature 'DisableOutwardActorInference' is already enabled as of Swift version 6
/host/spi-builder-workspace/.build/checkouts/swift-zip-archive/Sources/ZipArchive/ZipArchiveWriter.swift:407:41: error: integer literal '4294967295' overflows when stored into 'Int'
405 |                 memoryBuffer.writeInteger(fileHeader.compressedSize)
406 |             }
407 |             if offsetOfLocalHeader32 == 0xffff_ffff {
    |                                         `- error: integer literal '4294967295' overflows when stored into 'Int'
408 |                 memoryBuffer.writeInteger(fileHeader.offsetOfLocalHeader)
409 |             }
/host/spi-builder-workspace/.build/checkouts/swift-zip-archive/Sources/ZipArchive/ZipArchiveWriter.swift:404:36: error: integer literal '4294967295' overflows when stored into 'Int'
402 |                 memoryBuffer.writeInteger(fileHeader.uncompressedSize)
403 |             }
404 |             if compressedSize32 == 0xffff_ffff {
    |                                    `- error: integer literal '4294967295' overflows when stored into 'Int'
405 |                 memoryBuffer.writeInteger(fileHeader.compressedSize)
406 |             }
/host/spi-builder-workspace/.build/checkouts/swift-zip-archive/Sources/ZipArchive/ZipArchiveWriter.swift:401:38: error: integer literal '4294967295' overflows when stored into 'Int'
399 |         if includeZip64 {
400 |             memoryBuffer.writeIntegers(Zip.ExtraFieldHeader.zip64.rawValue, UInt16(zip64ExtraFieldSize - 4))
401 |             if uncompressedSize32 == 0xffff_ffff {
    |                                      `- error: integer literal '4294967295' overflows when stored into 'Int'
402 |                 memoryBuffer.writeInteger(fileHeader.uncompressedSize)
403 |             }
/host/spi-builder-workspace/.build/checkouts/swift-zip-archive/Sources/ZipArchive/ZipArchiveWriter.swift:377:41: error: integer literal '4294967295' overflows when stored into 'Int'
375 |             if compressedSize32 == 0xffff_ffff { zip64ExtraFieldSize += 8 }
376 |             if uncompressedSize32 == 0xffff_ffff { zip64ExtraFieldSize += 8 }
377 |             if offsetOfLocalHeader32 == 0xffff_ffff { zip64ExtraFieldSize += 8 }
    |                                         `- error: integer literal '4294967295' overflows when stored into 'Int'
378 |         } else {
379 |             zip64ExtraFieldSize = 0
/host/spi-builder-workspace/.build/checkouts/swift-zip-archive/Sources/ZipArchive/ZipArchiveWriter.swift:376:38: error: integer literal '4294967295' overflows when stored into 'Int'
374 |             zip64ExtraFieldSize = 4
375 |             if compressedSize32 == 0xffff_ffff { zip64ExtraFieldSize += 8 }
376 |             if uncompressedSize32 == 0xffff_ffff { zip64ExtraFieldSize += 8 }
    |                                      `- error: integer literal '4294967295' overflows when stored into 'Int'
377 |             if offsetOfLocalHeader32 == 0xffff_ffff { zip64ExtraFieldSize += 8 }
378 |         } else {
/host/spi-builder-workspace/.build/checkouts/swift-zip-archive/Sources/ZipArchive/ZipArchiveWriter.swift:375:36: error: integer literal '4294967295' overflows when stored into 'Int'
373 |         if includeZip64 {
374 |             zip64ExtraFieldSize = 4
375 |             if compressedSize32 == 0xffff_ffff { zip64ExtraFieldSize += 8 }
    |                                    `- error: integer literal '4294967295' overflows when stored into 'Int'
376 |             if uncompressedSize32 == 0xffff_ffff { zip64ExtraFieldSize += 8 }
377 |             if offsetOfLocalHeader32 == 0xffff_ffff { zip64ExtraFieldSize += 8 }
/host/spi-builder-workspace/.build/checkouts/swift-zip-archive/Sources/ZipArchive/ZipArchiveWriter.swift:370:97: error: integer literal '4294967295' overflows when stored into signed 'Builtin.Int32'
368 |         let offsetOfLocalHeader32 = fileHeader.offsetOfLocalHeader > 0xffff_ffff ? 0xffff_ffff : numericCast(fileHeader.offsetOfLocalHeader)
369 |
370 |         let includeZip64 = compressedSize32 == 0xffff_ffff || uncompressedSize32 == 0xffff_ffff || offsetOfLocalHeader32 == 0xffff_ffff
    |                                                                                                 `- error: integer literal '4294967295' overflows when stored into signed 'Builtin.Int32'
371 |
372 |         var zip64ExtraFieldSize: Int
/host/spi-builder-workspace/.build/checkouts/swift-zip-archive/Sources/ZipArchive/ZipArchiveWriter.swift:370:60: error: integer literal '4294967295' overflows when stored into signed 'Builtin.Int32'
368 |         let offsetOfLocalHeader32 = fileHeader.offsetOfLocalHeader > 0xffff_ffff ? 0xffff_ffff : numericCast(fileHeader.offsetOfLocalHeader)
369 |
370 |         let includeZip64 = compressedSize32 == 0xffff_ffff || uncompressedSize32 == 0xffff_ffff || offsetOfLocalHeader32 == 0xffff_ffff
    |                                                            `- error: integer literal '4294967295' overflows when stored into signed 'Builtin.Int32'
371 |
372 |         var zip64ExtraFieldSize: Int
/host/spi-builder-workspace/.build/checkouts/swift-zip-archive/Sources/ZipArchive/ZipArchiveWriter.swift:370:48: error: integer literal '4294967295' overflows when stored into 'Int'
368 |         let offsetOfLocalHeader32 = fileHeader.offsetOfLocalHeader > 0xffff_ffff ? 0xffff_ffff : numericCast(fileHeader.offsetOfLocalHeader)
369 |
370 |         let includeZip64 = compressedSize32 == 0xffff_ffff || uncompressedSize32 == 0xffff_ffff || offsetOfLocalHeader32 == 0xffff_ffff
    |                                                `- error: integer literal '4294967295' overflows when stored into 'Int'
371 |
372 |         var zip64ExtraFieldSize: Int
/host/spi-builder-workspace/.build/checkouts/swift-zip-archive/Sources/ZipArchive/ZipArchiveWriter.swift:368:84: error: integer literal '4294967295' overflows when stored into 'Int'
366 |         let compressedSize32 = fileHeader.compressedSize > 0xffff_ffff ? 0xffff_ffff : numericCast(fileHeader.compressedSize)
367 |         let uncompressedSize32 = fileHeader.uncompressedSize > 0xffff_ffff ? 0xffff_ffff : numericCast(fileHeader.uncompressedSize)
368 |         let offsetOfLocalHeader32 = fileHeader.offsetOfLocalHeader > 0xffff_ffff ? 0xffff_ffff : numericCast(fileHeader.offsetOfLocalHeader)
    |                                                                                    `- error: integer literal '4294967295' overflows when stored into 'Int'
369 |
370 |         let includeZip64 = compressedSize32 == 0xffff_ffff || uncompressedSize32 == 0xffff_ffff || offsetOfLocalHeader32 == 0xffff_ffff
/host/spi-builder-workspace/.build/checkouts/swift-zip-archive/Sources/ZipArchive/ZipArchiveWriter.swift:367:78: error: integer literal '4294967295' overflows when stored into 'Int'
365 |         // Zip64 extra field
366 |         let compressedSize32 = fileHeader.compressedSize > 0xffff_ffff ? 0xffff_ffff : numericCast(fileHeader.compressedSize)
367 |         let uncompressedSize32 = fileHeader.uncompressedSize > 0xffff_ffff ? 0xffff_ffff : numericCast(fileHeader.uncompressedSize)
    |                                                                              `- error: integer literal '4294967295' overflows when stored into 'Int'
368 |         let offsetOfLocalHeader32 = fileHeader.offsetOfLocalHeader > 0xffff_ffff ? 0xffff_ffff : numericCast(fileHeader.offsetOfLocalHeader)
369 |
/host/spi-builder-workspace/.build/checkouts/swift-zip-archive/Sources/ZipArchive/ZipArchiveWriter.swift:366:74: error: integer literal '4294967295' overflows when stored into 'Int'
364 |         let extendedTimestampExtraFieldSize = localFileHeader ? 4 + 9 : 4 + 5
365 |         // Zip64 extra field
366 |         let compressedSize32 = fileHeader.compressedSize > 0xffff_ffff ? 0xffff_ffff : numericCast(fileHeader.compressedSize)
    |                                                                          `- error: integer literal '4294967295' overflows when stored into 'Int'
367 |         let uncompressedSize32 = fileHeader.uncompressedSize > 0xffff_ffff ? 0xffff_ffff : numericCast(fileHeader.uncompressedSize)
368 |         let offsetOfLocalHeader32 = fileHeader.offsetOfLocalHeader > 0xffff_ffff ? 0xffff_ffff : numericCast(fileHeader.offsetOfLocalHeader)
/host/spi-builder-workspace/.build/checkouts/swift-zip-archive/Sources/ZipArchive/ZipArchiveWriter.swift:370:85: error: integer literal '4294967295' overflows when stored into 'Int'
368 |         let offsetOfLocalHeader32 = fileHeader.offsetOfLocalHeader > 0xffff_ffff ? 0xffff_ffff : numericCast(fileHeader.offsetOfLocalHeader)
369 |
370 |         let includeZip64 = compressedSize32 == 0xffff_ffff || uncompressedSize32 == 0xffff_ffff || offsetOfLocalHeader32 == 0xffff_ffff
    |                                                                                     `- error: integer literal '4294967295' overflows when stored into 'Int'
371 |
372 |         var zip64ExtraFieldSize: Int
/host/spi-builder-workspace/.build/checkouts/swift-zip-archive/Sources/ZipArchive/ZipArchiveWriter.swift:370:125: error: integer literal '4294967295' overflows when stored into 'Int'
368 |         let offsetOfLocalHeader32 = fileHeader.offsetOfLocalHeader > 0xffff_ffff ? 0xffff_ffff : numericCast(fileHeader.offsetOfLocalHeader)
369 |
370 |         let includeZip64 = compressedSize32 == 0xffff_ffff || uncompressedSize32 == 0xffff_ffff || offsetOfLocalHeader32 == 0xffff_ffff
    |                                                                                                                             `- error: integer literal '4294967295' overflows when stored into 'Int'
371 |
372 |         var zip64ExtraFieldSize: Int
[301/1318] Compiling ContainersPreview ContainerIterator.swift
<unknown>:0: warning: upcoming feature 'InferSendableFromCaptures' is already enabled as of Swift version 6
<unknown>:0: warning: upcoming feature 'GlobalActorIsolatedTypesUsability' is already enabled as of Swift version 6
<unknown>:0: warning: upcoming feature 'DisableOutwardActorInference' is already enabled as of Swift version 6
/host/spi-builder-workspace/.build/checkouts/swift-zip-archive/Sources/ZipArchive/DirectoryDescriptor.swift:22:8: error: Unsupported platform
 20 | import FoundationEssentials
 21 | #else
 22 | #error("Unsupported platform")
    |        `- error: Unsupported platform
 23 | #endif
 24 |
/host/spi-builder-workspace/.build/checkouts/swift-zip-archive/Sources/ZipArchive/System+directory.swift:106:57: error: cannot find type 'DIR' in scope
104 | internal typealias system_DIRPtr = OpaquePointer
105 | #else
106 | internal typealias system_DIRPtr = UnsafeMutablePointer<DIR>
    |                                                         `- error: cannot find type 'DIR' in scope
107 | #endif
108 |
/host/spi-builder-workspace/.build/checkouts/swift-zip-archive/Sources/ZipArchive/System+directory.swift:102:30: error: cannot find 'DT_DIR' in scope
100 |
101 | internal typealias system_dirent = dirent
102 | internal let SYSTEM_DT_DIR = DT_DIR
    |                              `- error: cannot find 'DT_DIR' in scope
103 | #if os(Linux) || os(Android)
104 | internal typealias system_DIRPtr = OpaquePointer
[302/1318] Compiling ContainersPreview DynamicContainer.swift
<unknown>:0: warning: upcoming feature 'InferSendableFromCaptures' is already enabled as of Swift version 6
<unknown>:0: warning: upcoming feature 'GlobalActorIsolatedTypesUsability' is already enabled as of Swift version 6
<unknown>:0: warning: upcoming feature 'DisableOutwardActorInference' is already enabled as of Swift version 6
/host/spi-builder-workspace/.build/checkouts/swift-zip-archive/Sources/ZipArchive/DirectoryDescriptor.swift:22:8: error: Unsupported platform
 20 | import FoundationEssentials
 21 | #else
 22 | #error("Unsupported platform")
    |        `- error: Unsupported platform
 23 | #endif
 24 |
/host/spi-builder-workspace/.build/checkouts/swift-zip-archive/Sources/ZipArchive/System+directory.swift:106:57: error: cannot find type 'DIR' in scope
104 | internal typealias system_DIRPtr = OpaquePointer
105 | #else
106 | internal typealias system_DIRPtr = UnsafeMutablePointer<DIR>
    |                                                         `- error: cannot find type 'DIR' in scope
107 | #endif
108 |
/host/spi-builder-workspace/.build/checkouts/swift-zip-archive/Sources/ZipArchive/System+directory.swift:102:30: error: cannot find 'DT_DIR' in scope
100 |
101 | internal typealias system_dirent = dirent
102 | internal let SYSTEM_DT_DIR = DT_DIR
    |                              `- error: cannot find 'DT_DIR' in scope
103 | #if os(Linux) || os(Android)
104 | internal typealias system_DIRPtr = OpaquePointer
[303/1318] Compiling ContainersPreview MutableContainer.swift
<unknown>:0: warning: upcoming feature 'InferSendableFromCaptures' is already enabled as of Swift version 6
<unknown>:0: warning: upcoming feature 'GlobalActorIsolatedTypesUsability' is already enabled as of Swift version 6
<unknown>:0: warning: upcoming feature 'DisableOutwardActorInference' is already enabled as of Swift version 6
/host/spi-builder-workspace/.build/checkouts/swift-zip-archive/Sources/ZipArchive/DirectoryDescriptor.swift:22:8: error: Unsupported platform
 20 | import FoundationEssentials
 21 | #else
 22 | #error("Unsupported platform")
    |        `- error: Unsupported platform
 23 | #endif
 24 |
/host/spi-builder-workspace/.build/checkouts/swift-zip-archive/Sources/ZipArchive/System+directory.swift:106:57: error: cannot find type 'DIR' in scope
104 | internal typealias system_DIRPtr = OpaquePointer
105 | #else
106 | internal typealias system_DIRPtr = UnsafeMutablePointer<DIR>
    |                                                         `- error: cannot find type 'DIR' in scope
107 | #endif
108 |
/host/spi-builder-workspace/.build/checkouts/swift-zip-archive/Sources/ZipArchive/System+directory.swift:102:30: error: cannot find 'DT_DIR' in scope
100 |
101 | internal typealias system_dirent = dirent
102 | internal let SYSTEM_DT_DIR = DT_DIR
    |                              `- error: cannot find 'DT_DIR' in scope
103 | #if os(Linux) || os(Android)
104 | internal typealias system_DIRPtr = OpaquePointer
[304/1318] Compiling ContainersPreview BorrowingSequence+Standard Conformances.swift
<unknown>:0: warning: upcoming feature 'InferSendableFromCaptures' is already enabled as of Swift version 6
<unknown>:0: warning: upcoming feature 'GlobalActorIsolatedTypesUsability' is already enabled as of Swift version 6
<unknown>:0: warning: upcoming feature 'DisableOutwardActorInference' is already enabled as of Swift version 6
[305/1318] Compiling ContainersPreview BorrowingSequence+Utilities.swift
<unknown>:0: warning: upcoming feature 'InferSendableFromCaptures' is already enabled as of Swift version 6
<unknown>:0: warning: upcoming feature 'GlobalActorIsolatedTypesUsability' is already enabled as of Swift version 6
<unknown>:0: warning: upcoming feature 'DisableOutwardActorInference' is already enabled as of Swift version 6
[306/1318] Compiling ContainersPreview BorrowingSequence.swift
<unknown>:0: warning: upcoming feature 'InferSendableFromCaptures' is already enabled as of Swift version 6
<unknown>:0: warning: upcoming feature 'GlobalActorIsolatedTypesUsability' is already enabled as of Swift version 6
<unknown>:0: warning: upcoming feature 'DisableOutwardActorInference' is already enabled as of Swift version 6
[307/1318] Compiling ContainersPreview BidirectionalContainer.swift
<unknown>:0: warning: upcoming feature 'InferSendableFromCaptures' is already enabled as of Swift version 6
<unknown>:0: warning: upcoming feature 'GlobalActorIsolatedTypesUsability' is already enabled as of Swift version 6
<unknown>:0: warning: upcoming feature 'DisableOutwardActorInference' is already enabled as of Swift version 6
[308/1318] Compiling ContainersPreview Container+Filter.swift
<unknown>:0: warning: upcoming feature 'InferSendableFromCaptures' is already enabled as of Swift version 6
<unknown>:0: warning: upcoming feature 'GlobalActorIsolatedTypesUsability' is already enabled as of Swift version 6
<unknown>:0: warning: upcoming feature 'DisableOutwardActorInference' is already enabled as of Swift version 6
<unknown>:0: warning: upcoming feature 'InferSendableFromCaptures' is already enabled as of Swift version 6
<unknown>:0: warning: upcoming feature 'GlobalActorIsolatedTypesUsability' is already enabled as of Swift version 6
<unknown>:0: warning: upcoming feature 'DisableOutwardActorInference' is already enabled as of Swift version 6
<unknown>:0: warning: upcoming feature 'InferSendableFromCaptures' is already enabled as of Swift version 6
<unknown>:0: warning: upcoming feature 'GlobalActorIsolatedTypesUsability' is already enabled as of Swift version 6
<unknown>:0: warning: upcoming feature 'DisableOutwardActorInference' is already enabled as of Swift version 6
<unknown>:0: warning: upcoming feature 'InferSendableFromCaptures' is already enabled as of Swift version 6
<unknown>:0: warning: upcoming feature 'GlobalActorIsolatedTypesUsability' is already enabled as of Swift version 6
<unknown>:0: warning: upcoming feature 'DisableOutwardActorInference' is already enabled as of Swift version 6
<unknown>:0: warning: upcoming feature 'InferSendableFromCaptures' is already enabled as of Swift version 6
<unknown>:0: warning: upcoming feature 'GlobalActorIsolatedTypesUsability' is already enabled as of Swift version 6
<unknown>:0: warning: upcoming feature 'DisableOutwardActorInference' is already enabled as of Swift version 6
<unknown>:0: warning: upcoming feature 'InferSendableFromCaptures' is already enabled as of Swift version 6
<unknown>:0: warning: upcoming feature 'GlobalActorIsolatedTypesUsability' is already enabled as of Swift version 6
<unknown>:0: warning: upcoming feature 'DisableOutwardActorInference' is already enabled as of Swift version 6
[314/1318] Compiling ContainersPreview PermutableContainer.swift
<unknown>:0: warning: upcoming feature 'InferSendableFromCaptures' is already enabled as of Swift version 6
<unknown>:0: warning: upcoming feature 'GlobalActorIsolatedTypesUsability' is already enabled as of Swift version 6
<unknown>:0: warning: upcoming feature 'DisableOutwardActorInference' is already enabled as of Swift version 6
[315/1318] Compiling ContainersPreview RandomAccessContainer.swift
<unknown>:0: warning: upcoming feature 'InferSendableFromCaptures' is already enabled as of Swift version 6
<unknown>:0: warning: upcoming feature 'GlobalActorIsolatedTypesUsability' is already enabled as of Swift version 6
<unknown>:0: warning: upcoming feature 'DisableOutwardActorInference' is already enabled as of Swift version 6
[316/1318] Compiling ContainersPreview RangeExpression2.swift
<unknown>:0: warning: upcoming feature 'InferSendableFromCaptures' is already enabled as of Swift version 6
<unknown>:0: warning: upcoming feature 'GlobalActorIsolatedTypesUsability' is already enabled as of Swift version 6
<unknown>:0: warning: upcoming feature 'DisableOutwardActorInference' is already enabled as of Swift version 6
[317/1318] Compiling ContainersPreview RangeReplaceableContainer.swift
<unknown>:0: warning: upcoming feature 'InferSendableFromCaptures' is already enabled as of Swift version 6
<unknown>:0: warning: upcoming feature 'GlobalActorIsolatedTypesUsability' is already enabled as of Swift version 6
<unknown>:0: warning: upcoming feature 'DisableOutwardActorInference' is already enabled as of Swift version 6
[318/1318] Compiling ContainersPreview Strideable+Limits.swift
<unknown>:0: warning: upcoming feature 'InferSendableFromCaptures' is already enabled as of Swift version 6
<unknown>:0: warning: upcoming feature 'GlobalActorIsolatedTypesUsability' is already enabled as of Swift version 6
<unknown>:0: warning: upcoming feature 'DisableOutwardActorInference' is already enabled as of Swift version 6
[319/1318] Compiling ContainersPreview OutputSpan+Extras.swift
<unknown>:0: warning: upcoming feature 'InferSendableFromCaptures' is already enabled as of Swift version 6
<unknown>:0: warning: upcoming feature 'GlobalActorIsolatedTypesUsability' is already enabled as of Swift version 6
<unknown>:0: warning: upcoming feature 'DisableOutwardActorInference' is already enabled as of Swift version 6
<unknown>:0: warning: upcoming feature 'InferSendableFromCaptures' is already enabled as of Swift version 6
<unknown>:0: warning: upcoming feature 'GlobalActorIsolatedTypesUsability' is already enabled as of Swift version 6
<unknown>:0: warning: upcoming feature 'DisableOutwardActorInference' is already enabled as of Swift version 6
<unknown>:0: warning: upcoming feature 'InferSendableFromCaptures' is already enabled as of Swift version 6
<unknown>:0: warning: upcoming feature 'GlobalActorIsolatedTypesUsability' is already enabled as of Swift version 6
<unknown>:0: warning: upcoming feature 'DisableOutwardActorInference' is already enabled as of Swift version 6
<unknown>:0: warning: upcoming feature 'InferSendableFromCaptures' is already enabled as of Swift version 6
<unknown>:0: warning: upcoming feature 'GlobalActorIsolatedTypesUsability' is already enabled as of Swift version 6
<unknown>:0: warning: upcoming feature 'DisableOutwardActorInference' is already enabled as of Swift version 6
<unknown>:0: warning: upcoming feature 'InferSendableFromCaptures' is already enabled as of Swift version 6
<unknown>:0: warning: upcoming feature 'GlobalActorIsolatedTypesUsability' is already enabled as of Swift version 6
<unknown>:0: warning: upcoming feature 'DisableOutwardActorInference' is already enabled as of Swift version 6
[324/1318] Compiling HeapModule _HeapNode.swift
<unknown>:0: warning: upcoming feature 'InferSendableFromCaptures' is already enabled as of Swift version 6
<unknown>:0: warning: upcoming feature 'GlobalActorIsolatedTypesUsability' is already enabled as of Swift version 6
<unknown>:0: warning: upcoming feature 'DisableOutwardActorInference' is already enabled as of Swift version 6
<unknown>:0: warning: upcoming feature 'InferSendableFromCaptures' is already enabled as of Swift version 6
<unknown>:0: warning: upcoming feature 'GlobalActorIsolatedTypesUsability' is already enabled as of Swift version 6
<unknown>:0: warning: upcoming feature 'DisableOutwardActorInference' is already enabled as of Swift version 6
<unknown>:0: warning: upcoming feature 'InferSendableFromCaptures' is already enabled as of Swift version 6
<unknown>:0: warning: upcoming feature 'GlobalActorIsolatedTypesUsability' is already enabled as of Swift version 6
<unknown>:0: warning: upcoming feature 'DisableOutwardActorInference' is already enabled as of Swift version 6
[326/1318] Compiling KeccakP-1600-opt64.c
[328/1318] Compiling HeapModule Heap.swift
<unknown>:0: warning: upcoming feature 'InferSendableFromCaptures' is already enabled as of Swift version 6
<unknown>:0: warning: upcoming feature 'GlobalActorIsolatedTypesUsability' is already enabled as of Swift version 6
<unknown>:0: warning: upcoming feature 'DisableOutwardActorInference' is already enabled as of Swift version 6
<unknown>:0: warning: upcoming feature 'InferSendableFromCaptures' is already enabled as of Swift version 6
<unknown>:0: warning: upcoming feature 'GlobalActorIsolatedTypesUsability' is already enabled as of Swift version 6
<unknown>:0: warning: upcoming feature 'DisableOutwardActorInference' is already enabled as of Swift version 6
[329/1318] Compiling HashTreeCollections TreeDictionary+Collection.swift
[330/1318] Compiling HashTreeCollections TreeDictionary+CustomReflectable.swift
[331/1318] Compiling HashTreeCollections TreeDictionary+Debugging.swift
[332/1318] Compiling HashTreeCollections TreeDictionary+Descriptions.swift
[333/1318] Compiling HashTreeCollections TreeDictionary+Equatable.swift
[334/1318] Compiling HashTreeCollections TreeDictionary+ExpressibleByDictionaryLiteral.swift
[335/1318] Compiling HashTreeCollections TreeDictionary+Filter.swift
[336/1318] Compiling HashTreeCollections TreeDictionary+Hashable.swift
[337/1318] Compiling HashTreeCollections TreeDictionary+Initializers.swift
[338/1318] Compiling HashTreeCollections TreeDictionary+Keys.swift
[339/1318] Compiling HeapModule Heap+Descriptions.swift
<unknown>:0: warning: upcoming feature 'InferSendableFromCaptures' is already enabled as of Swift version 6
<unknown>:0: warning: upcoming feature 'GlobalActorIsolatedTypesUsability' is already enabled as of Swift version 6
<unknown>:0: warning: upcoming feature 'DisableOutwardActorInference' is already enabled as of Swift version 6
[340/1318] Compiling HeapModule Heap+ExpressibleByArrayLiteral.swift
<unknown>:0: warning: upcoming feature 'InferSendableFromCaptures' is already enabled as of Swift version 6
<unknown>:0: warning: upcoming feature 'GlobalActorIsolatedTypesUsability' is already enabled as of Swift version 6
<unknown>:0: warning: upcoming feature 'DisableOutwardActorInference' is already enabled as of Swift version 6
<unknown>:0: warning: upcoming feature 'InferSendableFromCaptures' is already enabled as of Swift version 6
<unknown>:0: warning: upcoming feature 'GlobalActorIsolatedTypesUsability' is already enabled as of Swift version 6
<unknown>:0: warning: upcoming feature 'DisableOutwardActorInference' is already enabled as of Swift version 6
<unknown>:0: warning: upcoming feature 'InferSendableFromCaptures' is already enabled as of Swift version 6
<unknown>:0: warning: upcoming feature 'GlobalActorIsolatedTypesUsability' is already enabled as of Swift version 6
<unknown>:0: warning: upcoming feature 'DisableOutwardActorInference' is already enabled as of Swift version 6
<unknown>:0: warning: upcoming feature 'InferSendableFromCaptures' is already enabled as of Swift version 6
<unknown>:0: warning: upcoming feature 'GlobalActorIsolatedTypesUsability' is already enabled as of Swift version 6
<unknown>:0: warning: upcoming feature 'DisableOutwardActorInference' is already enabled as of Swift version 6
[341/1318] Emitting module HTTPTypes
<unknown>:0: warning: upcoming feature 'InferSendableFromCaptures' is already enabled as of Swift version 6
<unknown>:0: warning: upcoming feature 'GlobalActorIsolatedTypesUsability' is already enabled as of Swift version 6
<unknown>:0: warning: upcoming feature 'DisableOutwardActorInference' is already enabled as of Swift version 6
<unknown>:0: warning: upcoming feature 'InferSendableFromCaptures' is already enabled as of Swift version 6
<unknown>:0: warning: upcoming feature 'GlobalActorIsolatedTypesUsability' is already enabled as of Swift version 6
<unknown>:0: warning: upcoming feature 'DisableOutwardActorInference' is already enabled as of Swift version 6
Running build ...
bash -c docker run --pull=always --rm -v "checkouts-53886769-0":/host -w "$PWD" -e JAVA_HOME="/root/.sdkman/candidates/java/current" -e SPI_BUILD="1" -e SPI_PROCESSING="1" registry.gitlab.com/saguaro1/spi-images:wasm-6.1-latest swift build --swift-sdk wasm32-unknown-wasi 2>&1
wasm-6.1-latest: Pulling from saguaro1/spi-images
Digest: sha256:1ad245dad3d2ae0004e1afbc92334bd39884ed9ca587cf04d0a8d5f640fb02e9
Status: Image is up to date for registry.gitlab.com/saguaro1/spi-images:wasm-6.1-latest
[0/1] Planning build
Building for debugging...
[0/776] Compiling fiat_curve25519_adx_mul.S
[1/776] Compiling fiat_p256_adx_mul.S
[2/776] Compiling fiat_curve25519_adx_square.S
[3/776] Write swift-version-24593BA9C3E375BF.txt
In file included from /host/spi-builder-workspace/.build/checkouts/swift-nio-ssl/Sources/CNIOBoringSSL/ssl/tls13_enc.cc:34:
/host/spi-builder-workspace/.build/checkouts/swift-nio-ssl/Sources/CNIOBoringSSL/ssl/../crypto/internal.h:32:10: fatal error: 'pthread.h' file not found
   32 | #include <pthread.h>
      |          ^~~~~~~~~~~
1 error generated.
[4/776] Compiling tls13_enc.cc
In file included from /host/spi-builder-workspace/.build/checkouts/swift-nio-ssl/Sources/CNIOBoringSSL/ssl/tls13_both.cc:29:
/host/spi-builder-workspace/.build/checkouts/swift-nio-ssl/Sources/CNIOBoringSSL/ssl/../crypto/internal.h:32:10: fatal error: 'pthread.h' file not found
   32 | #include <pthread.h>
      |          ^~~~~~~~~~~
1 error generated.
[4/776] Compiling tls13_both.cc
In file included from /host/spi-builder-workspace/.build/checkouts/swift-nio-ssl/Sources/CNIOBoringSSL/ssl/tls_method.cc:17:
/host/spi-builder-workspace/.build/checkouts/swift-nio-ssl/Sources/CNIOBoringSSL/ssl/../crypto/internal.h:32:10: fatal error: 'pthread.h' file not found
   32 | #include <pthread.h>
      |          ^~~~~~~~~~~
1 error generated.
[4/776] Compiling tls_method.cc
In file included from /host/spi-builder-workspace/.build/checkouts/swift-nio-ssl/Sources/CNIOBoringSSL/ssl/t1_enc.cc:28:
/host/spi-builder-workspace/.build/checkouts/swift-nio-ssl/Sources/CNIOBoringSSL/ssl/../crypto/internal.h:32:10: fatal error: 'pthread.h' file not found
   32 | #include <pthread.h>
      |          ^~~~~~~~~~~
1 error generated.
[4/776] Compiling t1_enc.cc
In file included from /host/spi-builder-workspace/.build/checkouts/swift-nio-ssl/Sources/CNIOBoringSSL/ssl/tls13_client.cc:30:
/host/spi-builder-workspace/.build/checkouts/swift-nio-ssl/Sources/CNIOBoringSSL/ssl/../crypto/internal.h:32:10: fatal error: 'pthread.h' file not found
   32 | #include <pthread.h>
      |          ^~~~~~~~~~~
1 error generated.
In file included from /host/spi-builder-workspace/.build/checkouts/swift-nio-ssl/Sources/CNIOBoringSSL/ssl/tls13_server.cc:32:
/host/spi-builder-workspace/.build/checkouts/swift-nio-ssl/Sources/CNIOBoringSSL/ssl/../crypto/internal.h:32:10: fatal error: 'pthread.h' file not found
   32 | #include <pthread.h>
      |          ^~~~~~~~~~~
1 error generated.
[4/776] Compiling tls13_server.cc
[4/776] Compiling tls13_client.cc
In file included from /host/spi-builder-workspace/.build/checkouts/swift-nio-ssl/Sources/CNIOBoringSSL/ssl/tls_record.cc:19:
/host/spi-builder-workspace/.build/checkouts/swift-nio-ssl/Sources/CNIOBoringSSL/ssl/../crypto/internal.h:32:10: fatal error: 'pthread.h' file not found
   32 | #include <pthread.h>
      |          ^~~~~~~~~~~
1 error generated.
[4/776] Compiling tls_record.cc
In file included from /host/spi-builder-workspace/.build/checkouts/swift-nio-ssl/Sources/CNIOBoringSSL/ssl/ssl_x509.cc:23:
/host/spi-builder-workspace/.build/checkouts/swift-nio-ssl/Sources/CNIOBoringSSL/ssl/../crypto/internal.h:32:10: fatal error: 'pthread.h' file not found
   32 | #include <pthread.h>
      |          ^~~~~~~~~~~
[4/776] Compiling ssl_x509.cc
BUILD FAILURE 6.1 wasm