Build Information
Failed to build SwiftLocalizedStrings, reference main (248192), with Swift 6.4 for tvOS using Xcode 27.0 on 22 Sep 2026 07:33:23 UTC.
Build Command
env DEVELOPER_DIR=/Applications/Xcode-27.0.0-Release.Candidate.app xcrun xcodebuild -IDEClonedSourcePackagesDirPathOverride=$PWD/.dependencies -skipMacroValidation -skipPackagePluginValidation -derivedDataPath $PWD/.derivedData build -scheme SwiftLocalizedStrings-Package -destination generic/platform=tvOSBuild Log
Copy /Users/admin/builder/spi-builder-workspace/.derivedData/Build/Intermediates.noindex/GeneratedModuleMaps-appletvos/StringExtractor.modulemap /Users/admin/builder/spi-builder-workspace/.derivedData/Build/Intermediates.noindex/SwiftLocalizedStrings.build/Debug-appletvos/StringExtractor-t.build/StringExtractor.modulemap (in target 'StringExtractor' from project 'SwiftLocalizedStrings')
cd /Users/admin/builder/spi-builder-workspace
builtin-copy -exclude .DS_Store -exclude CVS -exclude .svn -exclude .git -exclude .hg -resolve-src-symlinks /Users/admin/builder/spi-builder-workspace/.derivedData/Build/Intermediates.noindex/SwiftLocalizedStrings.build/Debug-appletvos/StringExtractor-t.build/StringExtractor.modulemap /Users/admin/builder/spi-builder-workspace/.derivedData/Build/Intermediates.noindex/GeneratedModuleMaps-appletvos
WriteAuxiliaryFile /Users/admin/builder/spi-builder-workspace/.derivedData/Build/Intermediates.noindex/SwiftLocalizedStrings.build/Debug-appletvos/StringCatalog-t.build/StringCatalog.DependencyMetadataFileList (in target 'StringCatalog' from project 'SwiftLocalizedStrings')
cd /Users/admin/builder/spi-builder-workspace
write-file /Users/admin/builder/spi-builder-workspace/.derivedData/Build/Intermediates.noindex/SwiftLocalizedStrings.build/Debug-appletvos/StringCatalog-t.build/StringCatalog.DependencyMetadataFileList
WriteAuxiliaryFile /Users/admin/builder/spi-builder-workspace/.derivedData/Build/Intermediates.noindex/SwiftLocalizedStrings.build/Debug-appletvos/StringCatalog-t.build/Objects-normal/arm64/StringCatalog_const_extract_protocols.json (in target 'StringCatalog' from project 'SwiftLocalizedStrings')
cd /Users/admin/builder/spi-builder-workspace
write-file /Users/admin/builder/spi-builder-workspace/.derivedData/Build/Intermediates.noindex/SwiftLocalizedStrings.build/Debug-appletvos/StringCatalog-t.build/Objects-normal/arm64/StringCatalog_const_extract_protocols.json
WriteAuxiliaryFile /Users/admin/builder/spi-builder-workspace/.derivedData/Build/Intermediates.noindex/SwiftLocalizedStrings.build/Debug-appletvos/StringCatalog-t.build/Objects-normal/arm64/StringCatalog.SwiftFileList (in target 'StringCatalog' from project 'SwiftLocalizedStrings')
cd /Users/admin/builder/spi-builder-workspace
write-file /Users/admin/builder/spi-builder-workspace/.derivedData/Build/Intermediates.noindex/SwiftLocalizedStrings.build/Debug-appletvos/StringCatalog-t.build/Objects-normal/arm64/StringCatalog.SwiftFileList
WriteAuxiliaryFile /Users/admin/builder/spi-builder-workspace/.derivedData/Build/Intermediates.noindex/SwiftLocalizedStrings.build/Debug-appletvos/StringCatalog-t.build/Objects-normal/arm64/StringCatalog.SwiftConstValuesFileList (in target 'StringCatalog' from project 'SwiftLocalizedStrings')
cd /Users/admin/builder/spi-builder-workspace
write-file /Users/admin/builder/spi-builder-workspace/.derivedData/Build/Intermediates.noindex/SwiftLocalizedStrings.build/Debug-appletvos/StringCatalog-t.build/Objects-normal/arm64/StringCatalog.SwiftConstValuesFileList
WriteAuxiliaryFile /Users/admin/builder/spi-builder-workspace/.derivedData/Build/Intermediates.noindex/SwiftLocalizedStrings.build/Debug-appletvos/StringCatalog-t.build/Objects-normal/arm64/StringCatalog.LinkFileList (in target 'StringCatalog' from project 'SwiftLocalizedStrings')
cd /Users/admin/builder/spi-builder-workspace
write-file /Users/admin/builder/spi-builder-workspace/.derivedData/Build/Intermediates.noindex/SwiftLocalizedStrings.build/Debug-appletvos/StringCatalog-t.build/Objects-normal/arm64/StringCatalog.LinkFileList
WriteAuxiliaryFile /Users/admin/builder/spi-builder-workspace/.derivedData/Build/Intermediates.noindex/SwiftLocalizedStrings.build/Debug-appletvos/StringCatalog-t.build/Objects-normal/arm64/StringCatalog-OutputFileMap.json (in target 'StringCatalog' from project 'SwiftLocalizedStrings')
cd /Users/admin/builder/spi-builder-workspace
write-file /Users/admin/builder/spi-builder-workspace/.derivedData/Build/Intermediates.noindex/SwiftLocalizedStrings.build/Debug-appletvos/StringCatalog-t.build/Objects-normal/arm64/StringCatalog-OutputFileMap.json
Copy /Users/admin/builder/spi-builder-workspace/.derivedData/Build/Intermediates.noindex/GeneratedModuleMaps-appletvos/StringCatalog.modulemap /Users/admin/builder/spi-builder-workspace/.derivedData/Build/Intermediates.noindex/SwiftLocalizedStrings.build/Debug-appletvos/StringCatalog-t.build/StringCatalog.modulemap (in target 'StringCatalog' from project 'SwiftLocalizedStrings')
cd /Users/admin/builder/spi-builder-workspace
builtin-copy -exclude .DS_Store -exclude CVS -exclude .svn -exclude .git -exclude .hg -resolve-src-symlinks /Users/admin/builder/spi-builder-workspace/.derivedData/Build/Intermediates.noindex/SwiftLocalizedStrings.build/Debug-appletvos/StringCatalog-t.build/StringCatalog.modulemap /Users/admin/builder/spi-builder-workspace/.derivedData/Build/Intermediates.noindex/GeneratedModuleMaps-appletvos
CreateBuildDirectory /Users/admin/builder/spi-builder-workspace/.derivedData/Build/Products/Debug-appletvos/PackageFrameworks
cd /Users/admin/builder/spi-builder-workspace/.swiftpm/xcode
builtin-create-build-directory /Users/admin/builder/spi-builder-workspace/.derivedData/Build/Products/Debug-appletvos/PackageFrameworks
SwiftDriver StringCatalog normal arm64 com.apple.xcode.tools.swift.compiler (in target 'StringCatalog' from project 'SwiftLocalizedStrings')
cd /Users/admin/builder/spi-builder-workspace/.swiftpm/xcode
builtin-SwiftDriver -- /Applications/Xcode-27.0.0-Release.Candidate.app/Contents/Developer/Toolchains/XcodeDefault.xctoolchain/usr/bin/swiftc -parse-as-library -module-name StringCatalog -Onone @/Users/admin/builder/spi-builder-workspace/.derivedData/Build/Intermediates.noindex/SwiftLocalizedStrings.build/Debug-appletvos/StringCatalog-t.build/Objects-normal/arm64/StringCatalog.SwiftFileList -DSWIFT_PACKAGE -DDEBUG -DSWIFT_MODULE_RESOURCE_BUNDLE_UNAVAILABLE -DXcode -plugin-path /Applications/Xcode-27.0.0-Release.Candidate.app/Contents/Developer/Toolchains/XcodeDefault.xctoolchain/usr/lib/swift/host/plugins/testing -enable-experimental-feature DebugDescriptionMacro -sdk /Applications/Xcode-27.0.0-Release.Candidate.app/Contents/Developer/Platforms/AppleTVOS.platform/Developer/SDKs/AppleTVOS27.0.sdk -target arm64-apple-tvos15.0 -g -module-cache-path /Users/admin/builder/spi-builder-workspace/.derivedData/ModuleCache.noindex -Xfrontend -serialize-debugging-options -profile-coverage-mapping -profile-generate -enable-testing -index-store-path /Users/admin/builder/spi-builder-workspace/.derivedData/Index.noindex/DataStore -Xcc -D_LIBCPP_HARDENING_MODE\=_LIBCPP_HARDENING_MODE_DEBUG -swift-version 6 -I /Users/admin/builder/spi-builder-workspace/.derivedData/Build/Products/Debug-appletvos -Isystem /Applications/Xcode-27.0.0-Release.Candidate.app/Contents/Developer/Platforms/AppleTVOS.platform/Developer/usr/lib -F /Users/admin/builder/spi-builder-workspace/.derivedData/Build/Products/Debug-appletvos -F /Applications/Xcode-27.0.0-Release.Candidate.app/Contents/Developer/Platforms/AppleTVOS.platform/Developer/Library/Frameworks -F /Applications/Xcode-27.0.0-Release.Candidate.app/Contents/Developer/Platforms/AppleTVOS.platform/Developer/SDKs/AppleTVOS27.0.sdk/Developer/Library/Frameworks -c -j10 -enable-batch-mode -incremental -Xcc -ivfsstatcache -Xcc /Users/admin/builder/spi-builder-workspace/.derivedData/SDKStatCaches.noindex/appletvos27.0-24J360-e829b21a6f8c9b70876ba0858053c044b32bfd8d43560033f8d89884cdb90028.sdkstatcache -output-file-map /Users/admin/builder/spi-builder-workspace/.derivedData/Build/Intermediates.noindex/SwiftLocalizedStrings.build/Debug-appletvos/StringCatalog-t.build/Objects-normal/arm64/StringCatalog-OutputFileMap.json -save-temps -no-color-diagnostics -explicit-module-build -module-cache-path /Users/admin/builder/spi-builder-workspace/.derivedData/Build/Intermediates.noindex/SwiftExplicitPrecompiledModules -clang-scanner-module-cache-path /Users/admin/builder/spi-builder-workspace/.derivedData/ModuleCache.noindex -sdk-module-cache-path /Users/admin/builder/spi-builder-workspace/.derivedData/SDKExplicitPrecompiledModules -emit-dependencies -emit-module -emit-module-path /Users/admin/builder/spi-builder-workspace/.derivedData/Build/Intermediates.noindex/SwiftLocalizedStrings.build/Debug-appletvos/StringCatalog-t.build/Objects-normal/arm64/StringCatalog.swiftmodule -serialize-diagnostics -dependency-scan-serialize-diagnostics-path /Users/admin/builder/spi-builder-workspace/.derivedData/Build/Intermediates.noindex/SwiftLocalizedStrings.build/Debug-appletvos/StringCatalog-t.build/Objects-normal/arm64/StringCatalog-dependency-scan.dia -validate-clang-modules-once -clang-build-session-file /Users/admin/builder/spi-builder-workspace/.derivedData/ModuleCache.noindex/Session.modulevalidation -Xcc -fmodules-prune-interval\=86400 -Xcc -fmodules-prune-after\=345600 -package-name spi_builder_workspace -emit-const-values -const-gather-protocols-list /Users/admin/builder/spi-builder-workspace/.derivedData/Build/Intermediates.noindex/SwiftLocalizedStrings.build/Debug-appletvos/StringCatalog-t.build/Objects-normal/arm64/StringCatalog_const_extract_protocols.json -Xcc -I/Users/admin/builder/spi-builder-workspace/.derivedData/Build/Products/Debug-appletvos/include -Xcc -I/Users/admin/builder/spi-builder-workspace/.derivedData/Build/Intermediates.noindex/SwiftLocalizedStrings.build/Debug-appletvos/StringCatalog-t.build/DerivedSources-normal/arm64 -Xcc -I/Users/admin/builder/spi-builder-workspace/.derivedData/Build/Intermediates.noindex/SwiftLocalizedStrings.build/Debug-appletvos/StringCatalog-t.build/DerivedSources/arm64 -Xcc -I/Users/admin/builder/spi-builder-workspace/.derivedData/Build/Intermediates.noindex/SwiftLocalizedStrings.build/Debug-appletvos/StringCatalog-t.build/DerivedSources -Xcc -DSWIFT_PACKAGE -Xcc -DDEBUG\=1 -emit-objc-header -emit-objc-header-path /Users/admin/builder/spi-builder-workspace/.derivedData/Build/Intermediates.noindex/SwiftLocalizedStrings.build/Debug-appletvos/StringCatalog-t.build/Objects-normal/arm64/StringCatalog-Swift.h -working-directory /Users/admin/builder/spi-builder-workspace/.swiftpm/xcode -experimental-emit-module-separately -disable-cmo
SwiftDriver SwiftIdentifier normal arm64 com.apple.xcode.tools.swift.compiler (in target 'SwiftIdentifier' from project 'SwiftLocalizedStrings')
cd /Users/admin/builder/spi-builder-workspace/.swiftpm/xcode
builtin-SwiftDriver -- /Applications/Xcode-27.0.0-Release.Candidate.app/Contents/Developer/Toolchains/XcodeDefault.xctoolchain/usr/bin/swiftc -parse-as-library -module-name SwiftIdentifier -Onone @/Users/admin/builder/spi-builder-workspace/.derivedData/Build/Intermediates.noindex/SwiftLocalizedStrings.build/Debug-appletvos/SwiftIdentifier-t.build/Objects-normal/arm64/SwiftIdentifier.SwiftFileList -DSWIFT_PACKAGE -DDEBUG -DSWIFT_MODULE_RESOURCE_BUNDLE_UNAVAILABLE -DXcode -plugin-path /Applications/Xcode-27.0.0-Release.Candidate.app/Contents/Developer/Toolchains/XcodeDefault.xctoolchain/usr/lib/swift/host/plugins/testing -enable-experimental-feature DebugDescriptionMacro -sdk /Applications/Xcode-27.0.0-Release.Candidate.app/Contents/Developer/Platforms/AppleTVOS.platform/Developer/SDKs/AppleTVOS27.0.sdk -target arm64-apple-tvos15.0 -g -module-cache-path /Users/admin/builder/spi-builder-workspace/.derivedData/ModuleCache.noindex -Xfrontend -serialize-debugging-options -profile-coverage-mapping -profile-generate -enable-testing -index-store-path /Users/admin/builder/spi-builder-workspace/.derivedData/Index.noindex/DataStore -Xcc -D_LIBCPP_HARDENING_MODE\=_LIBCPP_HARDENING_MODE_DEBUG -swift-version 6 -I /Users/admin/builder/spi-builder-workspace/.derivedData/Build/Products/Debug-appletvos -Isystem /Applications/Xcode-27.0.0-Release.Candidate.app/Contents/Developer/Platforms/AppleTVOS.platform/Developer/usr/lib -F /Users/admin/builder/spi-builder-workspace/.derivedData/Build/Products/Debug-appletvos -F /Applications/Xcode-27.0.0-Release.Candidate.app/Contents/Developer/Platforms/AppleTVOS.platform/Developer/Library/Frameworks -F /Applications/Xcode-27.0.0-Release.Candidate.app/Contents/Developer/Platforms/AppleTVOS.platform/Developer/SDKs/AppleTVOS27.0.sdk/Developer/Library/Frameworks -c -j10 -enable-batch-mode -incremental -Xcc -ivfsstatcache -Xcc /Users/admin/builder/spi-builder-workspace/.derivedData/SDKStatCaches.noindex/appletvos27.0-24J360-e829b21a6f8c9b70876ba0858053c044b32bfd8d43560033f8d89884cdb90028.sdkstatcache -output-file-map /Users/admin/builder/spi-builder-workspace/.derivedData/Build/Intermediates.noindex/SwiftLocalizedStrings.build/Debug-appletvos/SwiftIdentifier-t.build/Objects-normal/arm64/SwiftIdentifier-OutputFileMap.json -save-temps -no-color-diagnostics -explicit-module-build -module-cache-path /Users/admin/builder/spi-builder-workspace/.derivedData/Build/Intermediates.noindex/SwiftExplicitPrecompiledModules -clang-scanner-module-cache-path /Users/admin/builder/spi-builder-workspace/.derivedData/ModuleCache.noindex -sdk-module-cache-path /Users/admin/builder/spi-builder-workspace/.derivedData/SDKExplicitPrecompiledModules -emit-dependencies -emit-module -emit-module-path /Users/admin/builder/spi-builder-workspace/.derivedData/Build/Intermediates.noindex/SwiftLocalizedStrings.build/Debug-appletvos/SwiftIdentifier-t.build/Objects-normal/arm64/SwiftIdentifier.swiftmodule -serialize-diagnostics -dependency-scan-serialize-diagnostics-path /Users/admin/builder/spi-builder-workspace/.derivedData/Build/Intermediates.noindex/SwiftLocalizedStrings.build/Debug-appletvos/SwiftIdentifier-t.build/Objects-normal/arm64/SwiftIdentifier-dependency-scan.dia -validate-clang-modules-once -clang-build-session-file /Users/admin/builder/spi-builder-workspace/.derivedData/ModuleCache.noindex/Session.modulevalidation -Xcc -fmodules-prune-interval\=86400 -Xcc -fmodules-prune-after\=345600 -package-name spi_builder_workspace -emit-const-values -const-gather-protocols-list /Users/admin/builder/spi-builder-workspace/.derivedData/Build/Intermediates.noindex/SwiftLocalizedStrings.build/Debug-appletvos/SwiftIdentifier-t.build/Objects-normal/arm64/SwiftIdentifier_const_extract_protocols.json -Xcc -I/Users/admin/builder/spi-builder-workspace/.derivedData/Build/Products/Debug-appletvos/include -Xcc -I/Users/admin/builder/spi-builder-workspace/.derivedData/Build/Intermediates.noindex/SwiftLocalizedStrings.build/Debug-appletvos/SwiftIdentifier-t.build/DerivedSources-normal/arm64 -Xcc -I/Users/admin/builder/spi-builder-workspace/.derivedData/Build/Intermediates.noindex/SwiftLocalizedStrings.build/Debug-appletvos/SwiftIdentifier-t.build/DerivedSources/arm64 -Xcc -I/Users/admin/builder/spi-builder-workspace/.derivedData/Build/Intermediates.noindex/SwiftLocalizedStrings.build/Debug-appletvos/SwiftIdentifier-t.build/DerivedSources -Xcc -DSWIFT_PACKAGE -Xcc -DDEBUG\=1 -emit-objc-header -emit-objc-header-path /Users/admin/builder/spi-builder-workspace/.derivedData/Build/Intermediates.noindex/SwiftLocalizedStrings.build/Debug-appletvos/SwiftIdentifier-t.build/Objects-normal/arm64/SwiftIdentifier-Swift.h -working-directory /Users/admin/builder/spi-builder-workspace/.swiftpm/xcode -experimental-emit-module-separately -disable-cmo
SwiftDriver StringResource normal arm64 com.apple.xcode.tools.swift.compiler (in target 'StringResource' from project 'SwiftLocalizedStrings')
cd /Users/admin/builder/spi-builder-workspace/.swiftpm/xcode
builtin-SwiftDriver -- /Applications/Xcode-27.0.0-Release.Candidate.app/Contents/Developer/Toolchains/XcodeDefault.xctoolchain/usr/bin/swiftc -parse-as-library -module-name StringResource -Onone @/Users/admin/builder/spi-builder-workspace/.derivedData/Build/Intermediates.noindex/SwiftLocalizedStrings.build/Debug-appletvos/StringResource-t.build/Objects-normal/arm64/StringResource.SwiftFileList -DSWIFT_PACKAGE -DDEBUG -DSWIFT_MODULE_RESOURCE_BUNDLE_UNAVAILABLE -DXcode -plugin-path /Applications/Xcode-27.0.0-Release.Candidate.app/Contents/Developer/Toolchains/XcodeDefault.xctoolchain/usr/lib/swift/host/plugins/testing -enable-experimental-feature DebugDescriptionMacro -sdk /Applications/Xcode-27.0.0-Release.Candidate.app/Contents/Developer/Platforms/AppleTVOS.platform/Developer/SDKs/AppleTVOS27.0.sdk -target arm64-apple-tvos15.0 -g -module-cache-path /Users/admin/builder/spi-builder-workspace/.derivedData/ModuleCache.noindex -Xfrontend -serialize-debugging-options -profile-coverage-mapping -profile-generate -enable-testing -index-store-path /Users/admin/builder/spi-builder-workspace/.derivedData/Index.noindex/DataStore -Xcc -D_LIBCPP_HARDENING_MODE\=_LIBCPP_HARDENING_MODE_DEBUG -swift-version 6 -I /Users/admin/builder/spi-builder-workspace/.derivedData/Build/Products/Debug-appletvos -Isystem /Applications/Xcode-27.0.0-Release.Candidate.app/Contents/Developer/Platforms/AppleTVOS.platform/Developer/usr/lib -F /Users/admin/builder/spi-builder-workspace/.derivedData/Build/Products/Debug-appletvos -F /Applications/Xcode-27.0.0-Release.Candidate.app/Contents/Developer/Platforms/AppleTVOS.platform/Developer/Library/Frameworks -F /Applications/Xcode-27.0.0-Release.Candidate.app/Contents/Developer/Platforms/AppleTVOS.platform/Developer/SDKs/AppleTVOS27.0.sdk/Developer/Library/Frameworks -c -j10 -enable-batch-mode -incremental -Xcc -ivfsstatcache -Xcc /Users/admin/builder/spi-builder-workspace/.derivedData/SDKStatCaches.noindex/appletvos27.0-24J360-e829b21a6f8c9b70876ba0858053c044b32bfd8d43560033f8d89884cdb90028.sdkstatcache -output-file-map /Users/admin/builder/spi-builder-workspace/.derivedData/Build/Intermediates.noindex/SwiftLocalizedStrings.build/Debug-appletvos/StringResource-t.build/Objects-normal/arm64/StringResource-OutputFileMap.json -save-temps -no-color-diagnostics -explicit-module-build -module-cache-path /Users/admin/builder/spi-builder-workspace/.derivedData/Build/Intermediates.noindex/SwiftExplicitPrecompiledModules -clang-scanner-module-cache-path /Users/admin/builder/spi-builder-workspace/.derivedData/ModuleCache.noindex -sdk-module-cache-path /Users/admin/builder/spi-builder-workspace/.derivedData/SDKExplicitPrecompiledModules -emit-dependencies -emit-module -emit-module-path /Users/admin/builder/spi-builder-workspace/.derivedData/Build/Intermediates.noindex/SwiftLocalizedStrings.build/Debug-appletvos/StringResource-t.build/Objects-normal/arm64/StringResource.swiftmodule -serialize-diagnostics -dependency-scan-serialize-diagnostics-path /Users/admin/builder/spi-builder-workspace/.derivedData/Build/Intermediates.noindex/SwiftLocalizedStrings.build/Debug-appletvos/StringResource-t.build/Objects-normal/arm64/StringResource-dependency-scan.dia -validate-clang-modules-once -clang-build-session-file /Users/admin/builder/spi-builder-workspace/.derivedData/ModuleCache.noindex/Session.modulevalidation -Xcc -fmodules-prune-interval\=86400 -Xcc -fmodules-prune-after\=345600 -package-name spi_builder_workspace -emit-const-values -const-gather-protocols-list /Users/admin/builder/spi-builder-workspace/.derivedData/Build/Intermediates.noindex/SwiftLocalizedStrings.build/Debug-appletvos/StringResource-t.build/Objects-normal/arm64/StringResource_const_extract_protocols.json -Xcc -I/Users/admin/builder/spi-builder-workspace/.derivedData/Build/Products/Debug-appletvos/include -Xcc -I/Users/admin/builder/spi-builder-workspace/.derivedData/Build/Intermediates.noindex/SwiftLocalizedStrings.build/Debug-appletvos/StringResource-t.build/DerivedSources-normal/arm64 -Xcc -I/Users/admin/builder/spi-builder-workspace/.derivedData/Build/Intermediates.noindex/SwiftLocalizedStrings.build/Debug-appletvos/StringResource-t.build/DerivedSources/arm64 -Xcc -I/Users/admin/builder/spi-builder-workspace/.derivedData/Build/Intermediates.noindex/SwiftLocalizedStrings.build/Debug-appletvos/StringResource-t.build/DerivedSources -Xcc -DSWIFT_PACKAGE -Xcc -DDEBUG\=1 -emit-objc-header -emit-objc-header-path /Users/admin/builder/spi-builder-workspace/.derivedData/Build/Intermediates.noindex/SwiftLocalizedStrings.build/Debug-appletvos/StringResource-t.build/Objects-normal/arm64/StringResource-Swift.h -working-directory /Users/admin/builder/spi-builder-workspace/.swiftpm/xcode -experimental-emit-module-separately -disable-cmo
SwiftExplicitDependencyGeneratePcm arm64 /Users/admin/builder/spi-builder-workspace/.derivedData/SDKExplicitPrecompiledModules/ptrcheck-BA65H1NXYZJ0BLLWO9HZOAZ6Y.pcm
SwiftExplicitDependencyGeneratePcm arm64 /Users/admin/builder/spi-builder-workspace/.derivedData/SDKExplicitPrecompiledModules/_Builtin_float-3RF4B70MBHPP952AX3GNZ8W3H.pcm
SwiftExplicitDependencyGeneratePcm arm64 /Users/admin/builder/spi-builder-workspace/.derivedData/SDKExplicitPrecompiledModules/_AvailabilityInternal-99L1JVU5TYE8S0FGGB7E09QQS.pcm
SwiftExplicitDependencyGeneratePcm arm64 /Users/admin/builder/spi-builder-workspace/.derivedData/SDKExplicitPrecompiledModules/ptrauth-EMKXYE8GN9BK4M3ODSTVDUJU2.pcm
SwiftExplicitDependencyGeneratePcm arm64 /Users/admin/builder/spi-builder-workspace/.derivedData/SDKExplicitPrecompiledModules/_Builtin_stddef-1MAO6P3OSQFGZFQEPM31XXNSS.pcm
SwiftExplicitDependencyGeneratePcm arm64 /Users/admin/builder/spi-builder-workspace/.derivedData/SDKExplicitPrecompiledModules/_Builtin_stdarg-719DH4G2R3NRP3HRX5HE8WX08.pcm
SwiftExplicitDependencyGeneratePcm arm64 /Users/admin/builder/spi-builder-workspace/.derivedData/SDKExplicitPrecompiledModules/_SwiftConcurrencyShims-3HZGHPZQL3GY71QUHDRB0P39S.pcm
SwiftExplicitDependencyGeneratePcm arm64 /Users/admin/builder/spi-builder-workspace/.derivedData/SDKExplicitPrecompiledModules/_Builtin_stdbool-4UUPXTY52W6RPSB0N2WGGLTJT.pcm
SwiftExplicitDependencyGeneratePcm arm64 /Users/admin/builder/spi-builder-workspace/.derivedData/SDKExplicitPrecompiledModules/SwiftShims-73G9EXEO9PVWB6PL1BR4TAJ0B.pcm
SwiftExplicitDependencyGeneratePcm arm64 /Users/admin/builder/spi-builder-workspace/.derivedData/SDKExplicitPrecompiledModules/_DarwinFoundation1-90NUFDXQ765U5FR62173FT21A.pcm
SwiftExplicitDependencyGeneratePcm arm64 /Users/admin/builder/spi-builder-workspace/.derivedData/SDKExplicitPrecompiledModules/_DarwinFoundation2-EPKSYG5WMVE7WSPFQB4C0UC59.pcm
SwiftExplicitDependencyGeneratePcm arm64 /Users/admin/builder/spi-builder-workspace/.derivedData/SDKExplicitPrecompiledModules/_Builtin_limits-3JICJWOCEYXXXNXAMEJBF6UQN.pcm
SwiftExplicitDependencyGeneratePcm arm64 /Users/admin/builder/spi-builder-workspace/.derivedData/SDKExplicitPrecompiledModules/string_h-B6D36UOVIZC2Y0YE3KEZLZAP6.pcm
SwiftExplicitDependencyGeneratePcm arm64 /Users/admin/builder/spi-builder-workspace/.derivedData/SDKExplicitPrecompiledModules/_Builtin_stdint-A8OKY0NXO26BZ4GWYKP79TKL9.pcm
SwiftExplicitDependencyGeneratePcm arm64 /Users/admin/builder/spi-builder-workspace/.derivedData/SDKExplicitPrecompiledModules/sys_types-CATSGLJDZ8UZUMKHO6M4I4PJT.pcm
SwiftExplicitDependencyGeneratePcm arm64 /Users/admin/builder/spi-builder-workspace/.derivedData/SDKExplicitPrecompiledModules/_DarwinFoundation3-63L5I5VCGX6CLI6HI7OWUXJN6.pcm
SwiftExplicitDependencyGeneratePcm arm64 /Users/admin/builder/spi-builder-workspace/.derivedData/SDKExplicitPrecompiledModules/_Builtin_inttypes-80RS02PM2X81SP8N0Q7X05540.pcm
SwiftExplicitDependencyGeneratePcm arm64 /Users/admin/builder/spi-builder-workspace/.derivedData/SDKExplicitPrecompiledModules/Darwin-1VTILT8KA42CNDAUB0H1FM7MC.pcm
SwiftExplicitDependencyGeneratePcm arm64 /Users/admin/builder/spi-builder-workspace/.derivedData/SDKExplicitPrecompiledModules/ObjectiveC-CC0BYHG21IQMMT48PGDNSK7G6.pcm
SwiftExplicitDependencyGeneratePcm arm64 /Users/admin/builder/spi-builder-workspace/.derivedData/SDKExplicitPrecompiledModules/os_object-1TJLDNS7X3UT7Y5TM4QQ2RN6G.pcm
SwiftExplicitDependencyGeneratePcm arm64 /Users/admin/builder/spi-builder-workspace/.derivedData/SDKExplicitPrecompiledModules/os_workgroup-E61GF9E8FAHZGKXVOV9QHUD27.pcm
SwiftExplicitDependencyGeneratePcm arm64 /Users/admin/builder/spi-builder-workspace/.derivedData/SDKExplicitPrecompiledModules/Dispatch-F564M6B2H1RRD83XZ8EBWFSHE.pcm
SwiftExplicitDependencyGeneratePcm arm64 /Users/admin/builder/spi-builder-workspace/.derivedData/SDKExplicitPrecompiledModules/CoreFoundation-A4LOYEEJIFQKOPZRDOG9M3N2K.pcm
SwiftExplicitDependencyGeneratePcm arm64 /Users/admin/builder/spi-builder-workspace/.derivedData/SDKExplicitPrecompiledModules/XPC-2WVXL0UION0MYZOZAJZC6DUXD.pcm
SwiftExplicitDependencyGeneratePcm arm64 /Users/admin/builder/spi-builder-workspace/.derivedData/SDKExplicitPrecompiledModules/Security-6KU6X9W8QDIJW83JUF0DRES83.pcm
SwiftExplicitDependencyGeneratePcm arm64 /Users/admin/builder/spi-builder-workspace/.derivedData/SDKExplicitPrecompiledModules/CFNetwork-8S7XZ5SI3TWM2JOZPDZPRY8W9.pcm
SwiftExplicitDependencyGeneratePcm arm64 /Users/admin/builder/spi-builder-workspace/.derivedData/SDKExplicitPrecompiledModules/Foundation-1AS5K10MY6XENLLR2NDUCKYTM.pcm
SwiftEmitModule normal arm64 Emitting\ module\ for\ StringResource (in target 'StringResource' from project 'SwiftLocalizedStrings')
SwiftCompile normal arm64 (in target 'StringResource' from project 'SwiftLocalizedStrings')
cd /Users/admin/builder/spi-builder-workspace/.swiftpm/xcode
SwiftCompile normal arm64 Compiling\ PlaceholderType.swift /Users/admin/builder/spi-builder-workspace/Sources/StringResource/PlaceholderType.swift (in target 'StringResource' from project 'SwiftLocalizedStrings')
SwiftCompile normal arm64 /Users/admin/builder/spi-builder-workspace/Sources/StringResource/PlaceholderType.swift (in target 'StringResource' from project 'SwiftLocalizedStrings')
cd /Users/admin/builder/spi-builder-workspace/.swiftpm/xcode
builtin-SwiftPerFileCompile PlaceholderType.swift
SwiftCompile normal arm64 Compiling\ Resource.swift /Users/admin/builder/spi-builder-workspace/Sources/StringResource/Resource.swift (in target 'StringResource' from project 'SwiftLocalizedStrings')
SwiftCompile normal arm64 /Users/admin/builder/spi-builder-workspace/Sources/StringResource/Resource.swift (in target 'StringResource' from project 'SwiftLocalizedStrings')
cd /Users/admin/builder/spi-builder-workspace/.swiftpm/xcode
builtin-SwiftPerFileCompile Resource.swift
SwiftCompile normal arm64 Compiling\ SwiftIdentifier+Extra.swift /Users/admin/builder/spi-builder-workspace/Sources/SwiftIdentifier/SwiftIdentifier+Extra.swift (in target 'SwiftIdentifier' from project 'SwiftLocalizedStrings')
SwiftCompile normal arm64 /Users/admin/builder/spi-builder-workspace/Sources/SwiftIdentifier/SwiftIdentifier+Extra.swift (in target 'SwiftIdentifier' from project 'SwiftLocalizedStrings')
cd /Users/admin/builder/spi-builder-workspace/.swiftpm/xcode
builtin-SwiftPerFileCompile SwiftIdentifier+Extra.swift
SwiftEmitModule normal arm64 Emitting\ module\ for\ StringCatalog (in target 'StringCatalog' from project 'SwiftLocalizedStrings')
SwiftCompile normal arm64 (in target 'StringCatalog' from project 'SwiftLocalizedStrings')
cd /Users/admin/builder/spi-builder-workspace/.swiftpm/xcode
SwiftEmitModule normal arm64 Emitting\ module\ for\ SwiftIdentifier (in target 'SwiftIdentifier' from project 'SwiftLocalizedStrings')
SwiftCompile normal arm64 (in target 'SwiftIdentifier' from project 'SwiftLocalizedStrings')
cd /Users/admin/builder/spi-builder-workspace/.swiftpm/xcode
SwiftCompile normal arm64 Compiling\ SwiftIdentifier.swift /Users/admin/builder/spi-builder-workspace/Sources/SwiftIdentifier/SwiftIdentifier.swift (in target 'SwiftIdentifier' from project 'SwiftLocalizedStrings')
SwiftCompile normal arm64 /Users/admin/builder/spi-builder-workspace/Sources/SwiftIdentifier/SwiftIdentifier.swift (in target 'SwiftIdentifier' from project 'SwiftLocalizedStrings')
cd /Users/admin/builder/spi-builder-workspace/.swiftpm/xcode
builtin-SwiftPerFileCompile SwiftIdentifier.swift
SwiftCompile normal arm64 Compiling\ Argument.swift /Users/admin/builder/spi-builder-workspace/Sources/StringResource/Argument.swift (in target 'StringResource' from project 'SwiftLocalizedStrings')
SwiftCompile normal arm64 /Users/admin/builder/spi-builder-workspace/Sources/StringResource/Argument.swift (in target 'StringResource' from project 'SwiftLocalizedStrings')
cd /Users/admin/builder/spi-builder-workspace/.swiftpm/xcode
builtin-SwiftPerFileCompile Argument.swift
SwiftCompile normal arm64 Compiling\ StringSegment.swift /Users/admin/builder/spi-builder-workspace/Sources/StringResource/StringSegment.swift (in target 'StringResource' from project 'SwiftLocalizedStrings')
SwiftCompile normal arm64 /Users/admin/builder/spi-builder-workspace/Sources/StringResource/StringSegment.swift (in target 'StringResource' from project 'SwiftLocalizedStrings')
cd /Users/admin/builder/spi-builder-workspace/.swiftpm/xcode
builtin-SwiftPerFileCompile StringSegment.swift
SwiftCompile normal arm64 Compiling\ StringLocalization.swift /Users/admin/builder/spi-builder-workspace/Sources/StringCatalog/Types/StringLocalization.swift (in target 'StringCatalog' from project 'SwiftLocalizedStrings')
SwiftCompile normal arm64 /Users/admin/builder/spi-builder-workspace/Sources/StringCatalog/Types/StringLocalization.swift (in target 'StringCatalog' from project 'SwiftLocalizedStrings')
cd /Users/admin/builder/spi-builder-workspace/.swiftpm/xcode
builtin-SwiftPerFileCompile StringLocalization.swift
SwiftCompile normal arm64 Compiling\ StringExtractionState.swift /Users/admin/builder/spi-builder-workspace/Sources/StringCatalog/Types/StringExtractionState.swift (in target 'StringCatalog' from project 'SwiftLocalizedStrings')
SwiftCompile normal arm64 /Users/admin/builder/spi-builder-workspace/Sources/StringCatalog/Types/StringExtractionState.swift (in target 'StringCatalog' from project 'SwiftLocalizedStrings')
cd /Users/admin/builder/spi-builder-workspace/.swiftpm/xcode
builtin-SwiftPerFileCompile StringExtractionState.swift
SwiftDriverJobDiscovery normal arm64 Emitting module for SwiftIdentifier (in target 'SwiftIdentifier' from project 'SwiftLocalizedStrings')
SwiftDriver\ Compilation\ Requirements SwiftIdentifier normal arm64 com.apple.xcode.tools.swift.compiler (in target 'SwiftIdentifier' from project 'SwiftLocalizedStrings')
cd /Users/admin/builder/spi-builder-workspace/.swiftpm/xcode
builtin-Swift-Compilation-Requirements -- /Applications/Xcode-27.0.0-Release.Candidate.app/Contents/Developer/Toolchains/XcodeDefault.xctoolchain/usr/bin/swiftc -parse-as-library -module-name SwiftIdentifier -Onone @/Users/admin/builder/spi-builder-workspace/.derivedData/Build/Intermediates.noindex/SwiftLocalizedStrings.build/Debug-appletvos/SwiftIdentifier-t.build/Objects-normal/arm64/SwiftIdentifier.SwiftFileList -DSWIFT_PACKAGE -DDEBUG -DSWIFT_MODULE_RESOURCE_BUNDLE_UNAVAILABLE -DXcode -plugin-path /Applications/Xcode-27.0.0-Release.Candidate.app/Contents/Developer/Toolchains/XcodeDefault.xctoolchain/usr/lib/swift/host/plugins/testing -enable-experimental-feature DebugDescriptionMacro -sdk /Applications/Xcode-27.0.0-Release.Candidate.app/Contents/Developer/Platforms/AppleTVOS.platform/Developer/SDKs/AppleTVOS27.0.sdk -target arm64-apple-tvos15.0 -g -module-cache-path /Users/admin/builder/spi-builder-workspace/.derivedData/ModuleCache.noindex -Xfrontend -serialize-debugging-options -profile-coverage-mapping -profile-generate -enable-testing -index-store-path /Users/admin/builder/spi-builder-workspace/.derivedData/Index.noindex/DataStore -Xcc -D_LIBCPP_HARDENING_MODE\=_LIBCPP_HARDENING_MODE_DEBUG -swift-version 6 -I /Users/admin/builder/spi-builder-workspace/.derivedData/Build/Products/Debug-appletvos -Isystem /Applications/Xcode-27.0.0-Release.Candidate.app/Contents/Developer/Platforms/AppleTVOS.platform/Developer/usr/lib -F /Users/admin/builder/spi-builder-workspace/.derivedData/Build/Products/Debug-appletvos -F /Applications/Xcode-27.0.0-Release.Candidate.app/Contents/Developer/Platforms/AppleTVOS.platform/Developer/Library/Frameworks -F /Applications/Xcode-27.0.0-Release.Candidate.app/Contents/Developer/Platforms/AppleTVOS.platform/Developer/SDKs/AppleTVOS27.0.sdk/Developer/Library/Frameworks -c -j10 -enable-batch-mode -incremental -Xcc -ivfsstatcache -Xcc /Users/admin/builder/spi-builder-workspace/.derivedData/SDKStatCaches.noindex/appletvos27.0-24J360-e829b21a6f8c9b70876ba0858053c044b32bfd8d43560033f8d89884cdb90028.sdkstatcache -output-file-map /Users/admin/builder/spi-builder-workspace/.derivedData/Build/Intermediates.noindex/SwiftLocalizedStrings.build/Debug-appletvos/SwiftIdentifier-t.build/Objects-normal/arm64/SwiftIdentifier-OutputFileMap.json -save-temps -no-color-diagnostics -explicit-module-build -module-cache-path /Users/admin/builder/spi-builder-workspace/.derivedData/Build/Intermediates.noindex/SwiftExplicitPrecompiledModules -clang-scanner-module-cache-path /Users/admin/builder/spi-builder-workspace/.derivedData/ModuleCache.noindex -sdk-module-cache-path /Users/admin/builder/spi-builder-workspace/.derivedData/SDKExplicitPrecompiledModules -emit-dependencies -emit-module -emit-module-path /Users/admin/builder/spi-builder-workspace/.derivedData/Build/Intermediates.noindex/SwiftLocalizedStrings.build/Debug-appletvos/SwiftIdentifier-t.build/Objects-normal/arm64/SwiftIdentifier.swiftmodule -serialize-diagnostics -dependency-scan-serialize-diagnostics-path /Users/admin/builder/spi-builder-workspace/.derivedData/Build/Intermediates.noindex/SwiftLocalizedStrings.build/Debug-appletvos/SwiftIdentifier-t.build/Objects-normal/arm64/SwiftIdentifier-dependency-scan.dia -validate-clang-modules-once -clang-build-session-file /Users/admin/builder/spi-builder-workspace/.derivedData/ModuleCache.noindex/Session.modulevalidation -Xcc -fmodules-prune-interval\=86400 -Xcc -fmodules-prune-after\=345600 -package-name spi_builder_workspace -emit-const-values -const-gather-protocols-list /Users/admin/builder/spi-builder-workspace/.derivedData/Build/Intermediates.noindex/SwiftLocalizedStrings.build/Debug-appletvos/SwiftIdentifier-t.build/Objects-normal/arm64/SwiftIdentifier_const_extract_protocols.json -Xcc -I/Users/admin/builder/spi-builder-workspace/.derivedData/Build/Products/Debug-appletvos/include -Xcc -I/Users/admin/builder/spi-builder-workspace/.derivedData/Build/Intermediates.noindex/SwiftLocalizedStrings.build/Debug-appletvos/SwiftIdentifier-t.build/DerivedSources-normal/arm64 -Xcc -I/Users/admin/builder/spi-builder-workspace/.derivedData/Build/Intermediates.noindex/SwiftLocalizedStrings.build/Debug-appletvos/SwiftIdentifier-t.build/DerivedSources/arm64 -Xcc -I/Users/admin/builder/spi-builder-workspace/.derivedData/Build/Intermediates.noindex/SwiftLocalizedStrings.build/Debug-appletvos/SwiftIdentifier-t.build/DerivedSources -Xcc -DSWIFT_PACKAGE -Xcc -DDEBUG\=1 -emit-objc-header -emit-objc-header-path /Users/admin/builder/spi-builder-workspace/.derivedData/Build/Intermediates.noindex/SwiftLocalizedStrings.build/Debug-appletvos/SwiftIdentifier-t.build/Objects-normal/arm64/SwiftIdentifier-Swift.h -working-directory /Users/admin/builder/spi-builder-workspace/.swiftpm/xcode -experimental-emit-module-separately -disable-cmo
SwiftDriverJobDiscovery normal arm64 Emitting module for StringResource (in target 'StringResource' from project 'SwiftLocalizedStrings')
SwiftDriver\ Compilation\ Requirements StringResource normal arm64 com.apple.xcode.tools.swift.compiler (in target 'StringResource' from project 'SwiftLocalizedStrings')
cd /Users/admin/builder/spi-builder-workspace/.swiftpm/xcode
builtin-Swift-Compilation-Requirements -- /Applications/Xcode-27.0.0-Release.Candidate.app/Contents/Developer/Toolchains/XcodeDefault.xctoolchain/usr/bin/swiftc -parse-as-library -module-name StringResource -Onone @/Users/admin/builder/spi-builder-workspace/.derivedData/Build/Intermediates.noindex/SwiftLocalizedStrings.build/Debug-appletvos/StringResource-t.build/Objects-normal/arm64/StringResource.SwiftFileList -DSWIFT_PACKAGE -DDEBUG -DSWIFT_MODULE_RESOURCE_BUNDLE_UNAVAILABLE -DXcode -plugin-path /Applications/Xcode-27.0.0-Release.Candidate.app/Contents/Developer/Toolchains/XcodeDefault.xctoolchain/usr/lib/swift/host/plugins/testing -enable-experimental-feature DebugDescriptionMacro -sdk /Applications/Xcode-27.0.0-Release.Candidate.app/Contents/Developer/Platforms/AppleTVOS.platform/Developer/SDKs/AppleTVOS27.0.sdk -target arm64-apple-tvos15.0 -g -module-cache-path /Users/admin/builder/spi-builder-workspace/.derivedData/ModuleCache.noindex -Xfrontend -serialize-debugging-options -profile-coverage-mapping -profile-generate -enable-testing -index-store-path /Users/admin/builder/spi-builder-workspace/.derivedData/Index.noindex/DataStore -Xcc -D_LIBCPP_HARDENING_MODE\=_LIBCPP_HARDENING_MODE_DEBUG -swift-version 6 -I /Users/admin/builder/spi-builder-workspace/.derivedData/Build/Products/Debug-appletvos -Isystem /Applications/Xcode-27.0.0-Release.Candidate.app/Contents/Developer/Platforms/AppleTVOS.platform/Developer/usr/lib -F /Users/admin/builder/spi-builder-workspace/.derivedData/Build/Products/Debug-appletvos -F /Applications/Xcode-27.0.0-Release.Candidate.app/Contents/Developer/Platforms/AppleTVOS.platform/Developer/Library/Frameworks -F /Applications/Xcode-27.0.0-Release.Candidate.app/Contents/Developer/Platforms/AppleTVOS.platform/Developer/SDKs/AppleTVOS27.0.sdk/Developer/Library/Frameworks -c -j10 -enable-batch-mode -incremental -Xcc -ivfsstatcache -Xcc /Users/admin/builder/spi-builder-workspace/.derivedData/SDKStatCaches.noindex/appletvos27.0-24J360-e829b21a6f8c9b70876ba0858053c044b32bfd8d43560033f8d89884cdb90028.sdkstatcache -output-file-map /Users/admin/builder/spi-builder-workspace/.derivedData/Build/Intermediates.noindex/SwiftLocalizedStrings.build/Debug-appletvos/StringResource-t.build/Objects-normal/arm64/StringResource-OutputFileMap.json -save-temps -no-color-diagnostics -explicit-module-build -module-cache-path /Users/admin/builder/spi-builder-workspace/.derivedData/Build/Intermediates.noindex/SwiftExplicitPrecompiledModules -clang-scanner-module-cache-path /Users/admin/builder/spi-builder-workspace/.derivedData/ModuleCache.noindex -sdk-module-cache-path /Users/admin/builder/spi-builder-workspace/.derivedData/SDKExplicitPrecompiledModules -emit-dependencies -emit-module -emit-module-path /Users/admin/builder/spi-builder-workspace/.derivedData/Build/Intermediates.noindex/SwiftLocalizedStrings.build/Debug-appletvos/StringResource-t.build/Objects-normal/arm64/StringResource.swiftmodule -serialize-diagnostics -dependency-scan-serialize-diagnostics-path /Users/admin/builder/spi-builder-workspace/.derivedData/Build/Intermediates.noindex/SwiftLocalizedStrings.build/Debug-appletvos/StringResource-t.build/Objects-normal/arm64/StringResource-dependency-scan.dia -validate-clang-modules-once -clang-build-session-file /Users/admin/builder/spi-builder-workspace/.derivedData/ModuleCache.noindex/Session.modulevalidation -Xcc -fmodules-prune-interval\=86400 -Xcc -fmodules-prune-after\=345600 -package-name spi_builder_workspace -emit-const-values -const-gather-protocols-list /Users/admin/builder/spi-builder-workspace/.derivedData/Build/Intermediates.noindex/SwiftLocalizedStrings.build/Debug-appletvos/StringResource-t.build/Objects-normal/arm64/StringResource_const_extract_protocols.json -Xcc -I/Users/admin/builder/spi-builder-workspace/.derivedData/Build/Products/Debug-appletvos/include -Xcc -I/Users/admin/builder/spi-builder-workspace/.derivedData/Build/Intermediates.noindex/SwiftLocalizedStrings.build/Debug-appletvos/StringResource-t.build/DerivedSources-normal/arm64 -Xcc -I/Users/admin/builder/spi-builder-workspace/.derivedData/Build/Intermediates.noindex/SwiftLocalizedStrings.build/Debug-appletvos/StringResource-t.build/DerivedSources/arm64 -Xcc -I/Users/admin/builder/spi-builder-workspace/.derivedData/Build/Intermediates.noindex/SwiftLocalizedStrings.build/Debug-appletvos/StringResource-t.build/DerivedSources -Xcc -DSWIFT_PACKAGE -Xcc -DDEBUG\=1 -emit-objc-header -emit-objc-header-path /Users/admin/builder/spi-builder-workspace/.derivedData/Build/Intermediates.noindex/SwiftLocalizedStrings.build/Debug-appletvos/StringResource-t.build/Objects-normal/arm64/StringResource-Swift.h -working-directory /Users/admin/builder/spi-builder-workspace/.swiftpm/xcode -experimental-emit-module-separately -disable-cmo
SwiftMergeGeneratedHeaders /Users/admin/builder/spi-builder-workspace/.derivedData/Build/Intermediates.noindex/GeneratedModuleMaps-appletvos/SwiftIdentifier-Swift.h /Users/admin/builder/spi-builder-workspace/.derivedData/Build/Intermediates.noindex/SwiftLocalizedStrings.build/Debug-appletvos/SwiftIdentifier-t.build/Objects-normal/arm64/SwiftIdentifier-Swift.h (in target 'SwiftIdentifier' from project 'SwiftLocalizedStrings')
cd /Users/admin/builder/spi-builder-workspace
builtin-swiftHeaderTool -arch arm64 /Users/admin/builder/spi-builder-workspace/.derivedData/Build/Intermediates.noindex/SwiftLocalizedStrings.build/Debug-appletvos/SwiftIdentifier-t.build/Objects-normal/arm64/SwiftIdentifier-Swift.h -o /Users/admin/builder/spi-builder-workspace/.derivedData/Build/Intermediates.noindex/GeneratedModuleMaps-appletvos/SwiftIdentifier-Swift.h
Copy /Users/admin/builder/spi-builder-workspace/.derivedData/Build/Products/Debug-appletvos/SwiftIdentifier.swiftmodule/arm64-apple-tvos.swiftmodule /Users/admin/builder/spi-builder-workspace/.derivedData/Build/Intermediates.noindex/SwiftLocalizedStrings.build/Debug-appletvos/SwiftIdentifier-t.build/Objects-normal/arm64/SwiftIdentifier.swiftmodule (in target 'SwiftIdentifier' from project 'SwiftLocalizedStrings')
cd /Users/admin/builder/spi-builder-workspace
builtin-copy -exclude .DS_Store -exclude CVS -exclude .svn -exclude .git -exclude .hg -resolve-src-symlinks -rename /Users/admin/builder/spi-builder-workspace/.derivedData/Build/Intermediates.noindex/SwiftLocalizedStrings.build/Debug-appletvos/SwiftIdentifier-t.build/Objects-normal/arm64/SwiftIdentifier.swiftmodule /Users/admin/builder/spi-builder-workspace/.derivedData/Build/Products/Debug-appletvos/SwiftIdentifier.swiftmodule/arm64-apple-tvos.swiftmodule
Copy /Users/admin/builder/spi-builder-workspace/.derivedData/Build/Products/Debug-appletvos/SwiftIdentifier.swiftmodule/arm64-apple-tvos.swiftdoc /Users/admin/builder/spi-builder-workspace/.derivedData/Build/Intermediates.noindex/SwiftLocalizedStrings.build/Debug-appletvos/SwiftIdentifier-t.build/Objects-normal/arm64/SwiftIdentifier.swiftdoc (in target 'SwiftIdentifier' from project 'SwiftLocalizedStrings')
cd /Users/admin/builder/spi-builder-workspace
builtin-copy -exclude .DS_Store -exclude CVS -exclude .svn -exclude .git -exclude .hg -resolve-src-symlinks -rename /Users/admin/builder/spi-builder-workspace/.derivedData/Build/Intermediates.noindex/SwiftLocalizedStrings.build/Debug-appletvos/SwiftIdentifier-t.build/Objects-normal/arm64/SwiftIdentifier.swiftdoc /Users/admin/builder/spi-builder-workspace/.derivedData/Build/Products/Debug-appletvos/SwiftIdentifier.swiftmodule/arm64-apple-tvos.swiftdoc
Copy /Users/admin/builder/spi-builder-workspace/.derivedData/Build/Products/Debug-appletvos/SwiftIdentifier.swiftmodule/arm64-apple-tvos.abi.json /Users/admin/builder/spi-builder-workspace/.derivedData/Build/Intermediates.noindex/SwiftLocalizedStrings.build/Debug-appletvos/SwiftIdentifier-t.build/Objects-normal/arm64/SwiftIdentifier.abi.json (in target 'SwiftIdentifier' from project 'SwiftLocalizedStrings')
cd /Users/admin/builder/spi-builder-workspace
builtin-copy -exclude .DS_Store -exclude CVS -exclude .svn -exclude .git -exclude .hg -resolve-src-symlinks -rename /Users/admin/builder/spi-builder-workspace/.derivedData/Build/Intermediates.noindex/SwiftLocalizedStrings.build/Debug-appletvos/SwiftIdentifier-t.build/Objects-normal/arm64/SwiftIdentifier.abi.json /Users/admin/builder/spi-builder-workspace/.derivedData/Build/Products/Debug-appletvos/SwiftIdentifier.swiftmodule/arm64-apple-tvos.abi.json
Copy /Users/admin/builder/spi-builder-workspace/.derivedData/Build/Products/Debug-appletvos/SwiftIdentifier.swiftmodule/Project/arm64-apple-tvos.swiftsourceinfo /Users/admin/builder/spi-builder-workspace/.derivedData/Build/Intermediates.noindex/SwiftLocalizedStrings.build/Debug-appletvos/SwiftIdentifier-t.build/Objects-normal/arm64/SwiftIdentifier.swiftsourceinfo (in target 'SwiftIdentifier' from project 'SwiftLocalizedStrings')
cd /Users/admin/builder/spi-builder-workspace
builtin-copy -exclude .DS_Store -exclude CVS -exclude .svn -exclude .git -exclude .hg -resolve-src-symlinks -rename /Users/admin/builder/spi-builder-workspace/.derivedData/Build/Intermediates.noindex/SwiftLocalizedStrings.build/Debug-appletvos/SwiftIdentifier-t.build/Objects-normal/arm64/SwiftIdentifier.swiftsourceinfo /Users/admin/builder/spi-builder-workspace/.derivedData/Build/Products/Debug-appletvos/SwiftIdentifier.swiftmodule/Project/arm64-apple-tvos.swiftsourceinfo
SwiftMergeGeneratedHeaders /Users/admin/builder/spi-builder-workspace/.derivedData/Build/Intermediates.noindex/GeneratedModuleMaps-appletvos/StringResource-Swift.h /Users/admin/builder/spi-builder-workspace/.derivedData/Build/Intermediates.noindex/SwiftLocalizedStrings.build/Debug-appletvos/StringResource-t.build/Objects-normal/arm64/StringResource-Swift.h (in target 'StringResource' from project 'SwiftLocalizedStrings')
cd /Users/admin/builder/spi-builder-workspace
builtin-swiftHeaderTool -arch arm64 /Users/admin/builder/spi-builder-workspace/.derivedData/Build/Intermediates.noindex/SwiftLocalizedStrings.build/Debug-appletvos/StringResource-t.build/Objects-normal/arm64/StringResource-Swift.h -o /Users/admin/builder/spi-builder-workspace/.derivedData/Build/Intermediates.noindex/GeneratedModuleMaps-appletvos/StringResource-Swift.h
Copy /Users/admin/builder/spi-builder-workspace/.derivedData/Build/Products/Debug-appletvos/StringResource.swiftmodule/arm64-apple-tvos.swiftmodule /Users/admin/builder/spi-builder-workspace/.derivedData/Build/Intermediates.noindex/SwiftLocalizedStrings.build/Debug-appletvos/StringResource-t.build/Objects-normal/arm64/StringResource.swiftmodule (in target 'StringResource' from project 'SwiftLocalizedStrings')
cd /Users/admin/builder/spi-builder-workspace
builtin-copy -exclude .DS_Store -exclude CVS -exclude .svn -exclude .git -exclude .hg -resolve-src-symlinks -rename /Users/admin/builder/spi-builder-workspace/.derivedData/Build/Intermediates.noindex/SwiftLocalizedStrings.build/Debug-appletvos/StringResource-t.build/Objects-normal/arm64/StringResource.swiftmodule /Users/admin/builder/spi-builder-workspace/.derivedData/Build/Products/Debug-appletvos/StringResource.swiftmodule/arm64-apple-tvos.swiftmodule
Copy /Users/admin/builder/spi-builder-workspace/.derivedData/Build/Products/Debug-appletvos/StringResource.swiftmodule/arm64-apple-tvos.swiftdoc /Users/admin/builder/spi-builder-workspace/.derivedData/Build/Intermediates.noindex/SwiftLocalizedStrings.build/Debug-appletvos/StringResource-t.build/Objects-normal/arm64/StringResource.swiftdoc (in target 'StringResource' from project 'SwiftLocalizedStrings')
cd /Users/admin/builder/spi-builder-workspace
builtin-copy -exclude .DS_Store -exclude CVS -exclude .svn -exclude .git -exclude .hg -resolve-src-symlinks -rename /Users/admin/builder/spi-builder-workspace/.derivedData/Build/Intermediates.noindex/SwiftLocalizedStrings.build/Debug-appletvos/StringResource-t.build/Objects-normal/arm64/StringResource.swiftdoc /Users/admin/builder/spi-builder-workspace/.derivedData/Build/Products/Debug-appletvos/StringResource.swiftmodule/arm64-apple-tvos.swiftdoc
Copy /Users/admin/builder/spi-builder-workspace/.derivedData/Build/Products/Debug-appletvos/StringResource.swiftmodule/arm64-apple-tvos.abi.json /Users/admin/builder/spi-builder-workspace/.derivedData/Build/Intermediates.noindex/SwiftLocalizedStrings.build/Debug-appletvos/StringResource-t.build/Objects-normal/arm64/StringResource.abi.json (in target 'StringResource' from project 'SwiftLocalizedStrings')
cd /Users/admin/builder/spi-builder-workspace
builtin-copy -exclude .DS_Store -exclude CVS -exclude .svn -exclude .git -exclude .hg -resolve-src-symlinks -rename /Users/admin/builder/spi-builder-workspace/.derivedData/Build/Intermediates.noindex/SwiftLocalizedStrings.build/Debug-appletvos/StringResource-t.build/Objects-normal/arm64/StringResource.abi.json /Users/admin/builder/spi-builder-workspace/.derivedData/Build/Products/Debug-appletvos/StringResource.swiftmodule/arm64-apple-tvos.abi.json
Copy /Users/admin/builder/spi-builder-workspace/.derivedData/Build/Products/Debug-appletvos/StringResource.swiftmodule/Project/arm64-apple-tvos.swiftsourceinfo /Users/admin/builder/spi-builder-workspace/.derivedData/Build/Intermediates.noindex/SwiftLocalizedStrings.build/Debug-appletvos/StringResource-t.build/Objects-normal/arm64/StringResource.swiftsourceinfo (in target 'StringResource' from project 'SwiftLocalizedStrings')
cd /Users/admin/builder/spi-builder-workspace
builtin-copy -exclude .DS_Store -exclude CVS -exclude .svn -exclude .git -exclude .hg -resolve-src-symlinks -rename /Users/admin/builder/spi-builder-workspace/.derivedData/Build/Intermediates.noindex/SwiftLocalizedStrings.build/Debug-appletvos/StringResource-t.build/Objects-normal/arm64/StringResource.swiftsourceinfo /Users/admin/builder/spi-builder-workspace/.derivedData/Build/Products/Debug-appletvos/StringResource.swiftmodule/Project/arm64-apple-tvos.swiftsourceinfo
SwiftCompile normal arm64 Compiling\ StringUnitState.swift /Users/admin/builder/spi-builder-workspace/Sources/StringCatalog/Types/StringUnitState.swift (in target 'StringCatalog' from project 'SwiftLocalizedStrings')
SwiftCompile normal arm64 /Users/admin/builder/spi-builder-workspace/Sources/StringCatalog/Types/StringUnitState.swift (in target 'StringCatalog' from project 'SwiftLocalizedStrings')
cd /Users/admin/builder/spi-builder-workspace/.swiftpm/xcode
builtin-SwiftPerFileCompile StringUnitState.swift
SwiftDriverJobDiscovery normal arm64 Emitting module for StringCatalog (in target 'StringCatalog' from project 'SwiftLocalizedStrings')
SwiftDriver\ Compilation\ Requirements StringCatalog normal arm64 com.apple.xcode.tools.swift.compiler (in target 'StringCatalog' from project 'SwiftLocalizedStrings')
cd /Users/admin/builder/spi-builder-workspace/.swiftpm/xcode
builtin-Swift-Compilation-Requirements -- /Applications/Xcode-27.0.0-Release.Candidate.app/Contents/Developer/Toolchains/XcodeDefault.xctoolchain/usr/bin/swiftc -parse-as-library -module-name StringCatalog -Onone @/Users/admin/builder/spi-builder-workspace/.derivedData/Build/Intermediates.noindex/SwiftLocalizedStrings.build/Debug-appletvos/StringCatalog-t.build/Objects-normal/arm64/StringCatalog.SwiftFileList -DSWIFT_PACKAGE -DDEBUG -DSWIFT_MODULE_RESOURCE_BUNDLE_UNAVAILABLE -DXcode -plugin-path /Applications/Xcode-27.0.0-Release.Candidate.app/Contents/Developer/Toolchains/XcodeDefault.xctoolchain/usr/lib/swift/host/plugins/testing -enable-experimental-feature DebugDescriptionMacro -sdk /Applications/Xcode-27.0.0-Release.Candidate.app/Contents/Developer/Platforms/AppleTVOS.platform/Developer/SDKs/AppleTVOS27.0.sdk -target arm64-apple-tvos15.0 -g -module-cache-path /Users/admin/builder/spi-builder-workspace/.derivedData/ModuleCache.noindex -Xfrontend -serialize-debugging-options -profile-coverage-mapping -profile-generate -enable-testing -index-store-path /Users/admin/builder/spi-builder-workspace/.derivedData/Index.noindex/DataStore -Xcc -D_LIBCPP_HARDENING_MODE\=_LIBCPP_HARDENING_MODE_DEBUG -swift-version 6 -I /Users/admin/builder/spi-builder-workspace/.derivedData/Build/Products/Debug-appletvos -Isystem /Applications/Xcode-27.0.0-Release.Candidate.app/Contents/Developer/Platforms/AppleTVOS.platform/Developer/usr/lib -F /Users/admin/builder/spi-builder-workspace/.derivedData/Build/Products/Debug-appletvos -F /Applications/Xcode-27.0.0-Release.Candidate.app/Contents/Developer/Platforms/AppleTVOS.platform/Developer/Library/Frameworks -F /Applications/Xcode-27.0.0-Release.Candidate.app/Contents/Developer/Platforms/AppleTVOS.platform/Developer/SDKs/AppleTVOS27.0.sdk/Developer/Library/Frameworks -c -j10 -enable-batch-mode -incremental -Xcc -ivfsstatcache -Xcc /Users/admin/builder/spi-builder-workspace/.derivedData/SDKStatCaches.noindex/appletvos27.0-24J360-e829b21a6f8c9b70876ba0858053c044b32bfd8d43560033f8d89884cdb90028.sdkstatcache -output-file-map /Users/admin/builder/spi-builder-workspace/.derivedData/Build/Intermediates.noindex/SwiftLocalizedStrings.build/Debug-appletvos/StringCatalog-t.build/Objects-normal/arm64/StringCatalog-OutputFileMap.json -save-temps -no-color-diagnostics -explicit-module-build -module-cache-path /Users/admin/builder/spi-builder-workspace/.derivedData/Build/Intermediates.noindex/SwiftExplicitPrecompiledModules -clang-scanner-module-cache-path /Users/admin/builder/spi-builder-workspace/.derivedData/ModuleCache.noindex -sdk-module-cache-path /Users/admin/builder/spi-builder-workspace/.derivedData/SDKExplicitPrecompiledModules -emit-dependencies -emit-module -emit-module-path /Users/admin/builder/spi-builder-workspace/.derivedData/Build/Intermediates.noindex/SwiftLocalizedStrings.build/Debug-appletvos/StringCatalog-t.build/Objects-normal/arm64/StringCatalog.swiftmodule -serialize-diagnostics -dependency-scan-serialize-diagnostics-path /Users/admin/builder/spi-builder-workspace/.derivedData/Build/Intermediates.noindex/SwiftLocalizedStrings.build/Debug-appletvos/StringCatalog-t.build/Objects-normal/arm64/StringCatalog-dependency-scan.dia -validate-clang-modules-once -clang-build-session-file /Users/admin/builder/spi-builder-workspace/.derivedData/ModuleCache.noindex/Session.modulevalidation -Xcc -fmodules-prune-interval\=86400 -Xcc -fmodules-prune-after\=345600 -package-name spi_builder_workspace -emit-const-values -const-gather-protocols-list /Users/admin/builder/spi-builder-workspace/.derivedData/Build/Intermediates.noindex/SwiftLocalizedStrings.build/Debug-appletvos/StringCatalog-t.build/Objects-normal/arm64/StringCatalog_const_extract_protocols.json -Xcc -I/Users/admin/builder/spi-builder-workspace/.derivedData/Build/Products/Debug-appletvos/include -Xcc -I/Users/admin/builder/spi-builder-workspace/.derivedData/Build/Intermediates.noindex/SwiftLocalizedStrings.build/Debug-appletvos/StringCatalog-t.build/DerivedSources-normal/arm64 -Xcc -I/Users/admin/builder/spi-builder-workspace/.derivedData/Build/Intermediates.noindex/SwiftLocalizedStrings.build/Debug-appletvos/StringCatalog-t.build/DerivedSources/arm64 -Xcc -I/Users/admin/builder/spi-builder-workspace/.derivedData/Build/Intermediates.noindex/SwiftLocalizedStrings.build/Debug-appletvos/StringCatalog-t.build/DerivedSources -Xcc -DSWIFT_PACKAGE -Xcc -DDEBUG\=1 -emit-objc-header -emit-objc-header-path /Users/admin/builder/spi-builder-workspace/.derivedData/Build/Intermediates.noindex/SwiftLocalizedStrings.build/Debug-appletvos/StringCatalog-t.build/Objects-normal/arm64/StringCatalog-Swift.h -working-directory /Users/admin/builder/spi-builder-workspace/.swiftpm/xcode -experimental-emit-module-separately -disable-cmo
SwiftMergeGeneratedHeaders /Users/admin/builder/spi-builder-workspace/.derivedData/Build/Intermediates.noindex/GeneratedModuleMaps-appletvos/StringCatalog-Swift.h /Users/admin/builder/spi-builder-workspace/.derivedData/Build/Intermediates.noindex/SwiftLocalizedStrings.build/Debug-appletvos/StringCatalog-t.build/Objects-normal/arm64/StringCatalog-Swift.h (in target 'StringCatalog' from project 'SwiftLocalizedStrings')
cd /Users/admin/builder/spi-builder-workspace
builtin-swiftHeaderTool -arch arm64 /Users/admin/builder/spi-builder-workspace/.derivedData/Build/Intermediates.noindex/SwiftLocalizedStrings.build/Debug-appletvos/StringCatalog-t.build/Objects-normal/arm64/StringCatalog-Swift.h -o /Users/admin/builder/spi-builder-workspace/.derivedData/Build/Intermediates.noindex/GeneratedModuleMaps-appletvos/StringCatalog-Swift.h
Copy /Users/admin/builder/spi-builder-workspace/.derivedData/Build/Products/Debug-appletvos/StringCatalog.swiftmodule/arm64-apple-tvos.swiftmodule /Users/admin/builder/spi-builder-workspace/.derivedData/Build/Intermediates.noindex/SwiftLocalizedStrings.build/Debug-appletvos/StringCatalog-t.build/Objects-normal/arm64/StringCatalog.swiftmodule (in target 'StringCatalog' from project 'SwiftLocalizedStrings')
cd /Users/admin/builder/spi-builder-workspace
builtin-copy -exclude .DS_Store -exclude CVS -exclude .svn -exclude .git -exclude .hg -resolve-src-symlinks -rename /Users/admin/builder/spi-builder-workspace/.derivedData/Build/Intermediates.noindex/SwiftLocalizedStrings.build/Debug-appletvos/StringCatalog-t.build/Objects-normal/arm64/StringCatalog.swiftmodule /Users/admin/builder/spi-builder-workspace/.derivedData/Build/Products/Debug-appletvos/StringCatalog.swiftmodule/arm64-apple-tvos.swiftmodule
Copy /Users/admin/builder/spi-builder-workspace/.derivedData/Build/Products/Debug-appletvos/StringCatalog.swiftmodule/arm64-apple-tvos.swiftdoc /Users/admin/builder/spi-builder-workspace/.derivedData/Build/Intermediates.noindex/SwiftLocalizedStrings.build/Debug-appletvos/StringCatalog-t.build/Objects-normal/arm64/StringCatalog.swiftdoc (in target 'StringCatalog' from project 'SwiftLocalizedStrings')
cd /Users/admin/builder/spi-builder-workspace
builtin-copy -exclude .DS_Store -exclude CVS -exclude .svn -exclude .git -exclude .hg -resolve-src-symlinks -rename /Users/admin/builder/spi-builder-workspace/.derivedData/Build/Intermediates.noindex/SwiftLocalizedStrings.build/Debug-appletvos/StringCatalog-t.build/Objects-normal/arm64/StringCatalog.swiftdoc /Users/admin/builder/spi-builder-workspace/.derivedData/Build/Products/Debug-appletvos/StringCatalog.swiftmodule/arm64-apple-tvos.swiftdoc
Copy /Users/admin/builder/spi-builder-workspace/.derivedData/Build/Products/Debug-appletvos/StringCatalog.swiftmodule/arm64-apple-tvos.abi.json /Users/admin/builder/spi-builder-workspace/.derivedData/Build/Intermediates.noindex/SwiftLocalizedStrings.build/Debug-appletvos/StringCatalog-t.build/Objects-normal/arm64/StringCatalog.abi.json (in target 'StringCatalog' from project 'SwiftLocalizedStrings')
cd /Users/admin/builder/spi-builder-workspace
builtin-copy -exclude .DS_Store -exclude CVS -exclude .svn -exclude .git -exclude .hg -resolve-src-symlinks -rename /Users/admin/builder/spi-builder-workspace/.derivedData/Build/Intermediates.noindex/SwiftLocalizedStrings.build/Debug-appletvos/StringCatalog-t.build/Objects-normal/arm64/StringCatalog.abi.json /Users/admin/builder/spi-builder-workspace/.derivedData/Build/Products/Debug-appletvos/StringCatalog.swiftmodule/arm64-apple-tvos.abi.json
Copy /Users/admin/builder/spi-builder-workspace/.derivedData/Build/Products/Debug-appletvos/StringCatalog.swiftmodule/Project/arm64-apple-tvos.swiftsourceinfo /Users/admin/builder/spi-builder-workspace/.derivedData/Build/Intermediates.noindex/SwiftLocalizedStrings.build/Debug-appletvos/StringCatalog-t.build/Objects-normal/arm64/StringCatalog.swiftsourceinfo (in target 'StringCatalog' from project 'SwiftLocalizedStrings')
cd /Users/admin/builder/spi-builder-workspace
builtin-copy -exclude .DS_Store -exclude CVS -exclude .svn -exclude .git -exclude .hg -resolve-src-symlinks -rename /Users/admin/builder/spi-builder-workspace/.derivedData/Build/Intermediates.noindex/SwiftLocalizedStrings.build/Debug-appletvos/StringCatalog-t.build/Objects-normal/arm64/StringCatalog.swiftsourceinfo /Users/admin/builder/spi-builder-workspace/.derivedData/Build/Products/Debug-appletvos/StringCatalog.swiftmodule/Project/arm64-apple-tvos.swiftsourceinfo
SwiftCompile normal arm64 Compiling\ StringSubstitution.swift /Users/admin/builder/spi-builder-workspace/Sources/StringCatalog/Types/StringSubstitution.swift (in target 'StringCatalog' from project 'SwiftLocalizedStrings')
SwiftCompile normal arm64 /Users/admin/builder/spi-builder-workspace/Sources/StringCatalog/Types/StringSubstitution.swift (in target 'StringCatalog' from project 'SwiftLocalizedStrings')
cd /Users/admin/builder/spi-builder-workspace/.swiftpm/xcode
builtin-SwiftPerFileCompile StringSubstitution.swift
SwiftDriverJobDiscovery normal arm64 Compiling PlaceholderType.swift (in target 'StringResource' from project 'SwiftLocalizedStrings')
SwiftCompile normal arm64 Compiling\ StringCatalog.swift /Users/admin/builder/spi-builder-workspace/Sources/StringCatalog/StringCatalog.swift (in target 'StringCatalog' from project 'SwiftLocalizedStrings')
SwiftCompile normal arm64 /Users/admin/builder/spi-builder-workspace/Sources/StringCatalog/StringCatalog.swift (in target 'StringCatalog' from project 'SwiftLocalizedStrings')
cd /Users/admin/builder/spi-builder-workspace/.swiftpm/xcode
builtin-SwiftPerFileCompile StringCatalog.swift
SwiftDriverJobDiscovery normal arm64 Compiling SwiftIdentifier+Extra.swift (in target 'SwiftIdentifier' from project 'SwiftLocalizedStrings')
SwiftCompile normal arm64 Compiling\ StringEntry.swift /Users/admin/builder/spi-builder-workspace/Sources/StringCatalog/Types/StringEntry.swift (in target 'StringCatalog' from project 'SwiftLocalizedStrings')
SwiftCompile normal arm64 /Users/admin/builder/spi-builder-workspace/Sources/StringCatalog/Types/StringEntry.swift (in target 'StringCatalog' from project 'SwiftLocalizedStrings')
cd /Users/admin/builder/spi-builder-workspace/.swiftpm/xcode
builtin-SwiftPerFileCompile StringEntry.swift
SwiftCompile normal arm64 Compiling\ StringVariations.swift /Users/admin/builder/spi-builder-workspace/Sources/StringCatalog/Types/StringVariations.swift (in target 'StringCatalog' from project 'SwiftLocalizedStrings')
SwiftCompile normal arm64 /Users/admin/builder/spi-builder-workspace/Sources/StringCatalog/Types/StringVariations.swift (in target 'StringCatalog' from project 'SwiftLocalizedStrings')
cd /Users/admin/builder/spi-builder-workspace/.swiftpm/xcode
builtin-SwiftPerFileCompile StringVariations.swift
SwiftCompile normal arm64 Compiling\ StringLanguage.swift /Users/admin/builder/spi-builder-workspace/Sources/StringCatalog/Types/StringLanguage.swift (in target 'StringCatalog' from project 'SwiftLocalizedStrings')
SwiftCompile normal arm64 /Users/admin/builder/spi-builder-workspace/Sources/StringCatalog/Types/StringLanguage.swift (in target 'StringCatalog' from project 'SwiftLocalizedStrings')
cd /Users/admin/builder/spi-builder-workspace/.swiftpm/xcode
builtin-SwiftPerFileCompile StringLanguage.swift
SwiftDriverJobDiscovery normal arm64 Compiling StringExtractionState.swift (in target 'StringCatalog' from project 'SwiftLocalizedStrings')
SwiftDriverJobDiscovery normal arm64 Compiling StringUnitState.swift (in target 'StringCatalog' from project 'SwiftLocalizedStrings')
SwiftDriverJobDiscovery normal arm64 Compiling SwiftIdentifier.swift (in target 'SwiftIdentifier' from project 'SwiftLocalizedStrings')
SwiftCompile normal arm64 Compiling\ StringUnit.swift /Users/admin/builder/spi-builder-workspace/Sources/StringCatalog/Types/StringUnit.swift (in target 'StringCatalog' from project 'SwiftLocalizedStrings')
SwiftCompile normal arm64 /Users/admin/builder/spi-builder-workspace/Sources/StringCatalog/Types/StringUnit.swift (in target 'StringCatalog' from project 'SwiftLocalizedStrings')
cd /Users/admin/builder/spi-builder-workspace/.swiftpm/xcode
builtin-SwiftPerFileCompile StringUnit.swift
SwiftCompile normal arm64 Compiling\ StringVariation.swift /Users/admin/builder/spi-builder-workspace/Sources/StringCatalog/Types/StringVariation.swift (in target 'StringCatalog' from project 'SwiftLocalizedStrings')
SwiftCompile normal arm64 /Users/admin/builder/spi-builder-workspace/Sources/StringCatalog/Types/StringVariation.swift (in target 'StringCatalog' from project 'SwiftLocalizedStrings')
cd /Users/admin/builder/spi-builder-workspace/.swiftpm/xcode
builtin-SwiftPerFileCompile StringVariation.swift
SwiftDriverJobDiscovery normal arm64 Compiling StringSegment.swift (in target 'StringResource' from project 'SwiftLocalizedStrings')
SwiftDriver\ Compilation SwiftIdentifier normal arm64 com.apple.xcode.tools.swift.compiler (in target 'SwiftIdentifier' from project 'SwiftLocalizedStrings')
cd /Users/admin/builder/spi-builder-workspace/.swiftpm/xcode
builtin-Swift-Compilation -- /Applications/Xcode-27.0.0-Release.Candidate.app/Contents/Developer/Toolchains/XcodeDefault.xctoolchain/usr/bin/swiftc -parse-as-library -module-name SwiftIdentifier -Onone @/Users/admin/builder/spi-builder-workspace/.derivedData/Build/Intermediates.noindex/SwiftLocalizedStrings.build/Debug-appletvos/SwiftIdentifier-t.build/Objects-normal/arm64/SwiftIdentifier.SwiftFileList -DSWIFT_PACKAGE -DDEBUG -DSWIFT_MODULE_RESOURCE_BUNDLE_UNAVAILABLE -DXcode -plugin-path /Applications/Xcode-27.0.0-Release.Candidate.app/Contents/Developer/Toolchains/XcodeDefault.xctoolchain/usr/lib/swift/host/plugins/testing -enable-experimental-feature DebugDescriptionMacro -sdk /Applications/Xcode-27.0.0-Release.Candidate.app/Contents/Developer/Platforms/AppleTVOS.platform/Developer/SDKs/AppleTVOS27.0.sdk -target arm64-apple-tvos15.0 -g -module-cache-path /Users/admin/builder/spi-builder-workspace/.derivedData/ModuleCache.noindex -Xfrontend -serialize-debugging-options -profile-coverage-mapping -profile-generate -enable-testing -index-store-path /Users/admin/builder/spi-builder-workspace/.derivedData/Index.noindex/DataStore -Xcc -D_LIBCPP_HARDENING_MODE\=_LIBCPP_HARDENING_MODE_DEBUG -swift-version 6 -I /Users/admin/builder/spi-builder-workspace/.derivedData/Build/Products/Debug-appletvos -Isystem /Applications/Xcode-27.0.0-Release.Candidate.app/Contents/Developer/Platforms/AppleTVOS.platform/Developer/usr/lib -F /Users/admin/builder/spi-builder-workspace/.derivedData/Build/Products/Debug-appletvos -F /Applications/Xcode-27.0.0-Release.Candidate.app/Contents/Developer/Platforms/AppleTVOS.platform/Developer/Library/Frameworks -F /Applications/Xcode-27.0.0-Release.Candidate.app/Contents/Developer/Platforms/AppleTVOS.platform/Developer/SDKs/AppleTVOS27.0.sdk/Developer/Library/Frameworks -c -j10 -enable-batch-mode -incremental -Xcc -ivfsstatcache -Xcc /Users/admin/builder/spi-builder-workspace/.derivedData/SDKStatCaches.noindex/appletvos27.0-24J360-e829b21a6f8c9b70876ba0858053c044b32bfd8d43560033f8d89884cdb90028.sdkstatcache -output-file-map /Users/admin/builder/spi-builder-workspace/.derivedData/Build/Intermediates.noindex/SwiftLocalizedStrings.build/Debug-appletvos/SwiftIdentifier-t.build/Objects-normal/arm64/SwiftIdentifier-OutputFileMap.json -save-temps -no-color-diagnostics -explicit-module-build -module-cache-path /Users/admin/builder/spi-builder-workspace/.derivedData/Build/Intermediates.noindex/SwiftExplicitPrecompiledModules -clang-scanner-module-cache-path /Users/admin/builder/spi-builder-workspace/.derivedData/ModuleCache.noindex -sdk-module-cache-path /Users/admin/builder/spi-builder-workspace/.derivedData/SDKExplicitPrecompiledModules -emit-dependencies -emit-module -emit-module-path /Users/admin/builder/spi-builder-workspace/.derivedData/Build/Intermediates.noindex/SwiftLocalizedStrings.build/Debug-appletvos/SwiftIdentifier-t.build/Objects-normal/arm64/SwiftIdentifier.swiftmodule -serialize-diagnostics -dependency-scan-serialize-diagnostics-path /Users/admin/builder/spi-builder-workspace/.derivedData/Build/Intermediates.noindex/SwiftLocalizedStrings.build/Debug-appletvos/SwiftIdentifier-t.build/Objects-normal/arm64/SwiftIdentifier-dependency-scan.dia -validate-clang-modules-once -clang-build-session-file /Users/admin/builder/spi-builder-workspace/.derivedData/ModuleCache.noindex/Session.modulevalidation -Xcc -fmodules-prune-interval\=86400 -Xcc -fmodules-prune-after\=345600 -package-name spi_builder_workspace -emit-const-values -const-gather-protocols-list /Users/admin/builder/spi-builder-workspace/.derivedData/Build/Intermediates.noindex/SwiftLocalizedStrings.build/Debug-appletvos/SwiftIdentifier-t.build/Objects-normal/arm64/SwiftIdentifier_const_extract_protocols.json -Xcc -I/Users/admin/builder/spi-builder-workspace/.derivedData/Build/Products/Debug-appletvos/include -Xcc -I/Users/admin/builder/spi-builder-workspace/.derivedData/Build/Intermediates.noindex/SwiftLocalizedStrings.build/Debug-appletvos/SwiftIdentifier-t.build/DerivedSources-normal/arm64 -Xcc -I/Users/admin/builder/spi-builder-workspace/.derivedData/Build/Intermediates.noindex/SwiftLocalizedStrings.build/Debug-appletvos/SwiftIdentifier-t.build/DerivedSources/arm64 -Xcc -I/Users/admin/builder/spi-builder-workspace/.derivedData/Build/Intermediates.noindex/SwiftLocalizedStrings.build/Debug-appletvos/SwiftIdentifier-t.build/DerivedSources -Xcc -DSWIFT_PACKAGE -Xcc -DDEBUG\=1 -emit-objc-header -emit-objc-header-path /Users/admin/builder/spi-builder-workspace/.derivedData/Build/Intermediates.noindex/SwiftLocalizedStrings.build/Debug-appletvos/SwiftIdentifier-t.build/Objects-normal/arm64/SwiftIdentifier-Swift.h -working-directory /Users/admin/builder/spi-builder-workspace/.swiftpm/xcode -experimental-emit-module-separately -disable-cmo
SwiftDriverJobDiscovery normal arm64 Compiling Argument.swift (in target 'StringResource' from project 'SwiftLocalizedStrings')
SwiftDriverJobDiscovery normal arm64 Compiling Resource.swift (in target 'StringResource' from project 'SwiftLocalizedStrings')
SwiftDriver\ Compilation StringResource normal arm64 com.apple.xcode.tools.swift.compiler (in target 'StringResource' from project 'SwiftLocalizedStrings')
cd /Users/admin/builder/spi-builder-workspace/.swiftpm/xcode
builtin-Swift-Compilation -- /Applications/Xcode-27.0.0-Release.Candidate.app/Contents/Developer/Toolchains/XcodeDefault.xctoolchain/usr/bin/swiftc -parse-as-library -module-name StringResource -Onone @/Users/admin/builder/spi-builder-workspace/.derivedData/Build/Intermediates.noindex/SwiftLocalizedStrings.build/Debug-appletvos/StringResource-t.build/Objects-normal/arm64/StringResource.SwiftFileList -DSWIFT_PACKAGE -DDEBUG -DSWIFT_MODULE_RESOURCE_BUNDLE_UNAVAILABLE -DXcode -plugin-path /Applications/Xcode-27.0.0-Release.Candidate.app/Contents/Developer/Toolchains/XcodeDefault.xctoolchain/usr/lib/swift/host/plugins/testing -enable-experimental-feature DebugDescriptionMacro -sdk /Applications/Xcode-27.0.0-Release.Candidate.app/Contents/Developer/Platforms/AppleTVOS.platform/Developer/SDKs/AppleTVOS27.0.sdk -target arm64-apple-tvos15.0 -g -module-cache-path /Users/admin/builder/spi-builder-workspace/.derivedData/ModuleCache.noindex -Xfrontend -serialize-debugging-options -profile-coverage-mapping -profile-generate -enable-testing -index-store-path /Users/admin/builder/spi-builder-workspace/.derivedData/Index.noindex/DataStore -Xcc -D_LIBCPP_HARDENING_MODE\=_LIBCPP_HARDENING_MODE_DEBUG -swift-version 6 -I /Users/admin/builder/spi-builder-workspace/.derivedData/Build/Products/Debug-appletvos -Isystem /Applications/Xcode-27.0.0-Release.Candidate.app/Contents/Developer/Platforms/AppleTVOS.platform/Developer/usr/lib -F /Users/admin/builder/spi-builder-workspace/.derivedData/Build/Products/Debug-appletvos -F /Applications/Xcode-27.0.0-Release.Candidate.app/Contents/Developer/Platforms/AppleTVOS.platform/Developer/Library/Frameworks -F /Applications/Xcode-27.0.0-Release.Candidate.app/Contents/Developer/Platforms/AppleTVOS.platform/Developer/SDKs/AppleTVOS27.0.sdk/Developer/Library/Frameworks -c -j10 -enable-batch-mode -incremental -Xcc -ivfsstatcache -Xcc /Users/admin/builder/spi-builder-workspace/.derivedData/SDKStatCaches.noindex/appletvos27.0-24J360-e829b21a6f8c9b70876ba0858053c044b32bfd8d43560033f8d89884cdb90028.sdkstatcache -output-file-map /Users/admin/builder/spi-builder-workspace/.derivedData/Build/Intermediates.noindex/SwiftLocalizedStrings.build/Debug-appletvos/StringResource-t.build/Objects-normal/arm64/StringResource-OutputFileMap.json -save-temps -no-color-diagnostics -explicit-module-build -module-cache-path /Users/admin/builder/spi-builder-workspace/.derivedData/Build/Intermediates.noindex/SwiftExplicitPrecompiledModules -clang-scanner-module-cache-path /Users/admin/builder/spi-builder-workspace/.derivedData/ModuleCache.noindex -sdk-module-cache-path /Users/admin/builder/spi-builder-workspace/.derivedData/SDKExplicitPrecompiledModules -emit-dependencies -emit-module -emit-module-path /Users/admin/builder/spi-builder-workspace/.derivedData/Build/Intermediates.noindex/SwiftLocalizedStrings.build/Debug-appletvos/StringResource-t.build/Objects-normal/arm64/StringResource.swiftmodule -serialize-diagnostics -dependency-scan-serialize-diagnostics-path /Users/admin/builder/spi-builder-workspace/.derivedData/Build/Intermediates.noindex/SwiftLocalizedStrings.build/Debug-appletvos/StringResource-t.build/Objects-normal/arm64/StringResource-dependency-scan.dia -validate-clang-modules-once -clang-build-session-file /Users/admin/builder/spi-builder-workspace/.derivedData/ModuleCache.noindex/Session.modulevalidation -Xcc -fmodules-prune-interval\=86400 -Xcc -fmodules-prune-after\=345600 -package-name spi_builder_workspace -emit-const-values -const-gather-protocols-list /Users/admin/builder/spi-builder-workspace/.derivedData/Build/Intermediates.noindex/SwiftLocalizedStrings.build/Debug-appletvos/StringResource-t.build/Objects-normal/arm64/StringResource_const_extract_protocols.json -Xcc -I/Users/admin/builder/spi-builder-workspace/.derivedData/Build/Products/Debug-appletvos/include -Xcc -I/Users/admin/builder/spi-builder-workspace/.derivedData/Build/Intermediates.noindex/SwiftLocalizedStrings.build/Debug-appletvos/StringResource-t.build/DerivedSources-normal/arm64 -Xcc -I/Users/admin/builder/spi-builder-workspace/.derivedData/Build/Intermediates.noindex/SwiftLocalizedStrings.build/Debug-appletvos/StringResource-t.build/DerivedSources/arm64 -Xcc -I/Users/admin/builder/spi-builder-workspace/.derivedData/Build/Intermediates.noindex/SwiftLocalizedStrings.build/Debug-appletvos/StringResource-t.build/DerivedSources -Xcc -DSWIFT_PACKAGE -Xcc -DDEBUG\=1 -emit-objc-header -emit-objc-header-path /Users/admin/builder/spi-builder-workspace/.derivedData/Build/Intermediates.noindex/SwiftLocalizedStrings.build/Debug-appletvos/StringResource-t.build/Objects-normal/arm64/StringResource-Swift.h -working-directory /Users/admin/builder/spi-builder-workspace/.swiftpm/xcode -experimental-emit-module-separately -disable-cmo
SwiftDriverJobDiscovery normal arm64 Compiling StringCatalog.swift (in target 'StringCatalog' from project 'SwiftLocalizedStrings')
SwiftDriverJobDiscovery normal arm64 Compiling StringSubstitution.swift (in target 'StringCatalog' from project 'SwiftLocalizedStrings')
SwiftDriverJobDiscovery normal arm64 Compiling StringLocalization.swift (in target 'StringCatalog' from project 'SwiftLocalizedStrings')
Ld /Users/admin/builder/spi-builder-workspace/.derivedData/Build/Products/Debug-appletvos/SwiftIdentifier.o normal (in target 'SwiftIdentifier' from project 'SwiftLocalizedStrings')
cd /Users/admin/builder/spi-builder-workspace
/Applications/Xcode-27.0.0-Release.Candidate.app/Contents/Developer/Toolchains/XcodeDefault.xctoolchain/usr/bin/clang -Xlinker -reproducible -target arm64-apple-tvos15.0 -r -isysroot /Applications/Xcode-27.0.0-Release.Candidate.app/Contents/Developer/Platforms/AppleTVOS.platform/Developer/SDKs/AppleTVOS27.0.sdk -O0 -Xlinker -no_warn_duplicate_libraries -F/Users/admin/builder/spi-builder-workspace/.derivedData/Build/Intermediates.noindex/EagerLinkingTBDs/Debug-appletvos -F/Users/admin/builder/spi-builder-workspace/.derivedData/Build/Products/Debug-appletvos -iframework /Applications/Xcode-27.0.0-Release.Candidate.app/Contents/Developer/Platforms/AppleTVOS.platform/Developer/Library/Frameworks -iframework /Applications/Xcode-27.0.0-Release.Candidate.app/Contents/Developer/Platforms/AppleTVOS.platform/Developer/SDKs/AppleTVOS27.0.sdk/Developer/Library/Frameworks -filelist /Users/admin/builder/spi-builder-workspace/.derivedData/Build/Intermediates.noindex/SwiftLocalizedStrings.build/Debug-appletvos/SwiftIdentifier-t.build/Objects-normal/arm64/SwiftIdentifier.LinkFileList -nostdlib -Xlinker -object_path_lto -Xlinker /Users/admin/builder/spi-builder-workspace/.derivedData/Build/Intermediates.noindex/SwiftLocalizedStrings.build/Debug-appletvos/SwiftIdentifier-t.build/Objects-normal/arm64/SwiftIdentifier_lto.o -Xlinker -no_deduplicate -Xlinker -debug_variant -Xlinker -dependency_info -Xlinker /Users/admin/builder/spi-builder-workspace/.derivedData/Build/Intermediates.noindex/SwiftLocalizedStrings.build/Debug-appletvos/SwiftIdentifier-t.build/Objects-normal/arm64/SwiftIdentifier_dependency_info.dat -fobjc-link-runtime -L/Applications/Xcode-27.0.0-Release.Candidate.app/Contents/Developer/Toolchains/XcodeDefault.xctoolchain/usr/lib/swift/appletvos -L/usr/lib/swift -Xlinker -add_ast_path -Xlinker /Users/admin/builder/spi-builder-workspace/.derivedData/Build/Intermediates.noindex/SwiftLocalizedStrings.build/Debug-appletvos/SwiftIdentifier-t.build/Objects-normal/arm64/SwiftIdentifier.swiftmodule -o /Users/admin/builder/spi-builder-workspace/.derivedData/Build/Products/Debug-appletvos/SwiftIdentifier.o
Ld /Users/admin/builder/spi-builder-workspace/.derivedData/Build/Products/Debug-appletvos/StringResource.o normal (in target 'StringResource' from project 'SwiftLocalizedStrings')
cd /Users/admin/builder/spi-builder-workspace
/Applications/Xcode-27.0.0-Release.Candidate.app/Contents/Developer/Toolchains/XcodeDefault.xctoolchain/usr/bin/clang -Xlinker -reproducible -target arm64-apple-tvos15.0 -r -isysroot /Applications/Xcode-27.0.0-Release.Candidate.app/Contents/Developer/Platforms/AppleTVOS.platform/Developer/SDKs/AppleTVOS27.0.sdk -O0 -Xlinker -no_warn_duplicate_libraries -F/Users/admin/builder/spi-builder-workspace/.derivedData/Build/Intermediates.noindex/EagerLinkingTBDs/Debug-appletvos -F/Users/admin/builder/spi-builder-workspace/.derivedData/Build/Products/Debug-appletvos -iframework /Applications/Xcode-27.0.0-Release.Candidate.app/Contents/Developer/Platforms/AppleTVOS.platform/Developer/Library/Frameworks -iframework /Applications/Xcode-27.0.0-Release.Candidate.app/Contents/Developer/Platforms/AppleTVOS.platform/Developer/SDKs/AppleTVOS27.0.sdk/Developer/Library/Frameworks -filelist /Users/admin/builder/spi-builder-workspace/.derivedData/Build/Intermediates.noindex/SwiftLocalizedStrings.build/Debug-appletvos/StringResource-t.build/Objects-normal/arm64/StringResource.LinkFileList -nostdlib -Xlinker -object_path_lto -Xlinker /Users/admin/builder/spi-builder-workspace/.derivedData/Build/Intermediates.noindex/SwiftLocalizedStrings.build/Debug-appletvos/StringResource-t.build/Objects-normal/arm64/StringResource_lto.o -Xlinker -no_deduplicate -Xlinker -debug_variant -Xlinker -dependency_info -Xlinker /Users/admin/builder/spi-builder-workspace/.derivedData/Build/Intermediates.noindex/SwiftLocalizedStrings.build/Debug-appletvos/StringResource-t.build/Objects-normal/arm64/StringResource_dependency_info.dat -fobjc-link-runtime -L/Applications/Xcode-27.0.0-Release.Candidate.app/Contents/Developer/Toolchains/XcodeDefault.xctoolchain/usr/lib/swift/appletvos -L/usr/lib/swift -Xlinker -add_ast_path -Xlinker /Users/admin/builder/spi-builder-workspace/.derivedData/Build/Intermediates.noindex/SwiftLocalizedStrings.build/Debug-appletvos/StringResource-t.build/Objects-normal/arm64/StringResource.swiftmodule -o /Users/admin/builder/spi-builder-workspace/.derivedData/Build/Products/Debug-appletvos/StringResource.o
SwiftDriver StringSource normal arm64 com.apple.xcode.tools.swift.compiler (in target 'StringSource' from project 'SwiftLocalizedStrings')
cd /Users/admin/builder/spi-builder-workspace/.swiftpm/xcode
builtin-SwiftDriver -- /Applications/Xcode-27.0.0-Release.Candidate.app/Contents/Developer/Toolchains/XcodeDefault.xctoolchain/usr/bin/swiftc -parse-as-library -module-name StringSource -Onone @/Users/admin/builder/spi-builder-workspace/.derivedData/Build/Intermediates.noindex/SwiftLocalizedStrings.build/Debug-appletvos/StringSource-t.build/Objects-normal/arm64/StringSource.SwiftFileList -DSWIFT_PACKAGE -DDEBUG -DSWIFT_MODULE_RESOURCE_BUNDLE_UNAVAILABLE -DXcode -plugin-path /Applications/Xcode-27.0.0-Release.Candidate.app/Contents/Developer/Toolchains/XcodeDefault.xctoolchain/usr/lib/swift/host/plugins/testing -enable-experimental-feature DebugDescriptionMacro -sdk /Applications/Xcode-27.0.0-Release.Candidate.app/Contents/Developer/Platforms/AppleTVOS.platform/Developer/SDKs/AppleTVOS27.0.sdk -target arm64-apple-tvos15.0 -g -module-cache-path /Users/admin/builder/spi-builder-workspace/.derivedData/ModuleCache.noindex -Xfrontend -serialize-debugging-options -profile-coverage-mapping -profile-generate -enable-testing -index-store-path /Users/admin/builder/spi-builder-workspace/.derivedData/Index.noindex/DataStore -Xcc -D_LIBCPP_HARDENING_MODE\=_LIBCPP_HARDENING_MODE_DEBUG -swift-version 6 -I /Users/admin/builder/spi-builder-workspace/.derivedData/Build/Products/Debug-appletvos -Isystem /Applications/Xcode-27.0.0-Release.Candidate.app/Contents/Developer/Platforms/AppleTVOS.platform/Developer/usr/lib -F /Users/admin/builder/spi-builder-workspace/.derivedData/Build/Products/Debug-appletvos/PackageFrameworks -F /Users/admin/builder/spi-builder-workspace/.derivedData/Build/Products/Debug-appletvos -F /Applications/Xcode-27.0.0-Release.Candidate.app/Contents/Developer/Platforms/AppleTVOS.platform/Developer/Library/Frameworks -F /Applications/Xcode-27.0.0-Release.Candidate.app/Contents/Developer/Platforms/AppleTVOS.platform/Developer/SDKs/AppleTVOS27.0.sdk/Developer/Library/Frameworks -c -j10 -enable-batch-mode -incremental -Xcc -ivfsstatcache -Xcc /Users/admin/builder/spi-builder-workspace/.derivedData/SDKStatCaches.noindex/appletvos27.0-24J360-e829b21a6f8c9b70876ba0858053c044b32bfd8d43560033f8d89884cdb90028.sdkstatcache -output-file-map /Users/admin/builder/spi-builder-workspace/.derivedData/Build/Intermediates.noindex/SwiftLocalizedStrings.build/Debug-appletvos/StringSource-t.build/Objects-normal/arm64/StringSource-OutputFileMap.json -save-temps -no-color-diagnostics -explicit-module-build -module-cache-path /Users/admin/builder/spi-builder-workspace/.derivedData/Build/Intermediates.noindex/SwiftExplicitPrecompiledModules -clang-scanner-module-cache-path /Users/admin/builder/spi-builder-workspace/.derivedData/ModuleCache.noindex -sdk-module-cache-path /Users/admin/builder/spi-builder-workspace/.derivedData/SDKExplicitPrecompiledModules -emit-dependencies -emit-module -emit-module-path /Users/admin/builder/spi-builder-workspace/.derivedData/Build/Intermediates.noindex/SwiftLocalizedStrings.build/Debug-appletvos/StringSource-t.build/Objects-normal/arm64/StringSource.swiftmodule -serialize-diagnostics -dependency-scan-serialize-diagnostics-path /Users/admin/builder/spi-builder-workspace/.derivedData/Build/Intermediates.noindex/SwiftLocalizedStrings.build/Debug-appletvos/StringSource-t.build/Objects-normal/arm64/StringSource-dependency-scan.dia -validate-clang-modules-once -clang-build-session-file /Users/admin/builder/spi-builder-workspace/.derivedData/ModuleCache.noindex/Session.modulevalidation -Xcc -fmodules-prune-interval\=86400 -Xcc -fmodules-prune-after\=345600 -package-name spi_builder_workspace -emit-const-values -const-gather-protocols-list /Users/admin/builder/spi-builder-workspace/.derivedData/Build/Intermediates.noindex/SwiftLocalizedStrings.build/Debug-appletvos/StringSource-t.build/Objects-normal/arm64/StringSource_const_extract_protocols.json -Xcc -I/Users/admin/builder/spi-builder-workspace/.derivedData/Build/Products/Debug-appletvos/include -Xcc -I/Users/admin/builder/spi-builder-workspace/.derivedData/Build/Intermediates.noindex/SwiftLocalizedStrings.build/Debug-appletvos/StringSource-t.build/DerivedSources-normal/arm64 -Xcc -I/Users/admin/builder/spi-builder-workspace/.derivedData/Build/Intermediates.noindex/SwiftLocalizedStrings.build/Debug-appletvos/StringSource-t.build/DerivedSources/arm64 -Xcc -I/Users/admin/builder/spi-builder-workspace/.derivedData/Build/Intermediates.noindex/SwiftLocalizedStrings.build/Debug-appletvos/StringSource-t.build/DerivedSources -Xcc -DSWIFT_PACKAGE -Xcc -DDEBUG\=1 -emit-objc-header -emit-objc-header-path /Users/admin/builder/spi-builder-workspace/.derivedData/Build/Intermediates.noindex/SwiftLocalizedStrings.build/Debug-appletvos/StringSource-t.build/Objects-normal/arm64/StringSource-Swift.h -working-directory /Users/admin/builder/spi-builder-workspace/.swiftpm/xcode -experimental-emit-module-separately -disable-cmo
SwiftDriver StringValidator normal arm64 com.apple.xcode.tools.swift.compiler (in target 'StringValidator' from project 'SwiftLocalizedStrings')
cd /Users/admin/builder/spi-builder-workspace/.swiftpm/xcode
builtin-SwiftDriver -- /Applications/Xcode-27.0.0-Release.Candidate.app/Contents/Developer/Toolchains/XcodeDefault.xctoolchain/usr/bin/swiftc -parse-as-library -module-name StringValidator -Onone @/Users/admin/builder/spi-builder-workspace/.derivedData/Build/Intermediates.noindex/SwiftLocalizedStrings.build/Debug-appletvos/StringValidator-t.build/Objects-normal/arm64/StringValidator.SwiftFileList -DSWIFT_PACKAGE -DDEBUG -DSWIFT_MODULE_RESOURCE_BUNDLE_UNAVAILABLE -DXcode -plugin-path /Applications/Xcode-27.0.0-Release.Candidate.app/Contents/Developer/Toolchains/XcodeDefault.xctoolchain/usr/lib/swift/host/plugins/testing -enable-experimental-feature DebugDescriptionMacro -sdk /Applications/Xcode-27.0.0-Release.Candidate.app/Contents/Developer/Platforms/AppleTVOS.platform/Developer/SDKs/AppleTVOS27.0.sdk -target arm64-apple-tvos15.0 -g -module-cache-path /Users/admin/builder/spi-builder-workspace/.derivedData/ModuleCache.noindex -Xfrontend -serialize-debugging-options -profile-coverage-mapping -profile-generate -enable-testing -index-store-path /Users/admin/builder/spi-builder-workspace/.derivedData/Index.noindex/DataStore -Xcc -D_LIBCPP_HARDENING_MODE\=_LIBCPP_HARDENING_MODE_DEBUG -swift-version 6 -I /Users/admin/builder/spi-builder-workspace/.derivedData/Build/Products/Debug-appletvos -Isystem /Applications/Xcode-27.0.0-Release.Candidate.app/Contents/Developer/Platforms/AppleTVOS.platform/Developer/usr/lib -F /Users/admin/builder/spi-builder-workspace/.derivedData/Build/Products/Debug-appletvos/PackageFrameworks -F /Users/admin/builder/spi-builder-workspace/.derivedData/Build/Products/Debug-appletvos -F /Applications/Xcode-27.0.0-Release.Candidate.app/Contents/Developer/Platforms/AppleTVOS.platform/Developer/Library/Frameworks -F /Applications/Xcode-27.0.0-Release.Candidate.app/Contents/Developer/Platforms/AppleTVOS.platform/Developer/SDKs/AppleTVOS27.0.sdk/Developer/Library/Frameworks -c -j10 -enable-batch-mode -incremental -Xcc -ivfsstatcache -Xcc /Users/admin/builder/spi-builder-workspace/.derivedData/SDKStatCaches.noindex/appletvos27.0-24J360-e829b21a6f8c9b70876ba0858053c044b32bfd8d43560033f8d89884cdb90028.sdkstatcache -output-file-map /Users/admin/builder/spi-builder-workspace/.derivedData/Build/Intermediates.noindex/SwiftLocalizedStrings.build/Debug-appletvos/StringValidator-t.build/Objects-normal/arm64/StringValidator-OutputFileMap.json -save-temps -no-color-diagnostics -explicit-module-build -module-cache-path /Users/admin/builder/spi-builder-workspace/.derivedData/Build/Intermediates.noindex/SwiftExplicitPrecompiledModules -clang-scanner-module-cache-path /Users/admin/builder/spi-builder-workspace/.derivedData/ModuleCache.noindex -sdk-module-cache-path /Users/admin/builder/spi-builder-workspace/.derivedData/SDKExplicitPrecompiledModules -emit-dependencies -emit-module -emit-module-path /Users/admin/builder/spi-builder-workspace/.derivedData/Build/Intermediates.noindex/SwiftLocalizedStrings.build/Debug-appletvos/StringValidator-t.build/Objects-normal/arm64/StringValidator.swiftmodule -serialize-diagnostics -dependency-scan-serialize-diagnostics-path /Users/admin/builder/spi-builder-workspace/.derivedData/Build/Intermediates.noindex/SwiftLocalizedStrings.build/Debug-appletvos/StringValidator-t.build/Objects-normal/arm64/StringValidator-dependency-scan.dia -validate-clang-modules-once -clang-build-session-file /Users/admin/builder/spi-builder-workspace/.derivedData/ModuleCache.noindex/Session.modulevalidation -Xcc -fmodules-prune-interval\=86400 -Xcc -fmodules-prune-after\=345600 -package-name spi_builder_workspace -emit-const-values -const-gather-protocols-list /Users/admin/builder/spi-builder-workspace/.derivedData/Build/Intermediates.noindex/SwiftLocalizedStrings.build/Debug-appletvos/StringValidator-t.build/Objects-normal/arm64/StringValidator_const_extract_protocols.json -Xcc -I/Users/admin/builder/spi-builder-workspace/.derivedData/Build/Products/Debug-appletvos/include -Xcc -I/Users/admin/builder/spi-builder-workspace/.derivedData/Build/Intermediates.noindex/SwiftLocalizedStrings.build/Debug-appletvos/StringValidator-t.build/DerivedSources-normal/arm64 -Xcc -I/Users/admin/builder/spi-builder-workspace/.derivedData/Build/Intermediates.noindex/SwiftLocalizedStrings.build/Debug-appletvos/StringValidator-t.build/DerivedSources/arm64 -Xcc -I/Users/admin/builder/spi-builder-workspace/.derivedData/Build/Intermediates.noindex/SwiftLocalizedStrings.build/Debug-appletvos/StringValidator-t.build/DerivedSources -Xcc -DSWIFT_PACKAGE -Xcc -DDEBUG\=1 -emit-objc-header -emit-objc-header-path /Users/admin/builder/spi-builder-workspace/.derivedData/Build/Intermediates.noindex/SwiftLocalizedStrings.build/Debug-appletvos/StringValidator-t.build/Objects-normal/arm64/StringValidator-Swift.h -working-directory /Users/admin/builder/spi-builder-workspace/.swiftpm/xcode -experimental-emit-module-separately -disable-cmo
ExtractAppIntentsMetadata (in target 'StringResource' from project 'SwiftLocalizedStrings')
cd /Users/admin/builder/spi-builder-workspace
/Applications/Xcode-27.0.0-Release.Candidate.app/Contents/Developer/Toolchains/XcodeDefault.xctoolchain/usr/bin/appintentsmetadataprocessor --toolchain-dir /var/run/com.apple.security.cryptexd/mnt/com.apple.MobileAsset.MetalToolchain-v27.1.266.1.AaZpHQ/Metal.xctoolchain --module-name StringResource --sdk-root /Applications/Xcode-27.0.0-Release.Candidate.app/Contents/Developer/Platforms/AppleTVOS.platform/Developer/SDKs/AppleTVOS27.0.sdk --xcode-version 27A266a --platform-family tvOS --deployment-target 15.0 --bundle-identifier spi-builder-workspace.StringResource --output /Users/admin/builder/spi-builder-workspace/.derivedData/Build/Products/Debug-appletvos/StringResource.appintents --target-triple arm64-apple-tvos15.0 --binary-file /Users/admin/builder/spi-builder-workspace/.derivedData/Build/Products/Debug-appletvos/StringResource.o --dependency-file /Users/admin/builder/spi-builder-workspace/.derivedData/Build/Intermediates.noindex/SwiftLocalizedStrings.build/Debug-appletvos/StringResource-t.build/Objects-normal/arm64/StringResource_dependency_info.dat --stringsdata-file /Users/admin/builder/spi-builder-workspace/.derivedData/Build/Intermediates.noindex/SwiftLocalizedStrings.build/Debug-appletvos/StringResource-t.build/Objects-normal/arm64/ExtractedAppShortcutsMetadata.stringsdata --source-file-list /Users/admin/builder/spi-builder-workspace/.derivedData/Build/Intermediates.noindex/SwiftLocalizedStrings.build/Debug-appletvos/StringResource-t.build/Objects-normal/arm64/StringResource.SwiftFileList --metadata-file-list /Users/admin/builder/spi-builder-workspace/.derivedData/Build/Intermediates.noindex/SwiftLocalizedStrings.build/Debug-appletvos/StringResource-t.build/StringResource.DependencyMetadataFileList --static-metadata-file-list /Users/admin/builder/spi-builder-workspace/.derivedData/Build/Intermediates.noindex/SwiftLocalizedStrings.build/Debug-appletvos/StringResource-t.build/StringResource.DependencyStaticMetadataFileList --swift-const-vals-list /Users/admin/builder/spi-builder-workspace/.derivedData/Build/Intermediates.noindex/SwiftLocalizedStrings.build/Debug-appletvos/StringResource-t.build/Objects-normal/arm64/StringResource.SwiftConstValuesFileList --force --compile-time-extraction --deployment-aware-processing --no-app-shortcuts-localization
2026-09-22 03:33:18.139 appintentsmetadataprocessor[711:4485] Starting appintentsmetadataprocessor export
2026-09-22 03:33:18.245 appintentsmetadataprocessor[711:4485] Extracted no relevant App Intents symbols, skipping writing output
ExtractAppIntentsMetadata (in target 'SwiftIdentifier' from project 'SwiftLocalizedStrings')
cd /Users/admin/builder/spi-builder-workspace
/Applications/Xcode-27.0.0-Release.Candidate.app/Contents/Developer/Toolchains/XcodeDefault.xctoolchain/usr/bin/appintentsmetadataprocessor --toolchain-dir /var/run/com.apple.security.cryptexd/mnt/com.apple.MobileAsset.MetalToolchain-v27.1.266.1.AaZpHQ/Metal.xctoolchain --module-name SwiftIdentifier --sdk-root /Applications/Xcode-27.0.0-Release.Candidate.app/Contents/Developer/Platforms/AppleTVOS.platform/Developer/SDKs/AppleTVOS27.0.sdk --xcode-version 27A266a --platform-family tvOS --deployment-target 15.0 --bundle-identifier spi-builder-workspace.SwiftIdentifier --output /Users/admin/builder/spi-builder-workspace/.derivedData/Build/Products/Debug-appletvos/SwiftIdentifier.appintents --target-triple arm64-apple-tvos15.0 --binary-file /Users/admin/builder/spi-builder-workspace/.derivedData/Build/Products/Debug-appletvos/SwiftIdentifier.o --dependency-file /Users/admin/builder/spi-builder-workspace/.derivedData/Build/Intermediates.noindex/SwiftLocalizedStrings.build/Debug-appletvos/SwiftIdentifier-t.build/Objects-normal/arm64/SwiftIdentifier_dependency_info.dat --stringsdata-file /Users/admin/builder/spi-builder-workspace/.derivedData/Build/Intermediates.noindex/SwiftLocalizedStrings.build/Debug-appletvos/SwiftIdentifier-t.build/Objects-normal/arm64/ExtractedAppShortcutsMetadata.stringsdata --source-file-list /Users/admin/builder/spi-builder-workspace/.derivedData/Build/Intermediates.noindex/SwiftLocalizedStrings.build/Debug-appletvos/SwiftIdentifier-t.build/Objects-normal/arm64/SwiftIdentifier.SwiftFileList --metadata-file-list /Users/admin/builder/spi-builder-workspace/.derivedData/Build/Intermediates.noindex/SwiftLocalizedStrings.build/Debug-appletvos/SwiftIdentifier-t.build/SwiftIdentifier.DependencyMetadataFileList --static-metadata-file-list /Users/admin/builder/spi-builder-workspace/.derivedData/Build/Intermediates.noindex/SwiftLocalizedStrings.build/Debug-appletvos/SwiftIdentifier-t.build/SwiftIdentifier.DependencyStaticMetadataFileList --swift-const-vals-list /Users/admin/builder/spi-builder-workspace/.derivedData/Build/Intermediates.noindex/SwiftLocalizedStrings.build/Debug-appletvos/SwiftIdentifier-t.build/Objects-normal/arm64/SwiftIdentifier.SwiftConstValuesFileList --force --compile-time-extraction --deployment-aware-processing --no-app-shortcuts-localization
2026-09-22 03:33:18.139 appintentsmetadataprocessor[712:4493] Starting appintentsmetadataprocessor export
2026-09-22 03:33:18.245 appintentsmetadataprocessor[712:4493] Extracted no relevant App Intents symbols, skipping writing output
SwiftDriverJobDiscovery normal arm64 Compiling StringLanguage.swift (in target 'StringCatalog' from project 'SwiftLocalizedStrings')
SwiftDriverJobDiscovery normal arm64 Compiling StringUnit.swift (in target 'StringCatalog' from project 'SwiftLocalizedStrings')
SwiftDriverJobDiscovery normal arm64 Compiling StringVariation.swift (in target 'StringCatalog' from project 'SwiftLocalizedStrings')
SwiftDriverJobDiscovery normal arm64 Compiling StringEntry.swift (in target 'StringCatalog' from project 'SwiftLocalizedStrings')
SwiftDriverJobDiscovery normal arm64 Compiling StringVariations.swift (in target 'StringCatalog' from project 'SwiftLocalizedStrings')
SwiftDriver\ Compilation StringCatalog normal arm64 com.apple.xcode.tools.swift.compiler (in target 'StringCatalog' from project 'SwiftLocalizedStrings')
cd /Users/admin/builder/spi-builder-workspace/.swiftpm/xcode
builtin-Swift-Compilation -- /Applications/Xcode-27.0.0-Release.Candidate.app/Contents/Developer/Toolchains/XcodeDefault.xctoolchain/usr/bin/swiftc -parse-as-library -module-name StringCatalog -Onone @/Users/admin/builder/spi-builder-workspace/.derivedData/Build/Intermediates.noindex/SwiftLocalizedStrings.build/Debug-appletvos/StringCatalog-t.build/Objects-normal/arm64/StringCatalog.SwiftFileList -DSWIFT_PACKAGE -DDEBUG -DSWIFT_MODULE_RESOURCE_BUNDLE_UNAVAILABLE -DXcode -plugin-path /Applications/Xcode-27.0.0-Release.Candidate.app/Contents/Developer/Toolchains/XcodeDefault.xctoolchain/usr/lib/swift/host/plugins/testing -enable-experimental-feature DebugDescriptionMacro -sdk /Applications/Xcode-27.0.0-Release.Candidate.app/Contents/Developer/Platforms/AppleTVOS.platform/Developer/SDKs/AppleTVOS27.0.sdk -target arm64-apple-tvos15.0 -g -module-cache-path /Users/admin/builder/spi-builder-workspace/.derivedData/ModuleCache.noindex -Xfrontend -serialize-debugging-options -profile-coverage-mapping -profile-generate -enable-testing -index-store-path /Users/admin/builder/spi-builder-workspace/.derivedData/Index.noindex/DataStore -Xcc -D_LIBCPP_HARDENING_MODE\=_LIBCPP_HARDENING_MODE_DEBUG -swift-version 6 -I /Users/admin/builder/spi-builder-workspace/.derivedData/Build/Products/Debug-appletvos -Isystem /Applications/Xcode-27.0.0-Release.Candidate.app/Contents/Developer/Platforms/AppleTVOS.platform/Developer/usr/lib -F /Users/admin/builder/spi-builder-workspace/.derivedData/Build/Products/Debug-appletvos -F /Applications/Xcode-27.0.0-Release.Candidate.app/Contents/Developer/Platforms/AppleTVOS.platform/Developer/Library/Frameworks -F /Applications/Xcode-27.0.0-Release.Candidate.app/Contents/Developer/Platforms/AppleTVOS.platform/Developer/SDKs/AppleTVOS27.0.sdk/Developer/Library/Frameworks -c -j10 -enable-batch-mode -incremental -Xcc -ivfsstatcache -Xcc /Users/admin/builder/spi-builder-workspace/.derivedData/SDKStatCaches.noindex/appletvos27.0-24J360-e829b21a6f8c9b70876ba0858053c044b32bfd8d43560033f8d89884cdb90028.sdkstatcache -output-file-map /Users/admin/builder/spi-builder-workspace/.derivedData/Build/Intermediates.noindex/SwiftLocalizedStrings.build/Debug-appletvos/StringCatalog-t.build/Objects-normal/arm64/StringCatalog-OutputFileMap.json -save-temps -no-color-diagnostics -explicit-module-build -module-cache-path /Users/admin/builder/spi-builder-workspace/.derivedData/Build/Intermediates.noindex/SwiftExplicitPrecompiledModules -clang-scanner-module-cache-path /Users/admin/builder/spi-builder-workspace/.derivedData/ModuleCache.noindex -sdk-module-cache-path /Users/admin/builder/spi-builder-workspace/.derivedData/SDKExplicitPrecompiledModules -emit-dependencies -emit-module -emit-module-path /Users/admin/builder/spi-builder-workspace/.derivedData/Build/Intermediates.noindex/SwiftLocalizedStrings.build/Debug-appletvos/StringCatalog-t.build/Objects-normal/arm64/StringCatalog.swiftmodule -serialize-diagnostics -dependency-scan-serialize-diagnostics-path /Users/admin/builder/spi-builder-workspace/.derivedData/Build/Intermediates.noindex/SwiftLocalizedStrings.build/Debug-appletvos/StringCatalog-t.build/Objects-normal/arm64/StringCatalog-dependency-scan.dia -validate-clang-modules-once -clang-build-session-file /Users/admin/builder/spi-builder-workspace/.derivedData/ModuleCache.noindex/Session.modulevalidation -Xcc -fmodules-prune-interval\=86400 -Xcc -fmodules-prune-after\=345600 -package-name spi_builder_workspace -emit-const-values -const-gather-protocols-list /Users/admin/builder/spi-builder-workspace/.derivedData/Build/Intermediates.noindex/SwiftLocalizedStrings.build/Debug-appletvos/StringCatalog-t.build/Objects-normal/arm64/StringCatalog_const_extract_protocols.json -Xcc -I/Users/admin/builder/spi-builder-workspace/.derivedData/Build/Products/Debug-appletvos/include -Xcc -I/Users/admin/builder/spi-builder-workspace/.derivedData/Build/Intermediates.noindex/SwiftLocalizedStrings.build/Debug-appletvos/StringCatalog-t.build/DerivedSources-normal/arm64 -Xcc -I/Users/admin/builder/spi-builder-workspace/.derivedData/Build/Intermediates.noindex/SwiftLocalizedStrings.build/Debug-appletvos/StringCatalog-t.build/DerivedSources/arm64 -Xcc -I/Users/admin/builder/spi-builder-workspace/.derivedData/Build/Intermediates.noindex/SwiftLocalizedStrings.build/Debug-appletvos/StringCatalog-t.build/DerivedSources -Xcc -DSWIFT_PACKAGE -Xcc -DDEBUG\=1 -emit-objc-header -emit-objc-header-path /Users/admin/builder/spi-builder-workspace/.derivedData/Build/Intermediates.noindex/SwiftLocalizedStrings.build/Debug-appletvos/StringCatalog-t.build/Objects-normal/arm64/StringCatalog-Swift.h -working-directory /Users/admin/builder/spi-builder-workspace/.swiftpm/xcode -experimental-emit-module-separately -disable-cmo
Ld /Users/admin/builder/spi-builder-workspace/.derivedData/Build/Products/Debug-appletvos/StringCatalog.o normal (in target 'StringCatalog' from project 'SwiftLocalizedStrings')
cd /Users/admin/builder/spi-builder-workspace
/Applications/Xcode-27.0.0-Release.Candidate.app/Contents/Developer/Toolchains/XcodeDefault.xctoolchain/usr/bin/clang -Xlinker -reproducible -target arm64-apple-tvos15.0 -r -isysroot /Applications/Xcode-27.0.0-Release.Candidate.app/Contents/Developer/Platforms/AppleTVOS.platform/Developer/SDKs/AppleTVOS27.0.sdk -O0 -Xlinker -no_warn_duplicate_libraries -F/Users/admin/builder/spi-builder-workspace/.derivedData/Build/Intermediates.noindex/EagerLinkingTBDs/Debug-appletvos -F/Users/admin/builder/spi-builder-workspace/.derivedData/Build/Products/Debug-appletvos -iframework /Applications/Xcode-27.0.0-Release.Candidate.app/Contents/Developer/Platforms/AppleTVOS.platform/Developer/Library/Frameworks -iframework /Applications/Xcode-27.0.0-Release.Candidate.app/Contents/Developer/Platforms/AppleTVOS.platform/Developer/SDKs/AppleTVOS27.0.sdk/Developer/Library/Frameworks -filelist /Users/admin/builder/spi-builder-workspace/.derivedData/Build/Intermediates.noindex/SwiftLocalizedStrings.build/Debug-appletvos/StringCatalog-t.build/Objects-normal/arm64/StringCatalog.LinkFileList -nostdlib -Xlinker -object_path_lto -Xlinker /Users/admin/builder/spi-builder-workspace/.derivedData/Build/Intermediates.noindex/SwiftLocalizedStrings.build/Debug-appletvos/StringCatalog-t.build/Objects-normal/arm64/StringCatalog_lto.o -Xlinker -no_deduplicate -Xlinker -debug_variant -Xlinker -dependency_info -Xlinker /Users/admin/builder/spi-builder-workspace/.derivedData/Build/Intermediates.noindex/SwiftLocalizedStrings.build/Debug-appletvos/StringCatalog-t.build/Objects-normal/arm64/StringCatalog_dependency_info.dat -fobjc-link-runtime -L/Applications/Xcode-27.0.0-Release.Candidate.app/Contents/Developer/Toolchains/XcodeDefault.xctoolchain/usr/lib/swift/appletvos -L/usr/lib/swift -Xlinker -add_ast_path -Xlinker /Users/admin/builder/spi-builder-workspace/.derivedData/Build/Intermediates.noindex/SwiftLocalizedStrings.build/Debug-appletvos/StringCatalog-t.build/Objects-normal/arm64/StringCatalog.swiftmodule -o /Users/admin/builder/spi-builder-workspace/.derivedData/Build/Products/Debug-appletvos/StringCatalog.o
ExtractAppIntentsMetadata (in target 'StringCatalog' from project 'SwiftLocalizedStrings')
cd /Users/admin/builder/spi-builder-workspace
/Applications/Xcode-27.0.0-Release.Candidate.app/Contents/Developer/Toolchains/XcodeDefault.xctoolchain/usr/bin/appintentsmetadataprocessor --toolchain-dir /var/run/com.apple.security.cryptexd/mnt/com.apple.MobileAsset.MetalToolchain-v27.1.266.1.AaZpHQ/Metal.xctoolchain --module-name StringCatalog --sdk-root /Applications/Xcode-27.0.0-Release.Candidate.app/Contents/Developer/Platforms/AppleTVOS.platform/Developer/SDKs/AppleTVOS27.0.sdk --xcode-version 27A266a --platform-family tvOS --deployment-target 15.0 --bundle-identifier spi-builder-workspace.StringCatalog --output /Users/admin/builder/spi-builder-workspace/.derivedData/Build/Products/Debug-appletvos/StringCatalog.appintents --target-triple arm64-apple-tvos15.0 --binary-file /Users/admin/builder/spi-builder-workspace/.derivedData/Build/Products/Debug-appletvos/StringCatalog.o --dependency-file /Users/admin/builder/spi-builder-workspace/.derivedData/Build/Intermediates.noindex/SwiftLocalizedStrings.build/Debug-appletvos/StringCatalog-t.build/Objects-normal/arm64/StringCatalog_dependency_info.dat --stringsdata-file /Users/admin/builder/spi-builder-workspace/.derivedData/Build/Intermediates.noindex/SwiftLocalizedStrings.build/Debug-appletvos/StringCatalog-t.build/Objects-normal/arm64/ExtractedAppShortcutsMetadata.stringsdata --source-file-list /Users/admin/builder/spi-builder-workspace/.derivedData/Build/Intermediates.noindex/SwiftLocalizedStrings.build/Debug-appletvos/StringCatalog-t.build/Objects-normal/arm64/StringCatalog.SwiftFileList --metadata-file-list /Users/admin/builder/spi-builder-workspace/.derivedData/Build/Intermediates.noindex/SwiftLocalizedStrings.build/Debug-appletvos/StringCatalog-t.build/StringCatalog.DependencyMetadataFileList --static-metadata-file-list /Users/admin/builder/spi-builder-workspace/.derivedData/Build/Intermediates.noindex/SwiftLocalizedStrings.build/Debug-appletvos/StringCatalog-t.build/StringCatalog.DependencyStaticMetadataFileList --swift-const-vals-list /Users/admin/builder/spi-builder-workspace/.derivedData/Build/Intermediates.noindex/SwiftLocalizedStrings.build/Debug-appletvos/StringCatalog-t.build/Objects-normal/arm64/StringCatalog.SwiftConstValuesFileList --force --compile-time-extraction --deployment-aware-processing --no-app-shortcuts-localization
2026-09-22 03:33:18.295 appintentsmetadataprocessor[715:4582] Starting appintentsmetadataprocessor export
2026-09-22 03:33:18.359 appintentsmetadataprocessor[715:4582] Extracted no relevant App Intents symbols, skipping writing output
SwiftEmitModule normal arm64 Emitting\ module\ for\ StringValidator (in target 'StringValidator' from project 'SwiftLocalizedStrings')
SwiftCompile normal arm64 (in target 'StringValidator' from project 'SwiftLocalizedStrings')
cd /Users/admin/builder/spi-builder-workspace/.swiftpm/xcode
SwiftCompile normal arm64 Compiling\ ResourceValidator.swift /Users/admin/builder/spi-builder-workspace/Sources/StringValidator/ResourceValidator.swift (in target 'StringValidator' from project 'SwiftLocalizedStrings')
SwiftCompile normal arm64 /Users/admin/builder/spi-builder-workspace/Sources/StringValidator/ResourceValidator.swift (in target 'StringValidator' from project 'SwiftLocalizedStrings')
cd /Users/admin/builder/spi-builder-workspace/.swiftpm/xcode
builtin-SwiftPerFileCompile ResourceValidator.swift
SwiftCompile normal arm64 Compiling\ StringSourceError.swift /Users/admin/builder/spi-builder-workspace/Sources/StringSource/StringSourceError.swift (in target 'StringSource' from project 'SwiftLocalizedStrings')
SwiftCompile normal arm64 /Users/admin/builder/spi-builder-workspace/Sources/StringSource/StringSourceError.swift (in target 'StringSource' from project 'SwiftLocalizedStrings')
cd /Users/admin/builder/spi-builder-workspace/.swiftpm/xcode
builtin-SwiftPerFileCompile StringSourceError.swift
SwiftCompile normal arm64 Compiling\ StringSource.swift /Users/admin/builder/spi-builder-workspace/Sources/StringSource/StringSource.swift (in target 'StringSource' from project 'SwiftLocalizedStrings')
SwiftCompile normal arm64 /Users/admin/builder/spi-builder-workspace/Sources/StringSource/StringSource.swift (in target 'StringSource' from project 'SwiftLocalizedStrings')
cd /Users/admin/builder/spi-builder-workspace/.swiftpm/xcode
builtin-SwiftPerFileCompile StringSource.swift
SwiftEmitModule normal arm64 Emitting\ module\ for\ StringSource (in target 'StringSource' from project 'SwiftLocalizedStrings')
SwiftCompile normal arm64 (in target 'StringSource' from project 'SwiftLocalizedStrings')
cd /Users/admin/builder/spi-builder-workspace/.swiftpm/xcode
SwiftDriverJobDiscovery normal arm64 Emitting module for StringValidator (in target 'StringValidator' from project 'SwiftLocalizedStrings')
SwiftDriver\ Compilation\ Requirements StringValidator normal arm64 com.apple.xcode.tools.swift.compiler (in target 'StringValidator' from project 'SwiftLocalizedStrings')
cd /Users/admin/builder/spi-builder-workspace/.swiftpm/xcode
builtin-Swift-Compilation-Requirements -- /Applications/Xcode-27.0.0-Release.Candidate.app/Contents/Developer/Toolchains/XcodeDefault.xctoolchain/usr/bin/swiftc -parse-as-library -module-name StringValidator -Onone @/Users/admin/builder/spi-builder-workspace/.derivedData/Build/Intermediates.noindex/SwiftLocalizedStrings.build/Debug-appletvos/StringValidator-t.build/Objects-normal/arm64/StringValidator.SwiftFileList -DSWIFT_PACKAGE -DDEBUG -DSWIFT_MODULE_RESOURCE_BUNDLE_UNAVAILABLE -DXcode -plugin-path /Applications/Xcode-27.0.0-Release.Candidate.app/Contents/Developer/Toolchains/XcodeDefault.xctoolchain/usr/lib/swift/host/plugins/testing -enable-experimental-feature DebugDescriptionMacro -sdk /Applications/Xcode-27.0.0-Release.Candidate.app/Contents/Developer/Platforms/AppleTVOS.platform/Developer/SDKs/AppleTVOS27.0.sdk -target arm64-apple-tvos15.0 -g -module-cache-path /Users/admin/builder/spi-builder-workspace/.derivedData/ModuleCache.noindex -Xfrontend -serialize-debugging-options -profile-coverage-mapping -profile-generate -enable-testing -index-store-path /Users/admin/builder/spi-builder-workspace/.derivedData/Index.noindex/DataStore -Xcc -D_LIBCPP_HARDENING_MODE\=_LIBCPP_HARDENING_MODE_DEBUG -swift-version 6 -I /Users/admin/builder/spi-builder-workspace/.derivedData/Build/Products/Debug-appletvos -Isystem /Applications/Xcode-27.0.0-Release.Candidate.app/Contents/Developer/Platforms/AppleTVOS.platform/Developer/usr/lib -F /Users/admin/builder/spi-builder-workspace/.derivedData/Build/Products/Debug-appletvos/PackageFrameworks -F /Users/admin/builder/spi-builder-workspace/.derivedData/Build/Products/Debug-appletvos -F /Applications/Xcode-27.0.0-Release.Candidate.app/Contents/Developer/Platforms/AppleTVOS.platform/Developer/Library/Frameworks -F /Applications/Xcode-27.0.0-Release.Candidate.app/Contents/Developer/Platforms/AppleTVOS.platform/Developer/SDKs/AppleTVOS27.0.sdk/Developer/Library/Frameworks -c -j10 -enable-batch-mode -incremental -Xcc -ivfsstatcache -Xcc /Users/admin/builder/spi-builder-workspace/.derivedData/SDKStatCaches.noindex/appletvos27.0-24J360-e829b21a6f8c9b70876ba0858053c044b32bfd8d43560033f8d89884cdb90028.sdkstatcache -output-file-map /Users/admin/builder/spi-builder-workspace/.derivedData/Build/Intermediates.noindex/SwiftLocalizedStrings.build/Debug-appletvos/StringValidator-t.build/Objects-normal/arm64/StringValidator-OutputFileMap.json -save-temps -no-color-diagnostics -explicit-module-build -module-cache-path /Users/admin/builder/spi-builder-workspace/.derivedData/Build/Intermediates.noindex/SwiftExplicitPrecompiledModules -clang-scanner-module-cache-path /Users/admin/builder/spi-builder-workspace/.derivedData/ModuleCache.noindex -sdk-module-cache-path /Users/admin/builder/spi-builder-workspace/.derivedData/SDKExplicitPrecompiledModules -emit-dependencies -emit-module -emit-module-path /Users/admin/builder/spi-builder-workspace/.derivedData/Build/Intermediates.noindex/SwiftLocalizedStrings.build/Debug-appletvos/StringValidator-t.build/Objects-normal/arm64/StringValidator.swiftmodule -serialize-diagnostics -dependency-scan-serialize-diagnostics-path /Users/admin/builder/spi-builder-workspace/.derivedData/Build/Intermediates.noindex/SwiftLocalizedStrings.build/Debug-appletvos/StringValidator-t.build/Objects-normal/arm64/StringValidator-dependency-scan.dia -validate-clang-modules-once -clang-build-session-file /Users/admin/builder/spi-builder-workspace/.derivedData/ModuleCache.noindex/Session.modulevalidation -Xcc -fmodules-prune-interval\=86400 -Xcc -fmodules-prune-after\=345600 -package-name spi_builder_workspace -emit-const-values -const-gather-protocols-list /Users/admin/builder/spi-builder-workspace/.derivedData/Build/Intermediates.noindex/SwiftLocalizedStrings.build/Debug-appletvos/StringValidator-t.build/Objects-normal/arm64/StringValidator_const_extract_protocols.json -Xcc -I/Users/admin/builder/spi-builder-workspace/.derivedData/Build/Products/Debug-appletvos/include -Xcc -I/Users/admin/builder/spi-builder-workspace/.derivedData/Build/Intermediates.noindex/SwiftLocalizedStrings.build/Debug-appletvos/StringValidator-t.build/DerivedSources-normal/arm64 -Xcc -I/Users/admin/builder/spi-builder-workspace/.derivedData/Build/Intermediates.noindex/SwiftLocalizedStrings.build/Debug-appletvos/StringValidator-t.build/DerivedSources/arm64 -Xcc -I/Users/admin/builder/spi-builder-workspace/.derivedData/Build/Intermediates.noindex/SwiftLocalizedStrings.build/Debug-appletvos/StringValidator-t.build/DerivedSources -Xcc -DSWIFT_PACKAGE -Xcc -DDEBUG\=1 -emit-objc-header -emit-objc-header-path /Users/admin/builder/spi-builder-workspace/.derivedData/Build/Intermediates.noindex/SwiftLocalizedStrings.build/Debug-appletvos/StringValidator-t.build/Objects-normal/arm64/StringValidator-Swift.h -working-directory /Users/admin/builder/spi-builder-workspace/.swiftpm/xcode -experimental-emit-module-separately -disable-cmo
SwiftMergeGeneratedHeaders /Users/admin/builder/spi-builder-workspace/.derivedData/Build/Intermediates.noindex/GeneratedModuleMaps-appletvos/StringValidator-Swift.h /Users/admin/builder/spi-builder-workspace/.derivedData/Build/Intermediates.noindex/SwiftLocalizedStrings.build/Debug-appletvos/StringValidator-t.build/Objects-normal/arm64/StringValidator-Swift.h (in target 'StringValidator' from project 'SwiftLocalizedStrings')
cd /Users/admin/builder/spi-builder-workspace
builtin-swiftHeaderTool -arch arm64 /Users/admin/builder/spi-builder-workspace/.derivedData/Build/Intermediates.noindex/SwiftLocalizedStrings.build/Debug-appletvos/StringValidator-t.build/Objects-normal/arm64/StringValidator-Swift.h -o /Users/admin/builder/spi-builder-workspace/.derivedData/Build/Intermediates.noindex/GeneratedModuleMaps-appletvos/StringValidator-Swift.h
Copy /Users/admin/builder/spi-builder-workspace/.derivedData/Build/Products/Debug-appletvos/StringValidator.swiftmodule/arm64-apple-tvos.abi.json /Users/admin/builder/spi-builder-workspace/.derivedData/Build/Intermediates.noindex/SwiftLocalizedStrings.build/Debug-appletvos/StringValidator-t.build/Objects-normal/arm64/StringValidator.abi.json (in target 'StringValidator' from project 'SwiftLocalizedStrings')
cd /Users/admin/builder/spi-builder-workspace
builtin-copy -exclude .DS_Store -exclude CVS -exclude .svn -exclude .git -exclude .hg -resolve-src-symlinks -rename /Users/admin/builder/spi-builder-workspace/.derivedData/Build/Intermediates.noindex/SwiftLocalizedStrings.build/Debug-appletvos/StringValidator-t.build/Objects-normal/arm64/StringValidator.abi.json /Users/admin/builder/spi-builder-workspace/.derivedData/Build/Products/Debug-appletvos/StringValidator.swiftmodule/arm64-apple-tvos.abi.json
Copy /Users/admin/builder/spi-builder-workspace/.derivedData/Build/Products/Debug-appletvos/StringValidator.swiftmodule/arm64-apple-tvos.swiftmodule /Users/admin/builder/spi-builder-workspace/.derivedData/Build/Intermediates.noindex/SwiftLocalizedStrings.build/Debug-appletvos/StringValidator-t.build/Objects-normal/arm64/StringValidator.swiftmodule (in target 'StringValidator' from project 'SwiftLocalizedStrings')
cd /Users/admin/builder/spi-builder-workspace
builtin-copy -exclude .DS_Store -exclude CVS -exclude .svn -exclude .git -exclude .hg -resolve-src-symlinks -rename /Users/admin/builder/spi-builder-workspace/.derivedData/Build/Intermediates.noindex/SwiftLocalizedStrings.build/Debug-appletvos/StringValidator-t.build/Objects-normal/arm64/StringValidator.swiftmodule /Users/admin/builder/spi-builder-workspace/.derivedData/Build/Products/Debug-appletvos/StringValidator.swiftmodule/arm64-apple-tvos.swiftmodule
Copy /Users/admin/builder/spi-builder-workspace/.derivedData/Build/Products/Debug-appletvos/StringValidator.swiftmodule/arm64-apple-tvos.swiftdoc /Users/admin/builder/spi-builder-workspace/.derivedData/Build/Intermediates.noindex/SwiftLocalizedStrings.build/Debug-appletvos/StringValidator-t.build/Objects-normal/arm64/StringValidator.swiftdoc (in target 'StringValidator' from project 'SwiftLocalizedStrings')
cd /Users/admin/builder/spi-builder-workspace
builtin-copy -exclude .DS_Store -exclude CVS -exclude .svn -exclude .git -exclude .hg -resolve-src-symlinks -rename /Users/admin/builder/spi-builder-workspace/.derivedData/Build/Intermediates.noindex/SwiftLocalizedStrings.build/Debug-appletvos/StringValidator-t.build/Objects-normal/arm64/StringValidator.swiftdoc /Users/admin/builder/spi-builder-workspace/.derivedData/Build/Products/Debug-appletvos/StringValidator.swiftmodule/arm64-apple-tvos.swiftdoc
Copy /Users/admin/builder/spi-builder-workspace/.derivedData/Build/Products/Debug-appletvos/StringValidator.swiftmodule/Project/arm64-apple-tvos.swiftsourceinfo /Users/admin/builder/spi-builder-workspace/.derivedData/Build/Intermediates.noindex/SwiftLocalizedStrings.build/Debug-appletvos/StringValidator-t.build/Objects-normal/arm64/StringValidator.swiftsourceinfo (in target 'StringValidator' from project 'SwiftLocalizedStrings')
cd /Users/admin/builder/spi-builder-workspace
builtin-copy -exclude .DS_Store -exclude CVS -exclude .svn -exclude .git -exclude .hg -resolve-src-symlinks -rename /Users/admin/builder/spi-builder-workspace/.derivedData/Build/Intermediates.noindex/SwiftLocalizedStrings.build/Debug-appletvos/StringValidator-t.build/Objects-normal/arm64/StringValidator.swiftsourceinfo /Users/admin/builder/spi-builder-workspace/.derivedData/Build/Products/Debug-appletvos/StringValidator.swiftmodule/Project/arm64-apple-tvos.swiftsourceinfo
SwiftDriverJobDiscovery normal arm64 Emitting module for StringSource (in target 'StringSource' from project 'SwiftLocalizedStrings')
SwiftDriver\ Compilation\ Requirements StringSource normal arm64 com.apple.xcode.tools.swift.compiler (in target 'StringSource' from project 'SwiftLocalizedStrings')
cd /Users/admin/builder/spi-builder-workspace/.swiftpm/xcode
builtin-Swift-Compilation-Requirements -- /Applications/Xcode-27.0.0-Release.Candidate.app/Contents/Developer/Toolchains/XcodeDefault.xctoolchain/usr/bin/swiftc -parse-as-library -module-name StringSource -Onone @/Users/admin/builder/spi-builder-workspace/.derivedData/Build/Intermediates.noindex/SwiftLocalizedStrings.build/Debug-appletvos/StringSource-t.build/Objects-normal/arm64/StringSource.SwiftFileList -DSWIFT_PACKAGE -DDEBUG -DSWIFT_MODULE_RESOURCE_BUNDLE_UNAVAILABLE -DXcode -plugin-path /Applications/Xcode-27.0.0-Release.Candidate.app/Contents/Developer/Toolchains/XcodeDefault.xctoolchain/usr/lib/swift/host/plugins/testing -enable-experimental-feature DebugDescriptionMacro -sdk /Applications/Xcode-27.0.0-Release.Candidate.app/Contents/Developer/Platforms/AppleTVOS.platform/Developer/SDKs/AppleTVOS27.0.sdk -target arm64-apple-tvos15.0 -g -module-cache-path /Users/admin/builder/spi-builder-workspace/.derivedData/ModuleCache.noindex -Xfrontend -serialize-debugging-options -profile-coverage-mapping -profile-generate -enable-testing -index-store-path /Users/admin/builder/spi-builder-workspace/.derivedData/Index.noindex/DataStore -Xcc -D_LIBCPP_HARDENING_MODE\=_LIBCPP_HARDENING_MODE_DEBUG -swift-version 6 -I /Users/admin/builder/spi-builder-workspace/.derivedData/Build/Products/Debug-appletvos -Isystem /Applications/Xcode-27.0.0-Release.Candidate.app/Contents/Developer/Platforms/AppleTVOS.platform/Developer/usr/lib -F /Users/admin/builder/spi-builder-workspace/.derivedData/Build/Products/Debug-appletvos/PackageFrameworks -F /Users/admin/builder/spi-builder-workspace/.derivedData/Build/Products/Debug-appletvos -F /Applications/Xcode-27.0.0-Release.Candidate.app/Contents/Developer/Platforms/AppleTVOS.platform/Developer/Library/Frameworks -F /Applications/Xcode-27.0.0-Release.Candidate.app/Contents/Developer/Platforms/AppleTVOS.platform/Developer/SDKs/AppleTVOS27.0.sdk/Developer/Library/Frameworks -c -j10 -enable-batch-mode -incremental -Xcc -ivfsstatcache -Xcc /Users/admin/builder/spi-builder-workspace/.derivedData/SDKStatCaches.noindex/appletvos27.0-24J360-e829b21a6f8c9b70876ba0858053c044b32bfd8d43560033f8d89884cdb90028.sdkstatcache -output-file-map /Users/admin/builder/spi-builder-workspace/.derivedData/Build/Intermediates.noindex/SwiftLocalizedStrings.build/Debug-appletvos/StringSource-t.build/Objects-normal/arm64/StringSource-OutputFileMap.json -save-temps -no-color-diagnostics -explicit-module-build -module-cache-path /Users/admin/builder/spi-builder-workspace/.derivedData/Build/Intermediates.noindex/SwiftExplicitPrecompiledModules -clang-scanner-module-cache-path /Users/admin/builder/spi-builder-workspace/.derivedData/ModuleCache.noindex -sdk-module-cache-path /Users/admin/builder/spi-builder-workspace/.derivedData/SDKExplicitPrecompiledModules -emit-dependencies -emit-module -emit-module-path /Users/admin/builder/spi-builder-workspace/.derivedData/Build/Intermediates.noindex/SwiftLocalizedStrings.build/Debug-appletvos/StringSource-t.build/Objects-normal/arm64/StringSource.swiftmodule -serialize-diagnostics -dependency-scan-serialize-diagnostics-path /Users/admin/builder/spi-builder-workspace/.derivedData/Build/Intermediates.noindex/SwiftLocalizedStrings.build/Debug-appletvos/StringSource-t.build/Objects-normal/arm64/StringSource-dependency-scan.dia -validate-clang-modules-once -clang-build-session-file /Users/admin/builder/spi-builder-workspace/.derivedData/ModuleCache.noindex/Session.modulevalidation -Xcc -fmodules-prune-interval\=86400 -Xcc -fmodules-prune-after\=345600 -package-name spi_builder_workspace -emit-const-values -const-gather-protocols-list /Users/admin/builder/spi-builder-workspace/.derivedData/Build/Intermediates.noindex/SwiftLocalizedStrings.build/Debug-appletvos/StringSource-t.build/Objects-normal/arm64/StringSource_const_extract_protocols.json -Xcc -I/Users/admin/builder/spi-builder-workspace/.derivedData/Build/Products/Debug-appletvos/include -Xcc -I/Users/admin/builder/spi-builder-workspace/.derivedData/Build/Intermediates.noindex/SwiftLocalizedStrings.build/Debug-appletvos/StringSource-t.build/DerivedSources-normal/arm64 -Xcc -I/Users/admin/builder/spi-builder-workspace/.derivedData/Build/Intermediates.noindex/SwiftLocalizedStrings.build/Debug-appletvos/StringSource-t.build/DerivedSources/arm64 -Xcc -I/Users/admin/builder/spi-builder-workspace/.derivedData/Build/Intermediates.noindex/SwiftLocalizedStrings.build/Debug-appletvos/StringSource-t.build/DerivedSources -Xcc -DSWIFT_PACKAGE -Xcc -DDEBUG\=1 -emit-objc-header -emit-objc-header-path /Users/admin/builder/spi-builder-workspace/.derivedData/Build/Intermediates.noindex/SwiftLocalizedStrings.build/Debug-appletvos/StringSource-t.build/Objects-normal/arm64/StringSource-Swift.h -working-directory /Users/admin/builder/spi-builder-workspace/.swiftpm/xcode -experimental-emit-module-separately -disable-cmo
SwiftMergeGeneratedHeaders /Users/admin/builder/spi-builder-workspace/.derivedData/Build/Intermediates.noindex/GeneratedModuleMaps-appletvos/StringSource-Swift.h /Users/admin/builder/spi-builder-workspace/.derivedData/Build/Intermediates.noindex/SwiftLocalizedStrings.build/Debug-appletvos/StringSource-t.build/Objects-normal/arm64/StringSource-Swift.h (in target 'StringSource' from project 'SwiftLocalizedStrings')
cd /Users/admin/builder/spi-builder-workspace
builtin-swiftHeaderTool -arch arm64 /Users/admin/builder/spi-builder-workspace/.derivedData/Build/Intermediates.noindex/SwiftLocalizedStrings.build/Debug-appletvos/StringSource-t.build/Objects-normal/arm64/StringSource-Swift.h -o /Users/admin/builder/spi-builder-workspace/.derivedData/Build/Intermediates.noindex/GeneratedModuleMaps-appletvos/StringSource-Swift.h
Copy /Users/admin/builder/spi-builder-workspace/.derivedData/Build/Products/Debug-appletvos/StringSource.swiftmodule/arm64-apple-tvos.abi.json /Users/admin/builder/spi-builder-workspace/.derivedData/Build/Intermediates.noindex/SwiftLocalizedStrings.build/Debug-appletvos/StringSource-t.build/Objects-normal/arm64/StringSource.abi.json (in target 'StringSource' from project 'SwiftLocalizedStrings')
cd /Users/admin/builder/spi-builder-workspace
builtin-copy -exclude .DS_Store -exclude CVS -exclude .svn -exclude .git -exclude .hg -resolve-src-symlinks -rename /Users/admin/builder/spi-builder-workspace/.derivedData/Build/Intermediates.noindex/SwiftLocalizedStrings.build/Debug-appletvos/StringSource-t.build/Objects-normal/arm64/StringSource.abi.json /Users/admin/builder/spi-builder-workspace/.derivedData/Build/Products/Debug-appletvos/StringSource.swiftmodule/arm64-apple-tvos.abi.json
Copy /Users/admin/builder/spi-builder-workspace/.derivedData/Build/Products/Debug-appletvos/StringSource.swiftmodule/arm64-apple-tvos.swiftdoc /Users/admin/builder/spi-builder-workspace/.derivedData/Build/Intermediates.noindex/SwiftLocalizedStrings.build/Debug-appletvos/StringSource-t.build/Objects-normal/arm64/StringSource.swiftdoc (in target 'StringSource' from project 'SwiftLocalizedStrings')
cd /Users/admin/builder/spi-builder-workspace
builtin-copy -exclude .DS_Store -exclude CVS -exclude .svn -exclude .git -exclude .hg -resolve-src-symlinks -rename /Users/admin/builder/spi-builder-workspace/.derivedData/Build/Intermediates.noindex/SwiftLocalizedStrings.build/Debug-appletvos/StringSource-t.build/Objects-normal/arm64/StringSource.swiftdoc /Users/admin/builder/spi-builder-workspace/.derivedData/Build/Products/Debug-appletvos/StringSource.swiftmodule/arm64-apple-tvos.swiftdoc
Copy /Users/admin/builder/spi-builder-workspace/.derivedData/Build/Products/Debug-appletvos/StringSource.swiftmodule/arm64-apple-tvos.swiftmodule /Users/admin/builder/spi-builder-workspace/.derivedData/Build/Intermediates.noindex/SwiftLocalizedStrings.build/Debug-appletvos/StringSource-t.build/Objects-normal/arm64/StringSource.swiftmodule (in target 'StringSource' from project 'SwiftLocalizedStrings')
cd /Users/admin/builder/spi-builder-workspace
builtin-copy -exclude .DS_Store -exclude CVS -exclude .svn -exclude .git -exclude .hg -resolve-src-symlinks -rename /Users/admin/builder/spi-builder-workspace/.derivedData/Build/Intermediates.noindex/SwiftLocalizedStrings.build/Debug-appletvos/StringSource-t.build/Objects-normal/arm64/StringSource.swiftmodule /Users/admin/builder/spi-builder-workspace/.derivedData/Build/Products/Debug-appletvos/StringSource.swiftmodule/arm64-apple-tvos.swiftmodule
Copy /Users/admin/builder/spi-builder-workspace/.derivedData/Build/Products/Debug-appletvos/StringSource.swiftmodule/Project/arm64-apple-tvos.swiftsourceinfo /Users/admin/builder/spi-builder-workspace/.derivedData/Build/Intermediates.noindex/SwiftLocalizedStrings.build/Debug-appletvos/StringSource-t.build/Objects-normal/arm64/StringSource.swiftsourceinfo (in target 'StringSource' from project 'SwiftLocalizedStrings')
cd /Users/admin/builder/spi-builder-workspace
builtin-copy -exclude .DS_Store -exclude CVS -exclude .svn -exclude .git -exclude .hg -resolve-src-symlinks -rename /Users/admin/builder/spi-builder-workspace/.derivedData/Build/Intermediates.noindex/SwiftLocalizedStrings.build/Debug-appletvos/StringSource-t.build/Objects-normal/arm64/StringSource.swiftsourceinfo /Users/admin/builder/spi-builder-workspace/.derivedData/Build/Products/Debug-appletvos/StringSource.swiftmodule/Project/arm64-apple-tvos.swiftsourceinfo
SwiftDriver StringExtractor normal arm64 com.apple.xcode.tools.swift.compiler (in target 'StringExtractor' from project 'SwiftLocalizedStrings')
cd /Users/admin/builder/spi-builder-workspace/.swiftpm/xcode
builtin-SwiftDriver -- /Applications/Xcode-27.0.0-Release.Candidate.app/Contents/Developer/Toolchains/XcodeDefault.xctoolchain/usr/bin/swiftc -parse-as-library -module-name StringExtractor -Onone @/Users/admin/builder/spi-builder-workspace/.derivedData/Build/Intermediates.noindex/SwiftLocalizedStrings.build/Debug-appletvos/StringExtractor-t.build/Objects-normal/arm64/StringExtractor.SwiftFileList -DSWIFT_PACKAGE -DDEBUG -DSWIFT_MODULE_RESOURCE_BUNDLE_UNAVAILABLE -DXcode -plugin-path /Applications/Xcode-27.0.0-Release.Candidate.app/Contents/Developer/Toolchains/XcodeDefault.xctoolchain/usr/lib/swift/host/plugins/testing -enable-experimental-feature DebugDescriptionMacro -sdk /Applications/Xcode-27.0.0-Release.Candidate.app/Contents/Developer/Platforms/AppleTVOS.platform/Developer/SDKs/AppleTVOS27.0.sdk -target arm64-apple-tvos15.0 -g -module-cache-path /Users/admin/builder/spi-builder-workspace/.derivedData/ModuleCache.noindex -Xfrontend -serialize-debugging-options -profile-coverage-mapping -profile-generate -enable-testing -index-store-path /Users/admin/builder/spi-builder-workspace/.derivedData/Index.noindex/DataStore -Xcc -D_LIBCPP_HARDENING_MODE\=_LIBCPP_HARDENING_MODE_DEBUG -swift-version 6 -I /Users/admin/builder/spi-builder-workspace/.derivedData/Build/Products/Debug-appletvos -Isystem /Applications/Xcode-27.0.0-Release.Candidate.app/Contents/Developer/Platforms/AppleTVOS.platform/Developer/usr/lib -F /Users/admin/builder/spi-builder-workspace/.derivedData/Build/Products/Debug-appletvos/PackageFrameworks -F /Users/admin/builder/spi-builder-workspace/.derivedData/Build/Products/Debug-appletvos -F /Applications/Xcode-27.0.0-Release.Candidate.app/Contents/Developer/Platforms/AppleTVOS.platform/Developer/Library/Frameworks -F /Applications/Xcode-27.0.0-Release.Candidate.app/Contents/Developer/Platforms/AppleTVOS.platform/Developer/SDKs/AppleTVOS27.0.sdk/Developer/Library/Frameworks -c -j10 -enable-batch-mode -incremental -Xcc -ivfsstatcache -Xcc /Users/admin/builder/spi-builder-workspace/.derivedData/SDKStatCaches.noindex/appletvos27.0-24J360-e829b21a6f8c9b70876ba0858053c044b32bfd8d43560033f8d89884cdb90028.sdkstatcache -output-file-map /Users/admin/builder/spi-builder-workspace/.derivedData/Build/Intermediates.noindex/SwiftLocalizedStrings.build/Debug-appletvos/StringExtractor-t.build/Objects-normal/arm64/StringExtractor-OutputFileMap.json -save-temps -no-color-diagnostics -explicit-module-build -module-cache-path /Users/admin/builder/spi-builder-workspace/.derivedData/Build/Intermediates.noindex/SwiftExplicitPrecompiledModules -clang-scanner-module-cache-path /Users/admin/builder/spi-builder-workspace/.derivedData/ModuleCache.noindex -sdk-module-cache-path /Users/admin/builder/spi-builder-workspace/.derivedData/SDKExplicitPrecompiledModules -emit-dependencies -emit-module -emit-module-path /Users/admin/builder/spi-builder-workspace/.derivedData/Build/Intermediates.noindex/SwiftLocalizedStrings.build/Debug-appletvos/StringExtractor-t.build/Objects-normal/arm64/StringExtractor.swiftmodule -serialize-diagnostics -dependency-scan-serialize-diagnostics-path /Users/admin/builder/spi-builder-workspace/.derivedData/Build/Intermediates.noindex/SwiftLocalizedStrings.build/Debug-appletvos/StringExtractor-t.build/Objects-normal/arm64/StringExtractor-dependency-scan.dia -validate-clang-modules-once -clang-build-session-file /Users/admin/builder/spi-builder-workspace/.derivedData/ModuleCache.noindex/Session.modulevalidation -Xcc -fmodules-prune-interval\=86400 -Xcc -fmodules-prune-after\=345600 -package-name spi_builder_workspace -emit-const-values -const-gather-protocols-list /Users/admin/builder/spi-builder-workspace/.derivedData/Build/Intermediates.noindex/SwiftLocalizedStrings.build/Debug-appletvos/StringExtractor-t.build/Objects-normal/arm64/StringExtractor_const_extract_protocols.json -Xcc -I/Users/admin/builder/spi-builder-workspace/.derivedData/Build/Products/Debug-appletvos/include -Xcc -I/Users/admin/builder/spi-builder-workspace/.derivedData/Build/Intermediates.noindex/SwiftLocalizedStrings.build/Debug-appletvos/StringExtractor-t.build/DerivedSources-normal/arm64 -Xcc -I/Users/admin/builder/spi-builder-workspace/.derivedData/Build/Intermediates.noindex/SwiftLocalizedStrings.build/Debug-appletvos/StringExtractor-t.build/DerivedSources/arm64 -Xcc -I/Users/admin/builder/spi-builder-workspace/.derivedData/Build/Intermediates.noindex/SwiftLocalizedStrings.build/Debug-appletvos/StringExtractor-t.build/DerivedSources -Xcc -DSWIFT_PACKAGE -Xcc -DDEBUG\=1 -emit-objc-header -emit-objc-header-path /Users/admin/builder/spi-builder-workspace/.derivedData/Build/Intermediates.noindex/SwiftLocalizedStrings.build/Debug-appletvos/StringExtractor-t.build/Objects-normal/arm64/StringExtractor-Swift.h -working-directory /Users/admin/builder/spi-builder-workspace/.swiftpm/xcode -experimental-emit-module-separately -disable-cmo
SwiftDriverJobDiscovery normal arm64 Compiling StringSourceError.swift (in target 'StringSource' from project 'SwiftLocalizedStrings')
SwiftDriverJobDiscovery normal arm64 Compiling StringSource.swift (in target 'StringSource' from project 'SwiftLocalizedStrings')
SwiftDriver\ Compilation StringSource normal arm64 com.apple.xcode.tools.swift.compiler (in target 'StringSource' from project 'SwiftLocalizedStrings')
cd /Users/admin/builder/spi-builder-workspace/.swiftpm/xcode
builtin-Swift-Compilation -- /Applications/Xcode-27.0.0-Release.Candidate.app/Contents/Developer/Toolchains/XcodeDefault.xctoolchain/usr/bin/swiftc -parse-as-library -module-name StringSource -Onone @/Users/admin/builder/spi-builder-workspace/.derivedData/Build/Intermediates.noindex/SwiftLocalizedStrings.build/Debug-appletvos/StringSource-t.build/Objects-normal/arm64/StringSource.SwiftFileList -DSWIFT_PACKAGE -DDEBUG -DSWIFT_MODULE_RESOURCE_BUNDLE_UNAVAILABLE -DXcode -plugin-path /Applications/Xcode-27.0.0-Release.Candidate.app/Contents/Developer/Toolchains/XcodeDefault.xctoolchain/usr/lib/swift/host/plugins/testing -enable-experimental-feature DebugDescriptionMacro -sdk /Applications/Xcode-27.0.0-Release.Candidate.app/Contents/Developer/Platforms/AppleTVOS.platform/Developer/SDKs/AppleTVOS27.0.sdk -target arm64-apple-tvos15.0 -g -module-cache-path /Users/admin/builder/spi-builder-workspace/.derivedData/ModuleCache.noindex -Xfrontend -serialize-debugging-options -profile-coverage-mapping -profile-generate -enable-testing -index-store-path /Users/admin/builder/spi-builder-workspace/.derivedData/Index.noindex/DataStore -Xcc -D_LIBCPP_HARDENING_MODE\=_LIBCPP_HARDENING_MODE_DEBUG -swift-version 6 -I /Users/admin/builder/spi-builder-workspace/.derivedData/Build/Products/Debug-appletvos -Isystem /Applications/Xcode-27.0.0-Release.Candidate.app/Contents/Developer/Platforms/AppleTVOS.platform/Developer/usr/lib -F /Users/admin/builder/spi-builder-workspace/.derivedData/Build/Products/Debug-appletvos/PackageFrameworks -F /Users/admin/builder/spi-builder-workspace/.derivedData/Build/Products/Debug-appletvos -F /Applications/Xcode-27.0.0-Release.Candidate.app/Contents/Developer/Platforms/AppleTVOS.platform/Developer/Library/Frameworks -F /Applications/Xcode-27.0.0-Release.Candidate.app/Contents/Developer/Platforms/AppleTVOS.platform/Developer/SDKs/AppleTVOS27.0.sdk/Developer/Library/Frameworks -c -j10 -enable-batch-mode -incremental -Xcc -ivfsstatcache -Xcc /Users/admin/builder/spi-builder-workspace/.derivedData/SDKStatCaches.noindex/appletvos27.0-24J360-e829b21a6f8c9b70876ba0858053c044b32bfd8d43560033f8d89884cdb90028.sdkstatcache -output-file-map /Users/admin/builder/spi-builder-workspace/.derivedData/Build/Intermediates.noindex/SwiftLocalizedStrings.build/Debug-appletvos/StringSource-t.build/Objects-normal/arm64/StringSource-OutputFileMap.json -save-temps -no-color-diagnostics -explicit-module-build -module-cache-path /Users/admin/builder/spi-builder-workspace/.derivedData/Build/Intermediates.noindex/SwiftExplicitPrecompiledModules -clang-scanner-module-cache-path /Users/admin/builder/spi-builder-workspace/.derivedData/ModuleCache.noindex -sdk-module-cache-path /Users/admin/builder/spi-builder-workspace/.derivedData/SDKExplicitPrecompiledModules -emit-dependencies -emit-module -emit-module-path /Users/admin/builder/spi-builder-workspace/.derivedData/Build/Intermediates.noindex/SwiftLocalizedStrings.build/Debug-appletvos/StringSource-t.build/Objects-normal/arm64/StringSource.swiftmodule -serialize-diagnostics -dependency-scan-serialize-diagnostics-path /Users/admin/builder/spi-builder-workspace/.derivedData/Build/Intermediates.noindex/SwiftLocalizedStrings.build/Debug-appletvos/StringSource-t.build/Objects-normal/arm64/StringSource-dependency-scan.dia -validate-clang-modules-once -clang-build-session-file /Users/admin/builder/spi-builder-workspace/.derivedData/ModuleCache.noindex/Session.modulevalidation -Xcc -fmodules-prune-interval\=86400 -Xcc -fmodules-prune-after\=345600 -package-name spi_builder_workspace -emit-const-values -const-gather-protocols-list /Users/admin/builder/spi-builder-workspace/.derivedData/Build/Intermediates.noindex/SwiftLocalizedStrings.build/Debug-appletvos/StringSource-t.build/Objects-normal/arm64/StringSource_const_extract_protocols.json -Xcc -I/Users/admin/builder/spi-builder-workspace/.derivedData/Build/Products/Debug-appletvos/include -Xcc -I/Users/admin/builder/spi-builder-workspace/.derivedData/Build/Intermediates.noindex/SwiftLocalizedStrings.build/Debug-appletvos/StringSource-t.build/DerivedSources-normal/arm64 -Xcc -I/Users/admin/builder/spi-builder-workspace/.derivedData/Build/Intermediates.noindex/SwiftLocalizedStrings.build/Debug-appletvos/StringSource-t.build/DerivedSources/arm64 -Xcc -I/Users/admin/builder/spi-builder-workspace/.derivedData/Build/Intermediates.noindex/SwiftLocalizedStrings.build/Debug-appletvos/StringSource-t.build/DerivedSources -Xcc -DSWIFT_PACKAGE -Xcc -DDEBUG\=1 -emit-objc-header -emit-objc-header-path /Users/admin/builder/spi-builder-workspace/.derivedData/Build/Intermediates.noindex/SwiftLocalizedStrings.build/Debug-appletvos/StringSource-t.build/Objects-normal/arm64/StringSource-Swift.h -working-directory /Users/admin/builder/spi-builder-workspace/.swiftpm/xcode -experimental-emit-module-separately -disable-cmo
Ld /Users/admin/builder/spi-builder-workspace/.derivedData/Build/Products/Debug-appletvos/StringSource.o normal (in target 'StringSource' from project 'SwiftLocalizedStrings')
cd /Users/admin/builder/spi-builder-workspace
/Applications/Xcode-27.0.0-Release.Candidate.app/Contents/Developer/Toolchains/XcodeDefault.xctoolchain/usr/bin/clang -Xlinker -reproducible -target arm64-apple-tvos15.0 -r -isysroot /Applications/Xcode-27.0.0-Release.Candidate.app/Contents/Developer/Platforms/AppleTVOS.platform/Developer/SDKs/AppleTVOS27.0.sdk -O0 -Xlinker -no_warn_duplicate_libraries -F/Users/admin/builder/spi-builder-workspace/.derivedData/Build/Intermediates.noindex/EagerLinkingTBDs/Debug-appletvos -F/Users/admin/builder/spi-builder-workspace/.derivedData/Build/Products/Debug-appletvos/PackageFrameworks -F/Users/admin/builder/spi-builder-workspace/.derivedData/Build/Products/Debug-appletvos -iframework /Applications/Xcode-27.0.0-Release.Candidate.app/Contents/Developer/Platforms/AppleTVOS.platform/Developer/Library/Frameworks -iframework /Applications/Xcode-27.0.0-Release.Candidate.app/Contents/Developer/Platforms/AppleTVOS.platform/Developer/SDKs/AppleTVOS27.0.sdk/Developer/Library/Frameworks -filelist /Users/admin/builder/spi-builder-workspace/.derivedData/Build/Intermediates.noindex/SwiftLocalizedStrings.build/Debug-appletvos/StringSource-t.build/Objects-normal/arm64/StringSource.LinkFileList -nostdlib -Xlinker -object_path_lto -Xlinker /Users/admin/builder/spi-builder-workspace/.derivedData/Build/Intermediates.noindex/SwiftLocalizedStrings.build/Debug-appletvos/StringSource-t.build/Objects-normal/arm64/StringSource_lto.o -Xlinker -no_deduplicate -Xlinker -debug_variant -Xlinker -dependency_info -Xlinker /Users/admin/builder/spi-builder-workspace/.derivedData/Build/Intermediates.noindex/SwiftLocalizedStrings.build/Debug-appletvos/StringSource-t.build/Objects-normal/arm64/StringSource_dependency_info.dat -fobjc-link-runtime -L/Applications/Xcode-27.0.0-Release.Candidate.app/Contents/Developer/Toolchains/XcodeDefault.xctoolchain/usr/lib/swift/appletvos -L/usr/lib/swift -Xlinker -add_ast_path -Xlinker /Users/admin/builder/spi-builder-workspace/.derivedData/Build/Intermediates.noindex/SwiftLocalizedStrings.build/Debug-appletvos/StringSource-t.build/Objects-normal/arm64/StringSource.swiftmodule -o /Users/admin/builder/spi-builder-workspace/.derivedData/Build/Products/Debug-appletvos/StringSource.o
ExtractAppIntentsMetadata (in target 'StringSource' from project 'SwiftLocalizedStrings')
cd /Users/admin/builder/spi-builder-workspace
/Applications/Xcode-27.0.0-Release.Candidate.app/Contents/Developer/Toolchains/XcodeDefault.xctoolchain/usr/bin/appintentsmetadataprocessor --toolchain-dir /var/run/com.apple.security.cryptexd/mnt/com.apple.MobileAsset.MetalToolchain-v27.1.266.1.AaZpHQ/Metal.xctoolchain --module-name StringSource --sdk-root /Applications/Xcode-27.0.0-Release.Candidate.app/Contents/Developer/Platforms/AppleTVOS.platform/Developer/SDKs/AppleTVOS27.0.sdk --xcode-version 27A266a --platform-family tvOS --deployment-target 15.0 --bundle-identifier spi-builder-workspace.StringSource --output /Users/admin/builder/spi-builder-workspace/.derivedData/Build/Products/Debug-appletvos/StringSource.appintents --target-triple arm64-apple-tvos15.0 --binary-file /Users/admin/builder/spi-builder-workspace/.derivedData/Build/Products/Debug-appletvos/StringSource.o --dependency-file /Users/admin/builder/spi-builder-workspace/.derivedData/Build/Intermediates.noindex/SwiftLocalizedStrings.build/Debug-appletvos/StringSource-t.build/Objects-normal/arm64/StringSource_dependency_info.dat --stringsdata-file /Users/admin/builder/spi-builder-workspace/.derivedData/Build/Intermediates.noindex/SwiftLocalizedStrings.build/Debug-appletvos/StringSource-t.build/Objects-normal/arm64/ExtractedAppShortcutsMetadata.stringsdata --source-file-list /Users/admin/builder/spi-builder-workspace/.derivedData/Build/Intermediates.noindex/SwiftLocalizedStrings.build/Debug-appletvos/StringSource-t.build/Objects-normal/arm64/StringSource.SwiftFileList --metadata-file-list /Users/admin/builder/spi-builder-workspace/.derivedData/Build/Intermediates.noindex/SwiftLocalizedStrings.build/Debug-appletvos/StringSource-t.build/StringSource.DependencyMetadataFileList --static-metadata-file-list /Users/admin/builder/spi-builder-workspace/.derivedData/Build/Intermediates.noindex/SwiftLocalizedStrings.build/Debug-appletvos/StringSource-t.build/StringSource.DependencyStaticMetadataFileList --swift-const-vals-list /Users/admin/builder/spi-builder-workspace/.derivedData/Build/Intermediates.noindex/SwiftLocalizedStrings.build/Debug-appletvos/StringSource-t.build/Objects-normal/arm64/StringSource.SwiftConstValuesFileList --force --compile-time-extraction --deployment-aware-processing --no-app-shortcuts-localization
2026-09-22 03:33:18.532 appintentsmetadataprocessor[723:4638] Starting appintentsmetadataprocessor export
2026-09-22 03:33:18.594 appintentsmetadataprocessor[723:4638] Extracted no relevant App Intents symbols, skipping writing output
SwiftDriverJobDiscovery normal arm64 Compiling ResourceValidator.swift (in target 'StringValidator' from project 'SwiftLocalizedStrings')
SwiftDriver\ Compilation StringValidator normal arm64 com.apple.xcode.tools.swift.compiler (in target 'StringValidator' from project 'SwiftLocalizedStrings')
cd /Users/admin/builder/spi-builder-workspace/.swiftpm/xcode
builtin-Swift-Compilation -- /Applications/Xcode-27.0.0-Release.Candidate.app/Contents/Developer/Toolchains/XcodeDefault.xctoolchain/usr/bin/swiftc -parse-as-library -module-name StringValidator -Onone @/Users/admin/builder/spi-builder-workspace/.derivedData/Build/Intermediates.noindex/SwiftLocalizedStrings.build/Debug-appletvos/StringValidator-t.build/Objects-normal/arm64/StringValidator.SwiftFileList -DSWIFT_PACKAGE -DDEBUG -DSWIFT_MODULE_RESOURCE_BUNDLE_UNAVAILABLE -DXcode -plugin-path /Applications/Xcode-27.0.0-Release.Candidate.app/Contents/Developer/Toolchains/XcodeDefault.xctoolchain/usr/lib/swift/host/plugins/testing -enable-experimental-feature DebugDescriptionMacro -sdk /Applications/Xcode-27.0.0-Release.Candidate.app/Contents/Developer/Platforms/AppleTVOS.platform/Developer/SDKs/AppleTVOS27.0.sdk -target arm64-apple-tvos15.0 -g -module-cache-path /Users/admin/builder/spi-builder-workspace/.derivedData/ModuleCache.noindex -Xfrontend -serialize-debugging-options -profile-coverage-mapping -profile-generate -enable-testing -index-store-path /Users/admin/builder/spi-builder-workspace/.derivedData/Index.noindex/DataStore -Xcc -D_LIBCPP_HARDENING_MODE\=_LIBCPP_HARDENING_MODE_DEBUG -swift-version 6 -I /Users/admin/builder/spi-builder-workspace/.derivedData/Build/Products/Debug-appletvos -Isystem /Applications/Xcode-27.0.0-Release.Candidate.app/Contents/Developer/Platforms/AppleTVOS.platform/Developer/usr/lib -F /Users/admin/builder/spi-builder-workspace/.derivedData/Build/Products/Debug-appletvos/PackageFrameworks -F /Users/admin/builder/spi-builder-workspace/.derivedData/Build/Products/Debug-appletvos -F /Applications/Xcode-27.0.0-Release.Candidate.app/Contents/Developer/Platforms/AppleTVOS.platform/Developer/Library/Frameworks -F /Applications/Xcode-27.0.0-Release.Candidate.app/Contents/Developer/Platforms/AppleTVOS.platform/Developer/SDKs/AppleTVOS27.0.sdk/Developer/Library/Frameworks -c -j10 -enable-batch-mode -incremental -Xcc -ivfsstatcache -Xcc /Users/admin/builder/spi-builder-workspace/.derivedData/SDKStatCaches.noindex/appletvos27.0-24J360-e829b21a6f8c9b70876ba0858053c044b32bfd8d43560033f8d89884cdb90028.sdkstatcache -output-file-map /Users/admin/builder/spi-builder-workspace/.derivedData/Build/Intermediates.noindex/SwiftLocalizedStrings.build/Debug-appletvos/StringValidator-t.build/Objects-normal/arm64/StringValidator-OutputFileMap.json -save-temps -no-color-diagnostics -explicit-module-build -module-cache-path /Users/admin/builder/spi-builder-workspace/.derivedData/Build/Intermediates.noindex/SwiftExplicitPrecompiledModules -clang-scanner-module-cache-path /Users/admin/builder/spi-builder-workspace/.derivedData/ModuleCache.noindex -sdk-module-cache-path /Users/admin/builder/spi-builder-workspace/.derivedData/SDKExplicitPrecompiledModules -emit-dependencies -emit-module -emit-module-path /Users/admin/builder/spi-builder-workspace/.derivedData/Build/Intermediates.noindex/SwiftLocalizedStrings.build/Debug-appletvos/StringValidator-t.build/Objects-normal/arm64/StringValidator.swiftmodule -serialize-diagnostics -dependency-scan-serialize-diagnostics-path /Users/admin/builder/spi-builder-workspace/.derivedData/Build/Intermediates.noindex/SwiftLocalizedStrings.build/Debug-appletvos/StringValidator-t.build/Objects-normal/arm64/StringValidator-dependency-scan.dia -validate-clang-modules-once -clang-build-session-file /Users/admin/builder/spi-builder-workspace/.derivedData/ModuleCache.noindex/Session.modulevalidation -Xcc -fmodules-prune-interval\=86400 -Xcc -fmodules-prune-after\=345600 -package-name spi_builder_workspace -emit-const-values -const-gather-protocols-list /Users/admin/builder/spi-builder-workspace/.derivedData/Build/Intermediates.noindex/SwiftLocalizedStrings.build/Debug-appletvos/StringValidator-t.build/Objects-normal/arm64/StringValidator_const_extract_protocols.json -Xcc -I/Users/admin/builder/spi-builder-workspace/.derivedData/Build/Products/Debug-appletvos/include -Xcc -I/Users/admin/builder/spi-builder-workspace/.derivedData/Build/Intermediates.noindex/SwiftLocalizedStrings.build/Debug-appletvos/StringValidator-t.build/DerivedSources-normal/arm64 -Xcc -I/Users/admin/builder/spi-builder-workspace/.derivedData/Build/Intermediates.noindex/SwiftLocalizedStrings.build/Debug-appletvos/StringValidator-t.build/DerivedSources/arm64 -Xcc -I/Users/admin/builder/spi-builder-workspace/.derivedData/Build/Intermediates.noindex/SwiftLocalizedStrings.build/Debug-appletvos/StringValidator-t.build/DerivedSources -Xcc -DSWIFT_PACKAGE -Xcc -DDEBUG\=1 -emit-objc-header -emit-objc-header-path /Users/admin/builder/spi-builder-workspace/.derivedData/Build/Intermediates.noindex/SwiftLocalizedStrings.build/Debug-appletvos/StringValidator-t.build/Objects-normal/arm64/StringValidator-Swift.h -working-directory /Users/admin/builder/spi-builder-workspace/.swiftpm/xcode -experimental-emit-module-separately -disable-cmo
Ld /Users/admin/builder/spi-builder-workspace/.derivedData/Build/Products/Debug-appletvos/StringValidator.o normal (in target 'StringValidator' from project 'SwiftLocalizedStrings')
cd /Users/admin/builder/spi-builder-workspace
/Applications/Xcode-27.0.0-Release.Candidate.app/Contents/Developer/Toolchains/XcodeDefault.xctoolchain/usr/bin/clang -Xlinker -reproducible -target arm64-apple-tvos15.0 -r -isysroot /Applications/Xcode-27.0.0-Release.Candidate.app/Contents/Developer/Platforms/AppleTVOS.platform/Developer/SDKs/AppleTVOS27.0.sdk -O0 -Xlinker -no_warn_duplicate_libraries -F/Users/admin/builder/spi-builder-workspace/.derivedData/Build/Intermediates.noindex/EagerLinkingTBDs/Debug-appletvos -F/Users/admin/builder/spi-builder-workspace/.derivedData/Build/Products/Debug-appletvos/PackageFrameworks -F/Users/admin/builder/spi-builder-workspace/.derivedData/Build/Products/Debug-appletvos -iframework /Applications/Xcode-27.0.0-Release.Candidate.app/Contents/Developer/Platforms/AppleTVOS.platform/Developer/Library/Frameworks -iframework /Applications/Xcode-27.0.0-Release.Candidate.app/Contents/Developer/Platforms/AppleTVOS.platform/Developer/SDKs/AppleTVOS27.0.sdk/Developer/Library/Frameworks -filelist /Users/admin/builder/spi-builder-workspace/.derivedData/Build/Intermediates.noindex/SwiftLocalizedStrings.build/Debug-appletvos/StringValidator-t.build/Objects-normal/arm64/StringValidator.LinkFileList -nostdlib -Xlinker -object_path_lto -Xlinker /Users/admin/builder/spi-builder-workspace/.derivedData/Build/Intermediates.noindex/SwiftLocalizedStrings.build/Debug-appletvos/StringValidator-t.build/Objects-normal/arm64/StringValidator_lto.o -Xlinker -no_deduplicate -Xlinker -debug_variant -Xlinker -dependency_info -Xlinker /Users/admin/builder/spi-builder-workspace/.derivedData/Build/Intermediates.noindex/SwiftLocalizedStrings.build/Debug-appletvos/StringValidator-t.build/Objects-normal/arm64/StringValidator_dependency_info.dat -fobjc-link-runtime -L/Applications/Xcode-27.0.0-Release.Candidate.app/Contents/Developer/Toolchains/XcodeDefault.xctoolchain/usr/lib/swift/appletvos -L/usr/lib/swift -Xlinker -add_ast_path -Xlinker /Users/admin/builder/spi-builder-workspace/.derivedData/Build/Intermediates.noindex/SwiftLocalizedStrings.build/Debug-appletvos/StringValidator-t.build/Objects-normal/arm64/StringValidator.swiftmodule -o /Users/admin/builder/spi-builder-workspace/.derivedData/Build/Products/Debug-appletvos/StringValidator.o
ExtractAppIntentsMetadata (in target 'StringValidator' from project 'SwiftLocalizedStrings')
cd /Users/admin/builder/spi-builder-workspace
/Applications/Xcode-27.0.0-Release.Candidate.app/Contents/Developer/Toolchains/XcodeDefault.xctoolchain/usr/bin/appintentsmetadataprocessor --toolchain-dir /var/run/com.apple.security.cryptexd/mnt/com.apple.MobileAsset.MetalToolchain-v27.1.266.1.AaZpHQ/Metal.xctoolchain --module-name StringValidator --sdk-root /Applications/Xcode-27.0.0-Release.Candidate.app/Contents/Developer/Platforms/AppleTVOS.platform/Developer/SDKs/AppleTVOS27.0.sdk --xcode-version 27A266a --platform-family tvOS --deployment-target 15.0 --bundle-identifier spi-builder-workspace.StringValidator --output /Users/admin/builder/spi-builder-workspace/.derivedData/Build/Products/Debug-appletvos/StringValidator.appintents --target-triple arm64-apple-tvos15.0 --binary-file /Users/admin/builder/spi-builder-workspace/.derivedData/Build/Products/Debug-appletvos/StringValidator.o --dependency-file /Users/admin/builder/spi-builder-workspace/.derivedData/Build/Intermediates.noindex/SwiftLocalizedStrings.build/Debug-appletvos/StringValidator-t.build/Objects-normal/arm64/StringValidator_dependency_info.dat --stringsdata-file /Users/admin/builder/spi-builder-workspace/.derivedData/Build/Intermediates.noindex/SwiftLocalizedStrings.build/Debug-appletvos/StringValidator-t.build/Objects-normal/arm64/ExtractedAppShortcutsMetadata.stringsdata --source-file-list /Users/admin/builder/spi-builder-workspace/.derivedData/Build/Intermediates.noindex/SwiftLocalizedStrings.build/Debug-appletvos/StringValidator-t.build/Objects-normal/arm64/StringValidator.SwiftFileList --metadata-file-list /Users/admin/builder/spi-builder-workspace/.derivedData/Build/Intermediates.noindex/SwiftLocalizedStrings.build/Debug-appletvos/StringValidator-t.build/StringValidator.DependencyMetadataFileList --static-metadata-file-list /Users/admin/builder/spi-builder-workspace/.derivedData/Build/Intermediates.noindex/SwiftLocalizedStrings.build/Debug-appletvos/StringValidator-t.build/StringValidator.DependencyStaticMetadataFileList --swift-const-vals-list /Users/admin/builder/spi-builder-workspace/.derivedData/Build/Intermediates.noindex/SwiftLocalizedStrings.build/Debug-appletvos/StringValidator-t.build/Objects-normal/arm64/StringValidator.SwiftConstValuesFileList --force --compile-time-extraction --deployment-aware-processing --no-app-shortcuts-localization
2026-09-22 03:33:18.558 appintentsmetadataprocessor[726:4654] Starting appintentsmetadataprocessor export
2026-09-22 03:33:18.620 appintentsmetadataprocessor[726:4654] Extracted no relevant App Intents symbols, skipping writing output
SwiftCompile normal arm64 Compiling\ Resource+Extract.swift /Users/admin/builder/spi-builder-workspace/Sources/StringExtractor/Resource+Extract.swift (in target 'StringExtractor' from project 'SwiftLocalizedStrings')
SwiftCompile normal arm64 /Users/admin/builder/spi-builder-workspace/Sources/StringExtractor/Resource+Extract.swift (in target 'StringExtractor' from project 'SwiftLocalizedStrings')
cd /Users/admin/builder/spi-builder-workspace/.swiftpm/xcode
builtin-SwiftPerFileCompile Resource+Extract.swift
SwiftCompile normal arm64 Compiling\ Resource+StringUnit.swift /Users/admin/builder/spi-builder-workspace/Sources/StringExtractor/Resource+StringUnit.swift (in target 'StringExtractor' from project 'SwiftLocalizedStrings')
SwiftCompile normal arm64 /Users/admin/builder/spi-builder-workspace/Sources/StringExtractor/Resource+StringUnit.swift (in target 'StringExtractor' from project 'SwiftLocalizedStrings')
cd /Users/admin/builder/spi-builder-workspace/.swiftpm/xcode
builtin-SwiftPerFileCompile Resource+StringUnit.swift
SwiftCompile normal arm64 Compiling\ Resource+LegacyFormat.swift /Users/admin/builder/spi-builder-workspace/Sources/StringExtractor/Resource+LegacyFormat.swift (in target 'StringExtractor' from project 'SwiftLocalizedStrings')
SwiftCompile normal arm64 /Users/admin/builder/spi-builder-workspace/Sources/StringExtractor/Resource+LegacyFormat.swift (in target 'StringExtractor' from project 'SwiftLocalizedStrings')
cd /Users/admin/builder/spi-builder-workspace/.swiftpm/xcode
builtin-SwiftPerFileCompile Resource+LegacyFormat.swift
SwiftCompile normal arm64 Compiling\ ExtractionError.swift /Users/admin/builder/spi-builder-workspace/Sources/StringExtractor/ExtractionError.swift (in target 'StringExtractor' from project 'SwiftLocalizedStrings')
SwiftCompile normal arm64 /Users/admin/builder/spi-builder-workspace/Sources/StringExtractor/ExtractionError.swift (in target 'StringExtractor' from project 'SwiftLocalizedStrings')
cd /Users/admin/builder/spi-builder-workspace/.swiftpm/xcode
builtin-SwiftPerFileCompile ExtractionError.swift
SwiftCompile normal arm64 Compiling\ ExtractionIssue.swift /Users/admin/builder/spi-builder-workspace/Sources/StringExtractor/ExtractionIssue.swift (in target 'StringExtractor' from project 'SwiftLocalizedStrings')
SwiftCompile normal arm64 /Users/admin/builder/spi-builder-workspace/Sources/StringExtractor/ExtractionIssue.swift (in target 'StringExtractor' from project 'SwiftLocalizedStrings')
cd /Users/admin/builder/spi-builder-workspace/.swiftpm/xcode
builtin-SwiftPerFileCompile ExtractionIssue.swift
SwiftCompile normal arm64 Compiling\ StringExtractor+LegacyFormat.swift /Users/admin/builder/spi-builder-workspace/Sources/StringExtractor/StringExtractor+LegacyFormat.swift (in target 'StringExtractor' from project 'SwiftLocalizedStrings')
SwiftCompile normal arm64 /Users/admin/builder/spi-builder-workspace/Sources/StringExtractor/StringExtractor+LegacyFormat.swift (in target 'StringExtractor' from project 'SwiftLocalizedStrings')
cd /Users/admin/builder/spi-builder-workspace/.swiftpm/xcode
builtin-SwiftPerFileCompile StringExtractor+LegacyFormat.swift
SwiftCompile normal arm64 Compiling\ StringExtractor+StringCatalog.swift /Users/admin/builder/spi-builder-workspace/Sources/StringExtractor/StringExtractor+StringCatalog.swift (in target 'StringExtractor' from project 'SwiftLocalizedStrings')
SwiftCompile normal arm64 /Users/admin/builder/spi-builder-workspace/Sources/StringExtractor/StringExtractor+StringCatalog.swift (in target 'StringExtractor' from project 'SwiftLocalizedStrings')
cd /Users/admin/builder/spi-builder-workspace/.swiftpm/xcode
builtin-SwiftPerFileCompile StringExtractor+StringCatalog.swift
SwiftCompile normal arm64 Compiling\ StringExtractor+Util.swift /Users/admin/builder/spi-builder-workspace/Sources/StringExtractor/StringExtractor+Util.swift (in target 'StringExtractor' from project 'SwiftLocalizedStrings')
SwiftCompile normal arm64 /Users/admin/builder/spi-builder-workspace/Sources/StringExtractor/StringExtractor+Util.swift (in target 'StringExtractor' from project 'SwiftLocalizedStrings')
cd /Users/admin/builder/spi-builder-workspace/.swiftpm/xcode
builtin-SwiftPerFileCompile StringExtractor+Util.swift
SwiftCompile normal arm64 Compiling\ StringParser.swift /Users/admin/builder/spi-builder-workspace/Sources/StringExtractor/StringParser.swift (in target 'StringExtractor' from project 'SwiftLocalizedStrings')
/Users/admin/builder/spi-builder-workspace/Sources/StringExtractor/StringParser.swift:62:23: error: 'Regex' is only available in tvOS 16.0 or newer
59 | }
60 |
61 | extension StringParser {
| `- note: add '@available' attribute to enclosing extension
62 | static var regex: Regex<Regex<(Substring, Int?, String)>.RegexOutput> {
| | `- error: 'Regex' is only available in tvOS 16.0 or newer
| `- note: add '@available' attribute to enclosing static property
63 | Regex {
64 | // The start of the specifier
SwiftCompile normal arm64 /Users/admin/builder/spi-builder-workspace/Sources/StringExtractor/StringParser.swift (in target 'StringExtractor' from project 'SwiftLocalizedStrings')
cd /Users/admin/builder/spi-builder-workspace/.swiftpm/xcode
builtin-SwiftPerFileCompile StringParser.swift
SwiftEmitModule normal arm64 Emitting\ module\ for\ StringExtractor (in target 'StringExtractor' from project 'SwiftLocalizedStrings')
/Users/admin/builder/spi-builder-workspace/Sources/StringExtractor/StringParser.swift:62:23: error: 'Regex' is only available in tvOS 16.0 or newer
59 | }
60 |
61 | extension StringParser {
| `- note: add '@available' attribute to enclosing extension
62 | static var regex: Regex<Regex<(Substring, Int?, String)>.RegexOutput> {
| | `- error: 'Regex' is only available in tvOS 16.0 or newer
| `- note: add '@available' attribute to enclosing static property
63 | Regex {
64 | // The start of the specifier
Failed frontend command:
/Applications/Xcode-27.0.0-Release.Candidate.app/Contents/Developer/Toolchains/XcodeDefault.xctoolchain/usr/bin/swift-frontend -frontend -emit-module -experimental-skip-non-inlinable-function-bodies-without-types /Users/admin/builder/spi-builder-workspace/Sources/StringExtractor/ExtractionError.swift /Users/admin/builder/spi-builder-workspace/Sources/StringExtractor/ExtractionIssue.swift /Users/admin/builder/spi-builder-workspace/Sources/StringExtractor/Resource+Extract.swift /Users/admin/builder/spi-builder-workspace/Sources/StringExtractor/Resource+LegacyFormat.swift /Users/admin/builder/spi-builder-workspace/Sources/StringExtractor/Resource+StringUnit.swift /Users/admin/builder/spi-builder-workspace/Sources/StringExtractor/StringExtractor+LegacyFormat.swift /Users/admin/builder/spi-builder-workspace/Sources/StringExtractor/StringExtractor+StringCatalog.swift /Users/admin/builder/spi-builder-workspace/Sources/StringExtractor/StringExtractor+Util.swift /Users/admin/builder/spi-builder-workspace/Sources/StringExtractor/StringExtractor.swift /Users/admin/builder/spi-builder-workspace/Sources/StringExtractor/StringParser.swift -target arm64-apple-tvos15.0 -disable-cross-import-overlay-search -load-resolved-plugin /Applications/Xcode-27.0.0-Release.Candidate.app/Contents/Developer/Platforms/AppleTVOS.platform/Developer/usr/lib/swift/host/plugins/libFoundationMacros.dylib\#/Applications/Xcode-27.0.0-Release.Candidate.app/Contents/Developer/Platforms/AppleTVOS.platform/Developer/usr/bin/swift-plugin-server\#FoundationMacros -load-resolved-plugin /Applications/Xcode-27.0.0-Release.Candidate.app/Contents/Developer/Platforms/AppleTVOS.platform/Developer/usr/lib/swift/host/plugins/libObservationMacros.dylib\#/Applications/Xcode-27.0.0-Release.Candidate.app/Contents/Developer/Platforms/AppleTVOS.platform/Developer/usr/bin/swift-plugin-server\#ObservationMacros -load-resolved-plugin /Applications/Xcode-27.0.0-Release.Candidate.app/Contents/Developer/Platforms/AppleTVOS.platform/Developer/usr/lib/swift/host/plugins/libSwiftMacros.dylib\#/Applications/Xcode-27.0.0-Release.Candidate.app/Contents/Developer/Platforms/AppleTVOS.platform/Developer/usr/bin/swift-plugin-server\#SwiftMacros -disable-implicit-swift-modules -Xcc -fno-implicit-modules -Xcc -fno-implicit-module-maps -explicit-swift-module-map-file /Users/admin/builder/spi-builder-workspace/.derivedData/Build/Intermediates.noindex/SwiftLocalizedStrings.build/Debug-appletvos/StringExtractor-t.build/Objects-normal/arm64/StringExtractor-dependencies-1.json -Xllvm -aarch64-use-tbi -enable-objc-interop -stack-check -sdk /Applications/Xcode-27.0.0-Release.Candidate.app/Contents/Developer/Platforms/AppleTVOS.platform/Developer/SDKs/AppleTVOS27.0.sdk -I /Users/admin/builder/spi-builder-workspace/.derivedData/Build/Products/Debug-appletvos -Isystem /Applications/Xcode-27.0.0-Release.Candidate.app/Contents/Developer/Platforms/AppleTVOS.platform/Developer/usr/lib -F /Users/admin/builder/spi-builder-workspace/.derivedData/Build/Products/Debug-appletvos/PackageFrameworks -F /Users/admin/builder/spi-builder-workspace/.derivedData/Build/Products/Debug-appletvos -F /Applications/Xcode-27.0.0-Release.Candidate.app/Contents/Developer/Platforms/AppleTVOS.platform/Developer/Library/Frameworks -F /Applications/Xcode-27.0.0-Release.Candidate.app/Contents/Developer/Platforms/AppleTVOS.platform/Developer/SDKs/AppleTVOS27.0.sdk/Developer/Library/Frameworks -module-cache-path /Users/admin/builder/spi-builder-workspace/.derivedData/Build/Intermediates.noindex/SwiftExplicitPrecompiledModules -no-color-diagnostics -Xcc -fno-color-diagnostics -enable-testing -g -debug-info-format\=dwarf -dwarf-version\=4 -profile-generate -profile-coverage-mapping -swift-version 6 -Onone -D SWIFT_PACKAGE -D DEBUG -D SWIFT_MODULE_RESOURCE_BUNDLE_UNAVAILABLE -D Xcode -serialize-debugging-options -enable-experimental-feature DebugDescriptionMacro -empty-abi-descriptor -validate-clang-modules-once -clang-build-session-file /Users/admin/builder/spi-builder-workspace/.derivedData/ModuleCache.noindex/Session.modulevalidation -Xcc -working-directory -Xcc /Users/admin/builder/spi-builder-workspace/.swiftpm/xcode -enable-anonymous-context-mangled-names -file-compilation-dir /Users/admin/builder/spi-builder-workspace/.swiftpm/xcode -Xcc -D_LIBCPP_HARDENING_MODE\=_LIBCPP_HARDENING_MODE_DEBUG -Xcc -ivfsstatcache -Xcc /Users/admin/builder/spi-builder-workspace/.derivedData/SDKStatCaches.noindex/appletvos27.0-24J360-e829b21a6f8c9b70876ba0858053c044b32bfd8d43560033f8d89884cdb90028.sdkstatcache -Xcc -fmodules-prune-interval\=86400 -Xcc -fmodules-prune-after\=345600 -Xcc -I/Users/admin/builder/spi-builder-workspace/.derivedData/Build/Products/Debug-appletvos/include -Xcc -I/Users/admin/builder/spi-builder-workspace/.derivedData/Build/Intermediates.noindex/SwiftLocalizedStrings.build/Debug-appletvos/StringExtractor-t.build/DerivedSources-normal/arm64 -Xcc -I/Users/admin/builder/spi-builder-workspace/.derivedData/Build/Intermediates.noindex/SwiftLocalizedStrings.build/Debug-appletvos/StringExtractor-t.build/DerivedSources/arm64 -Xcc -I/Users/admin/builder/spi-builder-workspace/.derivedData/Build/Intermediates.noindex/SwiftLocalizedStrings.build/Debug-appletvos/StringExtractor-t.build/DerivedSources -Xcc -DSWIFT_PACKAGE -Xcc -DDEBUG\=1 -no-auto-bridging-header-chaining -module-name StringExtractor -package-name spi_builder_workspace -const-gather-protocols-file /Users/admin/builder/spi-builder-workspace/.derivedData/Build/Intermediates.noindex/SwiftLocalizedStrings.build/Debug-appletvos/StringExtractor-t.build/Objects-normal/arm64/StringExtractor_const_extract_protocols.json -disable-clang-spi -clang-target arm64-apple-tvos27.0 -target-sdk-version 27.0 -target-sdk-name appletvos27.0 -in-process-plugin-server-path /Applications/Xcode-27.0.0-Release.Candidate.app/Contents/Developer/Toolchains/XcodeDefault.xctoolchain/usr/lib/swift/host/libSwiftInProcPluginServer.dylib -emit-module-doc-path /Users/admin/builder/spi-builder-workspace/.derivedData/Build/Intermediates.noindex/SwiftLocalizedStrings.build/Debug-appletvos/StringExtractor-t.build/Objects-normal/arm64/StringExtractor.swiftdoc -emit-module-source-info-path /Users/admin/builder/spi-builder-workspace/.derivedData/Build/Intermediates.noindex/SwiftLocalizedStrings.build/Debug-appletvos/StringExtractor-t.build/Objects-normal/arm64/StringExtractor.swiftsourceinfo -emit-objc-header-path /Users/admin/builder/spi-builder-workspace/.derivedData/Build/Intermediates.noindex/SwiftLocalizedStrings.build/Debug-appletvos/StringExtractor-t.build/Objects-normal/arm64/StringExtractor-Swift.h -serialize-diagnostics-path /Users/admin/builder/spi-builder-workspace/.derivedData/Build/Intermediates.noindex/SwiftLocalizedStrings.build/Debug-appletvos/StringExtractor-t.build/Objects-normal/arm64/StringExtractor-primary-emit-module.dia -emit-dependencies-path /Users/admin/builder/spi-builder-workspace/.derivedData/Build/Intermediates.noindex/SwiftLocalizedStrings.build/Debug-appletvos/StringExtractor-t.build/Objects-normal/arm64/StringExtractor-primary-emit-module.d -parse-as-library -o /Users/admin/builder/spi-builder-workspace/.derivedData/Build/Intermediates.noindex/SwiftLocalizedStrings.build/Debug-appletvos/StringExtractor-t.build/Objects-normal/arm64/StringExtractor.swiftmodule -emit-abi-descriptor-path /Users/admin/builder/spi-builder-workspace/.derivedData/Build/Intermediates.noindex/SwiftLocalizedStrings.build/Debug-appletvos/StringExtractor-t.build/Objects-normal/arm64/StringExtractor.abi.json
SwiftCompile normal arm64 (in target 'StringExtractor' from project 'SwiftLocalizedStrings')
cd /Users/admin/builder/spi-builder-workspace/.swiftpm/xcode
SwiftCompile normal arm64 Compiling\ StringExtractor.swift /Users/admin/builder/spi-builder-workspace/Sources/StringExtractor/StringExtractor.swift (in target 'StringExtractor' from project 'SwiftLocalizedStrings')
SwiftCompile normal arm64 /Users/admin/builder/spi-builder-workspace/Sources/StringExtractor/StringExtractor.swift (in target 'StringExtractor' from project 'SwiftLocalizedStrings')
cd /Users/admin/builder/spi-builder-workspace/.swiftpm/xcode
builtin-SwiftPerFileCompile StringExtractor.swift
SwiftDriverJobDiscovery normal arm64 Compiling StringExtractor+Util.swift (in target 'StringExtractor' from project 'SwiftLocalizedStrings')
SwiftDriverJobDiscovery normal arm64 Compiling StringExtractor+LegacyFormat.swift (in target 'StringExtractor' from project 'SwiftLocalizedStrings')
SwiftDriverJobDiscovery normal arm64 Compiling ExtractionIssue.swift (in target 'StringExtractor' from project 'SwiftLocalizedStrings')
PruneExplicitPrecompiledModules /Users/admin/builder/spi-builder-workspace/.derivedData/Build/Intermediates.noindex/ExplicitPrecompiledModules
PruneExplicitPrecompiledModules /Users/admin/builder/spi-builder-workspace/.derivedData/Build/Intermediates.noindex/SwiftExplicitPrecompiledModules
PruneExplicitPrecompiledModules /Users/admin/builder/spi-builder-workspace/.derivedData/SDKExplicitPrecompiledModules
2026-09-22 03:33:12.188 xcodebuild[625:3969] [MT] IDERunDestination: Supported platforms for the buildables in the current scheme is empty.
** BUILD FAILED **
The following build commands failed:
SwiftEmitModule normal arm64 Emitting\ module\ for\ StringExtractor (in target 'StringExtractor' from project 'SwiftLocalizedStrings')
SwiftCompile normal arm64 (in target 'StringExtractor' from project 'SwiftLocalizedStrings')
Building workspace SwiftLocalizedStrings with scheme SwiftLocalizedStrings-Package
(3 failures)
Command line invocation:
/Applications/Xcode-27.0.0-Release.Candidate.app/Contents/Developer/usr/bin/xcodebuild -IDEClonedSourcePackagesDirPathOverride=/Users/admin/builder/spi-builder-workspace/.dependencies -resolvePackageDependencies
Resolve Package Graph
Resolved source packages:
SwiftLocalizedStrings: /Users/admin/builder/spi-builder-workspace
resolved source packages: SwiftLocalizedStrings
2026-09-22 03:33:19.937 xcodebuild[738:4721] [MT] IDERunDestination: Supported platforms for the buildables in the current scheme is empty.
{
"dependencies" : [
],
"manifest_display_name" : "SwiftLocalizedStrings",
"name" : "SwiftLocalizedStrings",
"path" : "/Users/admin/builder/spi-builder-workspace",
"platforms" : [
{
"name" : "macos",
"version" : "13.0"
}
],
"products" : [
{
"name" : "StringResource",
"targets" : [
"StringResource"
],
"type" : {
"library" : [
"automatic"
]
}
},
{
"name" : "StringSource",
"targets" : [
"StringSource"
],
"type" : {
"library" : [
"automatic"
]
}
},
{
"name" : "StringCatalog",
"targets" : [
"StringCatalog"
],
"type" : {
"library" : [
"automatic"
]
}
},
{
"name" : "SwiftIdentifier",
"targets" : [
"SwiftIdentifier"
],
"type" : {
"library" : [
"automatic"
]
}
},
{
"name" : "StringExtractor",
"targets" : [
"StringExtractor"
],
"type" : {
"library" : [
"automatic"
]
}
},
{
"name" : "StringValidator",
"targets" : [
"StringValidator"
],
"type" : {
"library" : [
"automatic"
]
}
}
],
"swift_languages_versions" : [
"5",
"6"
],
"targets" : [
{
"c99name" : "SwiftIdentifier",
"module_type" : "SwiftTarget",
"name" : "SwiftIdentifier",
"path" : "Sources/SwiftIdentifier",
"product_memberships" : [
"SwiftIdentifier",
"StringExtractor"
],
"sources" : [
"SwiftIdentifier+Extra.swift",
"SwiftIdentifier.swift"
],
"type" : "library"
},
{
"c99name" : "StringValidator",
"module_type" : "SwiftTarget",
"name" : "StringValidator",
"path" : "Sources/StringValidator",
"product_memberships" : [
"StringValidator"
],
"sources" : [
"ResourceValidator.swift"
],
"target_dependencies" : [
"StringResource"
],
"type" : "library"
},
{
"c99name" : "StringSource",
"module_type" : "SwiftTarget",
"name" : "StringSource",
"path" : "Sources/StringSource",
"product_memberships" : [
"StringSource",
"StringExtractor"
],
"sources" : [
"StringSource.swift",
"StringSourceError.swift"
],
"target_dependencies" : [
"StringCatalog"
],
"type" : "library"
},
{
"c99name" : "StringResource",
"module_type" : "SwiftTarget",
"name" : "StringResource",
"path" : "Sources/StringResource",
"product_memberships" : [
"StringResource",
"StringExtractor",
"StringValidator"
],
"sources" : [
"Argument.swift",
"PlaceholderType.swift",
"Resource.swift",
"StringSegment.swift"
],
"type" : "library"
},
{
"c99name" : "StringExtractor",
"module_type" : "SwiftTarget",
"name" : "StringExtractor",
"path" : "Sources/StringExtractor",
"product_memberships" : [
"StringExtractor"
],
"sources" : [
"ExtractionError.swift",
"ExtractionIssue.swift",
"Resource+Extract.swift",
"Resource+LegacyFormat.swift",
"Resource+StringUnit.swift",
"StringExtractor+LegacyFormat.swift",
"StringExtractor+StringCatalog.swift",
"StringExtractor+Util.swift",
"StringExtractor.swift",
"StringParser.swift"
],
"target_dependencies" : [
"StringCatalog",
"StringResource",
"StringSource",
"SwiftIdentifier"
],
"type" : "library"
},
{
"c99name" : "StringCatalogTests",
"module_type" : "SwiftTarget",
"name" : "StringCatalogTests",
"path" : "Tests/StringCatalogTests",
"resources" : [
{
"path" : "/Users/admin/builder/spi-builder-workspace/Tests/StringCatalogTests/__Fixtures__",
"rule" : {
"copy" : {
}
}
}
],
"sources" : [
"StringCatalogTests.swift"
],
"target_dependencies" : [
"StringCatalog"
],
"type" : "test"
},
{
"c99name" : "StringCatalog",
"module_type" : "SwiftTarget",
"name" : "StringCatalog",
"path" : "Sources/StringCatalog",
"product_memberships" : [
"StringSource",
"StringCatalog",
"StringExtractor"
],
"sources" : [
"StringCatalog.swift",
"Types/StringEntry.swift",
"Types/StringExtractionState.swift",
"Types/StringLanguage.swift",
"Types/StringLocalization.swift",
"Types/StringSubstitution.swift",
"Types/StringUnit.swift",
"Types/StringUnitState.swift",
"Types/StringVariation.swift",
"Types/StringVariations.swift"
],
"type" : "library"
}
],
"tools_version" : "5.9"
}
{
"workspace" : {
"name" : "SwiftLocalizedStrings",
"schemes" : [
"StringCatalog",
"StringExtractor",
"StringResource",
"StringSource",
"StringValidator",
"SwiftIdentifier",
"SwiftLocalizedStrings-Package"
]
}
}
2026-09-22 03:33:21.278 xcodebuild[746:4797] [MT] IDERunDestination: Supported platforms for the buildables in the current scheme is empty.
Running build ...
env DEVELOPER_DIR=/Applications/Xcode-27.0.0-Release.Candidate.app xcrun xcodebuild -IDEClonedSourcePackagesDirPathOverride=$PWD/.dependencies -skipMacroValidation -skipPackagePluginValidation -derivedDataPath $PWD/.derivedData build -scheme SwiftLocalizedStrings-Package -destination generic/platform=tvOS
Command line invocation:
/Applications/Xcode-27.0.0-Release.Candidate.app/Contents/Developer/usr/bin/xcodebuild -IDEClonedSourcePackagesDirPathOverride=/Users/admin/builder/spi-builder-workspace/.dependencies -skipMacroValidation -skipPackagePluginValidation -derivedDataPath /Users/admin/builder/spi-builder-workspace/.derivedData build -scheme SwiftLocalizedStrings-Package -destination generic/platform=tvOS
Resolve Package Graph
Resolved source packages:
SwiftLocalizedStrings: /Users/admin/builder/spi-builder-workspace
ComputePackagePrebuildTargetDependencyGraph
Prepare packages
CreateBuildRequest
SendProjectDescription
CreateBuildOperation
ComputeTargetDependencyGraph
note: Building targets in dependency order
note: Target dependency graph (12 targets)
Target 'StringValidator-product' in project 'SwiftLocalizedStrings'
➜ Explicit dependency on target 'StringValidator' in project 'SwiftLocalizedStrings'
➜ Explicit dependency on target 'StringResource' in project 'SwiftLocalizedStrings'
Target 'StringValidator' in project 'SwiftLocalizedStrings'
➜ Explicit dependency on target 'StringResource' in project 'SwiftLocalizedStrings'
Target 'StringExtractor-product' in project 'SwiftLocalizedStrings'
➜ Explicit dependency on target 'StringExtractor' in project 'SwiftLocalizedStrings'
➜ Explicit dependency on target 'StringCatalog' in project 'SwiftLocalizedStrings'
➜ Explicit dependency on target 'StringResource' in project 'SwiftLocalizedStrings'
➜ Explicit dependency on target 'StringSource' in project 'SwiftLocalizedStrings'
➜ Explicit dependency on target 'SwiftIdentifier' in project 'SwiftLocalizedStrings'
Target 'StringExtractor' in project 'SwiftLocalizedStrings'
➜ Explicit dependency on target 'StringCatalog' in project 'SwiftLocalizedStrings'
➜ Explicit dependency on target 'StringResource' in project 'SwiftLocalizedStrings'
➜ Explicit dependency on target 'StringSource' in project 'SwiftLocalizedStrings'
➜ Explicit dependency on target 'SwiftIdentifier' in project 'SwiftLocalizedStrings'
Target 'SwiftIdentifier-product' in project 'SwiftLocalizedStrings'
➜ Explicit dependency on target 'SwiftIdentifier' in project 'SwiftLocalizedStrings'
Target 'SwiftIdentifier' in project 'SwiftLocalizedStrings' (no dependencies)
Target 'StringCatalog-product' in project 'SwiftLocalizedStrings'
➜ Explicit dependency on target 'StringCatalog' in project 'SwiftLocalizedStrings'
Target 'StringSource-product' in project 'SwiftLocalizedStrings'
➜ Explicit dependency on target 'StringSource' in project 'SwiftLocalizedStrings'
➜ Explicit dependency on target 'StringCatalog' in project 'SwiftLocalizedStrings'
Target 'StringSource' in project 'SwiftLocalizedStrings'
➜ Explicit dependency on target 'StringCatalog' in project 'SwiftLocalizedStrings'
Target 'StringCatalog' in project 'SwiftLocalizedStrings' (no dependencies)
Target 'StringResource-product' in project 'SwiftLocalizedStrings'
➜ Explicit dependency on target 'StringResource' in project 'SwiftLocalizedStrings'
Target 'StringResource' in project 'SwiftLocalizedStrings' (no dependencies)
GatherProvisioningInputs
CreateBuildDescription
ClangStatCache /Applications/Xcode-27.0.0-Release.Candidate.app/Contents/Developer/Toolchains/XcodeDefault.xctoolchain/usr/bin/clang-stat-cache /Applications/Xcode-27.0.0-Release.Candidate.app/Contents/Developer/Platforms/AppleTVOS.platform/Developer/SDKs/AppleTVOS27.0.sdk /Users/admin/builder/spi-builder-workspace/.derivedData/SDKStatCaches.noindex/appletvos27.0-24J360-e829b21a6f8c9b70876ba0858053c044b32bfd8d43560033f8d89884cdb90028.sdkstatcache
cd /Users/admin/builder/spi-builder-workspace/.swiftpm/xcode
/Applications/Xcode-27.0.0-Release.Candidate.app/Contents/Developer/Toolchains/XcodeDefault.xctoolchain/usr/bin/clang-stat-cache /Applications/Xcode-27.0.0-Release.Candidate.app/Contents/Developer/Platforms/AppleTVOS.platform/Developer/SDKs/AppleTVOS27.0.sdk -o /Users/admin/builder/spi-builder-workspace/.derivedData/SDKStatCaches.noindex/appletvos27.0-24J360-e829b21a6f8c9b70876ba0858053c044b32bfd8d43560033f8d89884cdb90028.sdkstatcache
SwiftDriver StringExtractor normal arm64 com.apple.xcode.tools.swift.compiler (in target 'StringExtractor' from project 'SwiftLocalizedStrings')
cd /Users/admin/builder/spi-builder-workspace/.swiftpm/xcode
builtin-SwiftDriver -- /Applications/Xcode-27.0.0-Release.Candidate.app/Contents/Developer/Toolchains/XcodeDefault.xctoolchain/usr/bin/swiftc -parse-as-library -module-name StringExtractor -Onone @/Users/admin/builder/spi-builder-workspace/.derivedData/Build/Intermediates.noindex/SwiftLocalizedStrings.build/Debug-appletvos/StringExtractor-t.build/Objects-normal/arm64/StringExtractor.SwiftFileList -DSWIFT_PACKAGE -DDEBUG -DSWIFT_MODULE_RESOURCE_BUNDLE_UNAVAILABLE -DXcode -plugin-path /Applications/Xcode-27.0.0-Release.Candidate.app/Contents/Developer/Toolchains/XcodeDefault.xctoolchain/usr/lib/swift/host/plugins/testing -enable-experimental-feature DebugDescriptionMacro -sdk /Applications/Xcode-27.0.0-Release.Candidate.app/Contents/Developer/Platforms/AppleTVOS.platform/Developer/SDKs/AppleTVOS27.0.sdk -target arm64-apple-tvos15.0 -g -module-cache-path /Users/admin/builder/spi-builder-workspace/.derivedData/ModuleCache.noindex -Xfrontend -serialize-debugging-options -profile-coverage-mapping -profile-generate -enable-testing -index-store-path /Users/admin/builder/spi-builder-workspace/.derivedData/Index.noindex/DataStore -Xcc -D_LIBCPP_HARDENING_MODE\=_LIBCPP_HARDENING_MODE_DEBUG -swift-version 6 -I /Users/admin/builder/spi-builder-workspace/.derivedData/Build/Products/Debug-appletvos -Isystem /Applications/Xcode-27.0.0-Release.Candidate.app/Contents/Developer/Platforms/AppleTVOS.platform/Developer/usr/lib -F /Users/admin/builder/spi-builder-workspace/.derivedData/Build/Products/Debug-appletvos/PackageFrameworks -F /Users/admin/builder/spi-builder-workspace/.derivedData/Build/Products/Debug-appletvos -F /Applications/Xcode-27.0.0-Release.Candidate.app/Contents/Developer/Platforms/AppleTVOS.platform/Developer/Library/Frameworks -F /Applications/Xcode-27.0.0-Release.Candidate.app/Contents/Developer/Platforms/AppleTVOS.platform/Developer/SDKs/AppleTVOS27.0.sdk/Developer/Library/Frameworks -c -j10 -enable-batch-mode -incremental -Xcc -ivfsstatcache -Xcc /Users/admin/builder/spi-builder-workspace/.derivedData/SDKStatCaches.noindex/appletvos27.0-24J360-e829b21a6f8c9b70876ba0858053c044b32bfd8d43560033f8d89884cdb90028.sdkstatcache -output-file-map /Users/admin/builder/spi-builder-workspace/.derivedData/Build/Intermediates.noindex/SwiftLocalizedStrings.build/Debug-appletvos/StringExtractor-t.build/Objects-normal/arm64/StringExtractor-OutputFileMap.json -save-temps -no-color-diagnostics -explicit-module-build -module-cache-path /Users/admin/builder/spi-builder-workspace/.derivedData/Build/Intermediates.noindex/SwiftExplicitPrecompiledModules -clang-scanner-module-cache-path /Users/admin/builder/spi-builder-workspace/.derivedData/ModuleCache.noindex -sdk-module-cache-path /Users/admin/builder/spi-builder-workspace/.derivedData/SDKExplicitPrecompiledModules -emit-dependencies -emit-module -emit-module-path /Users/admin/builder/spi-builder-workspace/.derivedData/Build/Intermediates.noindex/SwiftLocalizedStrings.build/Debug-appletvos/StringExtractor-t.build/Objects-normal/arm64/StringExtractor.swiftmodule -serialize-diagnostics -dependency-scan-serialize-diagnostics-path /Users/admin/builder/spi-builder-workspace/.derivedData/Build/Intermediates.noindex/SwiftLocalizedStrings.build/Debug-appletvos/StringExtractor-t.build/Objects-normal/arm64/StringExtractor-dependency-scan.dia -validate-clang-modules-once -clang-build-session-file /Users/admin/builder/spi-builder-workspace/.derivedData/ModuleCache.noindex/Session.modulevalidation -Xcc -fmodules-prune-interval\=86400 -Xcc -fmodules-prune-after\=345600 -package-name spi_builder_workspace -emit-const-values -const-gather-protocols-list /Users/admin/builder/spi-builder-workspace/.derivedData/Build/Intermediates.noindex/SwiftLocalizedStrings.build/Debug-appletvos/StringExtractor-t.build/Objects-normal/arm64/StringExtractor_const_extract_protocols.json -Xcc -I/Users/admin/builder/spi-builder-workspace/.derivedData/Build/Products/Debug-appletvos/include -Xcc -I/Users/admin/builder/spi-builder-workspace/.derivedData/Build/Intermediates.noindex/SwiftLocalizedStrings.build/Debug-appletvos/StringExtractor-t.build/DerivedSources-normal/arm64 -Xcc -I/Users/admin/builder/spi-builder-workspace/.derivedData/Build/Intermediates.noindex/SwiftLocalizedStrings.build/Debug-appletvos/StringExtractor-t.build/DerivedSources/arm64 -Xcc -I/Users/admin/builder/spi-builder-workspace/.derivedData/Build/Intermediates.noindex/SwiftLocalizedStrings.build/Debug-appletvos/StringExtractor-t.build/DerivedSources -Xcc -DSWIFT_PACKAGE -Xcc -DDEBUG\=1 -emit-objc-header -emit-objc-header-path /Users/admin/builder/spi-builder-workspace/.derivedData/Build/Intermediates.noindex/SwiftLocalizedStrings.build/Debug-appletvos/StringExtractor-t.build/Objects-normal/arm64/StringExtractor-Swift.h -working-directory /Users/admin/builder/spi-builder-workspace/.swiftpm/xcode -experimental-emit-module-separately -disable-cmo
SwiftCompile normal arm64 Compiling\ ExtractionError.swift /Users/admin/builder/spi-builder-workspace/Sources/StringExtractor/ExtractionError.swift (in target 'StringExtractor' from project 'SwiftLocalizedStrings')
SwiftCompile normal arm64 /Users/admin/builder/spi-builder-workspace/Sources/StringExtractor/ExtractionError.swift (in target 'StringExtractor' from project 'SwiftLocalizedStrings')
cd /Users/admin/builder/spi-builder-workspace/.swiftpm/xcode
builtin-SwiftPerFileCompile ExtractionError.swift
SwiftCompile normal arm64 Compiling\ Resource+StringUnit.swift /Users/admin/builder/spi-builder-workspace/Sources/StringExtractor/Resource+StringUnit.swift (in target 'StringExtractor' from project 'SwiftLocalizedStrings')
SwiftCompile normal arm64 /Users/admin/builder/spi-builder-workspace/Sources/StringExtractor/Resource+StringUnit.swift (in target 'StringExtractor' from project 'SwiftLocalizedStrings')
cd /Users/admin/builder/spi-builder-workspace/.swiftpm/xcode
builtin-SwiftPerFileCompile Resource+StringUnit.swift
SwiftCompile normal arm64 Compiling\ Resource+LegacyFormat.swift /Users/admin/builder/spi-builder-workspace/Sources/StringExtractor/Resource+LegacyFormat.swift (in target 'StringExtractor' from project 'SwiftLocalizedStrings')
SwiftCompile normal arm64 /Users/admin/builder/spi-builder-workspace/Sources/StringExtractor/Resource+LegacyFormat.swift (in target 'StringExtractor' from project 'SwiftLocalizedStrings')
cd /Users/admin/builder/spi-builder-workspace/.swiftpm/xcode
builtin-SwiftPerFileCompile Resource+LegacyFormat.swift
SwiftCompile normal arm64 Compiling\ StringExtractor+StringCatalog.swift /Users/admin/builder/spi-builder-workspace/Sources/StringExtractor/StringExtractor+StringCatalog.swift (in target 'StringExtractor' from project 'SwiftLocalizedStrings')
SwiftCompile normal arm64 /Users/admin/builder/spi-builder-workspace/Sources/StringExtractor/StringExtractor+StringCatalog.swift (in target 'StringExtractor' from project 'SwiftLocalizedStrings')
cd /Users/admin/builder/spi-builder-workspace/.swiftpm/xcode
builtin-SwiftPerFileCompile StringExtractor+StringCatalog.swift
SwiftEmitModule normal arm64 Emitting\ module\ for\ StringExtractor (in target 'StringExtractor' from project 'SwiftLocalizedStrings')
/Users/admin/builder/spi-builder-workspace/Sources/StringExtractor/StringParser.swift:62:23: error: 'Regex' is only available in tvOS 16.0 or newer
59 | }
60 |
61 | extension StringParser {
| `- note: add '@available' attribute to enclosing extension
62 | static var regex: Regex<Regex<(Substring, Int?, String)>.RegexOutput> {
| | `- error: 'Regex' is only available in tvOS 16.0 or newer
| `- note: add '@available' attribute to enclosing static property
63 | Regex {
64 | // The start of the specifier
Failed frontend command:
/Applications/Xcode-27.0.0-Release.Candidate.app/Contents/Developer/Toolchains/XcodeDefault.xctoolchain/usr/bin/swift-frontend -frontend -emit-module -experimental-skip-non-inlinable-function-bodies-without-types /Users/admin/builder/spi-builder-workspace/Sources/StringExtractor/ExtractionError.swift /Users/admin/builder/spi-builder-workspace/Sources/StringExtractor/ExtractionIssue.swift /Users/admin/builder/spi-builder-workspace/Sources/StringExtractor/Resource+Extract.swift /Users/admin/builder/spi-builder-workspace/Sources/StringExtractor/Resource+LegacyFormat.swift /Users/admin/builder/spi-builder-workspace/Sources/StringExtractor/Resource+StringUnit.swift /Users/admin/builder/spi-builder-workspace/Sources/StringExtractor/StringExtractor+LegacyFormat.swift /Users/admin/builder/spi-builder-workspace/Sources/StringExtractor/StringExtractor+StringCatalog.swift /Users/admin/builder/spi-builder-workspace/Sources/StringExtractor/StringExtractor+Util.swift /Users/admin/builder/spi-builder-workspace/Sources/StringExtractor/StringExtractor.swift /Users/admin/builder/spi-builder-workspace/Sources/StringExtractor/StringParser.swift -target arm64-apple-tvos15.0 -disable-cross-import-overlay-search -load-resolved-plugin /Applications/Xcode-27.0.0-Release.Candidate.app/Contents/Developer/Platforms/AppleTVOS.platform/Developer/usr/lib/swift/host/plugins/libFoundationMacros.dylib\#/Applications/Xcode-27.0.0-Release.Candidate.app/Contents/Developer/Platforms/AppleTVOS.platform/Developer/usr/bin/swift-plugin-server\#FoundationMacros -load-resolved-plugin /Applications/Xcode-27.0.0-Release.Candidate.app/Contents/Developer/Platforms/AppleTVOS.platform/Developer/usr/lib/swift/host/plugins/libObservationMacros.dylib\#/Applications/Xcode-27.0.0-Release.Candidate.app/Contents/Developer/Platforms/AppleTVOS.platform/Developer/usr/bin/swift-plugin-server\#ObservationMacros -load-resolved-plugin /Applications/Xcode-27.0.0-Release.Candidate.app/Contents/Developer/Platforms/AppleTVOS.platform/Developer/usr/lib/swift/host/plugins/libSwiftMacros.dylib\#/Applications/Xcode-27.0.0-Release.Candidate.app/Contents/Developer/Platforms/AppleTVOS.platform/Developer/usr/bin/swift-plugin-server\#SwiftMacros -disable-implicit-swift-modules -Xcc -fno-implicit-modules -Xcc -fno-implicit-module-maps -explicit-swift-module-map-file /Users/admin/builder/spi-builder-workspace/.derivedData/Build/Intermediates.noindex/SwiftLocalizedStrings.build/Debug-appletvos/StringExtractor-t.build/Objects-normal/arm64/StringExtractor-dependencies-1.json -Xllvm -aarch64-use-tbi -enable-objc-interop -stack-check -sdk /Applications/Xcode-27.0.0-Release.Candidate.app/Contents/Developer/Platforms/AppleTVOS.platform/Developer/SDKs/AppleTVOS27.0.sdk -I /Users/admin/builder/spi-builder-workspace/.derivedData/Build/Products/Debug-appletvos -Isystem /Applications/Xcode-27.0.0-Release.Candidate.app/Contents/Developer/Platforms/AppleTVOS.platform/Developer/usr/lib -F /Users/admin/builder/spi-builder-workspace/.derivedData/Build/Products/Debug-appletvos/PackageFrameworks -F /Users/admin/builder/spi-builder-workspace/.derivedData/Build/Products/Debug-appletvos -F /Applications/Xcode-27.0.0-Release.Candidate.app/Contents/Developer/Platforms/AppleTVOS.platform/Developer/Library/Frameworks -F /Applications/Xcode-27.0.0-Release.Candidate.app/Contents/Developer/Platforms/AppleTVOS.platform/Developer/SDKs/AppleTVOS27.0.sdk/Developer/Library/Frameworks -module-cache-path /Users/admin/builder/spi-builder-workspace/.derivedData/Build/Intermediates.noindex/SwiftExplicitPrecompiledModules -no-color-diagnostics -Xcc -fno-color-diagnostics -enable-testing -g -debug-info-format\=dwarf -dwarf-version\=4 -profile-generate -profile-coverage-mapping -swift-version 6 -Onone -D SWIFT_PACKAGE -D DEBUG -D SWIFT_MODULE_RESOURCE_BUNDLE_UNAVAILABLE -D Xcode -serialize-debugging-options -enable-experimental-feature DebugDescriptionMacro -empty-abi-descriptor -validate-clang-modules-once -clang-build-session-file /Users/admin/builder/spi-builder-workspace/.derivedData/ModuleCache.noindex/Session.modulevalidation -Xcc -working-directory -Xcc /Users/admin/builder/spi-builder-workspace/.swiftpm/xcode -enable-anonymous-context-mangled-names -file-compilation-dir /Users/admin/builder/spi-builder-workspace/.swiftpm/xcode -Xcc -D_LIBCPP_HARDENING_MODE\=_LIBCPP_HARDENING_MODE_DEBUG -Xcc -ivfsstatcache -Xcc /Users/admin/builder/spi-builder-workspace/.derivedData/SDKStatCaches.noindex/appletvos27.0-24J360-e829b21a6f8c9b70876ba0858053c044b32bfd8d43560033f8d89884cdb90028.sdkstatcache -Xcc -fmodules-prune-interval\=86400 -Xcc -fmodules-prune-after\=345600 -Xcc -I/Users/admin/builder/spi-builder-workspace/.derivedData/Build/Products/Debug-appletvos/include -Xcc -I/Users/admin/builder/spi-builder-workspace/.derivedData/Build/Intermediates.noindex/SwiftLocalizedStrings.build/Debug-appletvos/StringExtractor-t.build/DerivedSources-normal/arm64 -Xcc -I/Users/admin/builder/spi-builder-workspace/.derivedData/Build/Intermediates.noindex/SwiftLocalizedStrings.build/Debug-appletvos/StringExtractor-t.build/DerivedSources/arm64 -Xcc -I/Users/admin/builder/spi-builder-workspace/.derivedData/Build/Intermediates.noindex/SwiftLocalizedStrings.build/Debug-appletvos/StringExtractor-t.build/DerivedSources -Xcc -DSWIFT_PACKAGE -Xcc -DDEBUG\=1 -no-auto-bridging-header-chaining -module-name StringExtractor -package-name spi_builder_workspace -const-gather-protocols-file /Users/admin/builder/spi-builder-workspace/.derivedData/Build/Intermediates.noindex/SwiftLocalizedStrings.build/Debug-appletvos/StringExtractor-t.build/Objects-normal/arm64/StringExtractor_const_extract_protocols.json -disable-clang-spi -clang-target arm64-apple-tvos27.0 -target-sdk-version 27.0 -target-sdk-name appletvos27.0 -in-process-plugin-server-path /Applications/Xcode-27.0.0-Release.Candidate.app/Contents/Developer/Toolchains/XcodeDefault.xctoolchain/usr/lib/swift/host/libSwiftInProcPluginServer.dylib -emit-module-doc-path /Users/admin/builder/spi-builder-workspace/.derivedData/Build/Intermediates.noindex/SwiftLocalizedStrings.build/Debug-appletvos/StringExtractor-t.build/Objects-normal/arm64/StringExtractor.swiftdoc -emit-module-source-info-path /Users/admin/builder/spi-builder-workspace/.derivedData/Build/Intermediates.noindex/SwiftLocalizedStrings.build/Debug-appletvos/StringExtractor-t.build/Objects-normal/arm64/StringExtractor.swiftsourceinfo -emit-objc-header-path /Users/admin/builder/spi-builder-workspace/.derivedData/Build/Intermediates.noindex/SwiftLocalizedStrings.build/Debug-appletvos/StringExtractor-t.build/Objects-normal/arm64/StringExtractor-Swift.h -serialize-diagnostics-path /Users/admin/builder/spi-builder-workspace/.derivedData/Build/Intermediates.noindex/SwiftLocalizedStrings.build/Debug-appletvos/StringExtractor-t.build/Objects-normal/arm64/StringExtractor-primary-emit-module.dia -emit-dependencies-path /Users/admin/builder/spi-builder-workspace/.derivedData/Build/Intermediates.noindex/SwiftLocalizedStrings.build/Debug-appletvos/StringExtractor-t.build/Objects-normal/arm64/StringExtractor-primary-emit-module.d -parse-as-library -o /Users/admin/builder/spi-builder-workspace/.derivedData/Build/Intermediates.noindex/SwiftLocalizedStrings.build/Debug-appletvos/StringExtractor-t.build/Objects-normal/arm64/StringExtractor.swiftmodule -emit-abi-descriptor-path /Users/admin/builder/spi-builder-workspace/.derivedData/Build/Intermediates.noindex/SwiftLocalizedStrings.build/Debug-appletvos/StringExtractor-t.build/Objects-normal/arm64/StringExtractor.abi.json
SwiftCompile normal arm64 (in target 'StringExtractor' from project 'SwiftLocalizedStrings')
cd /Users/admin/builder/spi-builder-workspace/.swiftpm/xcode
SwiftCompile normal arm64 Compiling\ StringExtractor.swift /Users/admin/builder/spi-builder-workspace/Sources/StringExtractor/StringExtractor.swift (in target 'StringExtractor' from project 'SwiftLocalizedStrings')
SwiftCompile normal arm64 /Users/admin/builder/spi-builder-workspace/Sources/StringExtractor/StringExtractor.swift (in target 'StringExtractor' from project 'SwiftLocalizedStrings')
cd /Users/admin/builder/spi-builder-workspace/.swiftpm/xcode
builtin-SwiftPerFileCompile StringExtractor.swift
SwiftCompile normal arm64 Compiling\ StringParser.swift /Users/admin/builder/spi-builder-workspace/Sources/StringExtractor/StringParser.swift (in target 'StringExtractor' from project 'SwiftLocalizedStrings')
/Users/admin/builder/spi-builder-workspace/Sources/StringExtractor/StringParser.swift:62:23: error: 'Regex' is only available in tvOS 16.0 or newer
59 | }
60 |
61 | extension StringParser {
| `- note: add '@available' attribute to enclosing extension
62 | static var regex: Regex<Regex<(Substring, Int?, String)>.RegexOutput> {
| | `- error: 'Regex' is only available in tvOS 16.0 or newer
| `- note: add '@available' attribute to enclosing static property
63 | Regex {
64 | // The start of the specifier
SwiftCompile normal arm64 /Users/admin/builder/spi-builder-workspace/Sources/StringExtractor/StringParser.swift (in target 'StringExtractor' from project 'SwiftLocalizedStrings')
cd /Users/admin/builder/spi-builder-workspace/.swiftpm/xcode
builtin-SwiftPerFileCompile StringParser.swift
SwiftCompile normal arm64 Compiling\ Resource+Extract.swift /Users/admin/builder/spi-builder-workspace/Sources/StringExtractor/Resource+Extract.swift (in target 'StringExtractor' from project 'SwiftLocalizedStrings')
SwiftCompile normal arm64 /Users/admin/builder/spi-builder-workspace/Sources/StringExtractor/Resource+Extract.swift (in target 'StringExtractor' from project 'SwiftLocalizedStrings')
cd /Users/admin/builder/spi-builder-workspace/.swiftpm/xcode
builtin-SwiftPerFileCompile Resource+Extract.swift
SwiftDriverJobDiscovery normal arm64 Compiling StringExtractor.swift (in target 'StringExtractor' from project 'SwiftLocalizedStrings')
SwiftCompile normal arm64 Compiling\ StringExtractor+LegacyFormat.swift /Users/admin/builder/spi-builder-workspace/Sources/StringExtractor/StringExtractor+LegacyFormat.swift (in target 'StringExtractor' from project 'SwiftLocalizedStrings')
SwiftCompile normal arm64 /Users/admin/builder/spi-builder-workspace/Sources/StringExtractor/StringExtractor+LegacyFormat.swift (in target 'StringExtractor' from project 'SwiftLocalizedStrings')
cd /Users/admin/builder/spi-builder-workspace/.swiftpm/xcode
builtin-SwiftPerFileCompile StringExtractor+LegacyFormat.swift
SwiftCompile normal arm64 Compiling\ StringExtractor+Util.swift /Users/admin/builder/spi-builder-workspace/Sources/StringExtractor/StringExtractor+Util.swift (in target 'StringExtractor' from project 'SwiftLocalizedStrings')
SwiftCompile normal arm64 /Users/admin/builder/spi-builder-workspace/Sources/StringExtractor/StringExtractor+Util.swift (in target 'StringExtractor' from project 'SwiftLocalizedStrings')
cd /Users/admin/builder/spi-builder-workspace/.swiftpm/xcode
builtin-SwiftPerFileCompile StringExtractor+Util.swift
SwiftDriverJobDiscovery normal arm64 Compiling ExtractionError.swift (in target 'StringExtractor' from project 'SwiftLocalizedStrings')
PruneExplicitPrecompiledModules /Users/admin/builder/spi-builder-workspace/.derivedData/Build/Intermediates.noindex/SwiftExplicitPrecompiledModules
PruneExplicitPrecompiledModules /Users/admin/builder/spi-builder-workspace/.derivedData/Build/Intermediates.noindex/ExplicitPrecompiledModules
PruneExplicitPrecompiledModules /Users/admin/builder/spi-builder-workspace/.derivedData/SDKExplicitPrecompiledModules
2026-09-22 03:33:22.336 xcodebuild[747:4823] [MT] IDERunDestination: Supported platforms for the buildables in the current scheme is empty.
** BUILD FAILED **
The following build commands failed:
SwiftEmitModule normal arm64 Emitting\ module\ for\ StringExtractor (in target 'StringExtractor' from project 'SwiftLocalizedStrings')
SwiftCompile normal arm64 (in target 'StringExtractor' from project 'SwiftLocalizedStrings')
Building workspace SwiftLocalizedStrings with scheme SwiftLocalizedStrings-Package
(3 failures)
BUILD FAILURE 6.4 tvOS