Build Information
Failed to build WWAppFirstInstall, reference 1.1.1 (0ce2cb), with Swift 6.4 for macOS (Xcode) using Xcode 27.0 on 21 Sep 2026 22:24:29 UTC.
Build Command
env DEVELOPER_DIR=/Applications/Xcode-27.0.0-Release.Candidate.app xcrun xcodebuild -IDEClonedSourcePackagesDirPathOverride=$PWD/.dependencies -skipMacroValidation -skipPackagePluginValidation -derivedDataPath $PWD/.derivedData build -scheme WWAppFirstInstall -destination platform=macOS,arch=arm64Build Log
========================================
RunAll
========================================
Builder version: 5.1.0
Interrupt handler set up.
========================================
Checkout
========================================
Clone URL: https://github.com/William-Weng/WWAppFirstInstall.git
Reference: 1.1.1
Initialized empty Git repository in /Users/admin/builder/spi-builder-workspace/.git/
From https://github.com/William-Weng/WWAppFirstInstall
* tag 1.1.1 -> FETCH_HEAD
HEAD is now at 0ce2cb5 - update Example.png
Cloned https://github.com/William-Weng/WWAppFirstInstall.git
Revision (git rev-parse @):
0ce2cb5e0266e2af802f6515517f59bef828fe10
SUCCESS checkout https://github.com/William-Weng/WWAppFirstInstall.git at 1.1.1
========================================
Build
========================================
Selected platform: macosXcodebuild
Swift version: 6.4
Building package at path: $PWD
https://github.com/William-Weng/WWAppFirstInstall.git
Command line invocation:
/Applications/Xcode-27.0.0-Release.Candidate.app/Contents/Developer/usr/bin/xcodebuild -IDEClonedSourcePackagesDirPathOverride=/Users/admin/builder/spi-builder-workspace/.dependencies -resolvePackageDependencies
Resolve Package Graph
Fetching from https://github.com/William-Weng/WWKeychain
Fetching from https://github.com/William-Weng/WWPrint.git
Creating working copy of package ‘WWKeychain’
Checking out 1.0.4 of package ‘WWKeychain’
Creating working copy of package ‘WWPrint’
Checking out 1.3.2 of package ‘WWPrint’
Resolve Package Graph
Resolved source packages:
WWPrint: https://github.com/William-Weng/WWPrint.git @ 1.3.2
WWKeychain: https://github.com/William-Weng/WWKeychain @ 1.0.4
WWAppFirstInstall: /Users/admin/builder/spi-builder-workspace
resolved source packages: WWPrint, WWKeychain, WWAppFirstInstall
2026-09-21 18:23:34.720 xcodebuild[525:3006] [MT] IDERunDestination: Supported platforms for the buildables in the current scheme is empty.
{
"dependencies" : [
{
"identity" : "wwkeychain",
"requirement" : {
"range" : [
{
"lower_bound" : "1.0.4",
"upper_bound" : "2.0.0"
}
]
},
"type" : "sourceControl",
"url" : "https://github.com/William-Weng/WWKeychain"
}
],
"manifest_display_name" : "WWAppFirstInstall",
"name" : "WWAppFirstInstall",
"path" : "/Users/admin/builder/spi-builder-workspace",
"platforms" : [
{
"name" : "ios",
"version" : "14.0"
}
],
"products" : [
{
"name" : "WWAppFirstInstall",
"targets" : [
"WWAppFirstInstall"
],
"type" : {
"library" : [
"automatic"
]
}
}
],
"swift_languages_versions" : [
"5"
],
"targets" : [
{
"c99name" : "WWAppFirstInstall",
"module_type" : "SwiftTarget",
"name" : "WWAppFirstInstall",
"path" : "Sources/WWAppFirstInstall",
"product_dependencies" : [
"WWKeychain"
],
"product_memberships" : [
"WWAppFirstInstall"
],
"resources" : [
{
"path" : "/Users/admin/builder/spi-builder-workspace/Sources/WWAppFirstInstall/Privacy",
"rule" : {
"copy" : {
}
}
}
],
"sources" : [
"Extension.swift",
"WWAppFirstInstall.swift"
],
"type" : "library"
}
],
"tools_version" : "5.6"
}
{
"workspace" : {
"name" : "WWAppFirstInstall",
"schemes" : [
"WWAppFirstInstall"
]
}
}
2026-09-21 18:24:16.114 xcodebuild[723:4463] [MT] IDERunDestination: Supported platforms for the buildables in the current scheme is empty.
Running build ...
env DEVELOPER_DIR=/Applications/Xcode-27.0.0-Release.Candidate.app xcrun xcodebuild -IDEClonedSourcePackagesDirPathOverride=$PWD/.dependencies -skipMacroValidation -skipPackagePluginValidation -derivedDataPath $PWD/.derivedData build -scheme WWAppFirstInstall -destination platform=macOS,arch=arm64
Command line invocation:
/Applications/Xcode-27.0.0-Release.Candidate.app/Contents/Developer/usr/bin/xcodebuild -IDEClonedSourcePackagesDirPathOverride=/Users/admin/builder/spi-builder-workspace/.dependencies -skipMacroValidation -skipPackagePluginValidation -derivedDataPath /Users/admin/builder/spi-builder-workspace/.derivedData build -scheme WWAppFirstInstall -destination platform=macOS,arch=arm64
Resolve Package Graph
Resolve Package Graph
Resolved source packages:
WWKeychain: https://github.com/William-Weng/WWKeychain @ 1.0.4
WWPrint: https://github.com/William-Weng/WWPrint.git @ 1.3.2
WWAppFirstInstall: /Users/admin/builder/spi-builder-workspace
ComputePackagePrebuildTargetDependencyGraph
Prepare packages
CreateBuildRequest
SendProjectDescription
CreateBuildOperation
ComputeTargetDependencyGraph
note: Building targets in dependency order
note: Target dependency graph (9 targets)
Target 'WWAppFirstInstall-product' in project 'WWAppFirstInstall'
➜ Explicit dependency on target 'WWAppFirstInstall' in project 'WWAppFirstInstall'
➜ Explicit dependency on target 'WWAppFirstInstall_WWAppFirstInstall' in project 'WWAppFirstInstall'
➜ Explicit dependency on target 'WWKeychain-product' in project 'WWKeychain'
Target 'WWAppFirstInstall' in project 'WWAppFirstInstall'
➜ Explicit dependency on target 'WWAppFirstInstall_WWAppFirstInstall' in project 'WWAppFirstInstall'
➜ Explicit dependency on target 'WWKeychain-product' in project 'WWKeychain'
Target 'WWKeychain-product' in project 'WWKeychain'
➜ Explicit dependency on target 'WWKeychain' in project 'WWKeychain'
➜ Explicit dependency on target 'WWKeychain_WWKeychain' in project 'WWKeychain'
➜ Explicit dependency on target 'WWPrint-product' in project 'WWPrint'
Target 'WWKeychain' in project 'WWKeychain'
➜ Explicit dependency on target 'WWKeychain_WWKeychain' in project 'WWKeychain'
➜ Explicit dependency on target 'WWPrint-product' in project 'WWPrint'
Target 'WWPrint-product' in project 'WWPrint'
➜ Explicit dependency on target 'WWPrint' in project 'WWPrint'
➜ Explicit dependency on target 'WWPrint_WWPrint' in project 'WWPrint'
Target 'WWPrint' in project 'WWPrint'
➜ Explicit dependency on target 'WWPrint_WWPrint' in project 'WWPrint'
Target 'WWPrint_WWPrint' in project 'WWPrint' (no dependencies)
Target 'WWKeychain_WWKeychain' in project 'WWKeychain' (no dependencies)
Target 'WWAppFirstInstall_WWAppFirstInstall' in project 'WWAppFirstInstall' (no dependencies)
GatherProvisioningInputs
CreateBuildDescription
ExecuteExternalTool /Applications/Xcode-27.0.0-Release.Candidate.app/Contents/Developer/Toolchains/XcodeDefault.xctoolchain/usr/bin/swiftc --version
ExecuteExternalTool /Applications/Xcode-27.0.0-Release.Candidate.app/Contents/Developer/Toolchains/XcodeDefault.xctoolchain/usr/bin/clang -v -E -dM -isysroot /Applications/Xcode-27.0.0-Release.Candidate.app/Contents/Developer/Platforms/MacOSX.platform/Developer/SDKs/MacOSX27.0.sdk -x c -c /dev/null
ExecuteExternalTool /Applications/Xcode-27.0.0-Release.Candidate.app/Contents/Developer/Toolchains/XcodeDefault.xctoolchain/usr/bin/ld -version_details
Build description signature: 314da9dd6f8299121eeceb45b3aaf967
Build description path: /Users/admin/builder/spi-builder-workspace/.derivedData/Build/Intermediates.noindex/XCBuildData/314da9dd6f8299121eeceb45b3aaf967.xcbuilddata
CreateBuildDirectory /Users/admin/builder/spi-builder-workspace/.derivedData/SDKExplicitPrecompiledModules
cd /Users/admin/builder/spi-builder-workspace/.swiftpm/xcode
builtin-create-build-directory /Users/admin/builder/spi-builder-workspace/.derivedData/SDKExplicitPrecompiledModules
CreateBuildDirectory /Users/admin/builder/spi-builder-workspace/.derivedData/ModuleCache.noindex
cd /Users/admin/builder/spi-builder-workspace/.swiftpm/xcode
builtin-create-build-directory /Users/admin/builder/spi-builder-workspace/.derivedData/ModuleCache.noindex
CreateBuildDirectory /Users/admin/builder/spi-builder-workspace/.derivedData/Build/Intermediates.noindex
cd /Users/admin/builder/spi-builder-workspace/.swiftpm/xcode
builtin-create-build-directory /Users/admin/builder/spi-builder-workspace/.derivedData/Build/Intermediates.noindex
CreateBuildDirectory /Users/admin/builder/spi-builder-workspace/.derivedData/CompilationCache.noindex
cd /Users/admin/builder/spi-builder-workspace/.swiftpm/xcode
builtin-create-build-directory /Users/admin/builder/spi-builder-workspace/.derivedData/CompilationCache.noindex
CreateBuildDirectory /Users/admin/builder/spi-builder-workspace/.derivedData/Build/Products
cd /Users/admin/builder/spi-builder-workspace/.swiftpm/xcode
builtin-create-build-directory /Users/admin/builder/spi-builder-workspace/.derivedData/Build/Products
ClangStatCache /Applications/Xcode-27.0.0-Release.Candidate.app/Contents/Developer/Toolchains/XcodeDefault.xctoolchain/usr/bin/clang-stat-cache /Applications/Xcode-27.0.0-Release.Candidate.app/Contents/Developer/Platforms/MacOSX.platform/Developer/SDKs/MacOSX27.0.sdk /Users/admin/builder/spi-builder-workspace/.derivedData/SDKStatCaches.noindex/macosx27.0-26A425-e829b21a6f8c9b70876ba0858053c0446a22442a12e9d48fe1a705f55a1adfc4.sdkstatcache
cd /Users/admin/builder/spi-builder-workspace/.swiftpm/xcode
/Applications/Xcode-27.0.0-Release.Candidate.app/Contents/Developer/Toolchains/XcodeDefault.xctoolchain/usr/bin/clang-stat-cache /Applications/Xcode-27.0.0-Release.Candidate.app/Contents/Developer/Platforms/MacOSX.platform/Developer/SDKs/MacOSX27.0.sdk -o /Users/admin/builder/spi-builder-workspace/.derivedData/SDKStatCaches.noindex/macosx27.0-26A425-e829b21a6f8c9b70876ba0858053c0446a22442a12e9d48fe1a705f55a1adfc4.sdkstatcache
CreateBuildDirectory /Users/admin/builder/spi-builder-workspace/.derivedData/Build/Intermediates.noindex/SwiftExplicitPrecompiledModules
cd /Users/admin/builder/spi-builder-workspace/.swiftpm/xcode
builtin-create-build-directory /Users/admin/builder/spi-builder-workspace/.derivedData/Build/Intermediates.noindex/SwiftExplicitPrecompiledModules
CreateBuildDirectory /Users/admin/builder/spi-builder-workspace/.derivedData/Build/Products/Debug
cd /Users/admin/builder/spi-builder-workspace/.swiftpm/xcode
builtin-create-build-directory /Users/admin/builder/spi-builder-workspace/.derivedData/Build/Products/Debug
CreateBuildDirectory /Users/admin/builder/spi-builder-workspace/.derivedData/Build/Intermediates.noindex/PrecompiledHeaders
cd /Users/admin/builder/spi-builder-workspace/.swiftpm/xcode
builtin-create-build-directory /Users/admin/builder/spi-builder-workspace/.derivedData/Build/Intermediates.noindex/PrecompiledHeaders
CreateBuildDirectory /Users/admin/builder/spi-builder-workspace/.derivedData/Build/Intermediates.noindex/ExplicitPrecompiledModules
cd /Users/admin/builder/spi-builder-workspace/.swiftpm/xcode
builtin-create-build-directory /Users/admin/builder/spi-builder-workspace/.derivedData/Build/Intermediates.noindex/ExplicitPrecompiledModules
CreateBuildDirectory /Users/admin/builder/spi-builder-workspace/.derivedData/Build/Intermediates.noindex/EagerLinkingTBDs/Debug
cd /Users/admin/builder/spi-builder-workspace/.swiftpm/xcode
builtin-create-build-directory /Users/admin/builder/spi-builder-workspace/.derivedData/Build/Intermediates.noindex/EagerLinkingTBDs/Debug
CreateBuildDirectory /Users/admin/builder/spi-builder-workspace/.derivedData/Build/Products/Debug/PackageFrameworks
cd /Users/admin/builder/spi-builder-workspace/.swiftpm/xcode
builtin-create-build-directory /Users/admin/builder/spi-builder-workspace/.derivedData/Build/Products/Debug/PackageFrameworks
WriteAuxiliaryFile /Users/admin/builder/spi-builder-workspace/.derivedData/Build/Intermediates.noindex/WWPrint.build/Debug/WWPrint_WWPrint-b.build/empty-WWPrint_WWPrint.plist (in target 'WWPrint_WWPrint' from project 'WWPrint')
cd /Users/admin/builder/spi-builder-workspace/.dependencies/checkouts/WWPrint
write-file /Users/admin/builder/spi-builder-workspace/.derivedData/Build/Intermediates.noindex/WWPrint.build/Debug/WWPrint_WWPrint-b.build/empty-WWPrint_WWPrint.plist
WriteAuxiliaryFile /Users/admin/builder/spi-builder-workspace/.derivedData/Build/Intermediates.noindex/WWPrint.build/Debug/WWPrint_WWPrint-b.build/WWPrint_WWPrint.DependencyStaticMetadataFileList (in target 'WWPrint_WWPrint' from project 'WWPrint')
cd /Users/admin/builder/spi-builder-workspace/.dependencies/checkouts/WWPrint
write-file /Users/admin/builder/spi-builder-workspace/.derivedData/Build/Intermediates.noindex/WWPrint.build/Debug/WWPrint_WWPrint-b.build/WWPrint_WWPrint.DependencyStaticMetadataFileList
WriteAuxiliaryFile /Users/admin/builder/spi-builder-workspace/.derivedData/Build/Intermediates.noindex/WWPrint.build/Debug/WWPrint_WWPrint-b.build/WWPrint_WWPrint.DependencyMetadataFileList (in target 'WWPrint_WWPrint' from project 'WWPrint')
cd /Users/admin/builder/spi-builder-workspace/.dependencies/checkouts/WWPrint
write-file /Users/admin/builder/spi-builder-workspace/.derivedData/Build/Intermediates.noindex/WWPrint.build/Debug/WWPrint_WWPrint-b.build/WWPrint_WWPrint.DependencyMetadataFileList
WriteAuxiliaryFile /Users/admin/builder/spi-builder-workspace/.derivedData/Build/Intermediates.noindex/WWPrint.build/Debug/WWPrint-t.build/WWPrint.DependencyStaticMetadataFileList (in target 'WWPrint' from project 'WWPrint')
cd /Users/admin/builder/spi-builder-workspace/.dependencies/checkouts/WWPrint
write-file /Users/admin/builder/spi-builder-workspace/.derivedData/Build/Intermediates.noindex/WWPrint.build/Debug/WWPrint-t.build/WWPrint.DependencyStaticMetadataFileList
WriteAuxiliaryFile /Users/admin/builder/spi-builder-workspace/.derivedData/Build/Intermediates.noindex/WWPrint.build/Debug/WWPrint-t.build/WWPrint.modulemap (in target 'WWPrint' from project 'WWPrint')
cd /Users/admin/builder/spi-builder-workspace/.dependencies/checkouts/WWPrint
write-file /Users/admin/builder/spi-builder-workspace/.derivedData/Build/Intermediates.noindex/WWPrint.build/Debug/WWPrint-t.build/WWPrint.modulemap
WriteAuxiliaryFile /Users/admin/builder/spi-builder-workspace/.derivedData/Build/Intermediates.noindex/WWPrint.build/Debug/WWPrint-t.build/WWPrint.DependencyMetadataFileList (in target 'WWPrint' from project 'WWPrint')
cd /Users/admin/builder/spi-builder-workspace/.dependencies/checkouts/WWPrint
write-file /Users/admin/builder/spi-builder-workspace/.derivedData/Build/Intermediates.noindex/WWPrint.build/Debug/WWPrint-t.build/WWPrint.DependencyMetadataFileList
WriteAuxiliaryFile /Users/admin/builder/spi-builder-workspace/.derivedData/Build/Intermediates.noindex/WWPrint.build/Debug/WWPrint-t.build/Objects-normal/arm64/WWPrint.SwiftFileList (in target 'WWPrint' from project 'WWPrint')
cd /Users/admin/builder/spi-builder-workspace/.dependencies/checkouts/WWPrint
write-file /Users/admin/builder/spi-builder-workspace/.derivedData/Build/Intermediates.noindex/WWPrint.build/Debug/WWPrint-t.build/Objects-normal/arm64/WWPrint.SwiftFileList
WriteAuxiliaryFile /Users/admin/builder/spi-builder-workspace/.derivedData/Build/Intermediates.noindex/WWPrint.build/Debug/WWPrint-t.build/Objects-normal/arm64/WWPrint_const_extract_protocols.json (in target 'WWPrint' from project 'WWPrint')
cd /Users/admin/builder/spi-builder-workspace/.dependencies/checkouts/WWPrint
write-file /Users/admin/builder/spi-builder-workspace/.derivedData/Build/Intermediates.noindex/WWPrint.build/Debug/WWPrint-t.build/Objects-normal/arm64/WWPrint_const_extract_protocols.json
WriteAuxiliaryFile /Users/admin/builder/spi-builder-workspace/.derivedData/Build/Intermediates.noindex/WWPrint.build/Debug/WWPrint-t.build/Objects-normal/arm64/WWPrint.SwiftConstValuesFileList (in target 'WWPrint' from project 'WWPrint')
cd /Users/admin/builder/spi-builder-workspace/.dependencies/checkouts/WWPrint
write-file /Users/admin/builder/spi-builder-workspace/.derivedData/Build/Intermediates.noindex/WWPrint.build/Debug/WWPrint-t.build/Objects-normal/arm64/WWPrint.SwiftConstValuesFileList
WriteAuxiliaryFile /Users/admin/builder/spi-builder-workspace/.derivedData/Build/Intermediates.noindex/WWPrint.build/Debug/WWPrint-t.build/Objects-normal/arm64/WWPrint.LinkFileList (in target 'WWPrint' from project 'WWPrint')
cd /Users/admin/builder/spi-builder-workspace/.dependencies/checkouts/WWPrint
write-file /Users/admin/builder/spi-builder-workspace/.derivedData/Build/Intermediates.noindex/WWPrint.build/Debug/WWPrint-t.build/Objects-normal/arm64/WWPrint.LinkFileList
WriteAuxiliaryFile /Users/admin/builder/spi-builder-workspace/.derivedData/Build/Intermediates.noindex/WWPrint.build/Debug/WWPrint-t.build/Objects-normal/arm64/WWPrint-OutputFileMap.json (in target 'WWPrint' from project 'WWPrint')
cd /Users/admin/builder/spi-builder-workspace/.dependencies/checkouts/WWPrint
write-file /Users/admin/builder/spi-builder-workspace/.derivedData/Build/Intermediates.noindex/WWPrint.build/Debug/WWPrint-t.build/Objects-normal/arm64/WWPrint-OutputFileMap.json
WriteAuxiliaryFile /Users/admin/builder/spi-builder-workspace/.derivedData/Build/Intermediates.noindex/WWPrint.build/Debug/WWPrint-t.build/DerivedSources/resource_bundle_accessor.swift (in target 'WWPrint' from project 'WWPrint')
cd /Users/admin/builder/spi-builder-workspace/.dependencies/checkouts/WWPrint
write-file /Users/admin/builder/spi-builder-workspace/.derivedData/Build/Intermediates.noindex/WWPrint.build/Debug/WWPrint-t.build/DerivedSources/resource_bundle_accessor.swift
WriteAuxiliaryFile /Users/admin/builder/spi-builder-workspace/.derivedData/Build/Intermediates.noindex/WWKeychain.build/Debug/WWKeychain_WWKeychain-b.build/empty-WWKeychain_WWKeychain.plist (in target 'WWKeychain_WWKeychain' from project 'WWKeychain')
cd /Users/admin/builder/spi-builder-workspace/.dependencies/checkouts/WWKeychain
write-file /Users/admin/builder/spi-builder-workspace/.derivedData/Build/Intermediates.noindex/WWKeychain.build/Debug/WWKeychain_WWKeychain-b.build/empty-WWKeychain_WWKeychain.plist
WriteAuxiliaryFile /Users/admin/builder/spi-builder-workspace/.derivedData/Build/Intermediates.noindex/WWKeychain.build/Debug/WWKeychain_WWKeychain-b.build/WWKeychain_WWKeychain.DependencyStaticMetadataFileList (in target 'WWKeychain_WWKeychain' from project 'WWKeychain')
cd /Users/admin/builder/spi-builder-workspace/.dependencies/checkouts/WWKeychain
write-file /Users/admin/builder/spi-builder-workspace/.derivedData/Build/Intermediates.noindex/WWKeychain.build/Debug/WWKeychain_WWKeychain-b.build/WWKeychain_WWKeychain.DependencyStaticMetadataFileList
WriteAuxiliaryFile /Users/admin/builder/spi-builder-workspace/.derivedData/Build/Intermediates.noindex/WWKeychain.build/Debug/WWKeychain_WWKeychain-b.build/WWKeychain_WWKeychain.DependencyMetadataFileList (in target 'WWKeychain_WWKeychain' from project 'WWKeychain')
cd /Users/admin/builder/spi-builder-workspace/.dependencies/checkouts/WWKeychain
write-file /Users/admin/builder/spi-builder-workspace/.derivedData/Build/Intermediates.noindex/WWKeychain.build/Debug/WWKeychain_WWKeychain-b.build/WWKeychain_WWKeychain.DependencyMetadataFileList
WriteAuxiliaryFile /Users/admin/builder/spi-builder-workspace/.derivedData/Build/Intermediates.noindex/WWKeychain.build/Debug/WWKeychain-t.build/WWKeychain.modulemap (in target 'WWKeychain' from project 'WWKeychain')
cd /Users/admin/builder/spi-builder-workspace/.dependencies/checkouts/WWKeychain
write-file /Users/admin/builder/spi-builder-workspace/.derivedData/Build/Intermediates.noindex/WWKeychain.build/Debug/WWKeychain-t.build/WWKeychain.modulemap
WriteAuxiliaryFile /Users/admin/builder/spi-builder-workspace/.derivedData/Build/Intermediates.noindex/WWKeychain.build/Debug/WWKeychain-t.build/WWKeychain.DependencyStaticMetadataFileList (in target 'WWKeychain' from project 'WWKeychain')
cd /Users/admin/builder/spi-builder-workspace/.dependencies/checkouts/WWKeychain
write-file /Users/admin/builder/spi-builder-workspace/.derivedData/Build/Intermediates.noindex/WWKeychain.build/Debug/WWKeychain-t.build/WWKeychain.DependencyStaticMetadataFileList
Copy /Users/admin/builder/spi-builder-workspace/.derivedData/Build/Intermediates.noindex/GeneratedModuleMaps/WWPrint.modulemap /Users/admin/builder/spi-builder-workspace/.derivedData/Build/Intermediates.noindex/WWPrint.build/Debug/WWPrint-t.build/WWPrint.modulemap (in target 'WWPrint' from project 'WWPrint')
cd /Users/admin/builder/spi-builder-workspace/.dependencies/checkouts/WWPrint
builtin-copy -exclude .DS_Store -exclude CVS -exclude .svn -exclude .git -exclude .hg -resolve-src-symlinks /Users/admin/builder/spi-builder-workspace/.derivedData/Build/Intermediates.noindex/WWPrint.build/Debug/WWPrint-t.build/WWPrint.modulemap /Users/admin/builder/spi-builder-workspace/.derivedData/Build/Intermediates.noindex/GeneratedModuleMaps
WriteAuxiliaryFile /Users/admin/builder/spi-builder-workspace/.derivedData/Build/Intermediates.noindex/WWKeychain.build/Debug/WWKeychain-t.build/WWKeychain.DependencyMetadataFileList (in target 'WWKeychain' from project 'WWKeychain')
cd /Users/admin/builder/spi-builder-workspace/.dependencies/checkouts/WWKeychain
write-file /Users/admin/builder/spi-builder-workspace/.derivedData/Build/Intermediates.noindex/WWKeychain.build/Debug/WWKeychain-t.build/WWKeychain.DependencyMetadataFileList
WriteAuxiliaryFile /Users/admin/builder/spi-builder-workspace/.derivedData/Build/Intermediates.noindex/WWKeychain.build/Debug/WWKeychain-t.build/Objects-normal/arm64/WWKeychain_const_extract_protocols.json (in target 'WWKeychain' from project 'WWKeychain')
cd /Users/admin/builder/spi-builder-workspace/.dependencies/checkouts/WWKeychain
write-file /Users/admin/builder/spi-builder-workspace/.derivedData/Build/Intermediates.noindex/WWKeychain.build/Debug/WWKeychain-t.build/Objects-normal/arm64/WWKeychain_const_extract_protocols.json
WriteAuxiliaryFile /Users/admin/builder/spi-builder-workspace/.derivedData/Build/Intermediates.noindex/WWKeychain.build/Debug/WWKeychain-t.build/Objects-normal/arm64/WWKeychain.SwiftFileList (in target 'WWKeychain' from project 'WWKeychain')
cd /Users/admin/builder/spi-builder-workspace/.dependencies/checkouts/WWKeychain
write-file /Users/admin/builder/spi-builder-workspace/.derivedData/Build/Intermediates.noindex/WWKeychain.build/Debug/WWKeychain-t.build/Objects-normal/arm64/WWKeychain.SwiftFileList
WriteAuxiliaryFile /Users/admin/builder/spi-builder-workspace/.derivedData/Build/Intermediates.noindex/WWKeychain.build/Debug/WWKeychain-t.build/Objects-normal/arm64/WWKeychain.SwiftConstValuesFileList (in target 'WWKeychain' from project 'WWKeychain')
cd /Users/admin/builder/spi-builder-workspace/.dependencies/checkouts/WWKeychain
write-file /Users/admin/builder/spi-builder-workspace/.derivedData/Build/Intermediates.noindex/WWKeychain.build/Debug/WWKeychain-t.build/Objects-normal/arm64/WWKeychain.SwiftConstValuesFileList
WriteAuxiliaryFile /Users/admin/builder/spi-builder-workspace/.derivedData/Build/Intermediates.noindex/WWKeychain.build/Debug/WWKeychain-t.build/Objects-normal/arm64/WWKeychain.LinkFileList (in target 'WWKeychain' from project 'WWKeychain')
cd /Users/admin/builder/spi-builder-workspace/.dependencies/checkouts/WWKeychain
write-file /Users/admin/builder/spi-builder-workspace/.derivedData/Build/Intermediates.noindex/WWKeychain.build/Debug/WWKeychain-t.build/Objects-normal/arm64/WWKeychain.LinkFileList
WriteAuxiliaryFile /Users/admin/builder/spi-builder-workspace/.derivedData/Build/Intermediates.noindex/WWKeychain.build/Debug/WWKeychain-t.build/Objects-normal/arm64/WWKeychain-OutputFileMap.json (in target 'WWKeychain' from project 'WWKeychain')
cd /Users/admin/builder/spi-builder-workspace/.dependencies/checkouts/WWKeychain
write-file /Users/admin/builder/spi-builder-workspace/.derivedData/Build/Intermediates.noindex/WWKeychain.build/Debug/WWKeychain-t.build/Objects-normal/arm64/WWKeychain-OutputFileMap.json
WriteAuxiliaryFile /Users/admin/builder/spi-builder-workspace/.derivedData/Build/Intermediates.noindex/WWKeychain.build/Debug/WWKeychain-t.build/DerivedSources/resource_bundle_accessor.swift (in target 'WWKeychain' from project 'WWKeychain')
cd /Users/admin/builder/spi-builder-workspace/.dependencies/checkouts/WWKeychain
write-file /Users/admin/builder/spi-builder-workspace/.derivedData/Build/Intermediates.noindex/WWKeychain.build/Debug/WWKeychain-t.build/DerivedSources/resource_bundle_accessor.swift
WriteAuxiliaryFile /Users/admin/builder/spi-builder-workspace/.derivedData/Build/Intermediates.noindex/WWAppFirstInstall.build/Debug/WWAppFirstInstall_WWAppFirstInstall-b.build/empty-WWAppFirstInstall_WWAppFirstInstall.plist (in target 'WWAppFirstInstall_WWAppFirstInstall' from project 'WWAppFirstInstall')
cd /Users/admin/builder/spi-builder-workspace
write-file /Users/admin/builder/spi-builder-workspace/.derivedData/Build/Intermediates.noindex/WWAppFirstInstall.build/Debug/WWAppFirstInstall_WWAppFirstInstall-b.build/empty-WWAppFirstInstall_WWAppFirstInstall.plist
Copy /Users/admin/builder/spi-builder-workspace/.derivedData/Build/Intermediates.noindex/GeneratedModuleMaps/WWKeychain.modulemap /Users/admin/builder/spi-builder-workspace/.derivedData/Build/Intermediates.noindex/WWKeychain.build/Debug/WWKeychain-t.build/WWKeychain.modulemap (in target 'WWKeychain' from project 'WWKeychain')
cd /Users/admin/builder/spi-builder-workspace/.dependencies/checkouts/WWKeychain
builtin-copy -exclude .DS_Store -exclude CVS -exclude .svn -exclude .git -exclude .hg -resolve-src-symlinks /Users/admin/builder/spi-builder-workspace/.derivedData/Build/Intermediates.noindex/WWKeychain.build/Debug/WWKeychain-t.build/WWKeychain.modulemap /Users/admin/builder/spi-builder-workspace/.derivedData/Build/Intermediates.noindex/GeneratedModuleMaps
WriteAuxiliaryFile /Users/admin/builder/spi-builder-workspace/.derivedData/Build/Intermediates.noindex/WWAppFirstInstall.build/Debug/WWAppFirstInstall_WWAppFirstInstall-b.build/WWAppFirstInstall_WWAppFirstInstall.DependencyStaticMetadataFileList (in target 'WWAppFirstInstall_WWAppFirstInstall' from project 'WWAppFirstInstall')
cd /Users/admin/builder/spi-builder-workspace
write-file /Users/admin/builder/spi-builder-workspace/.derivedData/Build/Intermediates.noindex/WWAppFirstInstall.build/Debug/WWAppFirstInstall_WWAppFirstInstall-b.build/WWAppFirstInstall_WWAppFirstInstall.DependencyStaticMetadataFileList
WriteAuxiliaryFile /Users/admin/builder/spi-builder-workspace/.derivedData/Build/Intermediates.noindex/WWAppFirstInstall.build/Debug/WWAppFirstInstall_WWAppFirstInstall-b.build/WWAppFirstInstall_WWAppFirstInstall.DependencyMetadataFileList (in target 'WWAppFirstInstall_WWAppFirstInstall' from project 'WWAppFirstInstall')
cd /Users/admin/builder/spi-builder-workspace
write-file /Users/admin/builder/spi-builder-workspace/.derivedData/Build/Intermediates.noindex/WWAppFirstInstall.build/Debug/WWAppFirstInstall_WWAppFirstInstall-b.build/WWAppFirstInstall_WWAppFirstInstall.DependencyMetadataFileList
MkDir /Users/admin/builder/spi-builder-workspace/.derivedData/Build/Products/Debug/WWPrint_WWPrint.bundle/Contents (in target 'WWPrint_WWPrint' from project 'WWPrint')
cd /Users/admin/builder/spi-builder-workspace/.dependencies/checkouts/WWPrint
/bin/mkdir -p /Users/admin/builder/spi-builder-workspace/.derivedData/Build/Products/Debug/WWPrint_WWPrint.bundle/Contents
MkDir /Users/admin/builder/spi-builder-workspace/.derivedData/Build/Products/Debug/WWPrint_WWPrint.bundle/Contents/Resources (in target 'WWPrint_WWPrint' from project 'WWPrint')
cd /Users/admin/builder/spi-builder-workspace/.dependencies/checkouts/WWPrint
/bin/mkdir -p /Users/admin/builder/spi-builder-workspace/.derivedData/Build/Products/Debug/WWPrint_WWPrint.bundle/Contents/Resources
MkDir /Users/admin/builder/spi-builder-workspace/.derivedData/Build/Products/Debug/WWPrint_WWPrint.bundle (in target 'WWPrint_WWPrint' from project 'WWPrint')
cd /Users/admin/builder/spi-builder-workspace/.dependencies/checkouts/WWPrint
/bin/mkdir -p /Users/admin/builder/spi-builder-workspace/.derivedData/Build/Products/Debug/WWPrint_WWPrint.bundle
MkDir /Users/admin/builder/spi-builder-workspace/.derivedData/Build/Products/Debug/WWKeychain_WWKeychain.bundle/Contents/Resources (in target 'WWKeychain_WWKeychain' from project 'WWKeychain')
cd /Users/admin/builder/spi-builder-workspace/.dependencies/checkouts/WWKeychain
/bin/mkdir -p /Users/admin/builder/spi-builder-workspace/.derivedData/Build/Products/Debug/WWKeychain_WWKeychain.bundle/Contents/Resources
MkDir /Users/admin/builder/spi-builder-workspace/.derivedData/Build/Products/Debug/WWKeychain_WWKeychain.bundle/Contents (in target 'WWKeychain_WWKeychain' from project 'WWKeychain')
cd /Users/admin/builder/spi-builder-workspace/.dependencies/checkouts/WWKeychain
/bin/mkdir -p /Users/admin/builder/spi-builder-workspace/.derivedData/Build/Products/Debug/WWKeychain_WWKeychain.bundle/Contents
MkDir /Users/admin/builder/spi-builder-workspace/.derivedData/Build/Products/Debug/WWKeychain_WWKeychain.bundle (in target 'WWKeychain_WWKeychain' from project 'WWKeychain')
cd /Users/admin/builder/spi-builder-workspace/.dependencies/checkouts/WWKeychain
/bin/mkdir -p /Users/admin/builder/spi-builder-workspace/.derivedData/Build/Products/Debug/WWKeychain_WWKeychain.bundle
MkDir /Users/admin/builder/spi-builder-workspace/.derivedData/Build/Products/Debug/WWAppFirstInstall_WWAppFirstInstall.bundle/Contents/Resources (in target 'WWAppFirstInstall_WWAppFirstInstall' from project 'WWAppFirstInstall')
cd /Users/admin/builder/spi-builder-workspace
/bin/mkdir -p /Users/admin/builder/spi-builder-workspace/.derivedData/Build/Products/Debug/WWAppFirstInstall_WWAppFirstInstall.bundle/Contents/Resources
MkDir /Users/admin/builder/spi-builder-workspace/.derivedData/Build/Products/Debug/WWAppFirstInstall_WWAppFirstInstall.bundle/Contents (in target 'WWAppFirstInstall_WWAppFirstInstall' from project 'WWAppFirstInstall')
cd /Users/admin/builder/spi-builder-workspace
/bin/mkdir -p /Users/admin/builder/spi-builder-workspace/.derivedData/Build/Products/Debug/WWAppFirstInstall_WWAppFirstInstall.bundle/Contents
MkDir /Users/admin/builder/spi-builder-workspace/.derivedData/Build/Products/Debug/WWAppFirstInstall_WWAppFirstInstall.bundle (in target 'WWAppFirstInstall_WWAppFirstInstall' from project 'WWAppFirstInstall')
cd /Users/admin/builder/spi-builder-workspace
/bin/mkdir -p /Users/admin/builder/spi-builder-workspace/.derivedData/Build/Products/Debug/WWAppFirstInstall_WWAppFirstInstall.bundle
WriteAuxiliaryFile /Users/admin/builder/spi-builder-workspace/.derivedData/Build/Intermediates.noindex/WWAppFirstInstall.build/Debug/WWAppFirstInstall-t.build/WWAppFirstInstall.modulemap (in target 'WWAppFirstInstall' from project 'WWAppFirstInstall')
cd /Users/admin/builder/spi-builder-workspace
write-file /Users/admin/builder/spi-builder-workspace/.derivedData/Build/Intermediates.noindex/WWAppFirstInstall.build/Debug/WWAppFirstInstall-t.build/WWAppFirstInstall.modulemap
WriteAuxiliaryFile /Users/admin/builder/spi-builder-workspace/.derivedData/Build/Intermediates.noindex/WWAppFirstInstall.build/Debug/WWAppFirstInstall-t.build/WWAppFirstInstall.DependencyStaticMetadataFileList (in target 'WWAppFirstInstall' from project 'WWAppFirstInstall')
cd /Users/admin/builder/spi-builder-workspace
write-file /Users/admin/builder/spi-builder-workspace/.derivedData/Build/Intermediates.noindex/WWAppFirstInstall.build/Debug/WWAppFirstInstall-t.build/WWAppFirstInstall.DependencyStaticMetadataFileList
WriteAuxiliaryFile /Users/admin/builder/spi-builder-workspace/.derivedData/Build/Intermediates.noindex/WWAppFirstInstall.build/Debug/WWAppFirstInstall-t.build/WWAppFirstInstall.DependencyMetadataFileList (in target 'WWAppFirstInstall' from project 'WWAppFirstInstall')
cd /Users/admin/builder/spi-builder-workspace
write-file /Users/admin/builder/spi-builder-workspace/.derivedData/Build/Intermediates.noindex/WWAppFirstInstall.build/Debug/WWAppFirstInstall-t.build/WWAppFirstInstall.DependencyMetadataFileList
WriteAuxiliaryFile /Users/admin/builder/spi-builder-workspace/.derivedData/Build/Intermediates.noindex/WWAppFirstInstall.build/Debug/WWAppFirstInstall-t.build/Objects-normal/arm64/WWAppFirstInstall_const_extract_protocols.json (in target 'WWAppFirstInstall' from project 'WWAppFirstInstall')
cd /Users/admin/builder/spi-builder-workspace
write-file /Users/admin/builder/spi-builder-workspace/.derivedData/Build/Intermediates.noindex/WWAppFirstInstall.build/Debug/WWAppFirstInstall-t.build/Objects-normal/arm64/WWAppFirstInstall_const_extract_protocols.json
WriteAuxiliaryFile /Users/admin/builder/spi-builder-workspace/.derivedData/Build/Intermediates.noindex/WWAppFirstInstall.build/Debug/WWAppFirstInstall-t.build/Objects-normal/arm64/WWAppFirstInstall.SwiftFileList (in target 'WWAppFirstInstall' from project 'WWAppFirstInstall')
cd /Users/admin/builder/spi-builder-workspace
write-file /Users/admin/builder/spi-builder-workspace/.derivedData/Build/Intermediates.noindex/WWAppFirstInstall.build/Debug/WWAppFirstInstall-t.build/Objects-normal/arm64/WWAppFirstInstall.SwiftFileList
WriteAuxiliaryFile /Users/admin/builder/spi-builder-workspace/.derivedData/Build/Intermediates.noindex/WWAppFirstInstall.build/Debug/WWAppFirstInstall-t.build/Objects-normal/arm64/WWAppFirstInstall.SwiftConstValuesFileList (in target 'WWAppFirstInstall' from project 'WWAppFirstInstall')
cd /Users/admin/builder/spi-builder-workspace
write-file /Users/admin/builder/spi-builder-workspace/.derivedData/Build/Intermediates.noindex/WWAppFirstInstall.build/Debug/WWAppFirstInstall-t.build/Objects-normal/arm64/WWAppFirstInstall.SwiftConstValuesFileList
WriteAuxiliaryFile /Users/admin/builder/spi-builder-workspace/.derivedData/Build/Intermediates.noindex/WWAppFirstInstall.build/Debug/WWAppFirstInstall-t.build/Objects-normal/arm64/WWAppFirstInstall.LinkFileList (in target 'WWAppFirstInstall' from project 'WWAppFirstInstall')
cd /Users/admin/builder/spi-builder-workspace
write-file /Users/admin/builder/spi-builder-workspace/.derivedData/Build/Intermediates.noindex/WWAppFirstInstall.build/Debug/WWAppFirstInstall-t.build/Objects-normal/arm64/WWAppFirstInstall.LinkFileList
WriteAuxiliaryFile /Users/admin/builder/spi-builder-workspace/.derivedData/Build/Intermediates.noindex/WWAppFirstInstall.build/Debug/WWAppFirstInstall-t.build/Objects-normal/arm64/WWAppFirstInstall-OutputFileMap.json (in target 'WWAppFirstInstall' from project 'WWAppFirstInstall')
cd /Users/admin/builder/spi-builder-workspace
write-file /Users/admin/builder/spi-builder-workspace/.derivedData/Build/Intermediates.noindex/WWAppFirstInstall.build/Debug/WWAppFirstInstall-t.build/Objects-normal/arm64/WWAppFirstInstall-OutputFileMap.json
WriteAuxiliaryFile /Users/admin/builder/spi-builder-workspace/.derivedData/Build/Intermediates.noindex/WWAppFirstInstall.build/Debug/WWAppFirstInstall-t.build/DerivedSources/resource_bundle_accessor.swift (in target 'WWAppFirstInstall' from project 'WWAppFirstInstall')
cd /Users/admin/builder/spi-builder-workspace
write-file /Users/admin/builder/spi-builder-workspace/.derivedData/Build/Intermediates.noindex/WWAppFirstInstall.build/Debug/WWAppFirstInstall-t.build/DerivedSources/resource_bundle_accessor.swift
Copy /Users/admin/builder/spi-builder-workspace/.derivedData/Build/Intermediates.noindex/GeneratedModuleMaps/WWAppFirstInstall.modulemap /Users/admin/builder/spi-builder-workspace/.derivedData/Build/Intermediates.noindex/WWAppFirstInstall.build/Debug/WWAppFirstInstall-t.build/WWAppFirstInstall.modulemap (in target 'WWAppFirstInstall' from project 'WWAppFirstInstall')
cd /Users/admin/builder/spi-builder-workspace
builtin-copy -exclude .DS_Store -exclude CVS -exclude .svn -exclude .git -exclude .hg -resolve-src-symlinks /Users/admin/builder/spi-builder-workspace/.derivedData/Build/Intermediates.noindex/WWAppFirstInstall.build/Debug/WWAppFirstInstall-t.build/WWAppFirstInstall.modulemap /Users/admin/builder/spi-builder-workspace/.derivedData/Build/Intermediates.noindex/GeneratedModuleMaps
ProcessInfoPlistFile /Users/admin/builder/spi-builder-workspace/.derivedData/Build/Products/Debug/WWPrint_WWPrint.bundle/Contents/Info.plist /Users/admin/builder/spi-builder-workspace/.derivedData/Build/Intermediates.noindex/WWPrint.build/Debug/WWPrint_WWPrint-b.build/empty-WWPrint_WWPrint.plist (in target 'WWPrint_WWPrint' from project 'WWPrint')
cd /Users/admin/builder/spi-builder-workspace/.dependencies/checkouts/WWPrint
builtin-infoPlistUtility /Users/admin/builder/spi-builder-workspace/.derivedData/Build/Intermediates.noindex/WWPrint.build/Debug/WWPrint_WWPrint-b.build/empty-WWPrint_WWPrint.plist -producttype com.apple.product-type.bundle -expandbuildsettings -platform macosx -o /Users/admin/builder/spi-builder-workspace/.derivedData/Build/Products/Debug/WWPrint_WWPrint.bundle/Contents/Info.plist
CpResource /Users/admin/builder/spi-builder-workspace/.derivedData/Build/Products/Debug/WWPrint_WWPrint.bundle/Contents/Resources/Privacy /Users/admin/builder/spi-builder-workspace/.dependencies/checkouts/WWPrint/Sources/WWPrint/Privacy (in target 'WWPrint_WWPrint' from project 'WWPrint')
cd /Users/admin/builder/spi-builder-workspace/.dependencies/checkouts/WWPrint
builtin-copy -exclude .DS_Store -exclude CVS -exclude .svn -exclude .git -exclude .hg -resolve-src-symlinks /Users/admin/builder/spi-builder-workspace/.dependencies/checkouts/WWPrint/Sources/WWPrint/Privacy /Users/admin/builder/spi-builder-workspace/.derivedData/Build/Products/Debug/WWPrint_WWPrint.bundle/Contents/Resources
ProcessInfoPlistFile /Users/admin/builder/spi-builder-workspace/.derivedData/Build/Products/Debug/WWKeychain_WWKeychain.bundle/Contents/Info.plist /Users/admin/builder/spi-builder-workspace/.derivedData/Build/Intermediates.noindex/WWKeychain.build/Debug/WWKeychain_WWKeychain-b.build/empty-WWKeychain_WWKeychain.plist (in target 'WWKeychain_WWKeychain' from project 'WWKeychain')
cd /Users/admin/builder/spi-builder-workspace/.dependencies/checkouts/WWKeychain
builtin-infoPlistUtility /Users/admin/builder/spi-builder-workspace/.derivedData/Build/Intermediates.noindex/WWKeychain.build/Debug/WWKeychain_WWKeychain-b.build/empty-WWKeychain_WWKeychain.plist -producttype com.apple.product-type.bundle -expandbuildsettings -platform macosx -o /Users/admin/builder/spi-builder-workspace/.derivedData/Build/Products/Debug/WWKeychain_WWKeychain.bundle/Contents/Info.plist
CpResource /Users/admin/builder/spi-builder-workspace/.derivedData/Build/Products/Debug/WWKeychain_WWKeychain.bundle/Contents/Resources/Privacy /Users/admin/builder/spi-builder-workspace/.dependencies/checkouts/WWKeychain/Sources/WWKeychain/Privacy (in target 'WWKeychain_WWKeychain' from project 'WWKeychain')
cd /Users/admin/builder/spi-builder-workspace/.dependencies/checkouts/WWKeychain
builtin-copy -exclude .DS_Store -exclude CVS -exclude .svn -exclude .git -exclude .hg -resolve-src-symlinks /Users/admin/builder/spi-builder-workspace/.dependencies/checkouts/WWKeychain/Sources/WWKeychain/Privacy /Users/admin/builder/spi-builder-workspace/.derivedData/Build/Products/Debug/WWKeychain_WWKeychain.bundle/Contents/Resources
ProcessInfoPlistFile /Users/admin/builder/spi-builder-workspace/.derivedData/Build/Products/Debug/WWAppFirstInstall_WWAppFirstInstall.bundle/Contents/Info.plist /Users/admin/builder/spi-builder-workspace/.derivedData/Build/Intermediates.noindex/WWAppFirstInstall.build/Debug/WWAppFirstInstall_WWAppFirstInstall-b.build/empty-WWAppFirstInstall_WWAppFirstInstall.plist (in target 'WWAppFirstInstall_WWAppFirstInstall' from project 'WWAppFirstInstall')
cd /Users/admin/builder/spi-builder-workspace
builtin-infoPlistUtility /Users/admin/builder/spi-builder-workspace/.derivedData/Build/Intermediates.noindex/WWAppFirstInstall.build/Debug/WWAppFirstInstall_WWAppFirstInstall-b.build/empty-WWAppFirstInstall_WWAppFirstInstall.plist -producttype com.apple.product-type.bundle -expandbuildsettings -platform macosx -o /Users/admin/builder/spi-builder-workspace/.derivedData/Build/Products/Debug/WWAppFirstInstall_WWAppFirstInstall.bundle/Contents/Info.plist
CpResource /Users/admin/builder/spi-builder-workspace/.derivedData/Build/Products/Debug/WWAppFirstInstall_WWAppFirstInstall.bundle/Contents/Resources/Privacy /Users/admin/builder/spi-builder-workspace/Sources/WWAppFirstInstall/Privacy (in target 'WWAppFirstInstall_WWAppFirstInstall' from project 'WWAppFirstInstall')
cd /Users/admin/builder/spi-builder-workspace
builtin-copy -exclude .DS_Store -exclude CVS -exclude .svn -exclude .git -exclude .hg -resolve-src-symlinks /Users/admin/builder/spi-builder-workspace/Sources/WWAppFirstInstall/Privacy /Users/admin/builder/spi-builder-workspace/.derivedData/Build/Products/Debug/WWAppFirstInstall_WWAppFirstInstall.bundle/Contents/Resources
RegisterExecutionPolicyException /Users/admin/builder/spi-builder-workspace/.derivedData/Build/Products/Debug/WWPrint_WWPrint.bundle (in target 'WWPrint_WWPrint' from project 'WWPrint')
cd /Users/admin/builder/spi-builder-workspace/.dependencies/checkouts/WWPrint
builtin-RegisterExecutionPolicyException /Users/admin/builder/spi-builder-workspace/.derivedData/Build/Products/Debug/WWPrint_WWPrint.bundle
RegisterExecutionPolicyException /Users/admin/builder/spi-builder-workspace/.derivedData/Build/Products/Debug/WWKeychain_WWKeychain.bundle (in target 'WWKeychain_WWKeychain' from project 'WWKeychain')
cd /Users/admin/builder/spi-builder-workspace/.dependencies/checkouts/WWKeychain
builtin-RegisterExecutionPolicyException /Users/admin/builder/spi-builder-workspace/.derivedData/Build/Products/Debug/WWKeychain_WWKeychain.bundle
RegisterExecutionPolicyException /Users/admin/builder/spi-builder-workspace/.derivedData/Build/Products/Debug/WWAppFirstInstall_WWAppFirstInstall.bundle (in target 'WWAppFirstInstall_WWAppFirstInstall' from project 'WWAppFirstInstall')
cd /Users/admin/builder/spi-builder-workspace
builtin-RegisterExecutionPolicyException /Users/admin/builder/spi-builder-workspace/.derivedData/Build/Products/Debug/WWAppFirstInstall_WWAppFirstInstall.bundle
Touch /Users/admin/builder/spi-builder-workspace/.derivedData/Build/Products/Debug/WWPrint_WWPrint.bundle (in target 'WWPrint_WWPrint' from project 'WWPrint')
cd /Users/admin/builder/spi-builder-workspace/.dependencies/checkouts/WWPrint
/usr/bin/touch -c /Users/admin/builder/spi-builder-workspace/.derivedData/Build/Products/Debug/WWPrint_WWPrint.bundle
Touch /Users/admin/builder/spi-builder-workspace/.derivedData/Build/Products/Debug/WWKeychain_WWKeychain.bundle (in target 'WWKeychain_WWKeychain' from project 'WWKeychain')
cd /Users/admin/builder/spi-builder-workspace/.dependencies/checkouts/WWKeychain
/usr/bin/touch -c /Users/admin/builder/spi-builder-workspace/.derivedData/Build/Products/Debug/WWKeychain_WWKeychain.bundle
Touch /Users/admin/builder/spi-builder-workspace/.derivedData/Build/Products/Debug/WWAppFirstInstall_WWAppFirstInstall.bundle (in target 'WWAppFirstInstall_WWAppFirstInstall' from project 'WWAppFirstInstall')
cd /Users/admin/builder/spi-builder-workspace
/usr/bin/touch -c /Users/admin/builder/spi-builder-workspace/.derivedData/Build/Products/Debug/WWAppFirstInstall_WWAppFirstInstall.bundle
SwiftDriver WWPrint normal arm64 com.apple.xcode.tools.swift.compiler (in target 'WWPrint' from project 'WWPrint')
cd /Users/admin/builder/spi-builder-workspace/.swiftpm/xcode
builtin-SwiftDriver -- /Applications/Xcode-27.0.0-Release.Candidate.app/Contents/Developer/Toolchains/XcodeDefault.xctoolchain/usr/bin/swiftc -parse-as-library -module-name WWPrint -Onone @/Users/admin/builder/spi-builder-workspace/.derivedData/Build/Intermediates.noindex/WWPrint.build/Debug/WWPrint-t.build/Objects-normal/arm64/WWPrint.SwiftFileList -DSWIFT_PACKAGE -DDEBUG -DSWIFT_MODULE_RESOURCE_BUNDLE_AVAILABLE -DXcode -plugin-path /Applications/Xcode-27.0.0-Release.Candidate.app/Contents/Developer/Toolchains/XcodeDefault.xctoolchain/usr/lib/swift/host/plugins/testing -enable-experimental-feature DebugDescriptionMacro -sdk /Applications/Xcode-27.0.0-Release.Candidate.app/Contents/Developer/Platforms/MacOSX.platform/Developer/SDKs/MacOSX27.0.sdk -target arm64-apple-macos12.0 -g -module-cache-path /Users/admin/builder/spi-builder-workspace/.derivedData/ModuleCache.noindex -Xfrontend -serialize-debugging-options -enable-testing -suppress-warnings -index-store-path /Users/admin/builder/spi-builder-workspace/.derivedData/Index.noindex/DataStore -Xcc -D_LIBCPP_HARDENING_MODE\=_LIBCPP_HARDENING_MODE_DEBUG -swift-version 5 -I /Users/admin/builder/spi-builder-workspace/.derivedData/Build/Products/Debug -Isystem /Applications/Xcode-27.0.0-Release.Candidate.app/Contents/Developer/Platforms/MacOSX.platform/Developer/usr/lib -F /Users/admin/builder/spi-builder-workspace/.derivedData/Build/Products/Debug -F /Applications/Xcode-27.0.0-Release.Candidate.app/Contents/Developer/Platforms/MacOSX.platform/Developer/Library/Frameworks -c -j10 -enable-batch-mode -incremental -Xcc -ivfsstatcache -Xcc /Users/admin/builder/spi-builder-workspace/.derivedData/SDKStatCaches.noindex/macosx27.0-26A425-e829b21a6f8c9b70876ba0858053c0446a22442a12e9d48fe1a705f55a1adfc4.sdkstatcache -output-file-map /Users/admin/builder/spi-builder-workspace/.derivedData/Build/Intermediates.noindex/WWPrint.build/Debug/WWPrint-t.build/Objects-normal/arm64/WWPrint-OutputFileMap.json -save-temps -no-color-diagnostics -explicit-module-build -module-cache-path /Users/admin/builder/spi-builder-workspace/.derivedData/Build/Intermediates.noindex/SwiftExplicitPrecompiledModules -clang-scanner-module-cache-path /Users/admin/builder/spi-builder-workspace/.derivedData/ModuleCache.noindex -sdk-module-cache-path /Users/admin/builder/spi-builder-workspace/.derivedData/SDKExplicitPrecompiledModules -emit-dependencies -emit-module -emit-module-path /Users/admin/builder/spi-builder-workspace/.derivedData/Build/Intermediates.noindex/WWPrint.build/Debug/WWPrint-t.build/Objects-normal/arm64/WWPrint.swiftmodule -serialize-diagnostics -dependency-scan-serialize-diagnostics-path /Users/admin/builder/spi-builder-workspace/.derivedData/Build/Intermediates.noindex/WWPrint.build/Debug/WWPrint-t.build/Objects-normal/arm64/WWPrint-dependency-scan.dia -validate-clang-modules-once -clang-build-session-file /Users/admin/builder/spi-builder-workspace/.derivedData/ModuleCache.noindex/Session.modulevalidation -Xcc -fmodules-prune-interval\=86400 -Xcc -fmodules-prune-after\=345600 -emit-const-values -const-gather-protocols-list /Users/admin/builder/spi-builder-workspace/.derivedData/Build/Intermediates.noindex/WWPrint.build/Debug/WWPrint-t.build/Objects-normal/arm64/WWPrint_const_extract_protocols.json -Xcc -I/Users/admin/builder/spi-builder-workspace/.derivedData/Build/Products/Debug/include -Xcc -I/Users/admin/builder/spi-builder-workspace/.derivedData/Build/Intermediates.noindex/WWPrint.build/Debug/WWPrint-t.build/DerivedSources-normal/arm64 -Xcc -I/Users/admin/builder/spi-builder-workspace/.derivedData/Build/Intermediates.noindex/WWPrint.build/Debug/WWPrint-t.build/DerivedSources/arm64 -Xcc -I/Users/admin/builder/spi-builder-workspace/.derivedData/Build/Intermediates.noindex/WWPrint.build/Debug/WWPrint-t.build/DerivedSources -Xcc -DSWIFT_PACKAGE -Xcc -DDEBUG\=1 -emit-objc-header -emit-objc-header-path /Users/admin/builder/spi-builder-workspace/.derivedData/Build/Intermediates.noindex/WWPrint.build/Debug/WWPrint-t.build/Objects-normal/arm64/WWPrint-Swift.h -working-directory /Users/admin/builder/spi-builder-workspace/.swiftpm/xcode -experimental-emit-module-separately -disable-cmo
SwiftExplicitDependencyGeneratePcm arm64 /Users/admin/builder/spi-builder-workspace/.derivedData/SDKExplicitPrecompiledModules/SwiftShims-C4V0DQ62WSTCYBYGILXXGQNO3.pcm
SwiftExplicitDependencyGeneratePcm arm64 /Users/admin/builder/spi-builder-workspace/.derivedData/SDKExplicitPrecompiledModules/_Builtin_stdbool-KYV2HKP8IKLKMKQS9DGA2GUQ.pcm
SwiftExplicitDependencyGeneratePcm arm64 /Users/admin/builder/spi-builder-workspace/.derivedData/SDKExplicitPrecompiledModules/ptrcheck-DHLCBWKPNUZOYTPJ1J3QVTCXK.pcm
SwiftExplicitDependencyGeneratePcm arm64 /Users/admin/builder/spi-builder-workspace/.derivedData/SDKExplicitPrecompiledModules/_Builtin_stddef-3GI9GOKXSW3QCTFOI1USFLDZO.pcm
SwiftExplicitDependencyGeneratePcm arm64 /Users/admin/builder/spi-builder-workspace/.derivedData/SDKExplicitPrecompiledModules/_SwiftConcurrencyShims-BLUUWKI6AGMD7TJ4RGYS7DP6T.pcm
SwiftExplicitDependencyGeneratePcm arm64 /Users/admin/builder/spi-builder-workspace/.derivedData/SDKExplicitPrecompiledModules/_Builtin_stdarg-7CFWA9OSW5N24E7PG4ZOCF1VH.pcm
SwiftExplicitDependencyGeneratePcm arm64 /Users/admin/builder/spi-builder-workspace/.derivedData/SDKExplicitPrecompiledModules/ptrauth-2W92ZJRLNJU99RJUQGGJG3OC3.pcm
SwiftExplicitDependencyGeneratePcm arm64 /Users/admin/builder/spi-builder-workspace/.derivedData/SDKExplicitPrecompiledModules/_Builtin_float-105CRCDRP90FQCQO5ZX1LHV7H.pcm
SwiftExplicitDependencyGeneratePcm arm64 /Users/admin/builder/spi-builder-workspace/.derivedData/SDKExplicitPrecompiledModules/_AvailabilityInternal-CJTV5E7EL3MWRA437DUFPBVN2.pcm
SwiftExplicitDependencyGeneratePcm arm64 /Users/admin/builder/spi-builder-workspace/.derivedData/SDKExplicitPrecompiledModules/_DarwinFoundation1-7PRJIG163YE9KSKYA3BS35ZZP.pcm
SwiftExplicitDependencyGeneratePcm arm64 /Users/admin/builder/spi-builder-workspace/.derivedData/SDKExplicitPrecompiledModules/_Builtin_limits-AXGUGXBFPC0I7QDLJFB0K341Y.pcm
SwiftExplicitDependencyGeneratePcm arm64 /Users/admin/builder/spi-builder-workspace/.derivedData/SDKExplicitPrecompiledModules/_DarwinFoundation2-94WUUGE4H5R03OWXE0QFZX1DN.pcm
SwiftExplicitDependencyGeneratePcm arm64 /Users/admin/builder/spi-builder-workspace/.derivedData/SDKExplicitPrecompiledModules/sys_types-F4RNCN6UR5R5OWTLTOUM7TN3E.pcm
SwiftExplicitDependencyGeneratePcm arm64 /Users/admin/builder/spi-builder-workspace/.derivedData/SDKExplicitPrecompiledModules/_Builtin_stdint-22CBBOK8BNSF0UELDCAXSHGB.pcm
SwiftExplicitDependencyGeneratePcm arm64 /Users/admin/builder/spi-builder-workspace/.derivedData/SDKExplicitPrecompiledModules/string_h-10WPXBF3YFYMX5HUAW06LSABR.pcm
SwiftExplicitDependencyGeneratePcm arm64 /Users/admin/builder/spi-builder-workspace/.derivedData/SDKExplicitPrecompiledModules/_Builtin_stdatomic-8LN7S35C6I48KJOCW7VPXX04X.pcm
SwiftExplicitDependencyGeneratePcm arm64 /Users/admin/builder/spi-builder-workspace/.derivedData/SDKExplicitPrecompiledModules/_DarwinFoundation3-32PO5Q4RCB6WXH5VFO3HA3AVS.pcm
SwiftExplicitDependencyGeneratePcm arm64 /Users/admin/builder/spi-builder-workspace/.derivedData/SDKExplicitPrecompiledModules/libDER-5RCYOD0PCUUY2UGMBNE9LI8N9.pcm
SwiftExplicitDependencyGeneratePcm arm64 /Users/admin/builder/spi-builder-workspace/.derivedData/SDKExplicitPrecompiledModules/_Builtin_inttypes-1U6AP9A8AJ4G9WD98E9RHLGTJ.pcm
SwiftExplicitDependencyGeneratePcm arm64 /Users/admin/builder/spi-builder-workspace/.derivedData/SDKExplicitPrecompiledModules/Darwin-1RAAWNGKQM8YGHV0YJNNN5YDY.pcm
SwiftExplicitDependencyGeneratePcm arm64 /Users/admin/builder/spi-builder-workspace/.derivedData/SDKExplicitPrecompiledModules/launch-2XAORMJNLLVS0OVKC1M0752GY.pcm
SwiftExplicitDependencyGeneratePcm arm64 /Users/admin/builder/spi-builder-workspace/.derivedData/SDKExplicitPrecompiledModules/libkern-22MDXN9G35RPO3OLKX9B2PN16.pcm
SwiftExplicitDependencyGeneratePcm arm64 /Users/admin/builder/spi-builder-workspace/.derivedData/SDKExplicitPrecompiledModules/MachO-AWTJ65TFR7TMST2NUE6ZCC1SL.pcm
SwiftExplicitDependencyGeneratePcm arm64 /Users/admin/builder/spi-builder-workspace/.derivedData/SDKExplicitPrecompiledModules/ObjectiveC-B89IQP2TC4CFSWOUMTUZRI1VZ.pcm
SwiftExplicitDependencyGeneratePcm arm64 /Users/admin/builder/spi-builder-workspace/.derivedData/SDKExplicitPrecompiledModules/os_object-3KLCCI03OX6OQTLJ92KQH2KIO.pcm
SwiftExplicitDependencyGeneratePcm arm64 /Users/admin/builder/spi-builder-workspace/.derivedData/SDKExplicitPrecompiledModules/os_workgroup-10SJ5M8R2OB4BG1TPFL9SZMKV.pcm
SwiftExplicitDependencyGeneratePcm arm64 /Users/admin/builder/spi-builder-workspace/.derivedData/SDKExplicitPrecompiledModules/Dispatch-NAMWF9KN29KC7Z5OS3TTTAE8.pcm
SwiftExplicitDependencyGeneratePcm arm64 /Users/admin/builder/spi-builder-workspace/.derivedData/SDKExplicitPrecompiledModules/CoreFoundation-4ZIITQ30SOGUQE8KJAB99ZV0Q.pcm
SwiftExplicitDependencyGeneratePcm arm64 /Users/admin/builder/spi-builder-workspace/.derivedData/SDKExplicitPrecompiledModules/XPC-E1MSAZG4ZNL24S2WK6K6Y7GWW.pcm
SwiftExplicitDependencyGeneratePcm arm64 /Users/admin/builder/spi-builder-workspace/.derivedData/SDKExplicitPrecompiledModules/os-BYOEVK2GEMB4Q8WWHGZGREA00.pcm
SwiftExplicitDependencyGeneratePcm arm64 /Users/admin/builder/spi-builder-workspace/.derivedData/SDKExplicitPrecompiledModules/IOKit-6H3X691EDBH124EYTC2PEOP5T.pcm
SwiftExplicitDependencyGeneratePcm arm64 /Users/admin/builder/spi-builder-workspace/.derivedData/SDKExplicitPrecompiledModules/CFNetwork-CVHS5CT20191MFYXQIEDWSRGJ.pcm
SwiftExplicitDependencyGeneratePcm arm64 /Users/admin/builder/spi-builder-workspace/.derivedData/SDKExplicitPrecompiledModules/Security-ESPJ7FP0YAY1EL3VXBGY9MCZ8.pcm
SwiftExplicitDependencyGeneratePcm arm64 /Users/admin/builder/spi-builder-workspace/.derivedData/SDKExplicitPrecompiledModules/DiskArbitration-ZNZZU7T0SYELB0DAR56WQF0R.pcm
SwiftExplicitDependencyGeneratePcm arm64 /Users/admin/builder/spi-builder-workspace/.derivedData/SDKExplicitPrecompiledModules/CoreServices-CGCGY0FOMEQGSNMO3HQSC09XU.pcm
SwiftExplicitDependencyGeneratePcm arm64 /Users/admin/builder/spi-builder-workspace/.derivedData/SDKExplicitPrecompiledModules/Foundation-44WR0NU86C67CV5BW8W1MGKNG.pcm
SwiftExplicitDependencyGeneratePcm arm64 /Users/admin/builder/spi-builder-workspace/.derivedData/SDKExplicitPrecompiledModules/OSLog-1GSRGGGEESVJH9OULZA91RAA3.pcm
SwiftEmitModule normal arm64 Emitting\ module\ for\ WWPrint (in target 'WWPrint' from project 'WWPrint')
SwiftCompile normal arm64 (in target 'WWPrint' from project 'WWPrint')
cd /Users/admin/builder/spi-builder-workspace/.swiftpm/xcode
SwiftCompile normal arm64 Compiling\ WWLogger.swift /Users/admin/builder/spi-builder-workspace/.dependencies/checkouts/WWPrint/Sources/WWPrint/WWLogger.swift (in target 'WWPrint' from project 'WWPrint')
SwiftCompile normal arm64 /Users/admin/builder/spi-builder-workspace/.dependencies/checkouts/WWPrint/Sources/WWPrint/WWLogger.swift (in target 'WWPrint' from project 'WWPrint')
cd /Users/admin/builder/spi-builder-workspace/.swiftpm/xcode
builtin-SwiftPerFileCompile WWLogger.swift
SwiftCompile normal arm64 Compiling\ WWPrint.swift /Users/admin/builder/spi-builder-workspace/.dependencies/checkouts/WWPrint/Sources/WWPrint/WWPrint.swift (in target 'WWPrint' from project 'WWPrint')
SwiftCompile normal arm64 /Users/admin/builder/spi-builder-workspace/.dependencies/checkouts/WWPrint/Sources/WWPrint/WWPrint.swift (in target 'WWPrint' from project 'WWPrint')
cd /Users/admin/builder/spi-builder-workspace/.swiftpm/xcode
builtin-SwiftPerFileCompile WWPrint.swift
SwiftCompile normal arm64 Compiling\ resource_bundle_accessor.swift /Users/admin/builder/spi-builder-workspace/.derivedData/Build/Intermediates.noindex/WWPrint.build/Debug/WWPrint-t.build/DerivedSources/resource_bundle_accessor.swift (in target 'WWPrint' from project 'WWPrint')
SwiftCompile normal arm64 /Users/admin/builder/spi-builder-workspace/.derivedData/Build/Intermediates.noindex/WWPrint.build/Debug/WWPrint-t.build/DerivedSources/resource_bundle_accessor.swift (in target 'WWPrint' from project 'WWPrint')
cd /Users/admin/builder/spi-builder-workspace/.swiftpm/xcode
builtin-SwiftPerFileCompile resource_bundle_accessor.swift
SwiftDriverJobDiscovery normal arm64 Emitting module for WWPrint (in target 'WWPrint' from project 'WWPrint')
SwiftDriver\ Compilation\ Requirements WWPrint normal arm64 com.apple.xcode.tools.swift.compiler (in target 'WWPrint' from project 'WWPrint')
cd /Users/admin/builder/spi-builder-workspace/.swiftpm/xcode
builtin-Swift-Compilation-Requirements -- /Applications/Xcode-27.0.0-Release.Candidate.app/Contents/Developer/Toolchains/XcodeDefault.xctoolchain/usr/bin/swiftc -parse-as-library -module-name WWPrint -Onone @/Users/admin/builder/spi-builder-workspace/.derivedData/Build/Intermediates.noindex/WWPrint.build/Debug/WWPrint-t.build/Objects-normal/arm64/WWPrint.SwiftFileList -DSWIFT_PACKAGE -DDEBUG -DSWIFT_MODULE_RESOURCE_BUNDLE_AVAILABLE -DXcode -plugin-path /Applications/Xcode-27.0.0-Release.Candidate.app/Contents/Developer/Toolchains/XcodeDefault.xctoolchain/usr/lib/swift/host/plugins/testing -enable-experimental-feature DebugDescriptionMacro -sdk /Applications/Xcode-27.0.0-Release.Candidate.app/Contents/Developer/Platforms/MacOSX.platform/Developer/SDKs/MacOSX27.0.sdk -target arm64-apple-macos12.0 -g -module-cache-path /Users/admin/builder/spi-builder-workspace/.derivedData/ModuleCache.noindex -Xfrontend -serialize-debugging-options -enable-testing -suppress-warnings -index-store-path /Users/admin/builder/spi-builder-workspace/.derivedData/Index.noindex/DataStore -Xcc -D_LIBCPP_HARDENING_MODE\=_LIBCPP_HARDENING_MODE_DEBUG -swift-version 5 -I /Users/admin/builder/spi-builder-workspace/.derivedData/Build/Products/Debug -Isystem /Applications/Xcode-27.0.0-Release.Candidate.app/Contents/Developer/Platforms/MacOSX.platform/Developer/usr/lib -F /Users/admin/builder/spi-builder-workspace/.derivedData/Build/Products/Debug -F /Applications/Xcode-27.0.0-Release.Candidate.app/Contents/Developer/Platforms/MacOSX.platform/Developer/Library/Frameworks -c -j10 -enable-batch-mode -incremental -Xcc -ivfsstatcache -Xcc /Users/admin/builder/spi-builder-workspace/.derivedData/SDKStatCaches.noindex/macosx27.0-26A425-e829b21a6f8c9b70876ba0858053c0446a22442a12e9d48fe1a705f55a1adfc4.sdkstatcache -output-file-map /Users/admin/builder/spi-builder-workspace/.derivedData/Build/Intermediates.noindex/WWPrint.build/Debug/WWPrint-t.build/Objects-normal/arm64/WWPrint-OutputFileMap.json -save-temps -no-color-diagnostics -explicit-module-build -module-cache-path /Users/admin/builder/spi-builder-workspace/.derivedData/Build/Intermediates.noindex/SwiftExplicitPrecompiledModules -clang-scanner-module-cache-path /Users/admin/builder/spi-builder-workspace/.derivedData/ModuleCache.noindex -sdk-module-cache-path /Users/admin/builder/spi-builder-workspace/.derivedData/SDKExplicitPrecompiledModules -emit-dependencies -emit-module -emit-module-path /Users/admin/builder/spi-builder-workspace/.derivedData/Build/Intermediates.noindex/WWPrint.build/Debug/WWPrint-t.build/Objects-normal/arm64/WWPrint.swiftmodule -serialize-diagnostics -dependency-scan-serialize-diagnostics-path /Users/admin/builder/spi-builder-workspace/.derivedData/Build/Intermediates.noindex/WWPrint.build/Debug/WWPrint-t.build/Objects-normal/arm64/WWPrint-dependency-scan.dia -validate-clang-modules-once -clang-build-session-file /Users/admin/builder/spi-builder-workspace/.derivedData/ModuleCache.noindex/Session.modulevalidation -Xcc -fmodules-prune-interval\=86400 -Xcc -fmodules-prune-after\=345600 -emit-const-values -const-gather-protocols-list /Users/admin/builder/spi-builder-workspace/.derivedData/Build/Intermediates.noindex/WWPrint.build/Debug/WWPrint-t.build/Objects-normal/arm64/WWPrint_const_extract_protocols.json -Xcc -I/Users/admin/builder/spi-builder-workspace/.derivedData/Build/Products/Debug/include -Xcc -I/Users/admin/builder/spi-builder-workspace/.derivedData/Build/Intermediates.noindex/WWPrint.build/Debug/WWPrint-t.build/DerivedSources-normal/arm64 -Xcc -I/Users/admin/builder/spi-builder-workspace/.derivedData/Build/Intermediates.noindex/WWPrint.build/Debug/WWPrint-t.build/DerivedSources/arm64 -Xcc -I/Users/admin/builder/spi-builder-workspace/.derivedData/Build/Intermediates.noindex/WWPrint.build/Debug/WWPrint-t.build/DerivedSources -Xcc -DSWIFT_PACKAGE -Xcc -DDEBUG\=1 -emit-objc-header -emit-objc-header-path /Users/admin/builder/spi-builder-workspace/.derivedData/Build/Intermediates.noindex/WWPrint.build/Debug/WWPrint-t.build/Objects-normal/arm64/WWPrint-Swift.h -working-directory /Users/admin/builder/spi-builder-workspace/.swiftpm/xcode -experimental-emit-module-separately -disable-cmo
SwiftMergeGeneratedHeaders /Users/admin/builder/spi-builder-workspace/.derivedData/Build/Intermediates.noindex/GeneratedModuleMaps/WWPrint-Swift.h /Users/admin/builder/spi-builder-workspace/.derivedData/Build/Intermediates.noindex/WWPrint.build/Debug/WWPrint-t.build/Objects-normal/arm64/WWPrint-Swift.h (in target 'WWPrint' from project 'WWPrint')
cd /Users/admin/builder/spi-builder-workspace/.dependencies/checkouts/WWPrint
builtin-swiftHeaderTool -arch arm64 /Users/admin/builder/spi-builder-workspace/.derivedData/Build/Intermediates.noindex/WWPrint.build/Debug/WWPrint-t.build/Objects-normal/arm64/WWPrint-Swift.h -o /Users/admin/builder/spi-builder-workspace/.derivedData/Build/Intermediates.noindex/GeneratedModuleMaps/WWPrint-Swift.h
Copy /Users/admin/builder/spi-builder-workspace/.derivedData/Build/Products/Debug/WWPrint.swiftmodule/arm64-apple-macos.abi.json /Users/admin/builder/spi-builder-workspace/.derivedData/Build/Intermediates.noindex/WWPrint.build/Debug/WWPrint-t.build/Objects-normal/arm64/WWPrint.abi.json (in target 'WWPrint' from project 'WWPrint')
cd /Users/admin/builder/spi-builder-workspace/.dependencies/checkouts/WWPrint
builtin-copy -exclude .DS_Store -exclude CVS -exclude .svn -exclude .git -exclude .hg -resolve-src-symlinks -rename /Users/admin/builder/spi-builder-workspace/.derivedData/Build/Intermediates.noindex/WWPrint.build/Debug/WWPrint-t.build/Objects-normal/arm64/WWPrint.abi.json /Users/admin/builder/spi-builder-workspace/.derivedData/Build/Products/Debug/WWPrint.swiftmodule/arm64-apple-macos.abi.json
Copy /Users/admin/builder/spi-builder-workspace/.derivedData/Build/Products/Debug/WWPrint.swiftmodule/arm64-apple-macos.swiftmodule /Users/admin/builder/spi-builder-workspace/.derivedData/Build/Intermediates.noindex/WWPrint.build/Debug/WWPrint-t.build/Objects-normal/arm64/WWPrint.swiftmodule (in target 'WWPrint' from project 'WWPrint')
cd /Users/admin/builder/spi-builder-workspace/.dependencies/checkouts/WWPrint
builtin-copy -exclude .DS_Store -exclude CVS -exclude .svn -exclude .git -exclude .hg -resolve-src-symlinks -rename /Users/admin/builder/spi-builder-workspace/.derivedData/Build/Intermediates.noindex/WWPrint.build/Debug/WWPrint-t.build/Objects-normal/arm64/WWPrint.swiftmodule /Users/admin/builder/spi-builder-workspace/.derivedData/Build/Products/Debug/WWPrint.swiftmodule/arm64-apple-macos.swiftmodule
Copy /Users/admin/builder/spi-builder-workspace/.derivedData/Build/Products/Debug/WWPrint.swiftmodule/arm64-apple-macos.swiftdoc /Users/admin/builder/spi-builder-workspace/.derivedData/Build/Intermediates.noindex/WWPrint.build/Debug/WWPrint-t.build/Objects-normal/arm64/WWPrint.swiftdoc (in target 'WWPrint' from project 'WWPrint')
cd /Users/admin/builder/spi-builder-workspace/.dependencies/checkouts/WWPrint
builtin-copy -exclude .DS_Store -exclude CVS -exclude .svn -exclude .git -exclude .hg -resolve-src-symlinks -rename /Users/admin/builder/spi-builder-workspace/.derivedData/Build/Intermediates.noindex/WWPrint.build/Debug/WWPrint-t.build/Objects-normal/arm64/WWPrint.swiftdoc /Users/admin/builder/spi-builder-workspace/.derivedData/Build/Products/Debug/WWPrint.swiftmodule/arm64-apple-macos.swiftdoc
Copy /Users/admin/builder/spi-builder-workspace/.derivedData/Build/Products/Debug/WWPrint.swiftmodule/Project/arm64-apple-macos.swiftsourceinfo /Users/admin/builder/spi-builder-workspace/.derivedData/Build/Intermediates.noindex/WWPrint.build/Debug/WWPrint-t.build/Objects-normal/arm64/WWPrint.swiftsourceinfo (in target 'WWPrint' from project 'WWPrint')
cd /Users/admin/builder/spi-builder-workspace/.dependencies/checkouts/WWPrint
builtin-copy -exclude .DS_Store -exclude CVS -exclude .svn -exclude .git -exclude .hg -resolve-src-symlinks -rename /Users/admin/builder/spi-builder-workspace/.derivedData/Build/Intermediates.noindex/WWPrint.build/Debug/WWPrint-t.build/Objects-normal/arm64/WWPrint.swiftsourceinfo /Users/admin/builder/spi-builder-workspace/.derivedData/Build/Products/Debug/WWPrint.swiftmodule/Project/arm64-apple-macos.swiftsourceinfo
SwiftDriver WWKeychain normal arm64 com.apple.xcode.tools.swift.compiler (in target 'WWKeychain' from project 'WWKeychain')
cd /Users/admin/builder/spi-builder-workspace/.swiftpm/xcode
builtin-SwiftDriver -- /Applications/Xcode-27.0.0-Release.Candidate.app/Contents/Developer/Toolchains/XcodeDefault.xctoolchain/usr/bin/swiftc -parse-as-library -module-name WWKeychain -Onone @/Users/admin/builder/spi-builder-workspace/.derivedData/Build/Intermediates.noindex/WWKeychain.build/Debug/WWKeychain-t.build/Objects-normal/arm64/WWKeychain.SwiftFileList -DSWIFT_PACKAGE -DDEBUG -DSWIFT_MODULE_RESOURCE_BUNDLE_AVAILABLE -DXcode -plugin-path /Applications/Xcode-27.0.0-Release.Candidate.app/Contents/Developer/Toolchains/XcodeDefault.xctoolchain/usr/lib/swift/host/plugins/testing -enable-experimental-feature DebugDescriptionMacro -sdk /Applications/Xcode-27.0.0-Release.Candidate.app/Contents/Developer/Platforms/MacOSX.platform/Developer/SDKs/MacOSX27.0.sdk -target arm64-apple-macos12.0 -g -module-cache-path /Users/admin/builder/spi-builder-workspace/.derivedData/ModuleCache.noindex -Xfrontend -serialize-debugging-options -enable-testing -suppress-warnings -index-store-path /Users/admin/builder/spi-builder-workspace/.derivedData/Index.noindex/DataStore -Xcc -D_LIBCPP_HARDENING_MODE\=_LIBCPP_HARDENING_MODE_DEBUG -swift-version 5 -I /Users/admin/builder/spi-builder-workspace/.derivedData/Build/Products/Debug -Isystem /Applications/Xcode-27.0.0-Release.Candidate.app/Contents/Developer/Platforms/MacOSX.platform/Developer/usr/lib -F /Users/admin/builder/spi-builder-workspace/.derivedData/Build/Products/Debug/PackageFrameworks -F /Users/admin/builder/spi-builder-workspace/.derivedData/Build/Products/Debug -F /Applications/Xcode-27.0.0-Release.Candidate.app/Contents/Developer/Platforms/MacOSX.platform/Developer/Library/Frameworks -c -j10 -enable-batch-mode -incremental -Xcc -ivfsstatcache -Xcc /Users/admin/builder/spi-builder-workspace/.derivedData/SDKStatCaches.noindex/macosx27.0-26A425-e829b21a6f8c9b70876ba0858053c0446a22442a12e9d48fe1a705f55a1adfc4.sdkstatcache -output-file-map /Users/admin/builder/spi-builder-workspace/.derivedData/Build/Intermediates.noindex/WWKeychain.build/Debug/WWKeychain-t.build/Objects-normal/arm64/WWKeychain-OutputFileMap.json -save-temps -no-color-diagnostics -explicit-module-build -module-cache-path /Users/admin/builder/spi-builder-workspace/.derivedData/Build/Intermediates.noindex/SwiftExplicitPrecompiledModules -clang-scanner-module-cache-path /Users/admin/builder/spi-builder-workspace/.derivedData/ModuleCache.noindex -sdk-module-cache-path /Users/admin/builder/spi-builder-workspace/.derivedData/SDKExplicitPrecompiledModules -emit-dependencies -emit-module -emit-module-path /Users/admin/builder/spi-builder-workspace/.derivedData/Build/Intermediates.noindex/WWKeychain.build/Debug/WWKeychain-t.build/Objects-normal/arm64/WWKeychain.swiftmodule -serialize-diagnostics -dependency-scan-serialize-diagnostics-path /Users/admin/builder/spi-builder-workspace/.derivedData/Build/Intermediates.noindex/WWKeychain.build/Debug/WWKeychain-t.build/Objects-normal/arm64/WWKeychain-dependency-scan.dia -validate-clang-modules-once -clang-build-session-file /Users/admin/builder/spi-builder-workspace/.derivedData/ModuleCache.noindex/Session.modulevalidation -Xcc -fmodules-prune-interval\=86400 -Xcc -fmodules-prune-after\=345600 -emit-const-values -const-gather-protocols-list /Users/admin/builder/spi-builder-workspace/.derivedData/Build/Intermediates.noindex/WWKeychain.build/Debug/WWKeychain-t.build/Objects-normal/arm64/WWKeychain_const_extract_protocols.json -Xcc -I/Users/admin/builder/spi-builder-workspace/.derivedData/Build/Products/Debug/include -Xcc -I/Users/admin/builder/spi-builder-workspace/.derivedData/Build/Intermediates.noindex/WWKeychain.build/Debug/WWKeychain-t.build/DerivedSources-normal/arm64 -Xcc -I/Users/admin/builder/spi-builder-workspace/.derivedData/Build/Intermediates.noindex/WWKeychain.build/Debug/WWKeychain-t.build/DerivedSources/arm64 -Xcc -I/Users/admin/builder/spi-builder-workspace/.derivedData/Build/Intermediates.noindex/WWKeychain.build/Debug/WWKeychain-t.build/DerivedSources -Xcc -DSWIFT_PACKAGE -Xcc -DDEBUG\=1 -emit-objc-header -emit-objc-header-path /Users/admin/builder/spi-builder-workspace/.derivedData/Build/Intermediates.noindex/WWKeychain.build/Debug/WWKeychain-t.build/Objects-normal/arm64/WWKeychain-Swift.h -working-directory /Users/admin/builder/spi-builder-workspace/.swiftpm/xcode -experimental-emit-module-separately -disable-cmo
error: Clang dependency scanning failure: (in target 'WWKeychain' from project 'WWKeychain')
/Users/admin/builder/spi-builder-workspace/.dependencies/checkouts/WWKeychain/Sources/WWKeychain/Extension.swift:8:8: error: Unable to resolve module dependency: 'UIKit' (in target 'WWKeychain' from project 'WWKeychain')
note: A dependency of main module 'WWKeychain'
/Users/admin/builder/spi-builder-workspace/.dependencies/checkouts/WWKeychain/Sources/WWKeychain/Keychain.swift:9:8: note: Also imported here
/Users/admin/builder/spi-builder-workspace/.dependencies/checkouts/WWKeychain/Sources/WWKeychain/Extension.swift:8:8: note: A dependency of main module 'WWKeychain'
import UIKit
^ (in target 'WWKeychain' from project 'WWKeychain')
/Users/admin/builder/spi-builder-workspace/.dependencies/checkouts/WWKeychain/Sources/WWKeychain/Keychain.swift:9:8: note: Also imported here
import UIKit
^ (in target 'WWKeychain' from project 'WWKeychain')
PruneExplicitPrecompiledModules /Users/admin/builder/spi-builder-workspace/.derivedData/Build/Intermediates.noindex/ExplicitPrecompiledModules
PruneExplicitPrecompiledModules /Users/admin/builder/spi-builder-workspace/.derivedData/SDKExplicitPrecompiledModules
PruneExplicitPrecompiledModules /Users/admin/builder/spi-builder-workspace/.derivedData/Build/Intermediates.noindex/SwiftExplicitPrecompiledModules
2026-09-21 18:24:18.922 xcodebuild[724:4509] [MT] IDERunDestination: Supported platforms for the buildables in the current scheme is empty.
--- xcodebuild: WARNING: Using the first of multiple matching destinations:
{ platform:macOS, arch:arm64, id:5e46e080c331b1c1fcdd82df1465a9b7d6003d12, name:My Mac }
{ platform:macOS, arch:arm64, variant:Mac Catalyst, id:5e46e080c331b1c1fcdd82df1465a9b7d6003d12, name:My Mac }
{ platform:macOS, arch:arm64, variant:DriverKit, id:5e46e080c331b1c1fcdd82df1465a9b7d6003d12, name:My Mac }
{ platform:macOS, arch:arm64, variant:Designed for [iPad,iPhone], id:5e46e080c331b1c1fcdd82df1465a9b7d6003d12, name:My Mac }
** BUILD FAILED **
The following build commands failed:
SwiftDriver WWKeychain normal arm64 com.apple.xcode.tools.swift.compiler (in target 'WWKeychain' from project 'WWKeychain')
Building workspace WWAppFirstInstall with scheme WWAppFirstInstall
(2 failures)
Command line invocation:
/Applications/Xcode-27.0.0-Release.Candidate.app/Contents/Developer/usr/bin/xcodebuild -IDEClonedSourcePackagesDirPathOverride=/Users/admin/builder/spi-builder-workspace/.dependencies -resolvePackageDependencies
Resolve Package Graph
Resolved source packages:
WWAppFirstInstall: /Users/admin/builder/spi-builder-workspace
WWPrint: https://github.com/William-Weng/WWPrint.git @ 1.3.2
WWKeychain: https://github.com/William-Weng/WWKeychain @ 1.0.4
resolved source packages: WWAppFirstInstall, WWPrint, WWKeychain
2026-09-21 18:24:26.493 xcodebuild[799:4929] [MT] IDERunDestination: Supported platforms for the buildables in the current scheme is empty.
{
"dependencies" : [
{
"identity" : "wwkeychain",
"requirement" : {
"range" : [
{
"lower_bound" : "1.0.4",
"upper_bound" : "2.0.0"
}
]
},
"type" : "sourceControl",
"url" : "https://github.com/William-Weng/WWKeychain"
}
],
"manifest_display_name" : "WWAppFirstInstall",
"name" : "WWAppFirstInstall",
"path" : "/Users/admin/builder/spi-builder-workspace",
"platforms" : [
{
"name" : "ios",
"version" : "14.0"
}
],
"products" : [
{
"name" : "WWAppFirstInstall",
"targets" : [
"WWAppFirstInstall"
],
"type" : {
"library" : [
"automatic"
]
}
}
],
"swift_languages_versions" : [
"5"
],
"targets" : [
{
"c99name" : "WWAppFirstInstall",
"module_type" : "SwiftTarget",
"name" : "WWAppFirstInstall",
"path" : "Sources/WWAppFirstInstall",
"product_dependencies" : [
"WWKeychain"
],
"product_memberships" : [
"WWAppFirstInstall"
],
"resources" : [
{
"path" : "/Users/admin/builder/spi-builder-workspace/Sources/WWAppFirstInstall/Privacy",
"rule" : {
"copy" : {
}
}
}
],
"sources" : [
"Extension.swift",
"WWAppFirstInstall.swift"
],
"type" : "library"
}
],
"tools_version" : "5.6"
}
{
"workspace" : {
"name" : "WWAppFirstInstall",
"schemes" : [
"WWAppFirstInstall"
]
}
}
2026-09-21 18:24:27.742 xcodebuild[807:4997] [MT] IDERunDestination: Supported platforms for the buildables in the current scheme is empty.
Running build ...
env DEVELOPER_DIR=/Applications/Xcode-27.0.0-Release.Candidate.app xcrun xcodebuild -IDEClonedSourcePackagesDirPathOverride=$PWD/.dependencies -skipMacroValidation -skipPackagePluginValidation -derivedDataPath $PWD/.derivedData build -scheme WWAppFirstInstall -destination platform=macOS,arch=arm64
Command line invocation:
/Applications/Xcode-27.0.0-Release.Candidate.app/Contents/Developer/usr/bin/xcodebuild -IDEClonedSourcePackagesDirPathOverride=/Users/admin/builder/spi-builder-workspace/.dependencies -skipMacroValidation -skipPackagePluginValidation -derivedDataPath /Users/admin/builder/spi-builder-workspace/.derivedData build -scheme WWAppFirstInstall -destination platform=macOS,arch=arm64
Resolve Package Graph
Resolved source packages:
WWAppFirstInstall: /Users/admin/builder/spi-builder-workspace
WWKeychain: https://github.com/William-Weng/WWKeychain @ 1.0.4
WWPrint: https://github.com/William-Weng/WWPrint.git @ 1.3.2
ComputePackagePrebuildTargetDependencyGraph
Prepare packages
CreateBuildRequest
SendProjectDescription
CreateBuildOperation
ComputeTargetDependencyGraph
note: Building targets in dependency order
note: Target dependency graph (9 targets)
Target 'WWAppFirstInstall-product' in project 'WWAppFirstInstall'
➜ Explicit dependency on target 'WWAppFirstInstall' in project 'WWAppFirstInstall'
➜ Explicit dependency on target 'WWAppFirstInstall_WWAppFirstInstall' in project 'WWAppFirstInstall'
➜ Explicit dependency on target 'WWKeychain-product' in project 'WWKeychain'
Target 'WWAppFirstInstall' in project 'WWAppFirstInstall'
➜ Explicit dependency on target 'WWAppFirstInstall_WWAppFirstInstall' in project 'WWAppFirstInstall'
➜ Explicit dependency on target 'WWKeychain-product' in project 'WWKeychain'
Target 'WWKeychain-product' in project 'WWKeychain'
➜ Explicit dependency on target 'WWKeychain' in project 'WWKeychain'
➜ Explicit dependency on target 'WWKeychain_WWKeychain' in project 'WWKeychain'
➜ Explicit dependency on target 'WWPrint-product' in project 'WWPrint'
Target 'WWKeychain' in project 'WWKeychain'
➜ Explicit dependency on target 'WWKeychain_WWKeychain' in project 'WWKeychain'
➜ Explicit dependency on target 'WWPrint-product' in project 'WWPrint'
Target 'WWPrint-product' in project 'WWPrint'
➜ Explicit dependency on target 'WWPrint' in project 'WWPrint'
➜ Explicit dependency on target 'WWPrint_WWPrint' in project 'WWPrint'
Target 'WWPrint' in project 'WWPrint'
➜ Explicit dependency on target 'WWPrint_WWPrint' in project 'WWPrint'
Target 'WWPrint_WWPrint' in project 'WWPrint' (no dependencies)
Target 'WWKeychain_WWKeychain' in project 'WWKeychain' (no dependencies)
Target 'WWAppFirstInstall_WWAppFirstInstall' in project 'WWAppFirstInstall' (no dependencies)
GatherProvisioningInputs
CreateBuildDescription
ClangStatCache /Applications/Xcode-27.0.0-Release.Candidate.app/Contents/Developer/Toolchains/XcodeDefault.xctoolchain/usr/bin/clang-stat-cache /Applications/Xcode-27.0.0-Release.Candidate.app/Contents/Developer/Platforms/MacOSX.platform/Developer/SDKs/MacOSX27.0.sdk /Users/admin/builder/spi-builder-workspace/.derivedData/SDKStatCaches.noindex/macosx27.0-26A425-e829b21a6f8c9b70876ba0858053c0446a22442a12e9d48fe1a705f55a1adfc4.sdkstatcache
cd /Users/admin/builder/spi-builder-workspace/.swiftpm/xcode
/Applications/Xcode-27.0.0-Release.Candidate.app/Contents/Developer/Toolchains/XcodeDefault.xctoolchain/usr/bin/clang-stat-cache /Applications/Xcode-27.0.0-Release.Candidate.app/Contents/Developer/Platforms/MacOSX.platform/Developer/SDKs/MacOSX27.0.sdk -o /Users/admin/builder/spi-builder-workspace/.derivedData/SDKStatCaches.noindex/macosx27.0-26A425-e829b21a6f8c9b70876ba0858053c0446a22442a12e9d48fe1a705f55a1adfc4.sdkstatcache
SwiftDriver WWKeychain normal arm64 com.apple.xcode.tools.swift.compiler (in target 'WWKeychain' from project 'WWKeychain')
cd /Users/admin/builder/spi-builder-workspace/.swiftpm/xcode
builtin-SwiftDriver -- /Applications/Xcode-27.0.0-Release.Candidate.app/Contents/Developer/Toolchains/XcodeDefault.xctoolchain/usr/bin/swiftc -parse-as-library -module-name WWKeychain -Onone @/Users/admin/builder/spi-builder-workspace/.derivedData/Build/Intermediates.noindex/WWKeychain.build/Debug/WWKeychain-t.build/Objects-normal/arm64/WWKeychain.SwiftFileList -DSWIFT_PACKAGE -DDEBUG -DSWIFT_MODULE_RESOURCE_BUNDLE_AVAILABLE -DXcode -plugin-path /Applications/Xcode-27.0.0-Release.Candidate.app/Contents/Developer/Toolchains/XcodeDefault.xctoolchain/usr/lib/swift/host/plugins/testing -enable-experimental-feature DebugDescriptionMacro -sdk /Applications/Xcode-27.0.0-Release.Candidate.app/Contents/Developer/Platforms/MacOSX.platform/Developer/SDKs/MacOSX27.0.sdk -target arm64-apple-macos12.0 -g -module-cache-path /Users/admin/builder/spi-builder-workspace/.derivedData/ModuleCache.noindex -Xfrontend -serialize-debugging-options -enable-testing -suppress-warnings -index-store-path /Users/admin/builder/spi-builder-workspace/.derivedData/Index.noindex/DataStore -Xcc -D_LIBCPP_HARDENING_MODE\=_LIBCPP_HARDENING_MODE_DEBUG -swift-version 5 -I /Users/admin/builder/spi-builder-workspace/.derivedData/Build/Products/Debug -Isystem /Applications/Xcode-27.0.0-Release.Candidate.app/Contents/Developer/Platforms/MacOSX.platform/Developer/usr/lib -F /Users/admin/builder/spi-builder-workspace/.derivedData/Build/Products/Debug/PackageFrameworks -F /Users/admin/builder/spi-builder-workspace/.derivedData/Build/Products/Debug -F /Applications/Xcode-27.0.0-Release.Candidate.app/Contents/Developer/Platforms/MacOSX.platform/Developer/Library/Frameworks -c -j10 -enable-batch-mode -incremental -Xcc -ivfsstatcache -Xcc /Users/admin/builder/spi-builder-workspace/.derivedData/SDKStatCaches.noindex/macosx27.0-26A425-e829b21a6f8c9b70876ba0858053c0446a22442a12e9d48fe1a705f55a1adfc4.sdkstatcache -output-file-map /Users/admin/builder/spi-builder-workspace/.derivedData/Build/Intermediates.noindex/WWKeychain.build/Debug/WWKeychain-t.build/Objects-normal/arm64/WWKeychain-OutputFileMap.json -save-temps -no-color-diagnostics -explicit-module-build -module-cache-path /Users/admin/builder/spi-builder-workspace/.derivedData/Build/Intermediates.noindex/SwiftExplicitPrecompiledModules -clang-scanner-module-cache-path /Users/admin/builder/spi-builder-workspace/.derivedData/ModuleCache.noindex -sdk-module-cache-path /Users/admin/builder/spi-builder-workspace/.derivedData/SDKExplicitPrecompiledModules -emit-dependencies -emit-module -emit-module-path /Users/admin/builder/spi-builder-workspace/.derivedData/Build/Intermediates.noindex/WWKeychain.build/Debug/WWKeychain-t.build/Objects-normal/arm64/WWKeychain.swiftmodule -serialize-diagnostics -dependency-scan-serialize-diagnostics-path /Users/admin/builder/spi-builder-workspace/.derivedData/Build/Intermediates.noindex/WWKeychain.build/Debug/WWKeychain-t.build/Objects-normal/arm64/WWKeychain-dependency-scan.dia -validate-clang-modules-once -clang-build-session-file /Users/admin/builder/spi-builder-workspace/.derivedData/ModuleCache.noindex/Session.modulevalidation -Xcc -fmodules-prune-interval\=86400 -Xcc -fmodules-prune-after\=345600 -emit-const-values -const-gather-protocols-list /Users/admin/builder/spi-builder-workspace/.derivedData/Build/Intermediates.noindex/WWKeychain.build/Debug/WWKeychain-t.build/Objects-normal/arm64/WWKeychain_const_extract_protocols.json -Xcc -I/Users/admin/builder/spi-builder-workspace/.derivedData/Build/Products/Debug/include -Xcc -I/Users/admin/builder/spi-builder-workspace/.derivedData/Build/Intermediates.noindex/WWKeychain.build/Debug/WWKeychain-t.build/DerivedSources-normal/arm64 -Xcc -I/Users/admin/builder/spi-builder-workspace/.derivedData/Build/Intermediates.noindex/WWKeychain.build/Debug/WWKeychain-t.build/DerivedSources/arm64 -Xcc -I/Users/admin/builder/spi-builder-workspace/.derivedData/Build/Intermediates.noindex/WWKeychain.build/Debug/WWKeychain-t.build/DerivedSources -Xcc -DSWIFT_PACKAGE -Xcc -DDEBUG\=1 -emit-objc-header -emit-objc-header-path /Users/admin/builder/spi-builder-workspace/.derivedData/Build/Intermediates.noindex/WWKeychain.build/Debug/WWKeychain-t.build/Objects-normal/arm64/WWKeychain-Swift.h -working-directory /Users/admin/builder/spi-builder-workspace/.swiftpm/xcode -experimental-emit-module-separately -disable-cmo
/Users/admin/builder/spi-builder-workspace/.dependencies/checkouts/WWKeychain/Sources/WWKeychain/Extension.swift:8:8: error: Unable to resolve module dependency: 'UIKit' (in target 'WWKeychain' from project 'WWKeychain')
note: A dependency of main module 'WWKeychain'
/Users/admin/builder/spi-builder-workspace/.dependencies/checkouts/WWKeychain/Sources/WWKeychain/Keychain.swift:9:8: note: Also imported here
/Users/admin/builder/spi-builder-workspace/.dependencies/checkouts/WWKeychain/Sources/WWKeychain/Extension.swift:8:8: note: A dependency of main module 'WWKeychain'
import UIKit
^ (in target 'WWKeychain' from project 'WWKeychain')
/Users/admin/builder/spi-builder-workspace/.dependencies/checkouts/WWKeychain/Sources/WWKeychain/Keychain.swift:9:8: note: Also imported here
import UIKit
^ (in target 'WWKeychain' from project 'WWKeychain')
SwiftDriver WWPrint normal arm64 com.apple.xcode.tools.swift.compiler (in target 'WWPrint' from project 'WWPrint')
cd /Users/admin/builder/spi-builder-workspace/.swiftpm/xcode
builtin-SwiftDriver -- /Applications/Xcode-27.0.0-Release.Candidate.app/Contents/Developer/Toolchains/XcodeDefault.xctoolchain/usr/bin/swiftc -parse-as-library -module-name WWPrint -Onone @/Users/admin/builder/spi-builder-workspace/.derivedData/Build/Intermediates.noindex/WWPrint.build/Debug/WWPrint-t.build/Objects-normal/arm64/WWPrint.SwiftFileList -DSWIFT_PACKAGE -DDEBUG -DSWIFT_MODULE_RESOURCE_BUNDLE_AVAILABLE -DXcode -plugin-path /Applications/Xcode-27.0.0-Release.Candidate.app/Contents/Developer/Toolchains/XcodeDefault.xctoolchain/usr/lib/swift/host/plugins/testing -enable-experimental-feature DebugDescriptionMacro -sdk /Applications/Xcode-27.0.0-Release.Candidate.app/Contents/Developer/Platforms/MacOSX.platform/Developer/SDKs/MacOSX27.0.sdk -target arm64-apple-macos12.0 -g -module-cache-path /Users/admin/builder/spi-builder-workspace/.derivedData/ModuleCache.noindex -Xfrontend -serialize-debugging-options -enable-testing -suppress-warnings -index-store-path /Users/admin/builder/spi-builder-workspace/.derivedData/Index.noindex/DataStore -Xcc -D_LIBCPP_HARDENING_MODE\=_LIBCPP_HARDENING_MODE_DEBUG -swift-version 5 -I /Users/admin/builder/spi-builder-workspace/.derivedData/Build/Products/Debug -Isystem /Applications/Xcode-27.0.0-Release.Candidate.app/Contents/Developer/Platforms/MacOSX.platform/Developer/usr/lib -F /Users/admin/builder/spi-builder-workspace/.derivedData/Build/Products/Debug -F /Applications/Xcode-27.0.0-Release.Candidate.app/Contents/Developer/Platforms/MacOSX.platform/Developer/Library/Frameworks -c -j10 -enable-batch-mode -incremental -Xcc -ivfsstatcache -Xcc /Users/admin/builder/spi-builder-workspace/.derivedData/SDKStatCaches.noindex/macosx27.0-26A425-e829b21a6f8c9b70876ba0858053c0446a22442a12e9d48fe1a705f55a1adfc4.sdkstatcache -output-file-map /Users/admin/builder/spi-builder-workspace/.derivedData/Build/Intermediates.noindex/WWPrint.build/Debug/WWPrint-t.build/Objects-normal/arm64/WWPrint-OutputFileMap.json -save-temps -no-color-diagnostics -explicit-module-build -module-cache-path /Users/admin/builder/spi-builder-workspace/.derivedData/Build/Intermediates.noindex/SwiftExplicitPrecompiledModules -clang-scanner-module-cache-path /Users/admin/builder/spi-builder-workspace/.derivedData/ModuleCache.noindex -sdk-module-cache-path /Users/admin/builder/spi-builder-workspace/.derivedData/SDKExplicitPrecompiledModules -emit-dependencies -emit-module -emit-module-path /Users/admin/builder/spi-builder-workspace/.derivedData/Build/Intermediates.noindex/WWPrint.build/Debug/WWPrint-t.build/Objects-normal/arm64/WWPrint.swiftmodule -serialize-diagnostics -dependency-scan-serialize-diagnostics-path /Users/admin/builder/spi-builder-workspace/.derivedData/Build/Intermediates.noindex/WWPrint.build/Debug/WWPrint-t.build/Objects-normal/arm64/WWPrint-dependency-scan.dia -validate-clang-modules-once -clang-build-session-file /Users/admin/builder/spi-builder-workspace/.derivedData/ModuleCache.noindex/Session.modulevalidation -Xcc -fmodules-prune-interval\=86400 -Xcc -fmodules-prune-after\=345600 -emit-const-values -const-gather-protocols-list /Users/admin/builder/spi-builder-workspace/.derivedData/Build/Intermediates.noindex/WWPrint.build/Debug/WWPrint-t.build/Objects-normal/arm64/WWPrint_const_extract_protocols.json -Xcc -I/Users/admin/builder/spi-builder-workspace/.derivedData/Build/Products/Debug/include -Xcc -I/Users/admin/builder/spi-builder-workspace/.derivedData/Build/Intermediates.noindex/WWPrint.build/Debug/WWPrint-t.build/DerivedSources-normal/arm64 -Xcc -I/Users/admin/builder/spi-builder-workspace/.derivedData/Build/Intermediates.noindex/WWPrint.build/Debug/WWPrint-t.build/DerivedSources/arm64 -Xcc -I/Users/admin/builder/spi-builder-workspace/.derivedData/Build/Intermediates.noindex/WWPrint.build/Debug/WWPrint-t.build/DerivedSources -Xcc -DSWIFT_PACKAGE -Xcc -DDEBUG\=1 -emit-objc-header -emit-objc-header-path /Users/admin/builder/spi-builder-workspace/.derivedData/Build/Intermediates.noindex/WWPrint.build/Debug/WWPrint-t.build/Objects-normal/arm64/WWPrint-Swift.h -working-directory /Users/admin/builder/spi-builder-workspace/.swiftpm/xcode -experimental-emit-module-separately -disable-cmo
PruneExplicitPrecompiledModules /Users/admin/builder/spi-builder-workspace/.derivedData/Build/Intermediates.noindex/ExplicitPrecompiledModules
PruneExplicitPrecompiledModules /Users/admin/builder/spi-builder-workspace/.derivedData/SDKExplicitPrecompiledModules
PruneExplicitPrecompiledModules /Users/admin/builder/spi-builder-workspace/.derivedData/Build/Intermediates.noindex/SwiftExplicitPrecompiledModules
2026-09-21 18:24:28.722 xcodebuild[808:5020] [MT] IDERunDestination: Supported platforms for the buildables in the current scheme is empty.
--- xcodebuild: WARNING: Using the first of multiple matching destinations:
{ platform:macOS, arch:arm64, id:5e46e080c331b1c1fcdd82df1465a9b7d6003d12, name:My Mac }
{ platform:macOS, arch:arm64, variant:Mac Catalyst, id:5e46e080c331b1c1fcdd82df1465a9b7d6003d12, name:My Mac }
{ platform:macOS, arch:arm64, variant:DriverKit, id:5e46e080c331b1c1fcdd82df1465a9b7d6003d12, name:My Mac }
{ platform:macOS, arch:arm64, variant:Designed for [iPad,iPhone], id:5e46e080c331b1c1fcdd82df1465a9b7d6003d12, name:My Mac }
** BUILD FAILED **
The following build commands failed:
SwiftDriver WWKeychain normal arm64 com.apple.xcode.tools.swift.compiler (in target 'WWKeychain' from project 'WWKeychain')
Building workspace WWAppFirstInstall with scheme WWAppFirstInstall
(2 failures)
BUILD FAILURE 6.4 macosXcodebuild