The Swift Package Index logo.Swift Package Index

Build Information

Failed to build Bodega, reference main (842164), with Swift 6.2 for Wasm on 12 Jul 2026 16:18:58 UTC.

Build Command

bash -c docker run --pull=always --rm -v "checkouts-53886770-0":/host -w "$PWD" -e JAVA_HOME="/root/.sdkman/candidates/java/current" -e SPI_BUILD="1" -e SPI_PROCESSING="1" registry.gitlab.com/saguaro1/spi-images:wasm-6.2-latest swift build --swift-sdk swift-6.2-RELEASE_wasm 2>&1

Build Log

========================================
RunAll
========================================
Builder version: 0e64495ecc1688c3b3e031a5ef1348b5c05091ae
Interrupt handler set up.
========================================
Checkout
========================================
Clone URL: https://github.com/mergesort/Bodega.git
Reference: main
Initialized empty Git repository in /host/spi-builder-workspace/.git/
hint: Using 'master' as the name for the initial branch. This default branch name
hint: is subject to change. To configure the initial branch name to use in all
hint: of your new repositories, which will suppress this warning, call:
hint:
hint: 	git config --global init.defaultBranch <name>
hint:
hint: Names commonly chosen instead of 'master' are 'main', 'trunk' and
hint: 'development'. The just-created branch can be renamed via this command:
hint:
hint: 	git branch -m <name>
From https://github.com/mergesort/Bodega
 * branch            main       -> FETCH_HEAD
 * [new branch]      main       -> origin/main
HEAD is now at 8421649 Merge pull request #35 from brightdigit/watchos-availability
Cloned https://github.com/mergesort/Bodega.git
Revision (git rev-parse @):
8421649c0177e0cd77d124316ef7d23ff539be6a
SUCCESS checkout https://github.com/mergesort/Bodega.git at main
========================================
Build
========================================
Selected platform:         wasm
Swift version:             6.2
Building package at path:  $PWD
https://github.com/mergesort/Bodega.git
Running build ...
bash -c docker run --pull=always --rm -v "checkouts-53886770-0":/host -w "$PWD" -e JAVA_HOME="/root/.sdkman/candidates/java/current" -e SPI_BUILD="1" -e SPI_PROCESSING="1" registry.gitlab.com/saguaro1/spi-images:wasm-6.2-latest swift build --swift-sdk swift-6.2-RELEASE_wasm 2>&1
wasm-6.2-latest: Pulling from saguaro1/spi-images
Digest: sha256:dc8dffc38f1d92eca7ee5312617822470123661393ed20672e77964f9dcaaffb
Status: Image is up to date for registry.gitlab.com/saguaro1/spi-images:wasm-6.2-latest
Fetching https://github.com/apple/swift-crypto
Fetching https://github.com/stephencelis/SQLite.swift.git
Fetching https://github.com/apple/swift-docc-plugin
[1/2325] Fetching swift-docc-plugin
[1280/13548] Fetching swift-docc-plugin, sqlite.swift
Fetched https://github.com/apple/swift-docc-plugin from cache (0.48s)
[2470/11223] Fetching sqlite.swift
[8868/29003] Fetching sqlite.swift, swift-crypto
Fetched https://github.com/stephencelis/SQLite.swift.git from cache (0.77s)
[1778/17780] Fetching swift-crypto
Fetched https://github.com/apple/swift-crypto from cache (1.28s)
Computing version for https://github.com/stephencelis/SQLite.swift.git
Computed https://github.com/stephencelis/SQLite.swift.git at 0.16.0 (1.44s)
Fetching https://github.com/stephencelis/CSQLite
[1/290] Fetching csqlite
Fetched https://github.com/stephencelis/CSQLite from cache (0.69s)
Computing version for https://github.com/stephencelis/CSQLite
Computed https://github.com/stephencelis/CSQLite at 3.53.3 (0.83s)
Computing version for https://github.com/apple/swift-docc-plugin
Computed https://github.com/apple/swift-docc-plugin at 1.5.0 (0.86s)
Fetching https://github.com/swiftlang/swift-docc-symbolkit
[1/3751] Fetching swift-docc-symbolkit
Fetched https://github.com/swiftlang/swift-docc-symbolkit from cache (0.45s)
Computing version for https://github.com/swiftlang/swift-docc-symbolkit
Computed https://github.com/swiftlang/swift-docc-symbolkit at 1.0.0 (0.64s)
Computing version for https://github.com/apple/swift-crypto
Computed https://github.com/apple/swift-crypto at 3.15.1 (0.41s)
Fetching https://github.com/apple/swift-asn1.git
[1/1914] Fetching swift-asn1
Fetched https://github.com/apple/swift-asn1.git from cache (0.72s)
Computing version for https://github.com/apple/swift-asn1.git
Computed https://github.com/apple/swift-asn1.git at 1.7.1 (1.59s)
Creating working copy for https://github.com/stephencelis/CSQLite
Working copy of https://github.com/stephencelis/CSQLite resolved at 3.53.3
Creating working copy for https://github.com/swiftlang/swift-docc-symbolkit
Working copy of https://github.com/swiftlang/swift-docc-symbolkit resolved at 1.0.0
Creating working copy for https://github.com/apple/swift-crypto
Working copy of https://github.com/apple/swift-crypto resolved at 3.15.1
Creating working copy for https://github.com/apple/swift-asn1.git
Working copy of https://github.com/apple/swift-asn1.git resolved at 1.7.1
Creating working copy for https://github.com/stephencelis/SQLite.swift.git
Working copy of https://github.com/stephencelis/SQLite.swift.git resolved at 0.16.0
Creating working copy for https://github.com/apple/swift-docc-plugin
Working copy of https://github.com/apple/swift-docc-plugin resolved at 1.5.0
[1/1] Compiling plugin Swift-DocC Preview
[2/2] Compiling plugin Swift-DocC
Building for debugging...
[2/376] Write sources
[5/376] Compiling aes.cc
[6/376] Compiling rand.cc
[7/376] Copying PrivacyInfo.xcprivacy
[7/376] Write sources
[9/376] Compiling cpu_aarch64_win.cc
[10/376] Compiling a_d2i_fp.cc
[11/376] Compiling fiat_p256_adx_sqr.S
[12/376] Compiling fiat_p256_adx_mul.S
[13/376] Compiling fiat_curve25519_adx_square.S
[14/376] Compiling fiat_curve25519_adx_mul.S
[15/376] Compiling md5-x86_64-linux.S
[16/376] Compiling md5-x86_64-apple.S
[17/376] Compiling md5-586-linux.S
[18/376] Compiling md5-586-apple.S
[19/376] Compiling a_bool.cc
[20/376] Compiling obj.cc
[21/376] Compiling chacha20_poly1305_x86_64-linux.S
[22/376] Compiling chacha20_poly1305_x86_64-apple.S
[23/376] Compiling chacha20_poly1305_armv8-win.S
[24/376] Write swift-version-24593BA9C3E375BF.txt
[25/376] Compiling a_bitstr.cc
[26/376] Compiling chacha20_poly1305_armv8-linux.S
[27/376] Compiling chacha20_poly1305_armv8-apple.S
[27/376] Compiling CCryptoBoringSSLShims shims.c
[29/376] Compiling chacha-x86_64-linux.S
[30/376] Compiling chacha-x86_64-apple.S
[31/376] Compiling chacha-x86-linux.S
[32/376] Compiling chacha-x86-apple.S
[33/376] Compiling chacha-armv8-win.S
[34/376] Compiling chacha-armv8-linux.S
[35/376] Compiling chacha-armv8-apple.S
[36/376] Compiling chacha-armv4-linux.S
[37/376] Compiling aes128gcmsiv-x86_64-linux.S
[38/376] Compiling aes128gcmsiv-x86_64-apple.S
[39/376] Compiling x86_64-mont-linux.S
[39/376] Compiling x86_64-mont5-apple.S
[40/376] Compiling x86_64-mont5-linux.S
[42/376] Compiling x86_64-mont-apple.S
[43/376] Compiling x86-mont-linux.S
[44/376] Compiling vpaes-x86_64-apple.S
[45/376] Compiling x86-mont-apple.S
[46/376] Compiling vpaes-x86-linux.S
[47/376] Compiling vpaes-x86_64-linux.S
[48/376] Compiling vpaes-x86-apple.S
[49/376] Compiling vpaes-armv8-win.S
[50/376] Compiling vpaes-armv8-apple.S
[51/376] Compiling vpaes-armv8-linux.S
[52/376] Compiling sha512-x86_64-linux.S
[53/376] Compiling vpaes-armv7-linux.S
[54/376] Compiling sha512-armv8-win.S
[55/376] Compiling sha512-x86_64-apple.S
[56/376] Compiling sha512-armv8-linux.S
[57/376] Compiling sha512-armv8-apple.S
[58/376] Compiling sha512-armv4-linux.S
[59/376] Compiling sha512-586-linux.S
[60/376] Compiling sha512-586-apple.S
[61/376] Compiling sha256-x86_64-linux.S
[62/376] Compiling sha256-x86_64-apple.S
[63/376] Compiling sha256-armv8-win.S
[64/376] Compiling sha256-armv8-linux.S
[65/376] Compiling sha256-armv8-apple.S
[66/376] Compiling sha256-586-linux.S
[67/376] Compiling sha256-armv4-linux.S
[68/376] Compiling sha1-x86_64-apple.S
[69/376] Compiling sha256-586-apple.S
[70/376] Compiling sha1-armv8-win.S
[71/376] Compiling sha1-x86_64-linux.S
[72/376] Compiling err_data.cc
[73/376] Compiling sha1-armv8-apple.S
[74/376] Compiling sha1-armv4-large-linux.S
[75/376] Compiling sha1-586-apple.S
[76/376] Compiling sha1-armv8-linux.S
[77/376] Compiling sha1-586-linux.S
[78/376] Compiling rsaz-avx2-linux.S
[79/376] Compiling rdrand-x86_64-apple.S
[80/376] Compiling rdrand-x86_64-linux.S
[81/376] Compiling rsaz-avx2-apple.S
[82/376] Compiling p256_beeu-x86_64-asm-linux.S
[83/376] Compiling p256_beeu-armv8-asm-linux.S
[84/376] Compiling p256_beeu-x86_64-asm-apple.S
[85/376] Compiling p256_beeu-armv8-asm-win.S
[86/376] Compiling p256-x86_64-asm-linux.S
[87/376] Compiling p256_beeu-armv8-asm-apple.S
[88/376] Compiling p256-x86_64-asm-apple.S
[89/376] Compiling p256-armv8-asm-win.S
[90/376] Compiling p256-armv8-asm-linux.S
[91/376] Compiling ghashv8-armv8-win.S
[92/376] Compiling p256-armv8-asm-apple.S
[93/376] Compiling ghashv8-armv8-linux.S
[94/376] Compiling ghashv8-armv8-apple.S
[95/376] Compiling ghashv8-armv7-linux.S
[96/376] Compiling ghash-x86_64-linux.S
[97/376] Compiling ghash-x86_64-apple.S
[98/376] Compiling ghash-x86-linux.S
[99/376] Compiling ghash-x86-apple.S
[100/376] Compiling ghash-ssse3-x86_64-linux.S
[101/376] Compiling ghash-ssse3-x86-linux.S
[102/376] Compiling ghash-ssse3-x86_64-apple.S
[102/376] Compiling ghash-ssse3-x86-apple.S
[104/376] Compiling ghash-neon-armv8-linux.S
[105/376] Compiling ghash-neon-armv8-win.S
[106/376] Compiling ghash-armv4-linux.S
[107/376] Compiling ghash-neon-armv8-apple.S
[108/376] Compiling co-586-apple.S
[109/376] Compiling co-586-linux.S
[109/376] Compiling bsaes-armv7-linux.S
[111/376] Compiling bn-armv8-win.S
[112/376] Compiling bn-armv8-linux.S
[113/376] Compiling bn-586-linux.S
[114/376] Compiling bn-armv8-apple.S
[115/376] Compiling armv8-mont-win.S
[116/376] Compiling bn-586-apple.S
[117/376] Compiling armv8-mont-linux.S
[118/376] Compiling armv8-mont-apple.S
[119/376] Compiling armv4-mont-linux.S
[120/376] Compiling aesv8-gcm-armv8-linux.S
[121/376] Compiling aesv8-gcm-armv8-win.S
[122/376] Compiling aesv8-armv8-win.S
[123/376] Compiling aesv8-gcm-armv8-apple.S
[124/376] Compiling aesv8-armv8-linux.S
[125/376] Compiling aesv8-armv7-linux.S
[126/376] Compiling aesv8-armv8-apple.S
[127/376] Compiling aesni-x86_64-linux.S
[128/376] Compiling aesni-x86_64-apple.S
[129/376] Compiling aesni-x86-apple.S
[130/376] Compiling aesni-x86-linux.S
[131/376] Compiling aesni-gcm-x86_64-linux.S
[132/376] Compiling aesni-gcm-x86_64-apple.S
[133/376] Compiling aes-gcm-avx512-x86_64-linux.S
[134/376] Compiling aes-gcm-avx512-x86_64-apple.S
[135/376] Compiling aes-gcm-avx2-x86_64-linux.S
[135/376] Compiling aes-gcm-avx2-x86_64-apple.S
[137/376] Compiling xwing.cc
[138/376] Compiling x_sig.cc
[138/376] Compiling x_spki.cc
[140/376] Compiling x_x509a.cc
[141/376] Compiling x_req.cc
[142/376] Compiling x_x509.cc
[143/376] Compiling x_pubkey.cc
[144/376] Compiling x_name.cc
[145/376] Compiling x_attrib.cc
[146/376] Compiling x_exten.cc
[147/376] Compiling x_crl.cc
[148/376] Compiling x_all.cc
[149/376] Compiling x509spki.cc
[150/376] Compiling x_algor.cc
[151/376] Compiling x509rset.cc
[152/376] Compiling x509name.cc
[153/376] Compiling x509cset.cc
[154/376] Compiling x509_vpm.cc
[155/376] Compiling x509_v3.cc
[156/376] Compiling x509_txt.cc
[157/376] Compiling x509_vfy.cc
[158/376] Compiling x509_trs.cc
[159/376] Compiling x509_set.cc
[160/376] Compiling x509_req.cc
[160/376] Compiling x509_obj.cc
[162/376] Compiling x509_def.cc
[163/376] Compiling x509_ext.cc
[164/376] Compiling x509_lu.cc
[165/376] Compiling SQLiteSwiftCSQLite sqlite3.c
[166/410] Compiling x509_d2.cc
[167/410] Compiling x509_cmp.cc
[168/410] Compiling x509.cc
[169/410] Compiling x509_att.cc
[170/410] Compiling v3_skey.cc
[171/410] Compiling v3_purp.cc
[172/410] Compiling v3_utl.cc
[173/410] Compiling v3_pmaps.cc
[174/410] Compiling v3_prn.cc
[175/410] Compiling v3_pcons.cc
[176/410] Compiling v3_ocsp.cc
[177/410] Compiling v3_ncons.cc
[178/410] Compiling v3_int.cc
[179/410] Compiling v3_lib.cc
[180/410] Compiling v3_ia5.cc
[181/410] Compiling v3_info.cc
[182/410] Compiling v3_extku.cc
[183/410] Compiling v3_genn.cc
[184/410] Compiling v3_crld.cc
[185/410] Compiling v3_cpols.cc
[186/410] Compiling v3_enum.cc
[187/410] Compiling v3_conf.cc
[188/410] Compiling v3_bitst.cc
[189/410] Compiling v3_akeya.cc
[190/410] Compiling v3_bcons.cc
[191/410] Compiling v3_alt.cc
[192/410] Compiling t_x509a.cc
[193/410] Compiling v3_akey.cc
[194/410] Compiling t_req.cc
[195/410] Compiling t_x509.cc
[196/410] Compiling i2d_pr.cc
[197/410] Compiling t_crl.cc
[198/410] Compiling rsa_pss.cc
[199/410] Compiling policy.cc
[200/410] Compiling name_print.cc
[201/410] Compiling by_file.cc
[202/410] Compiling by_dir.cc
[203/410] Compiling asn1_gen.cc
[204/410] Compiling algorithm.cc
[205/410] Compiling a_verify.cc
[206/410] Compiling a_sign.cc
[207/410] Compiling a_digest.cc
[208/410] Compiling trust_token.cc
[209/410] Compiling voprf.cc
[210/410] Compiling thread_pthread.cc
[211/410] Compiling thread.cc
[212/410] Compiling thread_win.cc
[213/410] Compiling thread_none.cc
[215/410] Compiling SQLite Expression.swift
/host/spi-builder-workspace/.build/checkouts/SQLite.swift/Sources/SQLite/Core/Backup.swift:26:8: error: no such module 'Dispatch'
 24 |
 25 | import Foundation
 26 | import Dispatch
    |        `- error: no such module 'Dispatch'
 27 | #if StandaloneSQLite
 28 | import sqlite3
[216/410] Compiling SQLite Operators.swift
/host/spi-builder-workspace/.build/checkouts/SQLite.swift/Sources/SQLite/Core/Backup.swift:26:8: error: no such module 'Dispatch'
 24 |
 25 | import Foundation
 26 | import Dispatch
    |        `- error: no such module 'Dispatch'
 27 | #if StandaloneSQLite
 28 | import sqlite3
[217/410] Compiling SQLite Query+with.swift
/host/spi-builder-workspace/.build/checkouts/SQLite.swift/Sources/SQLite/Core/Backup.swift:26:8: error: no such module 'Dispatch'
 24 |
 25 | import Foundation
 26 | import Dispatch
    |        `- error: no such module 'Dispatch'
 27 | #if StandaloneSQLite
 28 | import sqlite3
[218/410] Compiling SQLite Query.swift
/host/spi-builder-workspace/.build/checkouts/SQLite.swift/Sources/SQLite/Core/Backup.swift:26:8: error: no such module 'Dispatch'
 24 |
 25 | import Foundation
 26 | import Dispatch
    |        `- error: no such module 'Dispatch'
 27 | #if StandaloneSQLite
 28 | import sqlite3
[218/410] Compiling pmbtoken.cc
[219/414] Compiling stack.cc
error: emit-module command failed with exit code 1 (use -v to see invocation)
[221/414] Emitting module SQLite
/host/spi-builder-workspace/.build/checkouts/SQLite.swift/Sources/SQLite/Core/Backup.swift:26:8: error: no such module 'Dispatch'
 24 |
 25 | import Foundation
 26 | import Dispatch
    |        `- error: no such module 'Dispatch'
 27 | #if StandaloneSQLite
 28 | import sqlite3
[222/414] Compiling SQLite Backup.swift
/host/spi-builder-workspace/.build/checkouts/SQLite.swift/Sources/SQLite/Core/Backup.swift:26:8: error: no such module 'Dispatch'
 24 |
 25 | import Foundation
 26 | import Dispatch
    |        `- error: no such module 'Dispatch'
 27 | #if StandaloneSQLite
 28 | import sqlite3
[223/414] Compiling SQLite Blob.swift
/host/spi-builder-workspace/.build/checkouts/SQLite.swift/Sources/SQLite/Core/Backup.swift:26:8: error: no such module 'Dispatch'
 24 |
 25 | import Foundation
 26 | import Dispatch
    |        `- error: no such module 'Dispatch'
 27 | #if StandaloneSQLite
 28 | import sqlite3
[224/414] Compiling SQLite Connection+Aggregation.swift
/host/spi-builder-workspace/.build/checkouts/SQLite.swift/Sources/SQLite/Core/Backup.swift:26:8: error: no such module 'Dispatch'
 24 |
 25 | import Foundation
 26 | import Dispatch
    |        `- error: no such module 'Dispatch'
 27 | #if StandaloneSQLite
 28 | import sqlite3
[225/414] Compiling SQLite Connection+Attach.swift
/host/spi-builder-workspace/.build/checkouts/SQLite.swift/Sources/SQLite/Core/Backup.swift:26:8: error: no such module 'Dispatch'
 24 |
 25 | import Foundation
 26 | import Dispatch
    |        `- error: no such module 'Dispatch'
 27 | #if StandaloneSQLite
 28 | import sqlite3
[226/414] Compiling SQLite Connection+Pragmas.swift
/host/spi-builder-workspace/.build/checkouts/SQLite.swift/Sources/SQLite/Core/Backup.swift:26:8: error: no such module 'Dispatch'
 24 |
 25 | import Foundation
 26 | import Dispatch
    |        `- error: no such module 'Dispatch'
 27 | #if StandaloneSQLite
 28 | import sqlite3
[227/414] Compiling SQLite Connection.swift
/host/spi-builder-workspace/.build/checkouts/SQLite.swift/Sources/SQLite/Core/Backup.swift:26:8: error: no such module 'Dispatch'
 24 |
 25 | import Foundation
 26 | import Dispatch
    |        `- error: no such module 'Dispatch'
 27 | #if StandaloneSQLite
 28 | import sqlite3
[228/414] Compiling SQLite Errors.swift
/host/spi-builder-workspace/.build/checkouts/SQLite.swift/Sources/SQLite/Core/Backup.swift:26:8: error: no such module 'Dispatch'
 24 |
 25 | import Foundation
 26 | import Dispatch
    |        `- error: no such module 'Dispatch'
 27 | #if StandaloneSQLite
 28 | import sqlite3
[229/414] Compiling SQLite Result.swift
/host/spi-builder-workspace/.build/checkouts/SQLite.swift/Sources/SQLite/Core/Backup.swift:26:8: error: no such module 'Dispatch'
 24 |
 25 | import Foundation
 26 | import Dispatch
    |        `- error: no such module 'Dispatch'
 27 | #if StandaloneSQLite
 28 | import sqlite3
[230/414] Compiling SQLite SQLiteFeature.swift
/host/spi-builder-workspace/.build/checkouts/SQLite.swift/Sources/SQLite/Core/Backup.swift:26:8: error: no such module 'Dispatch'
 24 |
 25 | import Foundation
 26 | import Dispatch
    |        `- error: no such module 'Dispatch'
 27 | #if StandaloneSQLite
 28 | import sqlite3
[231/414] Compiling SQLite SQLiteVersion.swift
/host/spi-builder-workspace/.build/checkouts/SQLite.swift/Sources/SQLite/Core/Backup.swift:26:8: error: no such module 'Dispatch'
 24 |
 25 | import Foundation
 26 | import Dispatch
    |        `- error: no such module 'Dispatch'
 27 | #if StandaloneSQLite
 28 | import sqlite3
[231/414] Compiling sha256.cc
[232/414] Compiling siphash.cc
[234/414] Compiling SQLite Statement.swift
/host/spi-builder-workspace/.build/checkouts/SQLite.swift/Sources/SQLite/Core/Backup.swift:26:8: error: no such module 'Dispatch'
 24 |
 25 | import Foundation
 26 | import Dispatch
    |        `- error: no such module 'Dispatch'
 27 | #if StandaloneSQLite
 28 | import sqlite3
[235/414] Compiling SQLite URIQueryParameter.swift
/host/spi-builder-workspace/.build/checkouts/SQLite.swift/Sources/SQLite/Core/Backup.swift:26:8: error: no such module 'Dispatch'
 24 |
 25 | import Foundation
 26 | import Dispatch
    |        `- error: no such module 'Dispatch'
 27 | #if StandaloneSQLite
 28 | import sqlite3
[236/414] Compiling SQLite Value.swift
/host/spi-builder-workspace/.build/checkouts/SQLite.swift/Sources/SQLite/Core/Backup.swift:26:8: error: no such module 'Dispatch'
 24 |
 25 | import Foundation
 26 | import Dispatch
    |        `- error: no such module 'Dispatch'
 27 | #if StandaloneSQLite
 28 | import sqlite3
[237/414] Compiling SQLite Cipher.swift
/host/spi-builder-workspace/.build/checkouts/SQLite.swift/Sources/SQLite/Core/Backup.swift:26:8: error: no such module 'Dispatch'
 24 |
 25 | import Foundation
 26 | import Dispatch
    |        `- error: no such module 'Dispatch'
 27 | #if StandaloneSQLite
 28 | import sqlite3
[238/414] Compiling SQLite FTS4.swift
/host/spi-builder-workspace/.build/checkouts/SQLite.swift/Sources/SQLite/Core/Backup.swift:26:8: error: no such module 'Dispatch'
 24 |
 25 | import Foundation
 26 | import Dispatch
    |        `- error: no such module 'Dispatch'
 27 | #if StandaloneSQLite
 28 | import sqlite3
[239/414] Compiling SQLite FTS5.swift
/host/spi-builder-workspace/.build/checkouts/SQLite.swift/Sources/SQLite/Core/Backup.swift:26:8: error: no such module 'Dispatch'
 24 |
 25 | import Foundation
 26 | import Dispatch
    |        `- error: no such module 'Dispatch'
 27 | #if StandaloneSQLite
 28 | import sqlite3
[240/414] Compiling SQLite RTree.swift
/host/spi-builder-workspace/.build/checkouts/SQLite.swift/Sources/SQLite/Core/Backup.swift:26:8: error: no such module 'Dispatch'
 24 |
 25 | import Foundation
 26 | import Dispatch
    |        `- error: no such module 'Dispatch'
 27 | #if StandaloneSQLite
 28 | import sqlite3
[241/414] Compiling SQLite Foundation.swift
/host/spi-builder-workspace/.build/checkouts/SQLite.swift/Sources/SQLite/Core/Backup.swift:26:8: error: no such module 'Dispatch'
 24 |
 25 | import Foundation
 26 | import Dispatch
    |        `- error: no such module 'Dispatch'
 27 | #if StandaloneSQLite
 28 | import sqlite3
[242/414] Compiling SQLite Helpers.swift
/host/spi-builder-workspace/.build/checkouts/SQLite.swift/Sources/SQLite/Core/Backup.swift:26:8: error: no such module 'Dispatch'
 24 |
 25 | import Foundation
 26 | import Dispatch
    |        `- error: no such module 'Dispatch'
 27 | #if StandaloneSQLite
 28 | import sqlite3
[243/414] Compiling SQLite Connection+Schema.swift
/host/spi-builder-workspace/.build/checkouts/SQLite.swift/Sources/SQLite/Core/Backup.swift:26:8: error: no such module 'Dispatch'
 24 |
 25 | import Foundation
 26 | import Dispatch
    |        `- error: no such module 'Dispatch'
 27 | #if StandaloneSQLite
 28 | import sqlite3
[244/414] Compiling SQLite SchemaChanger.swift
/host/spi-builder-workspace/.build/checkouts/SQLite.swift/Sources/SQLite/Core/Backup.swift:26:8: error: no such module 'Dispatch'
 24 |
 25 | import Foundation
 26 | import Dispatch
    |        `- error: no such module 'Dispatch'
 27 | #if StandaloneSQLite
 28 | import sqlite3
[245/414] Compiling SQLite SchemaDefinitions.swift
/host/spi-builder-workspace/.build/checkouts/SQLite.swift/Sources/SQLite/Core/Backup.swift:26:8: error: no such module 'Dispatch'
 24 |
 25 | import Foundation
 26 | import Dispatch
    |        `- error: no such module 'Dispatch'
 27 | #if StandaloneSQLite
 28 | import sqlite3
[246/414] Compiling SQLite SchemaReader.swift
/host/spi-builder-workspace/.build/checkouts/SQLite.swift/Sources/SQLite/Core/Backup.swift:26:8: error: no such module 'Dispatch'
 24 |
 25 | import Foundation
 26 | import Dispatch
    |        `- error: no such module 'Dispatch'
 27 | #if StandaloneSQLite
 28 | import sqlite3
[247/414] Compiling SQLite AggregateFunctions.swift
/host/spi-builder-workspace/.build/checkouts/SQLite.swift/Sources/SQLite/Core/Backup.swift:26:8: error: no such module 'Dispatch'
 24 |
 25 | import Foundation
 26 | import Dispatch
    |        `- error: no such module 'Dispatch'
 27 | #if StandaloneSQLite
 28 | import sqlite3
[248/414] Compiling SQLite Coding.swift
/host/spi-builder-workspace/.build/checkouts/SQLite.swift/Sources/SQLite/Core/Backup.swift:26:8: error: no such module 'Dispatch'
 24 |
 25 | import Foundation
 26 | import Dispatch
    |        `- error: no such module 'Dispatch'
 27 | #if StandaloneSQLite
 28 | import sqlite3
[249/414] Compiling SQLite Collation.swift
/host/spi-builder-workspace/.build/checkouts/SQLite.swift/Sources/SQLite/Core/Backup.swift:26:8: error: no such module 'Dispatch'
 24 |
 25 | import Foundation
 26 | import Dispatch
    |        `- error: no such module 'Dispatch'
 27 | #if StandaloneSQLite
 28 | import sqlite3
[250/414] Compiling SQLite CoreFunctions.swift
/host/spi-builder-workspace/.build/checkouts/SQLite.swift/Sources/SQLite/Core/Backup.swift:26:8: error: no such module 'Dispatch'
 24 |
 25 | import Foundation
 26 | import Dispatch
    |        `- error: no such module 'Dispatch'
 27 | #if StandaloneSQLite
 28 | import sqlite3
[251/414] Compiling SQLite CustomFunctions.swift
/host/spi-builder-workspace/.build/checkouts/SQLite.swift/Sources/SQLite/Core/Backup.swift:26:8: error: no such module 'Dispatch'
 24 |
 25 | import Foundation
 26 | import Dispatch
    |        `- error: no such module 'Dispatch'
 27 | #if StandaloneSQLite
 28 | import sqlite3
[252/414] Compiling SQLite DateAndTimeFunctions.swift
/host/spi-builder-workspace/.build/checkouts/SQLite.swift/Sources/SQLite/Core/Backup.swift:26:8: error: no such module 'Dispatch'
 24 |
 25 | import Foundation
 26 | import Dispatch
    |        `- error: no such module 'Dispatch'
 27 | #if StandaloneSQLite
 28 | import sqlite3
[252/414] Compiling spake2plus.cc
[253/414] Compiling slhdsa.cc
[254/414] Compiling sha512.cc
[255/414] Compiling rsa_print.cc
[256/414] Compiling sha1.cc
[257/414] Compiling rsa_extra.cc
[258/414] Compiling rsa_crypt.cc
[260/414] Compiling SQLite Schema.swift
/host/spi-builder-workspace/.build/checkouts/SQLite.swift/Sources/SQLite/Core/Backup.swift:26:8: error: no such module 'Dispatch'
 24 |
 25 | import Foundation
 26 | import Dispatch
    |        `- error: no such module 'Dispatch'
 27 | #if StandaloneSQLite
 28 | import sqlite3
[261/414] Compiling SQLite Setter.swift
/host/spi-builder-workspace/.build/checkouts/SQLite.swift/Sources/SQLite/Core/Backup.swift:26:8: error: no such module 'Dispatch'
 24 |
 25 | import Foundation
 26 | import Dispatch
    |        `- error: no such module 'Dispatch'
 27 | #if StandaloneSQLite
 28 | import sqlite3
[262/414] Compiling SQLite WindowFunctions.swift
/host/spi-builder-workspace/.build/checkouts/SQLite.swift/Sources/SQLite/Core/Backup.swift:26:8: error: no such module 'Dispatch'
 24 |
 25 | import Foundation
 26 | import Dispatch
    |        `- error: no such module 'Dispatch'
 27 | #if StandaloneSQLite
 28 | import sqlite3
[263/414] Compiling SQLite resource_bundle_accessor.swift
/host/spi-builder-workspace/.build/checkouts/SQLite.swift/Sources/SQLite/Core/Backup.swift:26:8: error: no such module 'Dispatch'
 24 |
 25 | import Foundation
 26 | import Dispatch
    |        `- error: no such module 'Dispatch'
 27 | #if StandaloneSQLite
 28 | import sqlite3
[263/414] Compiling refcount.cc
[264/414] Compiling rsa_asn1.cc
[264/414] Compiling urandom.cc
[264/414] Compiling passive.cc
[264/414] Compiling ios.cc
[264/414] Compiling windows.cc
[264/414] Compiling trusty.cc
[264/414] Compiling rc4.cc
BUILD FAILURE 6.2 wasm