Build Information
Failed to build CodeEditTextView, reference 0.13.0 (db8939), with Swift 6.2 for visionOS using Xcode 26.3 on 28 Jun 2026 15:48:47 UTC.
Build Command
env DEVELOPER_DIR=/Applications/Xcode-26.3.0.app xcrun xcodebuild -IDEClonedSourcePackagesDirPathOverride=$PWD/.dependencies -skipMacroValidation -skipPackagePluginValidation -derivedDataPath $PWD/.derivedData build -scheme CodeEditTextView -destination generic/platform=xrOSBuild Log
========================================
RunAll
========================================
Builder version: undefined version: run 'make version' to update
Interrupt handler set up.
========================================
Checkout
========================================
Clone URL: https://github.com/1amageek/CodeEditTextView.git
Reference: 0.13.0
Initialized empty Git repository in /Users/admin/builder/spi-builder-workspace/.git/
From https://github.com/1amageek/CodeEditTextView
* tag 0.13.0 -> FETCH_HEAD
HEAD is now at db8939f Add line block layout support
Cloned https://github.com/1amageek/CodeEditTextView.git
Revision (git rev-parse @):
db8939f3156d7f129423b0c34599540098c01773
SPI manifest file found: $PWD/.spi.yml
SUCCESS checkout https://github.com/1amageek/CodeEditTextView.git at 0.13.0
========================================
Build
========================================
Selected platform: visionOS
Swift version: 6.2
Building package at path: $PWD
https://github.com/1amageek/CodeEditTextView.git
Command line invocation:
/Applications/Xcode-26.3.0.app/Contents/Developer/usr/bin/xcodebuild -IDEClonedSourcePackagesDirPathOverride=/Users/admin/builder/spi-builder-workspace/.dependencies -resolvePackageDependencies
Resolve Package Graph
Fetching from https://github.com/ChimeHQ/TextStory
Fetching from https://github.com/lukepistrol/SwiftLintPlugin
Fetching from https://github.com/apple/swift-collections.git
Fetching from https://github.com/ChimeHQ/Rearrange
Creating working copy of package ‘Rearrange’
Checking out 2.1.1 of package ‘Rearrange’
Creating working copy of package ‘TextStory’
Checking out 0.9.2 of package ‘TextStory’
Creating working copy of package ‘SwiftLintPlugin’
Checking out 0.63.1 of package ‘SwiftLintPlugin’
Creating working copy of package ‘swift-collections’
Checking out 1.6.0 of package ‘swift-collections’
Resolve Package Graph
Resolved source packages:
CodeEditTextView: /Users/admin/builder/spi-builder-workspace
swift-collections: https://github.com/apple/swift-collections.git @ 1.6.0
SwiftLintPlugin: https://github.com/lukepistrol/SwiftLintPlugin @ 0.63.1
Rearrange: https://github.com/ChimeHQ/Rearrange @ 2.1.1
TextStory: https://github.com/ChimeHQ/TextStory @ 0.9.2
resolved source packages: CodeEditTextView, swift-collections, SwiftLintPlugin, Rearrange, TextStory
2026-06-28 11:48:06.190 xcodebuild[532:3052] [MT] IDERunDestination: Supported platforms for the buildables in the current scheme is empty.
{
"dependencies" : [
{
"identity" : "textstory",
"requirement" : {
"range" : [
{
"lower_bound" : "0.9.0",
"upper_bound" : "1.0.0"
}
]
},
"type" : "sourceControl",
"url" : "https://github.com/ChimeHQ/TextStory"
},
{
"identity" : "swift-collections",
"requirement" : {
"range" : [
{
"lower_bound" : "1.0.0",
"upper_bound" : "2.0.0"
}
]
},
"type" : "sourceControl",
"url" : "https://github.com/apple/swift-collections.git"
},
{
"identity" : "swiftlintplugin",
"requirement" : {
"range" : [
{
"lower_bound" : "0.52.2",
"upper_bound" : "1.0.0"
}
]
},
"type" : "sourceControl",
"url" : "https://github.com/lukepistrol/SwiftLintPlugin"
}
],
"manifest_display_name" : "CodeEditTextView",
"name" : "CodeEditTextView",
"path" : "/Users/admin/builder/spi-builder-workspace",
"platforms" : [
{
"name" : "macos",
"version" : "13.0"
}
],
"products" : [
{
"name" : "CodeEditTextView",
"targets" : [
"CodeEditTextView"
],
"type" : {
"library" : [
"automatic"
]
}
}
],
"targets" : [
{
"c99name" : "CodeEditTextViewTests",
"module_type" : "SwiftTarget",
"name" : "CodeEditTextViewTests",
"path" : "Tests/CodeEditTextViewTests",
"product_dependencies" : [
"SwiftLint"
],
"sources" : [
"AccessibilityTests.swift",
"EmphasisManagerTests.swift",
"KillRingTests.swift",
"LayoutManager/OverridingLayoutManagerRenderingTests.swift",
"LayoutManager/TextLayoutManagerAttachmentsTests.swift",
"LayoutManager/TextLayoutManagerTests.swift",
"LayoutManager/TextLineBlockTests.swift",
"LineEndingTests.swift",
"MarkedTextTests.swift",
"TextLayoutLineStorageTests.swift",
"TextSelectionManagerTests.swift",
"TextViewTests.swift",
"TypesetterTests.swift"
],
"target_dependencies" : [
"CodeEditTextView"
],
"type" : "test"
},
{
"c99name" : "CodeEditTextViewObjC",
"module_type" : "ClangTarget",
"name" : "CodeEditTextViewObjC",
"path" : "Sources/CodeEditTextViewObjC",
"product_memberships" : [
"CodeEditTextView"
],
"sources" : [
"CGContextHidden.m"
],
"type" : "library"
},
{
"c99name" : "CodeEditTextView",
"module_type" : "SwiftTarget",
"name" : "CodeEditTextView",
"path" : "Sources/CodeEditTextView",
"product_dependencies" : [
"TextStory",
"Collections",
"SwiftLint"
],
"product_memberships" : [
"CodeEditTextView"
],
"sources" : [
"CodeEditTextView.swift",
"Cursors/CursorSelectionMode.swift",
"Cursors/CursorTimer.swift",
"Cursors/CursorView.swift",
"EmphasisManager/Emphasis.swift",
"EmphasisManager/EmphasisManager.swift",
"EmphasisManager/EmphasisStyle.swift",
"Extensions/CGRectArray+BoundingRect.swift",
"Extensions/CTTypesetter+SuggestLineBreak.swift",
"Extensions/CharacterSet.swift",
"Extensions/GC+ApproximateEqual.swift",
"Extensions/NSBezierPath+CGPathFallback.swift",
"Extensions/NSBezierPath+SmoothPath.swift",
"Extensions/NSColor+Greyscale.swift",
"Extensions/NSColor+Hex.swift",
"Extensions/NSRange+/NSRange+init.swift",
"Extensions/NSRange+/NSRange+isEmpty.swift",
"Extensions/NSRange+/NSRange+translate.swift",
"Extensions/NSTextStorage+getLine.swift",
"Extensions/PixelAligned.swift",
"InvisibleCharacters/InvisibleCharactersDelegate.swift",
"MarkedTextManager/MarkedRanges.swift",
"MarkedTextManager/MarkedTextManager.swift",
"TextLayoutManager/TextAttachments/TextAttachment.swift",
"TextLayoutManager/TextAttachments/TextAttachmentManager.swift",
"TextLayoutManager/TextAttachments/TextAttachmentManagerDelegate.swift",
"TextLayoutManager/TextLayoutManager+Edits.swift",
"TextLayoutManager/TextLayoutManager+Invalidation.swift",
"TextLayoutManager/TextLayoutManager+Iterator.swift",
"TextLayoutManager/TextLayoutManager+Layout.swift",
"TextLayoutManager/TextLayoutManager+Public.swift",
"TextLayoutManager/TextLayoutManager.swift",
"TextLayoutManager/TextLayoutManagerDelegate.swift",
"TextLayoutManager/TextLayoutManagerRenderDelegate.swift",
"TextLayoutManager/TextLineBlocks/TextLineBlock.swift",
"TextLayoutManager/TextLineBlocks/TextLineBlockManager.swift",
"TextLine/LineBreakStrategy.swift",
"TextLine/LineFragment.swift",
"TextLine/LineFragmentRenderer.swift",
"TextLine/LineFragmentView.swift",
"TextLine/TextLine.swift",
"TextLine/Typesetter/CTLineTypesetData.swift",
"TextLine/Typesetter/LineFragmentTypesetContext.swift",
"TextLine/Typesetter/TypesetContext.swift",
"TextLine/Typesetter/Typesetter.swift",
"TextLineStorage/TextLineStorage+Iterator.swift",
"TextLineStorage/TextLineStorage+NSTextStorage.swift",
"TextLineStorage/TextLineStorage+Node.swift",
"TextLineStorage/TextLineStorage+Structs.swift",
"TextLineStorage/TextLineStorage.swift",
"TextSelectionManager/Destination.swift",
"TextSelectionManager/Direction.swift",
"TextSelectionManager/SelectionManipulation/SelectionManipulation+Horizontal.swift",
"TextSelectionManager/SelectionManipulation/SelectionManipulation+Vertical.swift",
"TextSelectionManager/SelectionManipulation/TextSelectionManager+SelectionManipulation.swift",
"TextSelectionManager/TextSelection.swift",
"TextSelectionManager/TextSelectionManager+Draw.swift",
"TextSelectionManager/TextSelectionManager+FillRects.swift",
"TextSelectionManager/TextSelectionManager+Move.swift",
"TextSelectionManager/TextSelectionManager+Update.swift",
"TextSelectionManager/TextSelectionManager.swift",
"TextView/DraggingTextRenderer.swift",
"TextView/TextView+Accessibility.swift",
"TextView/TextView+ColumnSelection.swift",
"TextView/TextView+CopyPaste.swift",
"TextView/TextView+Delete.swift",
"TextView/TextView+Drag.swift",
"TextView/TextView+FirstResponder.swift",
"TextView/TextView+Insert.swift",
"TextView/TextView+KeyDown.swift",
"TextView/TextView+Layout.swift",
"TextView/TextView+Lifecycle.swift",
"TextView/TextView+Menu.swift",
"TextView/TextView+Mouse.swift",
"TextView/TextView+Move.swift",
"TextView/TextView+NSTextInput.swift",
"TextView/TextView+ReplaceCharacters.swift",
"TextView/TextView+ScrollToVisible.swift",
"TextView/TextView+Select.swift",
"TextView/TextView+SetText.swift",
"TextView/TextView+Setup.swift",
"TextView/TextView+StorageDelegate.swift",
"TextView/TextView+TextLayoutManagerDelegate.swift",
"TextView/TextView+TextSelectionManagerDelegate.swift",
"TextView/TextView+UndoRedo.swift",
"TextView/TextView.swift",
"TextView/TextViewDelegate.swift",
"Utils/CEUndoManager.swift",
"Utils/HorizontalEdgeInsets.swift",
"Utils/KillRing.swift",
"Utils/LineEnding.swift",
"Utils/Logger.swift",
"Utils/MultiStorageDelegate.swift",
"Utils/ViewReuseQueue.swift"
],
"target_dependencies" : [
"CodeEditTextViewObjC"
],
"type" : "library"
}
],
"tools_version" : "5.9"
}
{
"workspace" : {
"name" : "spi-builder-workspace",
"schemes" : [
"CodeEditTextView",
"TextStory",
"TextStory-Package",
"TextStoryTesting"
]
}
}
2026-06-28 11:48:24.562 xcodebuild[862:4929] [MT] IDERunDestination: Supported platforms for the buildables in the current scheme is empty.
{
"workspace" : {
"name" : "spi-builder-workspace",
"schemes" : [
"CodeEditTextView",
"TextStory",
"TextStory-Package",
"TextStoryTesting"
]
}
}
2026-06-28 11:48:25.798 xcodebuild[867:4998] [MT] IDERunDestination: Supported platforms for the buildables in the current scheme is empty.
Running build ...
env DEVELOPER_DIR=/Applications/Xcode-26.3.0.app xcrun xcodebuild -IDEClonedSourcePackagesDirPathOverride=$PWD/.dependencies -skipMacroValidation -skipPackagePluginValidation -derivedDataPath $PWD/.derivedData build -scheme CodeEditTextView -destination generic/platform=xrOS
Command line invocation:
/Applications/Xcode-26.3.0.app/Contents/Developer/usr/bin/xcodebuild -IDEClonedSourcePackagesDirPathOverride=/Users/admin/builder/spi-builder-workspace/.dependencies -skipMacroValidation -skipPackagePluginValidation -derivedDataPath /Users/admin/builder/spi-builder-workspace/.derivedData build -scheme CodeEditTextView -destination generic/platform=xrOS
Resolve Package Graph
Resolve Package Graph
Resolved source packages:
TextStory: https://github.com/ChimeHQ/TextStory @ 0.9.2
CodeEditTextView: /Users/admin/builder/spi-builder-workspace
Rearrange: https://github.com/ChimeHQ/Rearrange @ 2.1.1
swift-collections: https://github.com/apple/swift-collections.git @ 1.6.0
SwiftLintPlugin: https://github.com/lukepistrol/SwiftLintPlugin @ 0.63.1
ComputePackagePrebuildTargetDependencyGraph
Prepare packages
Compile plug-in “SwiftLint” in package “swiftlintplugin”
[debug]: Compiling plugin to executable at /Users/admin/builder/spi-builder-workspace/.derivedData/Build/Products/PluginExecutables/SwiftLint
[debug]: Using compiler /Applications/Xcode-26.3.0.app/Contents/Developer/Toolchains/XcodeDefault.xctoolchain/usr/bin/swiftc
[debug]: Plugin compilation output directory '/Users/admin/builder/spi-builder-workspace/.derivedData/Build/Products/PluginExecutables'
[debug]: Computed hash of plugin compilation inputs: b64332d44013ce2b650423490ea528a1e37c3def84e076ff24560d662d662ab1
Apply build tool plug-in “SwiftLint” to target “CodeEditTextView” in package “spi-builder-workspace”
/usr/bin/sandbox-exec -p "(version 1)
(deny default)
(import \"system.sb\")
(allow file-read*)
(allow process*)
(allow mach-lookup (global-name \"com.apple.lsd.mapdb\"))
(allow mach-lookup (global-name \"com.apple.mobileassetd.v2\"))
(allow file-write*
(subpath \"/private/tmp\")
(subpath \"/private/var/tmp\")
(subpath \"/private/var/folders/xq/y_g06wb113726d38xsyx71_h0000gn/T\")
(subpath \"/private/var/folders/xq/y_g06wb113726d38xsyx71_h0000gn/C\")
)
(deny file-write*
(subpath \"/Users/admin/builder/spi-builder-workspace\")
)
(allow file-write*
(subpath \"/Users/admin/builder/spi-builder-workspace/.derivedData/Build/Intermediates.noindex/BuildToolPluginIntermediates/spi-builder-workspace.output/CodeEditTextView/SwiftLint\")
(subpath \"/private/var/folders/xq/y_g06wb113726d38xsyx71_h0000gn/T/TemporaryItems\")
)
" /Users/admin/builder/spi-builder-workspace/.dependencies/artifacts/swiftlintplugin/SwiftLintBinary/SwiftLintBinary.artifactbundle/macos/swiftlint lint --config /Users/admin/builder/spi-builder-workspace/.swiftlint.yml --cache-path /Users/admin/builder/spi-builder-workspace/.derivedData/Build/Intermediates.noindex/BuildToolPluginIntermediates/spi-builder-workspace.output/CodeEditTextView/SwiftLint /Users/admin/builder/spi-builder-workspace/Sources/CodeEditTextView
Linting Swift files at paths /Users/admin/builder/spi-builder-workspace/Sources/CodeEditTextView
Linting 'CodeEditTextView.swift' (1/94)
Linting 'TextView+StorageDelegate.swift' (2/94)
Linting 'TextView+ColumnSelection.swift' (3/94)
Linting 'TextView+ReplaceCharacters.swift' (5/94)
Linting 'TextView+Lifecycle.swift' (4/94)
Linting 'TextView+FirstResponder.swift' (6/94)
Linting 'TextView+TextLayoutManagerDelegate.swift' (7/94)
Linting 'TextView+CopyPaste.swift' (9/94)
Linting 'TextView+Mouse.swift' (10/94)
Linting 'TextView+NSTextInput.swift' (8/94)
Linting 'TextView+KeyDown.swift' (11/94)
Linting 'DraggingTextRenderer.swift' (12/94)
Linting 'TextView+Delete.swift' (13/94)
Linting 'TextView+Menu.swift' (14/94)
Linting 'TextView+ScrollToVisible.swift' (15/94)
Linting 'TextView+UndoRedo.swift' (16/94)
Linting 'TextView+Drag.swift' (17/94)
Linting 'TextView+Select.swift' (18/94)
Linting 'TextView+Move.swift' (19/94)
Linting 'TextView.swift' (20/94)
Linting 'TextView+Layout.swift' (21/94)
Linting 'TextView+TextSelectionManagerDelegate.swift' (22/94)
Linting 'TextView+Setup.swift' (23/94)
Linting 'TextView+Accessibility.swift' (24/94)
Linting 'TextView+Insert.swift' (25/94)
Linting 'TextView+SetText.swift' (26/94)
Linting 'TextViewDelegate.swift' (27/94)
Linting 'MarkedTextManager.swift' (28/94)
Linting 'MarkedRanges.swift' (29/94)
Linting 'TextLine.swift' (30/94)
Linting 'LineFragmentView.swift' (31/94)
Linting 'LineFragmentRenderer.swift' (32/94)
Linting 'LineBreakStrategy.swift' (33/94)
Linting 'LineFragment.swift' (34/94)
Linting 'Typesetter.swift' (35/94)
Linting 'CTLineTypesetData.swift' (36/94)
Linting 'TypesetContext.swift' (37/94)
Linting 'LineFragmentTypesetContext.swift' (38/94)
Linting 'TextLayoutManager+Layout.swift' (39/94)
Linting 'TextLayoutManager+Edits.swift' (40/94)
Linting 'TextLayoutManager+Public.swift' (41/94)
Linting 'TextLayoutManagerRenderDelegate.swift' (42/94)
Linting 'TextLayoutManagerDelegate.swift' (43/94)
Linting 'TextLayoutManager+Iterator.swift' (44/94)
Linting 'TextLayoutManager+Invalidation.swift' (45/94)
Linting 'TextLayoutManager.swift' (46/94)
Linting 'TextAttachmentManager.swift' (47/94)
Linting 'TextAttachment.swift' (48/94)
Linting 'TextAttachmentManagerDelegate.swift' (49/94)
Linting 'TextLineBlock.swift' (50/94)
Linting 'TextLineBlockManager.swift' (51/94)
Linting 'Emphasis.swift' (52/94)
/Users/admin/builder/spi-builder-workspace/Sources/CodeEditTextView/TextLayoutManager/TextLayoutManager+Layout.swift:407:1: warning: File Length Violation: File should contain 400 lines or less: currently contains 407 (file_length)
Linting 'EmphasisStyle.swift' (53/94)
Linting 'EmphasisManager.swift' (54/94)
/Users/admin/builder/spi-builder-workspace/Sources/CodeEditTextView/TextLayoutManager/TextLayoutManager+Public.swift:92:1: warning: Line Length Violation: Line should be 120 characters or less; currently it has 123 characters (line_length)
Linting 'Logger.swift' (55/94)
Linting 'KillRing.swift' (56/94)
Linting 'ViewReuseQueue.swift' (57/94)
Linting 'MultiStorageDelegate.swift' (58/94)
Linting 'HorizontalEdgeInsets.swift' (59/94)
Linting 'LineEnding.swift' (60/94)
Linting 'CEUndoManager.swift' (61/94)
Linting 'NSBezierPath+SmoothPath.swift' (62/94)
Linting 'CharacterSet.swift' (63/94)
Linting 'NSColor+Greyscale.swift' (64/94)
Linting 'PixelAligned.swift' (65/94)
Linting 'CTTypesetter+SuggestLineBreak.swift' (66/94)
Linting 'NSTextStorage+getLine.swift' (67/94)
Linting 'NSColor+Hex.swift' (68/94)
Linting 'NSBezierPath+CGPathFallback.swift' (69/94)
Linting 'GC+ApproximateEqual.swift' (70/94)
Linting 'CGRectArray+BoundingRect.swift' (71/94)
Linting 'NSRange+isEmpty.swift' (72/94)
Linting 'NSRange+init.swift' (73/94)
Linting 'NSRange+translate.swift' (74/94)
Linting 'TextSelection.swift' (75/94)
Linting 'TextSelectionManager+Move.swift' (76/94)
Linting 'TextSelectionManager+FillRects.swift' (78/94)
Linting 'TextSelectionManager+Update.swift' (77/94)
Linting 'TextSelectionManager+Draw.swift' (79/94)
Linting 'Destination.swift' (80/94)
Linting 'TextSelectionManager.swift' (81/94)
Linting 'Direction.swift' (82/94)
Linting 'SelectionManipulation+Horizontal.swift' (83/94)
Linting 'TextSelectionManager+SelectionManipulation.swift' (84/94)
Linting 'SelectionManipulation+Vertical.swift' (85/94)
Linting 'TextLineStorage+Node.swift' (86/94)
Linting 'TextLineStorage.swift' (87/94)
Linting 'TextLineStorage+Structs.swift' (88/94)
Linting 'TextLineStorage+Iterator.swift' (89/94)
Linting 'TextLineStorage+NSTextStorage.swift' (90/94)
Linting 'CursorSelectionMode.swift' (91/94)
Linting 'CursorView.swift' (92/94)
Linting 'CursorTimer.swift' (93/94)
Linting 'InvisibleCharactersDelegate.swift' (94/94)
Done linting! Found 2 violations, 0 serious in 94 files.
The folder “Output” doesn’t exist.
Process build tool plug-in results
package: <IDESwiftPackageCore.IDESwiftPackage:0x7107c8600 path:'/Users/admin/builder/spi-builder-workspace'>
target: CodeEditTextView
prebuildCommandOutputPaths: []
buildCommands: []
allDerivedOutputPaths: []
CreateBuildRequest
SendProjectDescription
CreateBuildOperation
ComputeTargetDependencyGraph
note: Building targets in dependency order
note: Target dependency graph (20 targets)
Target 'CodeEditTextView' in project 'CodeEditTextView'
➜ Explicit dependency on target 'CodeEditTextView' in project 'CodeEditTextView'
➜ Explicit dependency on target 'CodeEditTextViewObjC' in project 'CodeEditTextView'
➜ Explicit dependency on target 'SwiftLint' in project 'SwiftLintPlugin'
➜ Explicit dependency on target 'TextStory' in project 'TextStory'
➜ Explicit dependency on target 'Collections' in project 'swift-collections'
Target 'CodeEditTextView' in project 'CodeEditTextView'
➜ Explicit dependency on target 'CodeEditTextViewObjC' in project 'CodeEditTextView'
➜ Explicit dependency on target 'SwiftLint' in project 'SwiftLintPlugin'
➜ Explicit dependency on target 'TextStory' in project 'TextStory'
➜ Explicit dependency on target 'Collections' in project 'swift-collections'
Target 'Collections' in project 'swift-collections'
➜ Explicit dependency on target 'Collections' in project 'swift-collections'
➜ Explicit dependency on target 'InternalCollectionsUtilities' in project 'swift-collections'
➜ Explicit dependency on target 'BitCollections' in project 'swift-collections'
➜ Explicit dependency on target 'ContainersPreview' in project 'swift-collections'
➜ Explicit dependency on target 'DequeModule' in project 'swift-collections'
➜ Explicit dependency on target 'HashTreeCollections' in project 'swift-collections'
➜ Explicit dependency on target 'HeapModule' in project 'swift-collections'
➜ Explicit dependency on target 'OrderedCollections' in project 'swift-collections'
➜ Explicit dependency on target '_RopeModule' in project 'swift-collections'
Target 'Collections' in project 'swift-collections'
➜ Explicit dependency on target 'InternalCollectionsUtilities' in project 'swift-collections'
➜ Explicit dependency on target 'BitCollections' in project 'swift-collections'
➜ Explicit dependency on target 'ContainersPreview' in project 'swift-collections'
➜ Explicit dependency on target 'DequeModule' in project 'swift-collections'
➜ Explicit dependency on target 'HashTreeCollections' in project 'swift-collections'
➜ Explicit dependency on target 'HeapModule' in project 'swift-collections'
➜ Explicit dependency on target 'OrderedCollections' in project 'swift-collections'
➜ Explicit dependency on target '_RopeModule' in project 'swift-collections'
Target '_RopeModule' in project 'swift-collections'
➜ Explicit dependency on target 'InternalCollectionsUtilities' in project 'swift-collections'
Target 'OrderedCollections' in project 'swift-collections'
➜ Explicit dependency on target 'InternalCollectionsUtilities' in project 'swift-collections'
Target 'HeapModule' in project 'swift-collections'
➜ Explicit dependency on target 'InternalCollectionsUtilities' in project 'swift-collections'
Target 'HashTreeCollections' in project 'swift-collections'
➜ Explicit dependency on target 'InternalCollectionsUtilities' in project 'swift-collections'
Target 'DequeModule' in project 'swift-collections'
➜ Explicit dependency on target 'InternalCollectionsUtilities' in project 'swift-collections'
➜ Explicit dependency on target 'ContainersPreview' in project 'swift-collections'
Target 'ContainersPreview' in project 'swift-collections'
➜ Explicit dependency on target 'InternalCollectionsUtilities' in project 'swift-collections'
Target 'BitCollections' in project 'swift-collections'
➜ Explicit dependency on target 'InternalCollectionsUtilities' in project 'swift-collections'
Target 'InternalCollectionsUtilities' in project 'swift-collections' (no dependencies)
Target 'TextStory' in project 'TextStory'
➜ Explicit dependency on target 'TextStory' in project 'TextStory'
➜ Explicit dependency on target 'Internal' in project 'TextStory'
➜ Explicit dependency on target 'Rearrange' in project 'Rearrange'
Target 'TextStory' in project 'TextStory'
➜ Explicit dependency on target 'Internal' in project 'TextStory'
➜ Explicit dependency on target 'Rearrange' in project 'Rearrange'
Target 'Rearrange' in project 'Rearrange'
➜ Explicit dependency on target 'Rearrange' in project 'Rearrange'
Target 'Rearrange' in project 'Rearrange' (no dependencies)
Target 'Internal' in project 'TextStory' (no dependencies)
Target 'SwiftLint' in project 'SwiftLintPlugin'
➜ Explicit dependency on target 'SwiftLint' in project 'SwiftLintPlugin'
Target 'SwiftLint' in project 'SwiftLintPlugin' (no dependencies)
Target 'CodeEditTextViewObjC' in project 'CodeEditTextView' (no dependencies)
GatherProvisioningInputs
CreateBuildDescription
ExecuteExternalTool /Applications/Xcode-26.3.0.app/Contents/Developer/Toolchains/XcodeDefault.xctoolchain/usr/bin/clang -v -E -dM -arch arm64 -isysroot /Applications/Xcode-26.3.0.app/Contents/Developer/Platforms/XROS.platform/Developer/SDKs/XROS26.2.sdk -x objective-c -c /dev/null
ExecuteExternalTool /Applications/Xcode-26.3.0.app/Contents/Developer/Toolchains/XcodeDefault.xctoolchain/usr/bin/swiftc --version
ExecuteExternalTool /Applications/Xcode-26.3.0.app/Contents/Developer/Toolchains/XcodeDefault.xctoolchain/usr/bin/clang -v -E -dM -isysroot /Applications/Xcode-26.3.0.app/Contents/Developer/Platforms/XROS.platform/Developer/SDKs/XROS26.2.sdk -x c -c /dev/null
ExecuteExternalTool /Applications/Xcode-26.3.0.app/Contents/Developer/Toolchains/XcodeDefault.xctoolchain/usr/bin/clang -v -E -dM -isysroot /Applications/Xcode-26.3.0.app/Contents/Developer/Platforms/MacOSX.platform/Developer/SDKs/MacOSX26.2.sdk -x c -c /dev/null
ExecuteExternalTool /Applications/Xcode-26.3.0.app/Contents/Developer/Toolchains/XcodeDefault.xctoolchain/usr/bin/clang -v -E -dM -arch arm64 -isysroot /Applications/Xcode-26.3.0.app/Contents/Developer/Platforms/XROS.platform/Developer/SDKs/XROS26.2.sdk -x c -c /dev/null
ExecuteExternalTool /Applications/Xcode-26.3.0.app/Contents/Developer/Toolchains/XcodeDefault.xctoolchain/usr/bin/ld -version_details
ReadFileContents /Applications/Xcode-26.3.0.app/Contents/Developer/Toolchains/XcodeDefault.xctoolchain/usr/share/docc/features.json
Build description signature: d05be2ddc406a42e598451b49033186d
Build description path: /Users/admin/builder/spi-builder-workspace/.derivedData/Build/Intermediates.noindex/XCBuildData/d05be2ddc406a42e598451b49033186d.xcbuilddata
ClangStatCache /Applications/Xcode-26.3.0.app/Contents/Developer/Toolchains/XcodeDefault.xctoolchain/usr/bin/clang-stat-cache /Applications/Xcode-26.3.0.app/Contents/Developer/Platforms/XROS.platform/Developer/SDKs/XROS26.2.sdk /Users/admin/builder/spi-builder-workspace/.derivedData/SDKStatCaches.noindex/xros26.2-23N301-dc75598d0054f22ec865fa860f139d72f5e64962d3ee001da1d77d1957dffdab.sdkstatcache
cd /Users/admin/builder/spi-builder-workspace/.swiftpm/xcode
/Applications/Xcode-26.3.0.app/Contents/Developer/Toolchains/XcodeDefault.xctoolchain/usr/bin/clang-stat-cache /Applications/Xcode-26.3.0.app/Contents/Developer/Platforms/XROS.platform/Developer/SDKs/XROS26.2.sdk -o /Users/admin/builder/spi-builder-workspace/.derivedData/SDKStatCaches.noindex/xros26.2-23N301-dc75598d0054f22ec865fa860f139d72f5e64962d3ee001da1d77d1957dffdab.sdkstatcache
CreateBuildDirectory /Users/admin/builder/spi-builder-workspace/.derivedData/Build/Products
cd /Users/admin/builder/spi-builder-workspace/.swiftpm/xcode
builtin-create-build-directory /Users/admin/builder/spi-builder-workspace/.derivedData/Build/Products
CreateBuildDirectory /Users/admin/builder/spi-builder-workspace/.derivedData/Build/Intermediates.noindex
cd /Users/admin/builder/spi-builder-workspace/.swiftpm/xcode
builtin-create-build-directory /Users/admin/builder/spi-builder-workspace/.derivedData/Build/Intermediates.noindex
CreateBuildDirectory /Users/admin/builder/spi-builder-workspace/.derivedData/Build/Intermediates.noindex/SwiftExplicitPrecompiledModules
cd /Users/admin/builder/spi-builder-workspace/.swiftpm/xcode
builtin-create-build-directory /Users/admin/builder/spi-builder-workspace/.derivedData/Build/Intermediates.noindex/SwiftExplicitPrecompiledModules
CreateBuildDirectory /Users/admin/builder/spi-builder-workspace/.derivedData/Build/Intermediates.noindex/ExplicitPrecompiledModules
cd /Users/admin/builder/spi-builder-workspace/.swiftpm/xcode
builtin-create-build-directory /Users/admin/builder/spi-builder-workspace/.derivedData/Build/Intermediates.noindex/ExplicitPrecompiledModules
CreateBuildDirectory /Users/admin/builder/spi-builder-workspace/.derivedData/Build/Products/Debug-xros
cd /Users/admin/builder/spi-builder-workspace/.swiftpm/xcode
builtin-create-build-directory /Users/admin/builder/spi-builder-workspace/.derivedData/Build/Products/Debug-xros
CreateBuildDirectory /Users/admin/builder/spi-builder-workspace/.derivedData/Build/Products/Debug
cd /Users/admin/builder/spi-builder-workspace/.swiftpm/xcode
builtin-create-build-directory /Users/admin/builder/spi-builder-workspace/.derivedData/Build/Products/Debug
CreateBuildDirectory /Users/admin/builder/spi-builder-workspace/.derivedData/Build/Intermediates.noindex/EagerLinkingTBDs/Debug
cd /Users/admin/builder/spi-builder-workspace/.swiftpm/xcode
builtin-create-build-directory /Users/admin/builder/spi-builder-workspace/.derivedData/Build/Intermediates.noindex/EagerLinkingTBDs/Debug
CreateBuildDirectory /Users/admin/builder/spi-builder-workspace/.derivedData/Build/Intermediates.noindex/EagerLinkingTBDs/Debug-xros
cd /Users/admin/builder/spi-builder-workspace/.swiftpm/xcode
builtin-create-build-directory /Users/admin/builder/spi-builder-workspace/.derivedData/Build/Intermediates.noindex/EagerLinkingTBDs/Debug-xros
CreateBuildDirectory /Users/admin/builder/spi-builder-workspace/.derivedData/Build/Products/Debug/PackageFrameworks
cd /Users/admin/builder/spi-builder-workspace/.swiftpm/xcode
builtin-create-build-directory /Users/admin/builder/spi-builder-workspace/.derivedData/Build/Products/Debug/PackageFrameworks
CreateBuildDirectory /Users/admin/builder/spi-builder-workspace/.derivedData/Build/Products/Debug-xros/PackageFrameworks
cd /Users/admin/builder/spi-builder-workspace/.swiftpm/xcode
builtin-create-build-directory /Users/admin/builder/spi-builder-workspace/.derivedData/Build/Products/Debug-xros/PackageFrameworks
WriteAuxiliaryFile /Users/admin/builder/spi-builder-workspace/.derivedData/Build/Intermediates.noindex/swift-collections.build/Debug-xros/OrderedCollections.build/OrderedCollections.DependencyStaticMetadataFileList (in target 'OrderedCollections' from project 'swift-collections')
cd /Users/admin/builder/spi-builder-workspace/.dependencies/checkouts/swift-collections
write-file /Users/admin/builder/spi-builder-workspace/.derivedData/Build/Intermediates.noindex/swift-collections.build/Debug-xros/OrderedCollections.build/OrderedCollections.DependencyStaticMetadataFileList
WriteAuxiliaryFile /Users/admin/builder/spi-builder-workspace/.derivedData/Build/Intermediates.noindex/swift-collections.build/Debug-xros/_RopeModule.build/_RopeModule.DependencyMetadataFileList (in target '_RopeModule' from project 'swift-collections')
cd /Users/admin/builder/spi-builder-workspace/.dependencies/checkouts/swift-collections
write-file /Users/admin/builder/spi-builder-workspace/.derivedData/Build/Intermediates.noindex/swift-collections.build/Debug-xros/_RopeModule.build/_RopeModule.DependencyMetadataFileList
WriteAuxiliaryFile /Users/admin/builder/spi-builder-workspace/.derivedData/Build/Intermediates.noindex/swift-collections.build/Debug-xros/OrderedCollections.build/OrderedCollections.modulemap (in target 'OrderedCollections' from project 'swift-collections')
cd /Users/admin/builder/spi-builder-workspace/.dependencies/checkouts/swift-collections
write-file /Users/admin/builder/spi-builder-workspace/.derivedData/Build/Intermediates.noindex/swift-collections.build/Debug-xros/OrderedCollections.build/OrderedCollections.modulemap
WriteAuxiliaryFile /Users/admin/builder/spi-builder-workspace/.derivedData/Build/Intermediates.noindex/swift-collections.build/Debug-xros/_RopeModule.build/_RopeModule.DependencyStaticMetadataFileList (in target '_RopeModule' from project 'swift-collections')
cd /Users/admin/builder/spi-builder-workspace/.dependencies/checkouts/swift-collections
write-file /Users/admin/builder/spi-builder-workspace/.derivedData/Build/Intermediates.noindex/swift-collections.build/Debug-xros/_RopeModule.build/_RopeModule.DependencyStaticMetadataFileList
WriteAuxiliaryFile /Users/admin/builder/spi-builder-workspace/.derivedData/Build/Intermediates.noindex/swift-collections.build/Debug-xros/OrderedCollections.build/OrderedCollections.DependencyMetadataFileList (in target 'OrderedCollections' from project 'swift-collections')
cd /Users/admin/builder/spi-builder-workspace/.dependencies/checkouts/swift-collections
write-file /Users/admin/builder/spi-builder-workspace/.derivedData/Build/Intermediates.noindex/swift-collections.build/Debug-xros/OrderedCollections.build/OrderedCollections.DependencyMetadataFileList
WriteAuxiliaryFile /Users/admin/builder/spi-builder-workspace/.derivedData/Build/Intermediates.noindex/swift-collections.build/Debug-xros/_RopeModule.build/_RopeModule.modulemap (in target '_RopeModule' from project 'swift-collections')
cd /Users/admin/builder/spi-builder-workspace/.dependencies/checkouts/swift-collections
write-file /Users/admin/builder/spi-builder-workspace/.derivedData/Build/Intermediates.noindex/swift-collections.build/Debug-xros/_RopeModule.build/_RopeModule.modulemap
WriteAuxiliaryFile /Users/admin/builder/spi-builder-workspace/.derivedData/Build/Intermediates.noindex/swift-collections.build/Debug-xros/_RopeModule.build/Objects-normal/arm64/_RopeModule.SwiftFileList (in target '_RopeModule' from project 'swift-collections')
cd /Users/admin/builder/spi-builder-workspace/.dependencies/checkouts/swift-collections
write-file /Users/admin/builder/spi-builder-workspace/.derivedData/Build/Intermediates.noindex/swift-collections.build/Debug-xros/_RopeModule.build/Objects-normal/arm64/_RopeModule.SwiftFileList
WriteAuxiliaryFile /Users/admin/builder/spi-builder-workspace/.derivedData/Build/Intermediates.noindex/swift-collections.build/Debug-xros/_RopeModule.build/Objects-normal/arm64/_RopeModule_const_extract_protocols.json (in target '_RopeModule' from project 'swift-collections')
cd /Users/admin/builder/spi-builder-workspace/.dependencies/checkouts/swift-collections
write-file /Users/admin/builder/spi-builder-workspace/.derivedData/Build/Intermediates.noindex/swift-collections.build/Debug-xros/_RopeModule.build/Objects-normal/arm64/_RopeModule_const_extract_protocols.json
WriteAuxiliaryFile /Users/admin/builder/spi-builder-workspace/.derivedData/Build/Intermediates.noindex/swift-collections.build/Debug-xros/OrderedCollections.build/Objects-normal/arm64/OrderedCollections_const_extract_protocols.json (in target 'OrderedCollections' from project 'swift-collections')
cd /Users/admin/builder/spi-builder-workspace/.dependencies/checkouts/swift-collections
write-file /Users/admin/builder/spi-builder-workspace/.derivedData/Build/Intermediates.noindex/swift-collections.build/Debug-xros/OrderedCollections.build/Objects-normal/arm64/OrderedCollections_const_extract_protocols.json
WriteAuxiliaryFile /Users/admin/builder/spi-builder-workspace/.derivedData/Build/Intermediates.noindex/swift-collections.build/Debug-xros/_RopeModule.build/Objects-normal/arm64/_RopeModule.LinkFileList (in target '_RopeModule' from project 'swift-collections')
cd /Users/admin/builder/spi-builder-workspace/.dependencies/checkouts/swift-collections
write-file /Users/admin/builder/spi-builder-workspace/.derivedData/Build/Intermediates.noindex/swift-collections.build/Debug-xros/_RopeModule.build/Objects-normal/arm64/_RopeModule.LinkFileList
WriteAuxiliaryFile /Users/admin/builder/spi-builder-workspace/.derivedData/Build/Intermediates.noindex/swift-collections.build/Debug-xros/_RopeModule.build/Objects-normal/arm64/_RopeModule.SwiftConstValuesFileList (in target '_RopeModule' from project 'swift-collections')
cd /Users/admin/builder/spi-builder-workspace/.dependencies/checkouts/swift-collections
write-file /Users/admin/builder/spi-builder-workspace/.derivedData/Build/Intermediates.noindex/swift-collections.build/Debug-xros/_RopeModule.build/Objects-normal/arm64/_RopeModule.SwiftConstValuesFileList
WriteAuxiliaryFile /Users/admin/builder/spi-builder-workspace/.derivedData/Build/Intermediates.noindex/swift-collections.build/Debug-xros/_RopeModule.build/Objects-normal/arm64/_RopeModule-OutputFileMap.json (in target '_RopeModule' from project 'swift-collections')
cd /Users/admin/builder/spi-builder-workspace/.dependencies/checkouts/swift-collections
write-file /Users/admin/builder/spi-builder-workspace/.derivedData/Build/Intermediates.noindex/swift-collections.build/Debug-xros/_RopeModule.build/Objects-normal/arm64/_RopeModule-OutputFileMap.json
WriteAuxiliaryFile /Users/admin/builder/spi-builder-workspace/.derivedData/Build/Intermediates.noindex/TextStory.build/Debug-xros/TextStory.build/TextStory.modulemap (in target 'TextStory' from project 'TextStory')
cd /Users/admin/builder/spi-builder-workspace/.dependencies/checkouts/TextStory
write-file /Users/admin/builder/spi-builder-workspace/.derivedData/Build/Intermediates.noindex/TextStory.build/Debug-xros/TextStory.build/TextStory.modulemap
WriteAuxiliaryFile /Users/admin/builder/spi-builder-workspace/.derivedData/Build/Intermediates.noindex/TextStory.build/Debug-xros/TextStory.build/TextStory.DependencyMetadataFileList (in target 'TextStory' from project 'TextStory')
cd /Users/admin/builder/spi-builder-workspace/.dependencies/checkouts/TextStory
write-file /Users/admin/builder/spi-builder-workspace/.derivedData/Build/Intermediates.noindex/TextStory.build/Debug-xros/TextStory.build/TextStory.DependencyMetadataFileList
WriteAuxiliaryFile /Users/admin/builder/spi-builder-workspace/.derivedData/Build/Intermediates.noindex/TextStory.build/Debug-xros/TextStory.build/TextStory.DependencyStaticMetadataFileList (in target 'TextStory' from project 'TextStory')
cd /Users/admin/builder/spi-builder-workspace/.dependencies/checkouts/TextStory
write-file /Users/admin/builder/spi-builder-workspace/.derivedData/Build/Intermediates.noindex/TextStory.build/Debug-xros/TextStory.build/TextStory.DependencyStaticMetadataFileList
WriteAuxiliaryFile /Users/admin/builder/spi-builder-workspace/.derivedData/Build/Intermediates.noindex/TextStory.build/Debug-xros/TextStory.build/Objects-normal/arm64/TextStory.SwiftFileList (in target 'TextStory' from project 'TextStory')
cd /Users/admin/builder/spi-builder-workspace/.dependencies/checkouts/TextStory
write-file /Users/admin/builder/spi-builder-workspace/.derivedData/Build/Intermediates.noindex/TextStory.build/Debug-xros/TextStory.build/Objects-normal/arm64/TextStory.SwiftFileList
WriteAuxiliaryFile /Users/admin/builder/spi-builder-workspace/.derivedData/Build/Intermediates.noindex/TextStory.build/Debug-xros/TextStory.build/Objects-normal/arm64/TextStory_const_extract_protocols.json (in target 'TextStory' from project 'TextStory')
cd /Users/admin/builder/spi-builder-workspace/.dependencies/checkouts/TextStory
write-file /Users/admin/builder/spi-builder-workspace/.derivedData/Build/Intermediates.noindex/TextStory.build/Debug-xros/TextStory.build/Objects-normal/arm64/TextStory_const_extract_protocols.json
Copy /Users/admin/builder/spi-builder-workspace/.derivedData/Build/Intermediates.noindex/GeneratedModuleMaps-xros/_RopeModule.modulemap /Users/admin/builder/spi-builder-workspace/.derivedData/Build/Intermediates.noindex/swift-collections.build/Debug-xros/_RopeModule.build/_RopeModule.modulemap (in target '_RopeModule' from project 'swift-collections')
cd /Users/admin/builder/spi-builder-workspace/.dependencies/checkouts/swift-collections
builtin-copy -exclude .DS_Store -exclude CVS -exclude .svn -exclude .git -exclude .hg -resolve-src-symlinks /Users/admin/builder/spi-builder-workspace/.derivedData/Build/Intermediates.noindex/swift-collections.build/Debug-xros/_RopeModule.build/_RopeModule.modulemap /Users/admin/builder/spi-builder-workspace/.derivedData/Build/Intermediates.noindex/GeneratedModuleMaps-xros
WriteAuxiliaryFile /Users/admin/builder/spi-builder-workspace/.derivedData/Build/Intermediates.noindex/TextStory.build/Debug-xros/TextStory.build/Objects-normal/arm64/TextStory.SwiftConstValuesFileList (in target 'TextStory' from project 'TextStory')
cd /Users/admin/builder/spi-builder-workspace/.dependencies/checkouts/TextStory
write-file /Users/admin/builder/spi-builder-workspace/.derivedData/Build/Intermediates.noindex/TextStory.build/Debug-xros/TextStory.build/Objects-normal/arm64/TextStory.SwiftConstValuesFileList
WriteAuxiliaryFile /Users/admin/builder/spi-builder-workspace/.derivedData/Build/Intermediates.noindex/TextStory.build/Debug-xros/TextStory.build/Objects-normal/arm64/TextStory.LinkFileList (in target 'TextStory' from project 'TextStory')
cd /Users/admin/builder/spi-builder-workspace/.dependencies/checkouts/TextStory
write-file /Users/admin/builder/spi-builder-workspace/.derivedData/Build/Intermediates.noindex/TextStory.build/Debug-xros/TextStory.build/Objects-normal/arm64/TextStory.LinkFileList
WriteAuxiliaryFile /Users/admin/builder/spi-builder-workspace/.derivedData/Build/Intermediates.noindex/TextStory.build/Debug-xros/TextStory.build/Objects-normal/arm64/TextStory-OutputFileMap.json (in target 'TextStory' from project 'TextStory')
cd /Users/admin/builder/spi-builder-workspace/.dependencies/checkouts/TextStory
write-file /Users/admin/builder/spi-builder-workspace/.derivedData/Build/Intermediates.noindex/TextStory.build/Debug-xros/TextStory.build/Objects-normal/arm64/TextStory-OutputFileMap.json
WriteAuxiliaryFile /Users/admin/builder/spi-builder-workspace/.derivedData/Build/Intermediates.noindex/swift-collections.build/Debug-xros/OrderedCollections.build/Objects-normal/arm64/OrderedCollections.SwiftFileList (in target 'OrderedCollections' from project 'swift-collections')
cd /Users/admin/builder/spi-builder-workspace/.dependencies/checkouts/swift-collections
write-file /Users/admin/builder/spi-builder-workspace/.derivedData/Build/Intermediates.noindex/swift-collections.build/Debug-xros/OrderedCollections.build/Objects-normal/arm64/OrderedCollections.SwiftFileList
WriteAuxiliaryFile /Users/admin/builder/spi-builder-workspace/.derivedData/Build/Intermediates.noindex/swift-collections.build/Debug-xros/OrderedCollections.build/Objects-normal/arm64/OrderedCollections.SwiftConstValuesFileList (in target 'OrderedCollections' from project 'swift-collections')
cd /Users/admin/builder/spi-builder-workspace/.dependencies/checkouts/swift-collections
write-file /Users/admin/builder/spi-builder-workspace/.derivedData/Build/Intermediates.noindex/swift-collections.build/Debug-xros/OrderedCollections.build/Objects-normal/arm64/OrderedCollections.SwiftConstValuesFileList
WriteAuxiliaryFile /Users/admin/builder/spi-builder-workspace/.derivedData/Build/Intermediates.noindex/swift-collections.build/Debug-xros/OrderedCollections.build/Objects-normal/arm64/OrderedCollections.LinkFileList (in target 'OrderedCollections' from project 'swift-collections')
cd /Users/admin/builder/spi-builder-workspace/.dependencies/checkouts/swift-collections
write-file /Users/admin/builder/spi-builder-workspace/.derivedData/Build/Intermediates.noindex/swift-collections.build/Debug-xros/OrderedCollections.build/Objects-normal/arm64/OrderedCollections.LinkFileList
WriteAuxiliaryFile /Users/admin/builder/spi-builder-workspace/.derivedData/Build/Intermediates.noindex/SwiftLintPlugin.build/Debug/SwiftLint.build/SwiftLint.DependencyMetadataFileList (in target 'SwiftLint' from project 'SwiftLintPlugin')
cd /Users/admin/builder/spi-builder-workspace/.dependencies/checkouts/SwiftLintPlugin
write-file /Users/admin/builder/spi-builder-workspace/.derivedData/Build/Intermediates.noindex/SwiftLintPlugin.build/Debug/SwiftLint.build/SwiftLint.DependencyMetadataFileList
WriteAuxiliaryFile /Users/admin/builder/spi-builder-workspace/.derivedData/Build/Intermediates.noindex/SwiftLintPlugin.build/Debug/SwiftLint.build/SwiftLint.DependencyStaticMetadataFileList (in target 'SwiftLint' from project 'SwiftLintPlugin')
cd /Users/admin/builder/spi-builder-workspace/.dependencies/checkouts/SwiftLintPlugin
write-file /Users/admin/builder/spi-builder-workspace/.derivedData/Build/Intermediates.noindex/SwiftLintPlugin.build/Debug/SwiftLint.build/SwiftLint.DependencyStaticMetadataFileList
Copy /Users/admin/builder/spi-builder-workspace/.derivedData/Build/Intermediates.noindex/GeneratedModuleMaps-xros/TextStory.modulemap /Users/admin/builder/spi-builder-workspace/.derivedData/Build/Intermediates.noindex/TextStory.build/Debug-xros/TextStory.build/TextStory.modulemap (in target 'TextStory' from project 'TextStory')
cd /Users/admin/builder/spi-builder-workspace/.dependencies/checkouts/TextStory
builtin-copy -exclude .DS_Store -exclude CVS -exclude .svn -exclude .git -exclude .hg -resolve-src-symlinks /Users/admin/builder/spi-builder-workspace/.derivedData/Build/Intermediates.noindex/TextStory.build/Debug-xros/TextStory.build/TextStory.modulemap /Users/admin/builder/spi-builder-workspace/.derivedData/Build/Intermediates.noindex/GeneratedModuleMaps-xros
WriteAuxiliaryFile /Users/admin/builder/spi-builder-workspace/.derivedData/Build/Intermediates.noindex/swift-collections.build/Debug-xros/OrderedCollections.build/Objects-normal/arm64/OrderedCollections-OutputFileMap.json (in target 'OrderedCollections' from project 'swift-collections')
cd /Users/admin/builder/spi-builder-workspace/.dependencies/checkouts/swift-collections
write-file /Users/admin/builder/spi-builder-workspace/.derivedData/Build/Intermediates.noindex/swift-collections.build/Debug-xros/OrderedCollections.build/Objects-normal/arm64/OrderedCollections-OutputFileMap.json
Copy /Users/admin/builder/spi-builder-workspace/.derivedData/Build/Intermediates.noindex/GeneratedModuleMaps-xros/OrderedCollections.modulemap /Users/admin/builder/spi-builder-workspace/.derivedData/Build/Intermediates.noindex/swift-collections.build/Debug-xros/OrderedCollections.build/OrderedCollections.modulemap (in target 'OrderedCollections' from project 'swift-collections')
cd /Users/admin/builder/spi-builder-workspace/.dependencies/checkouts/swift-collections
builtin-copy -exclude .DS_Store -exclude CVS -exclude .svn -exclude .git -exclude .hg -resolve-src-symlinks /Users/admin/builder/spi-builder-workspace/.derivedData/Build/Intermediates.noindex/swift-collections.build/Debug-xros/OrderedCollections.build/OrderedCollections.modulemap /Users/admin/builder/spi-builder-workspace/.derivedData/Build/Intermediates.noindex/GeneratedModuleMaps-xros
WriteAuxiliaryFile /Users/admin/builder/spi-builder-workspace/.derivedData/Build/Intermediates.noindex/swift-collections.build/Debug-xros/InternalCollectionsUtilities.build/Objects-normal/arm64/InternalCollectionsUtilities.LinkFileList (in target 'InternalCollectionsUtilities' from project 'swift-collections')
cd /Users/admin/builder/spi-builder-workspace/.dependencies/checkouts/swift-collections
write-file /Users/admin/builder/spi-builder-workspace/.derivedData/Build/Intermediates.noindex/swift-collections.build/Debug-xros/InternalCollectionsUtilities.build/Objects-normal/arm64/InternalCollectionsUtilities.LinkFileList
WriteAuxiliaryFile /Users/admin/builder/spi-builder-workspace/.derivedData/Build/Intermediates.noindex/swift-collections.build/Debug-xros/InternalCollectionsUtilities.build/Objects-normal/arm64/InternalCollectionsUtilities_const_extract_protocols.json (in target 'InternalCollectionsUtilities' from project 'swift-collections')
cd /Users/admin/builder/spi-builder-workspace/.dependencies/checkouts/swift-collections
write-file /Users/admin/builder/spi-builder-workspace/.derivedData/Build/Intermediates.noindex/swift-collections.build/Debug-xros/InternalCollectionsUtilities.build/Objects-normal/arm64/InternalCollectionsUtilities_const_extract_protocols.json
WriteAuxiliaryFile /Users/admin/builder/spi-builder-workspace/.derivedData/Build/Intermediates.noindex/swift-collections.build/Debug-xros/InternalCollectionsUtilities.build/Objects-normal/arm64/InternalCollectionsUtilities.SwiftConstValuesFileList (in target 'InternalCollectionsUtilities' from project 'swift-collections')
cd /Users/admin/builder/spi-builder-workspace/.dependencies/checkouts/swift-collections
write-file /Users/admin/builder/spi-builder-workspace/.derivedData/Build/Intermediates.noindex/swift-collections.build/Debug-xros/InternalCollectionsUtilities.build/Objects-normal/arm64/InternalCollectionsUtilities.SwiftConstValuesFileList
WriteAuxiliaryFile /Users/admin/builder/spi-builder-workspace/.derivedData/Build/Intermediates.noindex/swift-collections.build/Debug-xros/InternalCollectionsUtilities.build/Objects-normal/arm64/InternalCollectionsUtilities.SwiftFileList (in target 'InternalCollectionsUtilities' from project 'swift-collections')
cd /Users/admin/builder/spi-builder-workspace/.dependencies/checkouts/swift-collections
write-file /Users/admin/builder/spi-builder-workspace/.derivedData/Build/Intermediates.noindex/swift-collections.build/Debug-xros/InternalCollectionsUtilities.build/Objects-normal/arm64/InternalCollectionsUtilities.SwiftFileList
WriteAuxiliaryFile /Users/admin/builder/spi-builder-workspace/.derivedData/Build/Intermediates.noindex/swift-collections.build/Debug-xros/InternalCollectionsUtilities.build/Objects-normal/arm64/InternalCollectionsUtilities-OutputFileMap.json (in target 'InternalCollectionsUtilities' from project 'swift-collections')
cd /Users/admin/builder/spi-builder-workspace/.dependencies/checkouts/swift-collections
write-file /Users/admin/builder/spi-builder-workspace/.derivedData/Build/Intermediates.noindex/swift-collections.build/Debug-xros/InternalCollectionsUtilities.build/Objects-normal/arm64/InternalCollectionsUtilities-OutputFileMap.json
WriteAuxiliaryFile /Users/admin/builder/spi-builder-workspace/.derivedData/Build/Intermediates.noindex/swift-collections.build/Debug-xros/InternalCollectionsUtilities.build/InternalCollectionsUtilities.modulemap (in target 'InternalCollectionsUtilities' from project 'swift-collections')
cd /Users/admin/builder/spi-builder-workspace/.dependencies/checkouts/swift-collections
write-file /Users/admin/builder/spi-builder-workspace/.derivedData/Build/Intermediates.noindex/swift-collections.build/Debug-xros/InternalCollectionsUtilities.build/InternalCollectionsUtilities.modulemap
WriteAuxiliaryFile /Users/admin/builder/spi-builder-workspace/.derivedData/Build/Intermediates.noindex/swift-collections.build/Debug-xros/InternalCollectionsUtilities.build/InternalCollectionsUtilities.DependencyStaticMetadataFileList (in target 'InternalCollectionsUtilities' from project 'swift-collections')
cd /Users/admin/builder/spi-builder-workspace/.dependencies/checkouts/swift-collections
write-file /Users/admin/builder/spi-builder-workspace/.derivedData/Build/Intermediates.noindex/swift-collections.build/Debug-xros/InternalCollectionsUtilities.build/InternalCollectionsUtilities.DependencyStaticMetadataFileList
WriteAuxiliaryFile /Users/admin/builder/spi-builder-workspace/.derivedData/Build/Intermediates.noindex/swift-collections.build/Debug-xros/InternalCollectionsUtilities.build/InternalCollectionsUtilities.DependencyMetadataFileList (in target 'InternalCollectionsUtilities' from project 'swift-collections')
cd /Users/admin/builder/spi-builder-workspace/.dependencies/checkouts/swift-collections
write-file /Users/admin/builder/spi-builder-workspace/.derivedData/Build/Intermediates.noindex/swift-collections.build/Debug-xros/InternalCollectionsUtilities.build/InternalCollectionsUtilities.DependencyMetadataFileList
WriteAuxiliaryFile /Users/admin/builder/spi-builder-workspace/.derivedData/Build/Intermediates.noindex/TextStory.build/Debug-xros/Internal.build/Internal.DependencyMetadataFileList (in target 'Internal' from project 'TextStory')
cd /Users/admin/builder/spi-builder-workspace/.dependencies/checkouts/TextStory
write-file /Users/admin/builder/spi-builder-workspace/.derivedData/Build/Intermediates.noindex/TextStory.build/Debug-xros/Internal.build/Internal.DependencyMetadataFileList
WriteAuxiliaryFile /Users/admin/builder/spi-builder-workspace/.derivedData/Build/Intermediates.noindex/TextStory.build/Debug-xros/Internal.build/Internal.DependencyStaticMetadataFileList (in target 'Internal' from project 'TextStory')
cd /Users/admin/builder/spi-builder-workspace/.dependencies/checkouts/TextStory
write-file /Users/admin/builder/spi-builder-workspace/.derivedData/Build/Intermediates.noindex/TextStory.build/Debug-xros/Internal.build/Internal.DependencyStaticMetadataFileList
WriteAuxiliaryFile /Users/admin/builder/spi-builder-workspace/.derivedData/Build/Intermediates.noindex/TextStory.build/Debug-xros/Internal.build/Internal.modulemap (in target 'Internal' from project 'TextStory')
cd /Users/admin/builder/spi-builder-workspace/.dependencies/checkouts/TextStory
write-file /Users/admin/builder/spi-builder-workspace/.derivedData/Build/Intermediates.noindex/TextStory.build/Debug-xros/Internal.build/Internal.modulemap
WriteAuxiliaryFile /Users/admin/builder/spi-builder-workspace/.derivedData/Build/Intermediates.noindex/TextStory.build/Debug-xros/Internal.build/Objects-normal/arm64/Internal.LinkFileList (in target 'Internal' from project 'TextStory')
cd /Users/admin/builder/spi-builder-workspace/.dependencies/checkouts/TextStory
write-file /Users/admin/builder/spi-builder-workspace/.derivedData/Build/Intermediates.noindex/TextStory.build/Debug-xros/Internal.build/Objects-normal/arm64/Internal.LinkFileList
WriteAuxiliaryFile /Users/admin/builder/spi-builder-workspace/.derivedData/Build/Intermediates.noindex/TextStory.build/Debug-xros/Internal.build/Objects-normal/arm64/e6072d4f65d7061329687fe24e3d63a7-common-args.resp (in target 'Internal' from project 'TextStory')
cd /Users/admin/builder/spi-builder-workspace/.dependencies/checkouts/TextStory
write-file /Users/admin/builder/spi-builder-workspace/.derivedData/Build/Intermediates.noindex/TextStory.build/Debug-xros/Internal.build/Objects-normal/arm64/e6072d4f65d7061329687fe24e3d63a7-common-args.resp
-target arm64-apple-xros1.0 -fobjc-arc -fmodules -gmodules '-fmodules-cache-path=/Users/admin/builder/spi-builder-workspace/.derivedData/ModuleCache.noindex' '-fmodule-name=Internal' -fpascal-strings -O0 -DSWIFT_PACKAGE '-DDEBUG=1' '-DOBJC_OLD_DISPATCH_PROTOTYPES=1' -isysroot /Applications/Xcode-26.3.0.app/Contents/Developer/Platforms/XROS.platform/Developer/SDKs/XROS26.2.sdk -g -fprofile-instr-generate -fcoverage-mapping -I/Users/admin/builder/spi-builder-workspace/.derivedData/Build/Products/Debug-xros/include -I/Users/admin/builder/spi-builder-workspace/.dependencies/checkouts/TextStory/Sources/Internal -I/Users/admin/builder/spi-builder-workspace/.derivedData/Build/Intermediates.noindex/TextStory.build/Debug-xros/Internal.build/DerivedSources-normal/arm64 -I/Users/admin/builder/spi-builder-workspace/.derivedData/Build/Intermediates.noindex/TextStory.build/Debug-xros/Internal.build/DerivedSources/arm64 -I/Users/admin/builder/spi-builder-workspace/.derivedData/Build/Intermediates.noindex/TextStory.build/Debug-xros/Internal.build/DerivedSources -F/Users/admin/builder/spi-builder-workspace/.derivedData/Build/Products/Debug-xros -iframework /Applications/Xcode-26.3.0.app/Contents/Developer/Platforms/XROS.platform/Developer/Library/Frameworks -iframework /Applications/Xcode-26.3.0.app/Contents/Developer/Platforms/XROS.platform/Developer/SDKs/XROS26.2.sdk/Developer/Library/Frameworks -DXcode
Copy /Users/admin/builder/spi-builder-workspace/.derivedData/Build/Intermediates.noindex/GeneratedModuleMaps-xros/InternalCollectionsUtilities.modulemap /Users/admin/builder/spi-builder-workspace/.derivedData/Build/Intermediates.noindex/swift-collections.build/Debug-xros/InternalCollectionsUtilities.build/InternalCollectionsUtilities.modulemap (in target 'InternalCollectionsUtilities' from project 'swift-collections')
cd /Users/admin/builder/spi-builder-workspace/.dependencies/checkouts/swift-collections
builtin-copy -exclude .DS_Store -exclude CVS -exclude .svn -exclude .git -exclude .hg -resolve-src-symlinks /Users/admin/builder/spi-builder-workspace/.derivedData/Build/Intermediates.noindex/swift-collections.build/Debug-xros/InternalCollectionsUtilities.build/InternalCollectionsUtilities.modulemap /Users/admin/builder/spi-builder-workspace/.derivedData/Build/Intermediates.noindex/GeneratedModuleMaps-xros
Copy /Users/admin/builder/spi-builder-workspace/.derivedData/Build/Intermediates.noindex/GeneratedModuleMaps-xros/Internal.modulemap /Users/admin/builder/spi-builder-workspace/.derivedData/Build/Intermediates.noindex/TextStory.build/Debug-xros/Internal.build/Internal.modulemap (in target 'Internal' from project 'TextStory')
cd /Users/admin/builder/spi-builder-workspace/.dependencies/checkouts/TextStory
builtin-copy -exclude .DS_Store -exclude CVS -exclude .svn -exclude .git -exclude .hg -resolve-src-symlinks /Users/admin/builder/spi-builder-workspace/.derivedData/Build/Intermediates.noindex/TextStory.build/Debug-xros/Internal.build/Internal.modulemap /Users/admin/builder/spi-builder-workspace/.derivedData/Build/Intermediates.noindex/GeneratedModuleMaps-xros
WriteAuxiliaryFile /Users/admin/builder/spi-builder-workspace/.derivedData/Build/Intermediates.noindex/Rearrange.build/Debug-xros/Rearrange.build/Rearrange.DependencyStaticMetadataFileList (in target 'Rearrange' from project 'Rearrange')
cd /Users/admin/builder/spi-builder-workspace/.dependencies/checkouts/Rearrange
write-file /Users/admin/builder/spi-builder-workspace/.derivedData/Build/Intermediates.noindex/Rearrange.build/Debug-xros/Rearrange.build/Rearrange.DependencyStaticMetadataFileList
WriteAuxiliaryFile /Users/admin/builder/spi-builder-workspace/.derivedData/Build/Intermediates.noindex/Rearrange.build/Debug-xros/Rearrange.build/Rearrange.DependencyMetadataFileList (in target 'Rearrange' from project 'Rearrange')
cd /Users/admin/builder/spi-builder-workspace/.dependencies/checkouts/Rearrange
write-file /Users/admin/builder/spi-builder-workspace/.derivedData/Build/Intermediates.noindex/Rearrange.build/Debug-xros/Rearrange.build/Rearrange.DependencyMetadataFileList
WriteAuxiliaryFile /Users/admin/builder/spi-builder-workspace/.derivedData/Build/Intermediates.noindex/Rearrange.build/Debug-xros/Rearrange.build/Rearrange.modulemap (in target 'Rearrange' from project 'Rearrange')
cd /Users/admin/builder/spi-builder-workspace/.dependencies/checkouts/Rearrange
write-file /Users/admin/builder/spi-builder-workspace/.derivedData/Build/Intermediates.noindex/Rearrange.build/Debug-xros/Rearrange.build/Rearrange.modulemap
WriteAuxiliaryFile /Users/admin/builder/spi-builder-workspace/.derivedData/Build/Intermediates.noindex/Rearrange.build/Debug-xros/Rearrange.build/Objects-normal/arm64/Rearrange.SwiftFileList (in target 'Rearrange' from project 'Rearrange')
cd /Users/admin/builder/spi-builder-workspace/.dependencies/checkouts/Rearrange
write-file /Users/admin/builder/spi-builder-workspace/.derivedData/Build/Intermediates.noindex/Rearrange.build/Debug-xros/Rearrange.build/Objects-normal/arm64/Rearrange.SwiftFileList
WriteAuxiliaryFile /Users/admin/builder/spi-builder-workspace/.derivedData/Build/Intermediates.noindex/Rearrange.build/Debug-xros/Rearrange.build/Objects-normal/arm64/Rearrange.SwiftConstValuesFileList (in target 'Rearrange' from project 'Rearrange')
cd /Users/admin/builder/spi-builder-workspace/.dependencies/checkouts/Rearrange
write-file /Users/admin/builder/spi-builder-workspace/.derivedData/Build/Intermediates.noindex/Rearrange.build/Debug-xros/Rearrange.build/Objects-normal/arm64/Rearrange.SwiftConstValuesFileList
WriteAuxiliaryFile /Users/admin/builder/spi-builder-workspace/.derivedData/Build/Intermediates.noindex/Rearrange.build/Debug-xros/Rearrange.build/Objects-normal/arm64/Rearrange_const_extract_protocols.json (in target 'Rearrange' from project 'Rearrange')
cd /Users/admin/builder/spi-builder-workspace/.dependencies/checkouts/Rearrange
write-file /Users/admin/builder/spi-builder-workspace/.derivedData/Build/Intermediates.noindex/Rearrange.build/Debug-xros/Rearrange.build/Objects-normal/arm64/Rearrange_const_extract_protocols.json
WriteAuxiliaryFile /Users/admin/builder/spi-builder-workspace/.derivedData/Build/Intermediates.noindex/Rearrange.build/Debug-xros/Rearrange.build/Objects-normal/arm64/Rearrange.LinkFileList (in target 'Rearrange' from project 'Rearrange')
cd /Users/admin/builder/spi-builder-workspace/.dependencies/checkouts/Rearrange
write-file /Users/admin/builder/spi-builder-workspace/.derivedData/Build/Intermediates.noindex/Rearrange.build/Debug-xros/Rearrange.build/Objects-normal/arm64/Rearrange.LinkFileList
WriteAuxiliaryFile /Users/admin/builder/spi-builder-workspace/.derivedData/Build/Intermediates.noindex/Rearrange.build/Debug-xros/Rearrange.build/Objects-normal/arm64/Rearrange-OutputFileMap.json (in target 'Rearrange' from project 'Rearrange')
cd /Users/admin/builder/spi-builder-workspace/.dependencies/checkouts/Rearrange
write-file /Users/admin/builder/spi-builder-workspace/.derivedData/Build/Intermediates.noindex/Rearrange.build/Debug-xros/Rearrange.build/Objects-normal/arm64/Rearrange-OutputFileMap.json
Copy /Users/admin/builder/spi-builder-workspace/.derivedData/Build/Intermediates.noindex/GeneratedModuleMaps-xros/Rearrange.modulemap /Users/admin/builder/spi-builder-workspace/.derivedData/Build/Intermediates.noindex/Rearrange.build/Debug-xros/Rearrange.build/Rearrange.modulemap (in target 'Rearrange' from project 'Rearrange')
cd /Users/admin/builder/spi-builder-workspace/.dependencies/checkouts/Rearrange
builtin-copy -exclude .DS_Store -exclude CVS -exclude .svn -exclude .git -exclude .hg -resolve-src-symlinks /Users/admin/builder/spi-builder-workspace/.derivedData/Build/Intermediates.noindex/Rearrange.build/Debug-xros/Rearrange.build/Rearrange.modulemap /Users/admin/builder/spi-builder-workspace/.derivedData/Build/Intermediates.noindex/GeneratedModuleMaps-xros
WriteAuxiliaryFile /Users/admin/builder/spi-builder-workspace/.derivedData/Build/Intermediates.noindex/swift-collections.build/Debug-xros/HeapModule.build/Objects-normal/arm64/HeapModule.SwiftFileList (in target 'HeapModule' from project 'swift-collections')
cd /Users/admin/builder/spi-builder-workspace/.dependencies/checkouts/swift-collections
write-file /Users/admin/builder/spi-builder-workspace/.derivedData/Build/Intermediates.noindex/swift-collections.build/Debug-xros/HeapModule.build/Objects-normal/arm64/HeapModule.SwiftFileList
WriteAuxiliaryFile /Users/admin/builder/spi-builder-workspace/.derivedData/Build/Intermediates.noindex/swift-collections.build/Debug-xros/HeapModule.build/Objects-normal/arm64/HeapModule.SwiftConstValuesFileList (in target 'HeapModule' from project 'swift-collections')
cd /Users/admin/builder/spi-builder-workspace/.dependencies/checkouts/swift-collections
write-file /Users/admin/builder/spi-builder-workspace/.derivedData/Build/Intermediates.noindex/swift-collections.build/Debug-xros/HeapModule.build/Objects-normal/arm64/HeapModule.SwiftConstValuesFileList
WriteAuxiliaryFile /Users/admin/builder/spi-builder-workspace/.derivedData/Build/Intermediates.noindex/swift-collections.build/Debug-xros/HeapModule.build/Objects-normal/arm64/HeapModule_const_extract_protocols.json (in target 'HeapModule' from project 'swift-collections')
cd /Users/admin/builder/spi-builder-workspace/.dependencies/checkouts/swift-collections
write-file /Users/admin/builder/spi-builder-workspace/.derivedData/Build/Intermediates.noindex/swift-collections.build/Debug-xros/HeapModule.build/Objects-normal/arm64/HeapModule_const_extract_protocols.json
WriteAuxiliaryFile /Users/admin/builder/spi-builder-workspace/.derivedData/Build/Intermediates.noindex/swift-collections.build/Debug-xros/HeapModule.build/Objects-normal/arm64/HeapModule.LinkFileList (in target 'HeapModule' from project 'swift-collections')
cd /Users/admin/builder/spi-builder-workspace/.dependencies/checkouts/swift-collections
write-file /Users/admin/builder/spi-builder-workspace/.derivedData/Build/Intermediates.noindex/swift-collections.build/Debug-xros/HeapModule.build/Objects-normal/arm64/HeapModule.LinkFileList
WriteAuxiliaryFile /Users/admin/builder/spi-builder-workspace/.derivedData/Build/Intermediates.noindex/swift-collections.build/Debug-xros/HeapModule.build/Objects-normal/arm64/HeapModule-OutputFileMap.json (in target 'HeapModule' from project 'swift-collections')
cd /Users/admin/builder/spi-builder-workspace/.dependencies/checkouts/swift-collections
write-file /Users/admin/builder/spi-builder-workspace/.derivedData/Build/Intermediates.noindex/swift-collections.build/Debug-xros/HeapModule.build/Objects-normal/arm64/HeapModule-OutputFileMap.json
WriteAuxiliaryFile /Users/admin/builder/spi-builder-workspace/.derivedData/Build/Intermediates.noindex/swift-collections.build/Debug-xros/HeapModule.build/HeapModule.modulemap (in target 'HeapModule' from project 'swift-collections')
cd /Users/admin/builder/spi-builder-workspace/.dependencies/checkouts/swift-collections
write-file /Users/admin/builder/spi-builder-workspace/.derivedData/Build/Intermediates.noindex/swift-collections.build/Debug-xros/HeapModule.build/HeapModule.modulemap
WriteAuxiliaryFile /Users/admin/builder/spi-builder-workspace/.derivedData/Build/Intermediates.noindex/swift-collections.build/Debug-xros/HeapModule.build/HeapModule.DependencyStaticMetadataFileList (in target 'HeapModule' from project 'swift-collections')
cd /Users/admin/builder/spi-builder-workspace/.dependencies/checkouts/swift-collections
write-file /Users/admin/builder/spi-builder-workspace/.derivedData/Build/Intermediates.noindex/swift-collections.build/Debug-xros/HeapModule.build/HeapModule.DependencyStaticMetadataFileList
WriteAuxiliaryFile /Users/admin/builder/spi-builder-workspace/.derivedData/Build/Intermediates.noindex/swift-collections.build/Debug-xros/HeapModule.build/HeapModule.DependencyMetadataFileList (in target 'HeapModule' from project 'swift-collections')
cd /Users/admin/builder/spi-builder-workspace/.dependencies/checkouts/swift-collections
write-file /Users/admin/builder/spi-builder-workspace/.derivedData/Build/Intermediates.noindex/swift-collections.build/Debug-xros/HeapModule.build/HeapModule.DependencyMetadataFileList
WriteAuxiliaryFile /Users/admin/builder/spi-builder-workspace/.derivedData/Build/Intermediates.noindex/swift-collections.build/Debug-xros/HashTreeCollections.build/HashTreeCollections.modulemap (in target 'HashTreeCollections' from project 'swift-collections')
cd /Users/admin/builder/spi-builder-workspace/.dependencies/checkouts/swift-collections
write-file /Users/admin/builder/spi-builder-workspace/.derivedData/Build/Intermediates.noindex/swift-collections.build/Debug-xros/HashTreeCollections.build/HashTreeCollections.modulemap
WriteAuxiliaryFile /Users/admin/builder/spi-builder-workspace/.derivedData/Build/Intermediates.noindex/swift-collections.build/Debug-xros/HashTreeCollections.build/HashTreeCollections.DependencyStaticMetadataFileList (in target 'HashTreeCollections' from project 'swift-collections')
cd /Users/admin/builder/spi-builder-workspace/.dependencies/checkouts/swift-collections
write-file /Users/admin/builder/spi-builder-workspace/.derivedData/Build/Intermediates.noindex/swift-collections.build/Debug-xros/HashTreeCollections.build/HashTreeCollections.DependencyStaticMetadataFileList
WriteAuxiliaryFile /Users/admin/builder/spi-builder-workspace/.derivedData/Build/Intermediates.noindex/swift-collections.build/Debug-xros/HashTreeCollections.build/Objects-normal/arm64/HashTreeCollections.SwiftConstValuesFileList (in target 'HashTreeCollections' from project 'swift-collections')
cd /Users/admin/builder/spi-builder-workspace/.dependencies/checkouts/swift-collections
write-file /Users/admin/builder/spi-builder-workspace/.derivedData/Build/Intermediates.noindex/swift-collections.build/Debug-xros/HashTreeCollections.build/Objects-normal/arm64/HashTreeCollections.SwiftConstValuesFileList
WriteAuxiliaryFile /Users/admin/builder/spi-builder-workspace/.derivedData/Build/Intermediates.noindex/swift-collections.build/Debug-xros/HashTreeCollections.build/Objects-normal/arm64/HashTreeCollections.LinkFileList (in target 'HashTreeCollections' from project 'swift-collections')
cd /Users/admin/builder/spi-builder-workspace/.dependencies/checkouts/swift-collections
write-file /Users/admin/builder/spi-builder-workspace/.derivedData/Build/Intermediates.noindex/swift-collections.build/Debug-xros/HashTreeCollections.build/Objects-normal/arm64/HashTreeCollections.LinkFileList
WriteAuxiliaryFile /Users/admin/builder/spi-builder-workspace/.derivedData/Build/Intermediates.noindex/swift-collections.build/Debug-xros/HashTreeCollections.build/Objects-normal/arm64/HashTreeCollections_const_extract_protocols.json (in target 'HashTreeCollections' from project 'swift-collections')
cd /Users/admin/builder/spi-builder-workspace/.dependencies/checkouts/swift-collections
write-file /Users/admin/builder/spi-builder-workspace/.derivedData/Build/Intermediates.noindex/swift-collections.build/Debug-xros/HashTreeCollections.build/Objects-normal/arm64/HashTreeCollections_const_extract_protocols.json
WriteAuxiliaryFile /Users/admin/builder/spi-builder-workspace/.derivedData/Build/Intermediates.noindex/swift-collections.build/Debug-xros/HashTreeCollections.build/Objects-normal/arm64/HashTreeCollections-OutputFileMap.json (in target 'HashTreeCollections' from project 'swift-collections')
cd /Users/admin/builder/spi-builder-workspace/.dependencies/checkouts/swift-collections
write-file /Users/admin/builder/spi-builder-workspace/.derivedData/Build/Intermediates.noindex/swift-collections.build/Debug-xros/HashTreeCollections.build/Objects-normal/arm64/HashTreeCollections-OutputFileMap.json
WriteAuxiliaryFile /Users/admin/builder/spi-builder-workspace/.derivedData/Build/Intermediates.noindex/swift-collections.build/Debug-xros/HashTreeCollections.build/Objects-normal/arm64/HashTreeCollections.SwiftFileList (in target 'HashTreeCollections' from project 'swift-collections')
cd /Users/admin/builder/spi-builder-workspace/.dependencies/checkouts/swift-collections
write-file /Users/admin/builder/spi-builder-workspace/.derivedData/Build/Intermediates.noindex/swift-collections.build/Debug-xros/HashTreeCollections.build/Objects-normal/arm64/HashTreeCollections.SwiftFileList
Copy /Users/admin/builder/spi-builder-workspace/.derivedData/Build/Intermediates.noindex/GeneratedModuleMaps-xros/HeapModule.modulemap /Users/admin/builder/spi-builder-workspace/.derivedData/Build/Intermediates.noindex/swift-collections.build/Debug-xros/HeapModule.build/HeapModule.modulemap (in target 'HeapModule' from project 'swift-collections')
cd /Users/admin/builder/spi-builder-workspace/.dependencies/checkouts/swift-collections
builtin-copy -exclude .DS_Store -exclude CVS -exclude .svn -exclude .git -exclude .hg -resolve-src-symlinks /Users/admin/builder/spi-builder-workspace/.derivedData/Build/Intermediates.noindex/swift-collections.build/Debug-xros/HeapModule.build/HeapModule.modulemap /Users/admin/builder/spi-builder-workspace/.derivedData/Build/Intermediates.noindex/GeneratedModuleMaps-xros
WriteAuxiliaryFile /Users/admin/builder/spi-builder-workspace/.derivedData/Build/Intermediates.noindex/swift-collections.build/Debug-xros/HashTreeCollections.build/HashTreeCollections.DependencyMetadataFileList (in target 'HashTreeCollections' from project 'swift-collections')
cd /Users/admin/builder/spi-builder-workspace/.dependencies/checkouts/swift-collections
write-file /Users/admin/builder/spi-builder-workspace/.derivedData/Build/Intermediates.noindex/swift-collections.build/Debug-xros/HashTreeCollections.build/HashTreeCollections.DependencyMetadataFileList
Copy /Users/admin/builder/spi-builder-workspace/.derivedData/Build/Intermediates.noindex/GeneratedModuleMaps-xros/HashTreeCollections.modulemap /Users/admin/builder/spi-builder-workspace/.derivedData/Build/Intermediates.noindex/swift-collections.build/Debug-xros/HashTreeCollections.build/HashTreeCollections.modulemap (in target 'HashTreeCollections' from project 'swift-collections')
cd /Users/admin/builder/spi-builder-workspace/.dependencies/checkouts/swift-collections
builtin-copy -exclude .DS_Store -exclude CVS -exclude .svn -exclude .git -exclude .hg -resolve-src-symlinks /Users/admin/builder/spi-builder-workspace/.derivedData/Build/Intermediates.noindex/swift-collections.build/Debug-xros/HashTreeCollections.build/HashTreeCollections.modulemap /Users/admin/builder/spi-builder-workspace/.derivedData/Build/Intermediates.noindex/GeneratedModuleMaps-xros
WriteAuxiliaryFile /Users/admin/builder/spi-builder-workspace/.derivedData/Build/Intermediates.noindex/swift-collections.build/Debug-xros/DequeModule.build/DequeModule.modulemap (in target 'DequeModule' from project 'swift-collections')
cd /Users/admin/builder/spi-builder-workspace/.dependencies/checkouts/swift-collections
write-file /Users/admin/builder/spi-builder-workspace/.derivedData/Build/Intermediates.noindex/swift-collections.build/Debug-xros/DequeModule.build/DequeModule.modulemap
WriteAuxiliaryFile /Users/admin/builder/spi-builder-workspace/.derivedData/Build/Intermediates.noindex/swift-collections.build/Debug-xros/DequeModule.build/Objects-normal/arm64/DequeModule.SwiftConstValuesFileList (in target 'DequeModule' from project 'swift-collections')
cd /Users/admin/builder/spi-builder-workspace/.dependencies/checkouts/swift-collections
write-file /Users/admin/builder/spi-builder-workspace/.derivedData/Build/Intermediates.noindex/swift-collections.build/Debug-xros/DequeModule.build/Objects-normal/arm64/DequeModule.SwiftConstValuesFileList
WriteAuxiliaryFile /Users/admin/builder/spi-builder-workspace/.derivedData/Build/Intermediates.noindex/swift-collections.build/Debug-xros/DequeModule.build/Objects-normal/arm64/DequeModule.LinkFileList (in target 'DequeModule' from project 'swift-collections')
cd /Users/admin/builder/spi-builder-workspace/.dependencies/checkouts/swift-collections
write-file /Users/admin/builder/spi-builder-workspace/.derivedData/Build/Intermediates.noindex/swift-collections.build/Debug-xros/DequeModule.build/Objects-normal/arm64/DequeModule.LinkFileList
WriteAuxiliaryFile /Users/admin/builder/spi-builder-workspace/.derivedData/Build/Intermediates.noindex/swift-collections.build/Debug-xros/DequeModule.build/Objects-normal/arm64/DequeModule.SwiftFileList (in target 'DequeModule' from project 'swift-collections')
cd /Users/admin/builder/spi-builder-workspace/.dependencies/checkouts/swift-collections
write-file /Users/admin/builder/spi-builder-workspace/.derivedData/Build/Intermediates.noindex/swift-collections.build/Debug-xros/DequeModule.build/Objects-normal/arm64/DequeModule.SwiftFileList
WriteAuxiliaryFile /Users/admin/builder/spi-builder-workspace/.derivedData/Build/Intermediates.noindex/swift-collections.build/Debug-xros/DequeModule.build/Objects-normal/arm64/DequeModule_const_extract_protocols.json (in target 'DequeModule' from project 'swift-collections')
cd /Users/admin/builder/spi-builder-workspace/.dependencies/checkouts/swift-collections
write-file /Users/admin/builder/spi-builder-workspace/.derivedData/Build/Intermediates.noindex/swift-collections.build/Debug-xros/DequeModule.build/Objects-normal/arm64/DequeModule_const_extract_protocols.json
WriteAuxiliaryFile /Users/admin/builder/spi-builder-workspace/.derivedData/Build/Intermediates.noindex/swift-collections.build/Debug-xros/DequeModule.build/Objects-normal/arm64/DequeModule-OutputFileMap.json (in target 'DequeModule' from project 'swift-collections')
cd /Users/admin/builder/spi-builder-workspace/.dependencies/checkouts/swift-collections
write-file /Users/admin/builder/spi-builder-workspace/.derivedData/Build/Intermediates.noindex/swift-collections.build/Debug-xros/DequeModule.build/Objects-normal/arm64/DequeModule-OutputFileMap.json
WriteAuxiliaryFile /Users/admin/builder/spi-builder-workspace/.derivedData/Build/Intermediates.noindex/swift-collections.build/Debug-xros/DequeModule.build/DequeModule.DependencyStaticMetadataFileList (in target 'DequeModule' from project 'swift-collections')
cd /Users/admin/builder/spi-builder-workspace/.dependencies/checkouts/swift-collections
write-file /Users/admin/builder/spi-builder-workspace/.derivedData/Build/Intermediates.noindex/swift-collections.build/Debug-xros/DequeModule.build/DequeModule.DependencyStaticMetadataFileList
WriteAuxiliaryFile /Users/admin/builder/spi-builder-workspace/.derivedData/Build/Intermediates.noindex/swift-collections.build/Debug-xros/DequeModule.build/DequeModule.DependencyMetadataFileList (in target 'DequeModule' from project 'swift-collections')
cd /Users/admin/builder/spi-builder-workspace/.dependencies/checkouts/swift-collections
write-file /Users/admin/builder/spi-builder-workspace/.derivedData/Build/Intermediates.noindex/swift-collections.build/Debug-xros/DequeModule.build/DequeModule.DependencyMetadataFileList
Copy /Users/admin/builder/spi-builder-workspace/.derivedData/Build/Intermediates.noindex/GeneratedModuleMaps-xros/DequeModule.modulemap /Users/admin/builder/spi-builder-workspace/.derivedData/Build/Intermediates.noindex/swift-collections.build/Debug-xros/DequeModule.build/DequeModule.modulemap (in target 'DequeModule' from project 'swift-collections')
cd /Users/admin/builder/spi-builder-workspace/.dependencies/checkouts/swift-collections
builtin-copy -exclude .DS_Store -exclude CVS -exclude .svn -exclude .git -exclude .hg -resolve-src-symlinks /Users/admin/builder/spi-builder-workspace/.derivedData/Build/Intermediates.noindex/swift-collections.build/Debug-xros/DequeModule.build/DequeModule.modulemap /Users/admin/builder/spi-builder-workspace/.derivedData/Build/Intermediates.noindex/GeneratedModuleMaps-xros
WriteAuxiliaryFile /Users/admin/builder/spi-builder-workspace/.derivedData/Build/Intermediates.noindex/swift-collections.build/Debug-xros/ContainersPreview.build/Objects-normal/arm64/ContainersPreview_const_extract_protocols.json (in target 'ContainersPreview' from project 'swift-collections')
cd /Users/admin/builder/spi-builder-workspace/.dependencies/checkouts/swift-collections
write-file /Users/admin/builder/spi-builder-workspace/.derivedData/Build/Intermediates.noindex/swift-collections.build/Debug-xros/ContainersPreview.build/Objects-normal/arm64/ContainersPreview_const_extract_protocols.json
WriteAuxiliaryFile /Users/admin/builder/spi-builder-workspace/.derivedData/Build/Intermediates.noindex/swift-collections.build/Debug-xros/ContainersPreview.build/Objects-normal/arm64/ContainersPreview.SwiftFileList (in target 'ContainersPreview' from project 'swift-collections')
cd /Users/admin/builder/spi-builder-workspace/.dependencies/checkouts/swift-collections
write-file /Users/admin/builder/spi-builder-workspace/.derivedData/Build/Intermediates.noindex/swift-collections.build/Debug-xros/ContainersPreview.build/Objects-normal/arm64/ContainersPreview.SwiftFileList
WriteAuxiliaryFile /Users/admin/builder/spi-builder-workspace/.derivedData/Build/Intermediates.noindex/swift-collections.build/Debug-xros/ContainersPreview.build/Objects-normal/arm64/ContainersPreview.SwiftConstValuesFileList (in target 'ContainersPreview' from project 'swift-collections')
cd /Users/admin/builder/spi-builder-workspace/.dependencies/checkouts/swift-collections
write-file /Users/admin/builder/spi-builder-workspace/.derivedData/Build/Intermediates.noindex/swift-collections.build/Debug-xros/ContainersPreview.build/Objects-normal/arm64/ContainersPreview.SwiftConstValuesFileList
WriteAuxiliaryFile /Users/admin/builder/spi-builder-workspace/.derivedData/Build/Intermediates.noindex/swift-collections.build/Debug-xros/ContainersPreview.build/Objects-normal/arm64/ContainersPreview-OutputFileMap.json (in target 'ContainersPreview' from project 'swift-collections')
cd /Users/admin/builder/spi-builder-workspace/.dependencies/checkouts/swift-collections
write-file /Users/admin/builder/spi-builder-workspace/.derivedData/Build/Intermediates.noindex/swift-collections.build/Debug-xros/ContainersPreview.build/Objects-normal/arm64/ContainersPreview-OutputFileMap.json
WriteAuxiliaryFile /Users/admin/builder/spi-builder-workspace/.derivedData/Build/Intermediates.noindex/swift-collections.build/Debug-xros/ContainersPreview.build/Objects-normal/arm64/ContainersPreview.LinkFileList (in target 'ContainersPreview' from project 'swift-collections')
cd /Users/admin/builder/spi-builder-workspace/.dependencies/checkouts/swift-collections
write-file /Users/admin/builder/spi-builder-workspace/.derivedData/Build/Intermediates.noindex/swift-collections.build/Debug-xros/ContainersPreview.build/Objects-normal/arm64/ContainersPreview.LinkFileList
WriteAuxiliaryFile /Users/admin/builder/spi-builder-workspace/.derivedData/Build/Intermediates.noindex/swift-collections.build/Debug-xros/ContainersPreview.build/ContainersPreview.DependencyStaticMetadataFileList (in target 'ContainersPreview' from project 'swift-collections')
cd /Users/admin/builder/spi-builder-workspace/.dependencies/checkouts/swift-collections
write-file /Users/admin/builder/spi-builder-workspace/.derivedData/Build/Intermediates.noindex/swift-collections.build/Debug-xros/ContainersPreview.build/ContainersPreview.DependencyStaticMetadataFileList
WriteAuxiliaryFile /Users/admin/builder/spi-builder-workspace/.derivedData/Build/Intermediates.noindex/swift-collections.build/Debug-xros/ContainersPreview.build/ContainersPreview.modulemap (in target 'ContainersPreview' from project 'swift-collections')
cd /Users/admin/builder/spi-builder-workspace/.dependencies/checkouts/swift-collections
write-file /Users/admin/builder/spi-builder-workspace/.derivedData/Build/Intermediates.noindex/swift-collections.build/Debug-xros/ContainersPreview.build/ContainersPreview.modulemap
WriteAuxiliaryFile /Users/admin/builder/spi-builder-workspace/.derivedData/Build/Intermediates.noindex/swift-collections.build/Debug-xros/ContainersPreview.build/ContainersPreview.DependencyMetadataFileList (in target 'ContainersPreview' from project 'swift-collections')
cd /Users/admin/builder/spi-builder-workspace/.dependencies/checkouts/swift-collections
write-file /Users/admin/builder/spi-builder-workspace/.derivedData/Build/Intermediates.noindex/swift-collections.build/Debug-xros/ContainersPreview.build/ContainersPreview.DependencyMetadataFileList
WriteAuxiliaryFile /Users/admin/builder/spi-builder-workspace/.derivedData/Build/Intermediates.noindex/swift-collections.build/Debug-xros/Collections.build/Objects-normal/arm64/Collections.LinkFileList (in target 'Collections' from project 'swift-collections')
cd /Users/admin/builder/spi-builder-workspace/.dependencies/checkouts/swift-collections
write-file /Users/admin/builder/spi-builder-workspace/.derivedData/Build/Intermediates.noindex/swift-collections.build/Debug-xros/Collections.build/Objects-normal/arm64/Collections.LinkFileList
WriteAuxiliaryFile /Users/admin/builder/spi-builder-workspace/.derivedData/Build/Intermediates.noindex/swift-collections.build/Debug-xros/Collections.build/Collections.modulemap (in target 'Collections' from project 'swift-collections')
cd /Users/admin/builder/spi-builder-workspace/.dependencies/checkouts/swift-collections
write-file /Users/admin/builder/spi-builder-workspace/.derivedData/Build/Intermediates.noindex/swift-collections.build/Debug-xros/Collections.build/Collections.modulemap
WriteAuxiliaryFile /Users/admin/builder/spi-builder-workspace/.derivedData/Build/Intermediates.noindex/swift-collections.build/Debug-xros/Collections.build/Objects-normal/arm64/Collections.SwiftFileList (in target 'Collections' from project 'swift-collections')
cd /Users/admin/builder/spi-builder-workspace/.dependencies/checkouts/swift-collections
write-file /Users/admin/builder/spi-builder-workspace/.derivedData/Build/Intermediates.noindex/swift-collections.build/Debug-xros/Collections.build/Objects-normal/arm64/Collections.SwiftFileList
WriteAuxiliaryFile /Users/admin/builder/spi-builder-workspace/.derivedData/Build/Intermediates.noindex/swift-collections.build/Debug-xros/Collections.build/Objects-normal/arm64/Collections_const_extract_protocols.json (in target 'Collections' from project 'swift-collections')
cd /Users/admin/builder/spi-builder-workspace/.dependencies/checkouts/swift-collections
write-file /Users/admin/builder/spi-builder-workspace/.derivedData/Build/Intermediates.noindex/swift-collections.build/Debug-xros/Collections.build/Objects-normal/arm64/Collections_const_extract_protocols.json
WriteAuxiliaryFile /Users/admin/builder/spi-builder-workspace/.derivedData/Build/Intermediates.noindex/swift-collections.build/Debug-xros/Collections.build/Objects-normal/arm64/Collections-OutputFileMap.json (in target 'Collections' from project 'swift-collections')
cd /Users/admin/builder/spi-builder-workspace/.dependencies/checkouts/swift-collections
write-file /Users/admin/builder/spi-builder-workspace/.derivedData/Build/Intermediates.noindex/swift-collections.build/Debug-xros/Collections.build/Objects-normal/arm64/Collections-OutputFileMap.json
WriteAuxiliaryFile /Users/admin/builder/spi-builder-workspace/.derivedData/Build/Intermediates.noindex/swift-collections.build/Debug-xros/Collections.build/Objects-normal/arm64/Collections.SwiftConstValuesFileList (in target 'Collections' from project 'swift-collections')
cd /Users/admin/builder/spi-builder-workspace/.dependencies/checkouts/swift-collections
write-file /Users/admin/builder/spi-builder-workspace/.derivedData/Build/Intermediates.noindex/swift-collections.build/Debug-xros/Collections.build/Objects-normal/arm64/Collections.SwiftConstValuesFileList
WriteAuxiliaryFile /Users/admin/builder/spi-builder-workspace/.derivedData/Build/Intermediates.noindex/swift-collections.build/Debug-xros/Collections.build/Collections.DependencyStaticMetadataFileList (in target 'Collections' from project 'swift-collections')
cd /Users/admin/builder/spi-builder-workspace/.dependencies/checkouts/swift-collections
write-file /Users/admin/builder/spi-builder-workspace/.derivedData/Build/Intermediates.noindex/swift-collections.build/Debug-xros/Collections.build/Collections.DependencyStaticMetadataFileList
Copy /Users/admin/builder/spi-builder-workspace/.derivedData/Build/Intermediates.noindex/GeneratedModuleMaps-xros/ContainersPreview.modulemap /Users/admin/builder/spi-builder-workspace/.derivedData/Build/Intermediates.noindex/swift-collections.build/Debug-xros/ContainersPreview.build/ContainersPreview.modulemap (in target 'ContainersPreview' from project 'swift-collections')
cd /Users/admin/builder/spi-builder-workspace/.dependencies/checkouts/swift-collections
builtin-copy -exclude .DS_Store -exclude CVS -exclude .svn -exclude .git -exclude .hg -resolve-src-symlinks /Users/admin/builder/spi-builder-workspace/.derivedData/Build/Intermediates.noindex/swift-collections.build/Debug-xros/ContainersPreview.build/ContainersPreview.modulemap /Users/admin/builder/spi-builder-workspace/.derivedData/Build/Intermediates.noindex/GeneratedModuleMaps-xros
WriteAuxiliaryFile /Users/admin/builder/spi-builder-workspace/.derivedData/Build/Intermediates.noindex/swift-collections.build/Debug-xros/Collections.build/Collections.DependencyMetadataFileList (in target 'Collections' from project 'swift-collections')
cd /Users/admin/builder/spi-builder-workspace/.dependencies/checkouts/swift-collections
write-file /Users/admin/builder/spi-builder-workspace/.derivedData/Build/Intermediates.noindex/swift-collections.build/Debug-xros/Collections.build/Collections.DependencyMetadataFileList
Copy /Users/admin/builder/spi-builder-workspace/.derivedData/Build/Intermediates.noindex/GeneratedModuleMaps-xros/Collections.modulemap /Users/admin/builder/spi-builder-workspace/.derivedData/Build/Intermediates.noindex/swift-collections.build/Debug-xros/Collections.build/Collections.modulemap (in target 'Collections' from project 'swift-collections')
cd /Users/admin/builder/spi-builder-workspace/.dependencies/checkouts/swift-collections
builtin-copy -exclude .DS_Store -exclude CVS -exclude .svn -exclude .git -exclude .hg -resolve-src-symlinks /Users/admin/builder/spi-builder-workspace/.derivedData/Build/Intermediates.noindex/swift-collections.build/Debug-xros/Collections.build/Collections.modulemap /Users/admin/builder/spi-builder-workspace/.derivedData/Build/Intermediates.noindex/GeneratedModuleMaps-xros
WriteAuxiliaryFile /Users/admin/builder/spi-builder-workspace/.derivedData/Build/Intermediates.noindex/CodeEditTextView.build/Debug-xros/CodeEditTextViewObjC.build/CodeEditTextViewObjC.DependencyStaticMetadataFileList (in target 'CodeEditTextViewObjC' from project 'CodeEditTextView')
cd /Users/admin/builder/spi-builder-workspace
write-file /Users/admin/builder/spi-builder-workspace/.derivedData/Build/Intermediates.noindex/CodeEditTextView.build/Debug-xros/CodeEditTextViewObjC.build/CodeEditTextViewObjC.DependencyStaticMetadataFileList
WriteAuxiliaryFile /Users/admin/builder/spi-builder-workspace/.derivedData/Build/Intermediates.noindex/CodeEditTextView.build/Debug-xros/CodeEditTextViewObjC.build/CodeEditTextViewObjC.DependencyMetadataFileList (in target 'CodeEditTextViewObjC' from project 'CodeEditTextView')
cd /Users/admin/builder/spi-builder-workspace
write-file /Users/admin/builder/spi-builder-workspace/.derivedData/Build/Intermediates.noindex/CodeEditTextView.build/Debug-xros/CodeEditTextViewObjC.build/CodeEditTextViewObjC.DependencyMetadataFileList
WriteAuxiliaryFile /Users/admin/builder/spi-builder-workspace/.derivedData/Build/Intermediates.noindex/CodeEditTextView.build/Debug-xros/CodeEditTextViewObjC.build/Objects-normal/arm64/CodeEditTextViewObjC.LinkFileList (in target 'CodeEditTextViewObjC' from project 'CodeEditTextView')
cd /Users/admin/builder/spi-builder-workspace
write-file /Users/admin/builder/spi-builder-workspace/.derivedData/Build/Intermediates.noindex/CodeEditTextView.build/Debug-xros/CodeEditTextViewObjC.build/Objects-normal/arm64/CodeEditTextViewObjC.LinkFileList
WriteAuxiliaryFile /Users/admin/builder/spi-builder-workspace/.derivedData/Build/Intermediates.noindex/CodeEditTextView.build/Debug-xros/CodeEditTextViewObjC.build/Objects-normal/arm64/e6072d4f65d7061329687fe24e3d63a7-common-args.resp (in target 'CodeEditTextViewObjC' from project 'CodeEditTextView')
cd /Users/admin/builder/spi-builder-workspace
write-file /Users/admin/builder/spi-builder-workspace/.derivedData/Build/Intermediates.noindex/CodeEditTextView.build/Debug-xros/CodeEditTextViewObjC.build/Objects-normal/arm64/e6072d4f65d7061329687fe24e3d63a7-common-args.resp
-target arm64-apple-xros1.0 -fobjc-arc -fmodules -gmodules '-fmodules-cache-path=/Users/admin/builder/spi-builder-workspace/.derivedData/ModuleCache.noindex' '-fmodule-name=CodeEditTextViewObjC' -fpascal-strings -O0 -DSWIFT_PACKAGE '-DDEBUG=1' '-DOBJC_OLD_DISPATCH_PROTOTYPES=1' -isysroot /Applications/Xcode-26.3.0.app/Contents/Developer/Platforms/XROS.platform/Developer/SDKs/XROS26.2.sdk -g -fprofile-instr-generate -fcoverage-mapping -I/Users/admin/builder/spi-builder-workspace/.derivedData/Build/Products/Debug-xros/include -I/Users/admin/builder/spi-builder-workspace/Sources/CodeEditTextViewObjC/include -I/Users/admin/builder/spi-builder-workspace/.derivedData/Build/Intermediates.noindex/CodeEditTextView.build/Debug-xros/CodeEditTextViewObjC.build/DerivedSources-normal/arm64 -I/Users/admin/builder/spi-builder-workspace/.derivedData/Build/Intermediates.noindex/CodeEditTextView.build/Debug-xros/CodeEditTextViewObjC.build/DerivedSources/arm64 -I/Users/admin/builder/spi-builder-workspace/.derivedData/Build/Intermediates.noindex/CodeEditTextView.build/Debug-xros/CodeEditTextViewObjC.build/DerivedSources -F/Users/admin/builder/spi-builder-workspace/.derivedData/Build/Products/Debug-xros -iframework /Applications/Xcode-26.3.0.app/Contents/Developer/Platforms/XROS.platform/Developer/Library/Frameworks -iframework /Applications/Xcode-26.3.0.app/Contents/Developer/Platforms/XROS.platform/Developer/SDKs/XROS26.2.sdk/Developer/Library/Frameworks -DXcode
WriteAuxiliaryFile /Users/admin/builder/spi-builder-workspace/.derivedData/Build/Intermediates.noindex/CodeEditTextView.build/Debug-xros/CodeEditTextView.build/Objects-normal/arm64/CodeEditTextView.LinkFileList (in target 'CodeEditTextView' from project 'CodeEditTextView')
cd /Users/admin/builder/spi-builder-workspace
write-file /Users/admin/builder/spi-builder-workspace/.derivedData/Build/Intermediates.noindex/CodeEditTextView.build/Debug-xros/CodeEditTextView.build/Objects-normal/arm64/CodeEditTextView.LinkFileList
WriteAuxiliaryFile /Users/admin/builder/spi-builder-workspace/.derivedData/Build/Intermediates.noindex/CodeEditTextView.build/Debug-xros/CodeEditTextView.build/Objects-normal/arm64/CodeEditTextView.SwiftFileList (in target 'CodeEditTextView' from project 'CodeEditTextView')
cd /Users/admin/builder/spi-builder-workspace
write-file /Users/admin/builder/spi-builder-workspace/.derivedData/Build/Intermediates.noindex/CodeEditTextView.build/Debug-xros/CodeEditTextView.build/Objects-normal/arm64/CodeEditTextView.SwiftFileList
WriteAuxiliaryFile /Users/admin/builder/spi-builder-workspace/.derivedData/Build/Intermediates.noindex/CodeEditTextView.build/Debug-xros/CodeEditTextView.build/Objects-normal/arm64/CodeEditTextView_const_extract_protocols.json (in target 'CodeEditTextView' from project 'CodeEditTextView')
cd /Users/admin/builder/spi-builder-workspace
write-file /Users/admin/builder/spi-builder-workspace/.derivedData/Build/Intermediates.noindex/CodeEditTextView.build/Debug-xros/CodeEditTextView.build/Objects-normal/arm64/CodeEditTextView_const_extract_protocols.json
WriteAuxiliaryFile /Users/admin/builder/spi-builder-workspace/.derivedData/Build/Intermediates.noindex/CodeEditTextView.build/Debug-xros/CodeEditTextView.build/Objects-normal/arm64/CodeEditTextView.SwiftConstValuesFileList (in target 'CodeEditTextView' from project 'CodeEditTextView')
cd /Users/admin/builder/spi-builder-workspace
write-file /Users/admin/builder/spi-builder-workspace/.derivedData/Build/Intermediates.noindex/CodeEditTextView.build/Debug-xros/CodeEditTextView.build/Objects-normal/arm64/CodeEditTextView.SwiftConstValuesFileList
WriteAuxiliaryFile /Users/admin/builder/spi-builder-workspace/.derivedData/Build/Intermediates.noindex/CodeEditTextView.build/Debug-xros/CodeEditTextView.build/Objects-normal/arm64/CodeEditTextView-OutputFileMap.json (in target 'CodeEditTextView' from project 'CodeEditTextView')
cd /Users/admin/builder/spi-builder-workspace
write-file /Users/admin/builder/spi-builder-workspace/.derivedData/Build/Intermediates.noindex/CodeEditTextView.build/Debug-xros/CodeEditTextView.build/Objects-normal/arm64/CodeEditTextView-OutputFileMap.json
WriteAuxiliaryFile /Users/admin/builder/spi-builder-workspace/.derivedData/Build/Intermediates.noindex/CodeEditTextView.build/Debug-xros/CodeEditTextView.build/CodeEditTextView.modulemap (in target 'CodeEditTextView' from project 'CodeEditTextView')
cd /Users/admin/builder/spi-builder-workspace
write-file /Users/admin/builder/spi-builder-workspace/.derivedData/Build/Intermediates.noindex/CodeEditTextView.build/Debug-xros/CodeEditTextView.build/CodeEditTextView.modulemap
WriteAuxiliaryFile /Users/admin/builder/spi-builder-workspace/.derivedData/Build/Intermediates.noindex/CodeEditTextView.build/Debug-xros/CodeEditTextView.build/CodeEditTextView.DependencyStaticMetadataFileList (in target 'CodeEditTextView' from project 'CodeEditTextView')
cd /Users/admin/builder/spi-builder-workspace
write-file /Users/admin/builder/spi-builder-workspace/.derivedData/Build/Intermediates.noindex/CodeEditTextView.build/Debug-xros/CodeEditTextView.build/CodeEditTextView.DependencyStaticMetadataFileList
WriteAuxiliaryFile /Users/admin/builder/spi-builder-workspace/.derivedData/Build/Intermediates.noindex/CodeEditTextView.build/Debug-xros/CodeEditTextView.build/CodeEditTextView.DependencyMetadataFileList (in target 'CodeEditTextView' from project 'CodeEditTextView')
cd /Users/admin/builder/spi-builder-workspace
write-file /Users/admin/builder/spi-builder-workspace/.derivedData/Build/Intermediates.noindex/CodeEditTextView.build/Debug-xros/CodeEditTextView.build/CodeEditTextView.DependencyMetadataFileList
WriteAuxiliaryFile /Users/admin/builder/spi-builder-workspace/.derivedData/Build/Intermediates.noindex/swift-collections.build/Debug-xros/BitCollections.build/Objects-normal/arm64/BitCollections_const_extract_protocols.json (in target 'BitCollections' from project 'swift-collections')
cd /Users/admin/builder/spi-builder-workspace/.dependencies/checkouts/swift-collections
write-file /Users/admin/builder/spi-builder-workspace/.derivedData/Build/Intermediates.noindex/swift-collections.build/Debug-xros/BitCollections.build/Objects-normal/arm64/BitCollections_const_extract_protocols.json
WriteAuxiliaryFile /Users/admin/builder/spi-builder-workspace/.derivedData/Build/Intermediates.noindex/swift-collections.build/Debug-xros/BitCollections.build/Objects-normal/arm64/BitCollections.SwiftFileList (in target 'BitCollections' from project 'swift-collections')
cd /Users/admin/builder/spi-builder-workspace/.dependencies/checkouts/swift-collections
write-file /Users/admin/builder/spi-builder-workspace/.derivedData/Build/Intermediates.noindex/swift-collections.build/Debug-xros/BitCollections.build/Objects-normal/arm64/BitCollections.SwiftFileList
WriteAuxiliaryFile /Users/admin/builder/spi-builder-workspace/.derivedData/Build/Intermediates.noindex/swift-collections.build/Debug-xros/BitCollections.build/Objects-normal/arm64/BitCollections.SwiftConstValuesFileList (in target 'BitCollections' from project 'swift-collections')
cd /Users/admin/builder/spi-builder-workspace/.dependencies/checkouts/swift-collections
write-file /Users/admin/builder/spi-builder-workspace/.derivedData/Build/Intermediates.noindex/swift-collections.build/Debug-xros/BitCollections.build/Objects-normal/arm64/BitCollections.SwiftConstValuesFileList
WriteAuxiliaryFile /Users/admin/builder/spi-builder-workspace/.derivedData/Build/Intermediates.noindex/swift-collections.build/Debug-xros/BitCollections.build/Objects-normal/arm64/BitCollections.LinkFileList (in target 'BitCollections' from project 'swift-collections')
cd /Users/admin/builder/spi-builder-workspace/.dependencies/checkouts/swift-collections
write-file /Users/admin/builder/spi-builder-workspace/.derivedData/Build/Intermediates.noindex/swift-collections.build/Debug-xros/BitCollections.build/Objects-normal/arm64/BitCollections.LinkFileList
WriteAuxiliaryFile /Users/admin/builder/spi-builder-workspace/.derivedData/Build/Intermediates.noindex/swift-collections.build/Debug-xros/BitCollections.build/BitCollections.modulemap (in target 'BitCollections' from project 'swift-collections')
cd /Users/admin/builder/spi-builder-workspace/.dependencies/checkouts/swift-collections
write-file /Users/admin/builder/spi-builder-workspace/.derivedData/Build/Intermediates.noindex/swift-collections.build/Debug-xros/BitCollections.build/BitCollections.modulemap
WriteAuxiliaryFile /Users/admin/builder/spi-builder-workspace/.derivedData/Build/Intermediates.noindex/swift-collections.build/Debug-xros/BitCollections.build/Objects-normal/arm64/BitCollections-OutputFileMap.json (in target 'BitCollections' from project 'swift-collections')
cd /Users/admin/builder/spi-builder-workspace/.dependencies/checkouts/swift-collections
write-file /Users/admin/builder/spi-builder-workspace/.derivedData/Build/Intermediates.noindex/swift-collections.build/Debug-xros/BitCollections.build/Objects-normal/arm64/BitCollections-OutputFileMap.json
WriteAuxiliaryFile /Users/admin/builder/spi-builder-workspace/.derivedData/Build/Intermediates.noindex/swift-collections.build/Debug-xros/BitCollections.build/BitCollections.DependencyStaticMetadataFileList (in target 'BitCollections' from project 'swift-collections')
cd /Users/admin/builder/spi-builder-workspace/.dependencies/checkouts/swift-collections
write-file /Users/admin/builder/spi-builder-workspace/.derivedData/Build/Intermediates.noindex/swift-collections.build/Debug-xros/BitCollections.build/BitCollections.DependencyStaticMetadataFileList
Copy /Users/admin/builder/spi-builder-workspace/.derivedData/Build/Intermediates.noindex/GeneratedModuleMaps-xros/CodeEditTextView.modulemap /Users/admin/builder/spi-builder-workspace/.derivedData/Build/Intermediates.noindex/CodeEditTextView.build/Debug-xros/CodeEditTextView.build/CodeEditTextView.modulemap (in target 'CodeEditTextView' from project 'CodeEditTextView')
cd /Users/admin/builder/spi-builder-workspace
builtin-copy -exclude .DS_Store -exclude CVS -exclude .svn -exclude .git -exclude .hg -resolve-src-symlinks /Users/admin/builder/spi-builder-workspace/.derivedData/Build/Intermediates.noindex/CodeEditTextView.build/Debug-xros/CodeEditTextView.build/CodeEditTextView.modulemap /Users/admin/builder/spi-builder-workspace/.derivedData/Build/Intermediates.noindex/GeneratedModuleMaps-xros
WriteAuxiliaryFile /Users/admin/builder/spi-builder-workspace/.derivedData/Build/Intermediates.noindex/swift-collections.build/Debug-xros/BitCollections.build/BitCollections.DependencyMetadataFileList (in target 'BitCollections' from project 'swift-collections')
cd /Users/admin/builder/spi-builder-workspace/.dependencies/checkouts/swift-collections
write-file /Users/admin/builder/spi-builder-workspace/.derivedData/Build/Intermediates.noindex/swift-collections.build/Debug-xros/BitCollections.build/BitCollections.DependencyMetadataFileList
Copy /Users/admin/builder/spi-builder-workspace/.derivedData/Build/Intermediates.noindex/GeneratedModuleMaps-xros/BitCollections.modulemap /Users/admin/builder/spi-builder-workspace/.derivedData/Build/Intermediates.noindex/swift-collections.build/Debug-xros/BitCollections.build/BitCollections.modulemap (in target 'BitCollections' from project 'swift-collections')
cd /Users/admin/builder/spi-builder-workspace/.dependencies/checkouts/swift-collections
builtin-copy -exclude .DS_Store -exclude CVS -exclude .svn -exclude .git -exclude .hg -resolve-src-symlinks /Users/admin/builder/spi-builder-workspace/.derivedData/Build/Intermediates.noindex/swift-collections.build/Debug-xros/BitCollections.build/BitCollections.modulemap /Users/admin/builder/spi-builder-workspace/.derivedData/Build/Intermediates.noindex/GeneratedModuleMaps-xros
ScanDependencies /Users/admin/builder/spi-builder-workspace/.derivedData/Build/Intermediates.noindex/CodeEditTextView.build/Debug-xros/CodeEditTextViewObjC.build/Objects-normal/arm64/CGContextHidden.o /Users/admin/builder/spi-builder-workspace/Sources/CodeEditTextViewObjC/CGContextHidden.m normal arm64 objective-c com.apple.compilers.llvm.clang.1_0.compiler (in target 'CodeEditTextViewObjC' from project 'CodeEditTextView')
cd /Users/admin/builder/spi-builder-workspace/.swiftpm/xcode
Using response file: /Users/admin/builder/spi-builder-workspace/.derivedData/Build/Intermediates.noindex/CodeEditTextView.build/Debug-xros/CodeEditTextViewObjC.build/Objects-normal/arm64/e6072d4f65d7061329687fe24e3d63a7-common-args.resp
builtin-ScanDependencies -o /Users/admin/builder/spi-builder-workspace/.derivedData/Build/Intermediates.noindex/CodeEditTextView.build/Debug-xros/CodeEditTextViewObjC.build/Objects-normal/arm64/CGContextHidden.o.scan -- /Applications/Xcode-26.3.0.app/Contents/Developer/Toolchains/XcodeDefault.xctoolchain/usr/bin/clang -x objective-c -ivfsstatcache /Users/admin/builder/spi-builder-workspace/.derivedData/SDKStatCaches.noindex/xros26.2-23N301-dc75598d0054f22ec865fa860f139d72f5e64962d3ee001da1d77d1957dffdab.sdkstatcache -fmessage-length\=0 -fdiagnostics-show-note-include-stack -fmacro-backtrace-limit\=0 -fno-color-diagnostics -fmodules-prune-interval\=86400 -fmodules-prune-after\=345600 -fbuild-session-file\=/Users/admin/builder/spi-builder-workspace/.derivedData/ModuleCache.noindex/Session.modulevalidation -fmodules-validate-once-per-build-session -Wnon-modular-include-in-framework-module -Werror\=non-modular-include-in-framework-module -Wno-trigraphs -Wno-missing-field-initializers -Wno-missing-prototypes -Wno-return-type -Wno-implicit-atomic-properties -Wno-objc-interface-ivars -Wno-arc-repeated-use-of-weak -Wno-missing-braces -Wparentheses -Wswitch -Wno-unused-function -Wno-unused-label -Wno-unused-parameter -Wno-unused-variable -Wunused-value -Wno-empty-body -Wno-uninitialized -Wno-unknown-pragmas -Wno-shadow -Wno-four-char-constants -Wno-conversion -Wno-constant-conversion -Wno-int-conversion -Wno-bool-conversion -Wno-enum-conversion -Wno-float-conversion -Wno-non-literal-null-conversion -Wno-objc-literal-conversion -Wshorten-64-to-32 -Wpointer-sign -Wno-newline-eof -Wno-selector -Wno-strict-selector-match -Wno-undeclared-selector -Wno-deprecated-implementations -Wno-implicit-fallthrough -fstrict-aliasing -Wprotocol -Wdeprecated-declarations -Wno-sign-conversion -Wno-infinite-recursion -Wno-comma -Wno-block-capture-autoreleasing -Wno-strict-prototypes -Wno-semicolon-before-method-body -index-store-path /Users/admin/builder/spi-builder-workspace/.derivedData/Index.noindex/DataStore @/Users/admin/builder/spi-builder-workspace/.derivedData/Build/Intermediates.noindex/CodeEditTextView.build/Debug-xros/CodeEditTextViewObjC.build/Objects-normal/arm64/e6072d4f65d7061329687fe24e3d63a7-common-args.resp -MMD -MT dependencies -MF /Users/admin/builder/spi-builder-workspace/.derivedData/Build/Intermediates.noindex/CodeEditTextView.build/Debug-xros/CodeEditTextViewObjC.build/Objects-normal/arm64/CGContextHidden.d --serialize-diagnostics /Users/admin/builder/spi-builder-workspace/.derivedData/Build/Intermediates.noindex/CodeEditTextView.build/Debug-xros/CodeEditTextViewObjC.build/Objects-normal/arm64/CGContextHidden.dia -c /Users/admin/builder/spi-builder-workspace/Sources/CodeEditTextViewObjC/CGContextHidden.m -o /Users/admin/builder/spi-builder-workspace/.derivedData/Build/Intermediates.noindex/CodeEditTextView.build/Debug-xros/CodeEditTextViewObjC.build/Objects-normal/arm64/CGContextHidden.o -index-unit-output-path /CodeEditTextView.build/Debug-xros/CodeEditTextViewObjC.build/Objects-normal/arm64/CGContextHidden.o
/Users/admin/builder/spi-builder-workspace/Sources/CodeEditTextViewObjC/CGContextHidden.m:8:9: error: 'Cocoa/Cocoa.h' file not found (in target 'CodeEditTextViewObjC' from project 'CodeEditTextView')
ScanDependencies /Users/admin/builder/spi-builder-workspace/.derivedData/Build/Intermediates.noindex/TextStory.build/Debug-xros/Internal.build/Objects-normal/arm64/TSYTextStorage.o /Users/admin/builder/spi-builder-workspace/.dependencies/checkouts/TextStory/Sources/Internal/TSYTextStorage.m normal arm64 objective-c com.apple.compilers.llvm.clang.1_0.compiler (in target 'Internal' from project 'TextStory')
cd /Users/admin/builder/spi-builder-workspace/.swiftpm/xcode
Using response file: /Users/admin/builder/spi-builder-workspace/.derivedData/Build/Intermediates.noindex/TextStory.build/Debug-xros/Internal.build/Objects-normal/arm64/e6072d4f65d7061329687fe24e3d63a7-common-args.resp
builtin-ScanDependencies -o /Users/admin/builder/spi-builder-workspace/.derivedData/Build/Intermediates.noindex/TextStory.build/Debug-xros/Internal.build/Objects-normal/arm64/TSYTextStorage.o.scan -- /Applications/Xcode-26.3.0.app/Contents/Developer/Toolchains/XcodeDefault.xctoolchain/usr/bin/clang -x objective-c -ivfsstatcache /Users/admin/builder/spi-builder-workspace/.derivedData/SDKStatCaches.noindex/xros26.2-23N301-dc75598d0054f22ec865fa860f139d72f5e64962d3ee001da1d77d1957dffdab.sdkstatcache -fmessage-length\=0 -fdiagnostics-show-note-include-stack -fmacro-backtrace-limit\=0 -fno-color-diagnostics -fmodules-prune-interval\=86400 -fmodules-prune-after\=345600 -fbuild-session-file\=/Users/admin/builder/spi-builder-workspace/.derivedData/ModuleCache.noindex/Session.modulevalidation -fmodules-validate-once-per-build-session -Wnon-modular-include-in-framework-module -Werror\=non-modular-include-in-framework-module -Wno-trigraphs -Wno-missing-field-initializers -Wno-missing-prototypes -Wno-return-type -Wno-implicit-atomic-properties -Wno-objc-interface-ivars -Wno-arc-repeated-use-of-weak -Wno-missing-braces -Wparentheses -Wswitch -Wno-unused-function -Wno-unused-label -Wno-unused-parameter -Wno-unused-variable -Wunused-value -Wno-empty-body -Wno-uninitialized -Wno-unknown-pragmas -w -Wno-shadow -Wno-four-char-constants -Wno-conversion -Wno-constant-conversion -Wno-int-conversion -Wno-bool-conversion -Wno-enum-conversion -Wno-float-conversion -Wno-non-literal-null-conversion -Wno-objc-literal-conversion -Wshorten-64-to-32 -Wpointer-sign -Wno-newline-eof -Wno-selector -Wno-strict-selector-match -Wno-undeclared-selector -Wno-deprecated-implementations -Wno-implicit-fallthrough -fstrict-aliasing -Wprotocol -Wdeprecated-declarations -Wno-sign-conversion -Wno-infinite-recursion -Wno-comma -Wno-block-capture-autoreleasing -Wno-strict-prototypes -Wno-semicolon-before-method-body -index-store-path /Users/admin/builder/spi-builder-workspace/.derivedData/Index.noindex/DataStore @/Users/admin/builder/spi-builder-workspace/.derivedData/Build/Intermediates.noindex/TextStory.build/Debug-xros/Internal.build/Objects-normal/arm64/e6072d4f65d7061329687fe24e3d63a7-common-args.resp -MMD -MT dependencies -MF /Users/admin/builder/spi-builder-workspace/.derivedData/Build/Intermediates.noindex/TextStory.build/Debug-xros/Internal.build/Objects-normal/arm64/TSYTextStorage.d --serialize-diagnostics /Users/admin/builder/spi-builder-workspace/.derivedData/Build/Intermediates.noindex/TextStory.build/Debug-xros/Internal.build/Objects-normal/arm64/TSYTextStorage.dia -c /Users/admin/builder/spi-builder-workspace/.dependencies/checkouts/TextStory/Sources/Internal/TSYTextStorage.m -o /Users/admin/builder/spi-builder-workspace/.derivedData/Build/Intermediates.noindex/TextStory.build/Debug-xros/Internal.build/Objects-normal/arm64/TSYTextStorage.o -index-unit-output-path /TextStory.build/Debug-xros/Internal.build/Objects-normal/arm64/TSYTextStorage.o
SwiftDriver Rearrange normal arm64 com.apple.xcode.tools.swift.compiler (in target 'Rearrange' from project 'Rearrange')
cd /Users/admin/builder/spi-builder-workspace/.swiftpm/xcode
builtin-SwiftDriver -- /Applications/Xcode-26.3.0.app/Contents/Developer/Toolchains/XcodeDefault.xctoolchain/usr/bin/swiftc -module-name Rearrange -Onone -enforce-exclusivity\=checked @/Users/admin/builder/spi-builder-workspace/.derivedData/Build/Intermediates.noindex/Rearrange.build/Debug-xros/Rearrange.build/Objects-normal/arm64/Rearrange.SwiftFileList -DSWIFT_PACKAGE -DDEBUG -DSWIFT_MODULE_RESOURCE_BUNDLE_UNAVAILABLE -DXcode -enable-experimental-feature StrictConcurrency -plugin-path /Applications/Xcode-26.3.0.app/Contents/Developer/Toolchains/XcodeDefault.xctoolchain/usr/lib/swift/host/plugins/testing -enable-experimental-feature DebugDescriptionMacro -sdk /Applications/Xcode-26.3.0.app/Contents/Developer/Platforms/XROS.platform/Developer/SDKs/XROS26.2.sdk -target arm64-apple-xros1.0 -g -module-cache-path /Users/admin/builder/spi-builder-workspace/.derivedData/ModuleCache.noindex -Xfrontend -serialize-debugging-options -profile-coverage-mapping -profile-generate -enable-testing -suppress-warnings -index-store-path /Users/admin/builder/spi-builder-workspace/.derivedData/Index.noindex/DataStore -Xcc -D_LIBCPP_HARDENING_MODE\=_LIBCPP_HARDENING_MODE_DEBUG -swift-version 5 -I /Users/admin/builder/spi-builder-workspace/.derivedData/Build/Products/Debug-xros -Isystem /Applications/Xcode-26.3.0.app/Contents/Developer/Platforms/XROS.platform/Developer/usr/lib -F /Users/admin/builder/spi-builder-workspace/.derivedData/Build/Products/Debug-xros -F /Applications/Xcode-26.3.0.app/Contents/Developer/Platforms/XROS.platform/Developer/Library/Frameworks -F /Applications/Xcode-26.3.0.app/Contents/Developer/Platforms/XROS.platform/Developer/SDKs/XROS26.2.sdk/Developer/Library/Frameworks -c -j10 -enable-batch-mode -incremental -Xcc -ivfsstatcache -Xcc /Users/admin/builder/spi-builder-workspace/.derivedData/SDKStatCaches.noindex/xros26.2-23N301-dc75598d0054f22ec865fa860f139d72f5e64962d3ee001da1d77d1957dffdab.sdkstatcache -output-file-map /Users/admin/builder/spi-builder-workspace/.derivedData/Build/Intermediates.noindex/Rearrange.build/Debug-xros/Rearrange.build/Objects-normal/arm64/Rearrange-OutputFileMap.json -use-frontend-parseable-output -save-temps -no-color-diagnostics -explicit-module-build -module-cache-path /Users/admin/builder/spi-builder-workspace/.derivedData/Build/Intermediates.noindex/SwiftExplicitPrecompiledModules -clang-scanner-module-cache-path /Users/admin/builder/spi-builder-workspace/.derivedData/ModuleCache.noindex -sdk-module-cache-path /Users/admin/builder/spi-builder-workspace/.derivedData/ModuleCache.noindex -serialize-diagnostics -emit-dependencies -emit-module -emit-module-path /Users/admin/builder/spi-builder-workspace/.derivedData/Build/Intermediates.noindex/Rearrange.build/Debug-xros/Rearrange.build/Objects-normal/arm64/Rearrange.swiftmodule -validate-clang-modules-once -clang-build-session-file /Users/admin/builder/spi-builder-workspace/.derivedData/ModuleCache.noindex/Session.modulevalidation -Xcc -I/Users/admin/builder/spi-builder-workspace/.derivedData/Build/Intermediates.noindex/Rearrange.build/Debug-xros/Rearrange.build/swift-overrides.hmap -emit-const-values -Xfrontend -const-gather-protocols-file -Xfrontend /Users/admin/builder/spi-builder-workspace/.derivedData/Build/Intermediates.noindex/Rearrange.build/Debug-xros/Rearrange.build/Objects-normal/arm64/Rearrange_const_extract_protocols.json -Xcc -I/Users/admin/builder/spi-builder-workspace/.derivedData/Build/Products/Debug-xros/include -Xcc -I/Users/admin/builder/spi-builder-workspace/.derivedData/Build/Intermediates.noindex/Rearrange.build/Debug-xros/Rearrange.build/DerivedSources-normal/arm64 -Xcc -I/Users/admin/builder/spi-builder-workspace/.derivedData/Build/Intermediates.noindex/Rearrange.build/Debug-xros/Rearrange.build/DerivedSources/arm64 -Xcc -I/Users/admin/builder/spi-builder-workspace/.derivedData/Build/Intermediates.noindex/Rearrange.build/Debug-xros/Rearrange.build/DerivedSources -Xcc -DSWIFT_PACKAGE -Xcc -DDEBUG\=1 -emit-objc-header -emit-objc-header-path /Users/admin/builder/spi-builder-workspace/.derivedData/Build/Intermediates.noindex/Rearrange.build/Debug-xros/Rearrange.build/Objects-normal/arm64/Rearrange-Swift.h -working-directory /Users/admin/builder/spi-builder-workspace/.swiftpm/xcode -experimental-emit-module-separately -disable-cmo
SwiftDriver InternalCollectionsUtilities normal arm64 com.apple.xcode.tools.swift.compiler (in target 'InternalCollectionsUtilities' from project 'swift-collections')
cd /Users/admin/builder/spi-builder-workspace/.swiftpm/xcode
builtin-SwiftDriver -- /Applications/Xcode-26.3.0.app/Contents/Developer/Toolchains/XcodeDefault.xctoolchain/usr/bin/swiftc -module-name InternalCollectionsUtilities -Onone -enforce-exclusivity\=checked @/Users/admin/builder/spi-builder-workspace/.derivedData/Build/Intermediates.noindex/swift-collections.build/Debug-xros/InternalCollectionsUtilities.build/Objects-normal/arm64/InternalCollectionsUtilities.SwiftFileList -DSWIFT_PACKAGE -DDEBUG -DSWIFT_MODULE_RESOURCE_BUNDLE_UNAVAILABLE -DCOLLECTIONS_RANDOMIZED_TESTING -DXcode -enable-experimental-feature AvailabilityMacro\=SwiftStdlib\ 5.0:\ macOS\ 10.14.4,\ iOS\ 12.2,\ watchOS\ 5.2,\ tvOS\ 12.2 -enable-experimental-feature AvailabilityMacro\=SwiftStdlib\ 5.1:\ macOS\ 10.15,\ iOS\ 13.0,\ watchOS\ 6.0,\ tvOS\ 13.0 -enable-experimental-feature AvailabilityMacro\=SwiftStdlib\ 5.6:\ macOS\ 12.3,\ iOS\ 15.4,\ watchOS\ 8.5,\ tvOS\ 15.4 -enable-experimental-feature AvailabilityMacro\=SwiftStdlib\ 5.7:\ macOS\ 13.0,\ iOS\ 16.0,\ watchOS\ 9.0,\ tvOS\ 16.0 -enable-experimental-feature AvailabilityMacro\=SwiftStdlib\ 5.8:\ macOS\ 13.3,\ iOS\ 16.4,\ watchOS\ 9.4,\ tvOS\ 16.4 -enable-experimental-feature AvailabilityMacro\=SwiftStdlib\ 5.9:\ macOS\ 14.0,\ iOS\ 17.0,\ watchOS\ 10.0,\ tvOS\ 17.0 -enable-experimental-feature AvailabilityMacro\=SwiftStdlib\ 5.10:\ macOS\ 14.4,\ iOS\ 17.4,\ watchOS\ 10.4,\ tvOS\ 17.4,\ visionOS\ 1.1 -enable-experimental-feature AvailabilityMacro\=SwiftStdlib\ 6.0:\ macOS\ 15.0,\ iOS\ 18.0,\ watchOS\ 11.0,\ tvOS\ 18.0,\ visionOS\ 2.0 -enable-experimental-feature AvailabilityMacro\=SwiftStdlib\ 6.1:\ macOS\ 15.4,\ iOS\ 18.4,\ watchOS\ 11.4,\ tvOS\ 18.4,\ visionOS\ 2.4 -enable-experimental-feature AvailabilityMacro\=SwiftStdlib\ 6.2:\ macOS\ 26.0,\ iOS\ 26.0,\ watchOS\ 26.0,\ tvOS\ 26.0,\ visionOS\ 26.0 -enable-experimental-feature AvailabilityMacro\=SwiftStdlib\ 6.3:\ macOS\ 26.4,\ iOS\ 26.4,\ watchOS\ 26.4,\ tvOS\ 26.4,\ visionOS\ 26.4 -enable-experimental-feature AvailabilityMacro\=SwiftStdlib\ 6.4:\ macOS\ 9999,\ iOS\ 9999,\ watchOS\ 9999,\ tvOS\ 9999,\ visionOS\ 9999 -enable-experimental-feature AvailabilityMacro\=SwiftStdlib\ 6.5:\ macOS\ 9999,\ iOS\ 9999,\ watchOS\ 9999,\ tvOS\ 9999,\ visionOS\ 9999 -enable-upcoming-feature MemberImportVisibility -enable-experimental-feature BuiltinModule -enable-experimental-feature Lifetimes -enable-experimental-feature InoutLifetimeDependence -enable-experimental-feature AddressableParameters -enable-experimental-feature AddressableTypes -enable-experimental-feature SuppressedAssociatedTypesWithDefaults -plugin-path /Applications/Xcode-26.3.0.app/Contents/Developer/Toolchains/XcodeDefault.xctoolchain/usr/lib/swift/host/plugins/testing -enable-experimental-feature DebugDescriptionMacro -sdk /Applications/Xcode-26.3.0.app/Contents/Developer/Platforms/XROS.platform/Developer/SDKs/XROS26.2.sdk -target arm64-apple-xros1.0 -g -module-cache-path /Users/admin/builder/spi-builder-workspace/.derivedData/ModuleCache.noindex -Xfrontend -serialize-debugging-options -profile-coverage-mapping -profile-generate -enable-testing -suppress-warnings -index-store-path /Users/admin/builder/spi-builder-workspace/.derivedData/Index.noindex/DataStore -Xcc -D_LIBCPP_HARDENING_MODE\=_LIBCPP_HARDENING_MODE_DEBUG -swift-version 6 -I /Users/admin/builder/spi-builder-workspace/.derivedData/Build/Products/Debug-xros -Isystem /Applications/Xcode-26.3.0.app/Contents/Developer/Platforms/XROS.platform/Developer/usr/lib -F /Users/admin/builder/spi-builder-workspace/.derivedData/Build/Products/Debug-xros -F /Applications/Xcode-26.3.0.app/Contents/Developer/Platforms/XROS.platform/Developer/Library/Frameworks -F /Applications/Xcode-26.3.0.app/Contents/Developer/Platforms/XROS.platform/Developer/SDKs/XROS26.2.sdk/Developer/Library/Frameworks -c -j10 -enable-batch-mode -incremental -Xcc -ivfsstatcache -Xcc /Users/admin/builder/spi-builder-workspace/.derivedData/SDKStatCaches.noindex/xros26.2-23N301-dc75598d0054f22ec865fa860f139d72f5e64962d3ee001da1d77d1957dffdab.sdkstatcache -output-file-map /Users/admin/builder/spi-builder-workspace/.derivedData/Build/Intermediates.noindex/swift-collections.build/Debug-xros/InternalCollectionsUtilities.build/Objects-normal/arm64/InternalCollectionsUtilities-OutputFileMap.json -use-frontend-parseable-output -save-temps -no-color-diagnostics -explicit-module-build -module-cache-path /Users/admin/builder/spi-builder-workspace/.derivedData/Build/Intermediates.noindex/SwiftExplicitPrecompiledModules -clang-scanner-module-cache-path /Users/admin/builder/spi-builder-workspace/.derivedData/ModuleCache.noindex -sdk-module-cache-path /Users/admin/builder/spi-builder-workspace/.derivedData/ModuleCache.noindex -serialize-diagnostics -emit-dependencies -emit-module -emit-module-path /Users/admin/builder/spi-builder-workspace/.derivedData/Build/Intermediates.noindex/swift-collections.build/Debug-xros/InternalCollectionsUtilities.build/Objects-normal/arm64/InternalCollectionsUtilities.swiftmodule -user-module-version 1.6.0 -validate-clang-modules-once -clang-build-session-file /Users/admin/builder/spi-builder-workspace/.derivedData/ModuleCache.noindex/Session.modulevalidation -package-name swift_collections -Xcc -I/Users/admin/builder/spi-builder-workspace/.derivedData/Build/Intermediates.noindex/swift-collections.build/Debug-xros/InternalCollectionsUtilities.build/swift-overrides.hmap -emit-const-values -Xfrontend -const-gather-protocols-file -Xfrontend /Users/admin/builder/spi-builder-workspace/.derivedData/Build/Intermediates.noindex/swift-collections.build/Debug-xros/InternalCollectionsUtilities.build/Objects-normal/arm64/InternalCollectionsUtilities_const_extract_protocols.json -Xcc -I/Users/admin/builder/spi-builder-workspace/.derivedData/Build/Products/Debug-xros/include -Xcc -I/Users/admin/builder/spi-builder-workspace/.derivedData/Build/Intermediates.noindex/swift-collections.build/Debug-xros/InternalCollectionsUtilities.build/DerivedSources-normal/arm64 -Xcc -I/Users/admin/builder/spi-builder-workspace/.derivedData/Build/Intermediates.noindex/swift-collections.build/Debug-xros/InternalCollectionsUtilities.build/DerivedSources/arm64 -Xcc -I/Users/admin/builder/spi-builder-workspace/.derivedData/Build/Intermediates.noindex/swift-collections.build/Debug-xros/InternalCollectionsUtilities.build/DerivedSources -Xcc -DSWIFT_PACKAGE -Xcc -DDEBUG\=1 -emit-objc-header -emit-objc-header-path /Users/admin/builder/spi-builder-workspace/.derivedData/Build/Intermediates.noindex/swift-collections.build/Debug-xros/InternalCollectionsUtilities.build/Objects-normal/arm64/InternalCollectionsUtilities-Swift.h -working-directory /Users/admin/builder/spi-builder-workspace/.swiftpm/xcode -experimental-emit-module-separately -disable-cmo
2026-06-28 11:48:29.352 xcodebuild[871:5042] [MT] IDERunDestination: Supported platforms for the buildables in the current scheme is empty.
** BUILD FAILED **
The following build commands failed:
Running SwiftLint for CodeEditTextView
ScanDependencies /Users/admin/builder/spi-builder-workspace/.derivedData/Build/Intermediates.noindex/CodeEditTextView.build/Debug-xros/CodeEditTextViewObjC.build/Objects-normal/arm64/CGContextHidden.o /Users/admin/builder/spi-builder-workspace/Sources/CodeEditTextViewObjC/CGContextHidden.m normal arm64 objective-c com.apple.compilers.llvm.clang.1_0.compiler (in target 'CodeEditTextViewObjC' from project 'CodeEditTextView')
Building workspace spi-builder-workspace with scheme CodeEditTextView
(3 failures)
Command line invocation:
/Applications/Xcode-26.3.0.app/Contents/Developer/usr/bin/xcodebuild -IDEClonedSourcePackagesDirPathOverride=/Users/admin/builder/spi-builder-workspace/.dependencies -resolvePackageDependencies
Resolve Package Graph
Resolved source packages:
swift-collections: https://github.com/apple/swift-collections.git @ 1.6.0
Rearrange: https://github.com/ChimeHQ/Rearrange @ 2.1.1
SwiftLintPlugin: https://github.com/lukepistrol/SwiftLintPlugin @ 0.63.1
TextStory: https://github.com/ChimeHQ/TextStory @ 0.9.2
CodeEditTextView: /Users/admin/builder/spi-builder-workspace
resolved source packages: swift-collections, Rearrange, SwiftLintPlugin, TextStory, CodeEditTextView
2026-06-28 11:48:42.011 xcodebuild[956:5730] [MT] IDERunDestination: Supported platforms for the buildables in the current scheme is empty.
{
"dependencies" : [
{
"identity" : "textstory",
"requirement" : {
"range" : [
{
"lower_bound" : "0.9.0",
"upper_bound" : "1.0.0"
}
]
},
"type" : "sourceControl",
"url" : "https://github.com/ChimeHQ/TextStory"
},
{
"identity" : "swift-collections",
"requirement" : {
"range" : [
{
"lower_bound" : "1.0.0",
"upper_bound" : "2.0.0"
}
]
},
"type" : "sourceControl",
"url" : "https://github.com/apple/swift-collections.git"
},
{
"identity" : "swiftlintplugin",
"requirement" : {
"range" : [
{
"lower_bound" : "0.52.2",
"upper_bound" : "1.0.0"
}
]
},
"type" : "sourceControl",
"url" : "https://github.com/lukepistrol/SwiftLintPlugin"
}
],
"manifest_display_name" : "CodeEditTextView",
"name" : "CodeEditTextView",
"path" : "/Users/admin/builder/spi-builder-workspace",
"platforms" : [
{
"name" : "macos",
"version" : "13.0"
}
],
"products" : [
{
"name" : "CodeEditTextView",
"targets" : [
"CodeEditTextView"
],
"type" : {
"library" : [
"automatic"
]
}
}
],
"targets" : [
{
"c99name" : "CodeEditTextViewTests",
"module_type" : "SwiftTarget",
"name" : "CodeEditTextViewTests",
"path" : "Tests/CodeEditTextViewTests",
"product_dependencies" : [
"SwiftLint"
],
"sources" : [
"AccessibilityTests.swift",
"EmphasisManagerTests.swift",
"KillRingTests.swift",
"LayoutManager/OverridingLayoutManagerRenderingTests.swift",
"LayoutManager/TextLayoutManagerAttachmentsTests.swift",
"LayoutManager/TextLayoutManagerTests.swift",
"LayoutManager/TextLineBlockTests.swift",
"LineEndingTests.swift",
"MarkedTextTests.swift",
"TextLayoutLineStorageTests.swift",
"TextSelectionManagerTests.swift",
"TextViewTests.swift",
"TypesetterTests.swift"
],
"target_dependencies" : [
"CodeEditTextView"
],
"type" : "test"
},
{
"c99name" : "CodeEditTextViewObjC",
"module_type" : "ClangTarget",
"name" : "CodeEditTextViewObjC",
"path" : "Sources/CodeEditTextViewObjC",
"product_memberships" : [
"CodeEditTextView"
],
"sources" : [
"CGContextHidden.m"
],
"type" : "library"
},
{
"c99name" : "CodeEditTextView",
"module_type" : "SwiftTarget",
"name" : "CodeEditTextView",
"path" : "Sources/CodeEditTextView",
"product_dependencies" : [
"TextStory",
"Collections",
"SwiftLint"
],
"product_memberships" : [
"CodeEditTextView"
],
"sources" : [
"CodeEditTextView.swift",
"Cursors/CursorSelectionMode.swift",
"Cursors/CursorTimer.swift",
"Cursors/CursorView.swift",
"EmphasisManager/Emphasis.swift",
"EmphasisManager/EmphasisManager.swift",
"EmphasisManager/EmphasisStyle.swift",
"Extensions/CGRectArray+BoundingRect.swift",
"Extensions/CTTypesetter+SuggestLineBreak.swift",
"Extensions/CharacterSet.swift",
"Extensions/GC+ApproximateEqual.swift",
"Extensions/NSBezierPath+CGPathFallback.swift",
"Extensions/NSBezierPath+SmoothPath.swift",
"Extensions/NSColor+Greyscale.swift",
"Extensions/NSColor+Hex.swift",
"Extensions/NSRange+/NSRange+init.swift",
"Extensions/NSRange+/NSRange+isEmpty.swift",
"Extensions/NSRange+/NSRange+translate.swift",
"Extensions/NSTextStorage+getLine.swift",
"Extensions/PixelAligned.swift",
"InvisibleCharacters/InvisibleCharactersDelegate.swift",
"MarkedTextManager/MarkedRanges.swift",
"MarkedTextManager/MarkedTextManager.swift",
"TextLayoutManager/TextAttachments/TextAttachment.swift",
"TextLayoutManager/TextAttachments/TextAttachmentManager.swift",
"TextLayoutManager/TextAttachments/TextAttachmentManagerDelegate.swift",
"TextLayoutManager/TextLayoutManager+Edits.swift",
"TextLayoutManager/TextLayoutManager+Invalidation.swift",
"TextLayoutManager/TextLayoutManager+Iterator.swift",
"TextLayoutManager/TextLayoutManager+Layout.swift",
"TextLayoutManager/TextLayoutManager+Public.swift",
"TextLayoutManager/TextLayoutManager.swift",
"TextLayoutManager/TextLayoutManagerDelegate.swift",
"TextLayoutManager/TextLayoutManagerRenderDelegate.swift",
"TextLayoutManager/TextLineBlocks/TextLineBlock.swift",
"TextLayoutManager/TextLineBlocks/TextLineBlockManager.swift",
"TextLine/LineBreakStrategy.swift",
"TextLine/LineFragment.swift",
"TextLine/LineFragmentRenderer.swift",
"TextLine/LineFragmentView.swift",
"TextLine/TextLine.swift",
"TextLine/Typesetter/CTLineTypesetData.swift",
"TextLine/Typesetter/LineFragmentTypesetContext.swift",
"TextLine/Typesetter/TypesetContext.swift",
"TextLine/Typesetter/Typesetter.swift",
"TextLineStorage/TextLineStorage+Iterator.swift",
"TextLineStorage/TextLineStorage+NSTextStorage.swift",
"TextLineStorage/TextLineStorage+Node.swift",
"TextLineStorage/TextLineStorage+Structs.swift",
"TextLineStorage/TextLineStorage.swift",
"TextSelectionManager/Destination.swift",
"TextSelectionManager/Direction.swift",
"TextSelectionManager/SelectionManipulation/SelectionManipulation+Horizontal.swift",
"TextSelectionManager/SelectionManipulation/SelectionManipulation+Vertical.swift",
"TextSelectionManager/SelectionManipulation/TextSelectionManager+SelectionManipulation.swift",
"TextSelectionManager/TextSelection.swift",
"TextSelectionManager/TextSelectionManager+Draw.swift",
"TextSelectionManager/TextSelectionManager+FillRects.swift",
"TextSelectionManager/TextSelectionManager+Move.swift",
"TextSelectionManager/TextSelectionManager+Update.swift",
"TextSelectionManager/TextSelectionManager.swift",
"TextView/DraggingTextRenderer.swift",
"TextView/TextView+Accessibility.swift",
"TextView/TextView+ColumnSelection.swift",
"TextView/TextView+CopyPaste.swift",
"TextView/TextView+Delete.swift",
"TextView/TextView+Drag.swift",
"TextView/TextView+FirstResponder.swift",
"TextView/TextView+Insert.swift",
"TextView/TextView+KeyDown.swift",
"TextView/TextView+Layout.swift",
"TextView/TextView+Lifecycle.swift",
"TextView/TextView+Menu.swift",
"TextView/TextView+Mouse.swift",
"TextView/TextView+Move.swift",
"TextView/TextView+NSTextInput.swift",
"TextView/TextView+ReplaceCharacters.swift",
"TextView/TextView+ScrollToVisible.swift",
"TextView/TextView+Select.swift",
"TextView/TextView+SetText.swift",
"TextView/TextView+Setup.swift",
"TextView/TextView+StorageDelegate.swift",
"TextView/TextView+TextLayoutManagerDelegate.swift",
"TextView/TextView+TextSelectionManagerDelegate.swift",
"TextView/TextView+UndoRedo.swift",
"TextView/TextView.swift",
"TextView/TextViewDelegate.swift",
"Utils/CEUndoManager.swift",
"Utils/HorizontalEdgeInsets.swift",
"Utils/KillRing.swift",
"Utils/LineEnding.swift",
"Utils/Logger.swift",
"Utils/MultiStorageDelegate.swift",
"Utils/ViewReuseQueue.swift"
],
"target_dependencies" : [
"CodeEditTextViewObjC"
],
"type" : "library"
}
],
"tools_version" : "5.9"
}
{
"workspace" : {
"name" : "spi-builder-workspace",
"schemes" : [
"CodeEditTextView",
"TextStory",
"TextStory-Package",
"TextStoryTesting"
]
}
}
2026-06-28 11:48:43.432 xcodebuild[966:5807] [MT] IDERunDestination: Supported platforms for the buildables in the current scheme is empty.
{
"workspace" : {
"name" : "spi-builder-workspace",
"schemes" : [
"CodeEditTextView",
"TextStory",
"TextStory-Package",
"TextStoryTesting"
]
}
}
2026-06-28 11:48:44.650 xcodebuild[971:5862] [MT] IDERunDestination: Supported platforms for the buildables in the current scheme is empty.
Running build ...
env DEVELOPER_DIR=/Applications/Xcode-26.3.0.app xcrun xcodebuild -IDEClonedSourcePackagesDirPathOverride=$PWD/.dependencies -skipMacroValidation -skipPackagePluginValidation -derivedDataPath $PWD/.derivedData build -scheme CodeEditTextView -destination generic/platform=xrOS
Command line invocation:
/Applications/Xcode-26.3.0.app/Contents/Developer/usr/bin/xcodebuild -IDEClonedSourcePackagesDirPathOverride=/Users/admin/builder/spi-builder-workspace/.dependencies -skipMacroValidation -skipPackagePluginValidation -derivedDataPath /Users/admin/builder/spi-builder-workspace/.derivedData build -scheme CodeEditTextView -destination generic/platform=xrOS
Resolve Package Graph
Resolved source packages:
swift-collections: https://github.com/apple/swift-collections.git @ 1.6.0
SwiftLintPlugin: https://github.com/lukepistrol/SwiftLintPlugin @ 0.63.1
CodeEditTextView: /Users/admin/builder/spi-builder-workspace
Rearrange: https://github.com/ChimeHQ/Rearrange @ 2.1.1
TextStory: https://github.com/ChimeHQ/TextStory @ 0.9.2
ComputePackagePrebuildTargetDependencyGraph
Prepare packages
Compile plug-in “SwiftLint” in package “swiftlintplugin”
[debug]: Compiling plugin to executable at /Users/admin/builder/spi-builder-workspace/.derivedData/Build/Products/PluginExecutables/SwiftLint
[debug]: Using compiler /Applications/Xcode-26.3.0.app/Contents/Developer/Toolchains/XcodeDefault.xctoolchain/usr/bin/swiftc
[debug]: Plugin compilation output directory '/Users/admin/builder/spi-builder-workspace/.derivedData/Build/Products/PluginExecutables'
[debug]: Computed hash of plugin compilation inputs: b64332d44013ce2b650423490ea528a1e37c3def84e076ff24560d662d662ab1
Apply build tool plug-in “SwiftLint” to target “CodeEditTextView” in package “spi-builder-workspace”
/usr/bin/sandbox-exec -p "(version 1)
(deny default)
(import \"system.sb\")
(allow file-read*)
(allow process*)
(allow mach-lookup (global-name \"com.apple.lsd.mapdb\"))
(allow mach-lookup (global-name \"com.apple.mobileassetd.v2\"))
(allow file-write*
(subpath \"/private/tmp\")
(subpath \"/private/var/tmp\")
(subpath \"/private/var/folders/xq/y_g06wb113726d38xsyx71_h0000gn/T\")
(subpath \"/private/var/folders/xq/y_g06wb113726d38xsyx71_h0000gn/C\")
)
(deny file-write*
(subpath \"/Users/admin/builder/spi-builder-workspace\")
)
(allow file-write*
(subpath \"/Users/admin/builder/spi-builder-workspace/.derivedData/Build/Intermediates.noindex/BuildToolPluginIntermediates/spi-builder-workspace.output/CodeEditTextView/SwiftLint\")
(subpath \"/private/var/folders/xq/y_g06wb113726d38xsyx71_h0000gn/T/TemporaryItems\")
)
" /Users/admin/builder/spi-builder-workspace/.dependencies/artifacts/swiftlintplugin/SwiftLintBinary/SwiftLintBinary.artifactbundle/macos/swiftlint lint --config /Users/admin/builder/spi-builder-workspace/.swiftlint.yml --cache-path /Users/admin/builder/spi-builder-workspace/.derivedData/Build/Intermediates.noindex/BuildToolPluginIntermediates/spi-builder-workspace.output/CodeEditTextView/SwiftLint /Users/admin/builder/spi-builder-workspace/Sources/CodeEditTextView
Linting Swift files at paths /Users/admin/builder/spi-builder-workspace/Sources/CodeEditTextView
Linting 'CodeEditTextView.swift' (1/94)
Linting 'TextView+StorageDelegate.swift' (2/94)
Linting 'TextView+Lifecycle.swift' (4/94)
Linting 'TextView+ColumnSelection.swift' (3/94)
Linting 'TextView+ReplaceCharacters.swift' (5/94)
Linting 'TextView+FirstResponder.swift' (6/94)
Linting 'TextView+TextLayoutManagerDelegate.swift' (7/94)
Linting 'TextView+NSTextInput.swift' (8/94)
Linting 'TextView+Mouse.swift' (9/94)
Linting 'TextView+CopyPaste.swift' (10/94)
Linting 'DraggingTextRenderer.swift' (11/94)
Linting 'TextView+KeyDown.swift' (12/94)
Linting 'TextView+Menu.swift' (13/94)
Linting 'TextView+UndoRedo.swift' (14/94)
Linting 'TextView+Delete.swift' (15/94)
Linting 'TextView+Drag.swift' (16/94)
Linting 'TextView+ScrollToVisible.swift' (17/94)
Linting 'TextView+Move.swift' (18/94)
Linting 'TextView+Select.swift' (19/94)
Linting 'TextView.swift' (20/94)
Linting 'TextView+Layout.swift' (21/94)
Linting 'TextView+Setup.swift' (22/94)
Linting 'TextView+TextSelectionManagerDelegate.swift' (23/94)
Linting 'TextView+Insert.swift' (24/94)
Linting 'TextView+SetText.swift' (25/94)
Linting 'TextView+Accessibility.swift' (26/94)
Linting 'TextViewDelegate.swift' (27/94)
Linting 'MarkedTextManager.swift' (28/94)
Linting 'MarkedRanges.swift' (29/94)
Linting 'TextLine.swift' (30/94)
Linting 'LineFragmentView.swift' (31/94)
Linting 'LineFragmentRenderer.swift' (32/94)
Linting 'LineBreakStrategy.swift' (33/94)
Linting 'LineFragment.swift' (34/94)
Linting 'Typesetter.swift' (35/94)
Linting 'CTLineTypesetData.swift' (36/94)
Linting 'TypesetContext.swift' (37/94)
Linting 'LineFragmentTypesetContext.swift' (38/94)
Linting 'TextLayoutManager+Edits.swift' (39/94)
Linting 'TextLayoutManager+Layout.swift' (40/94)
Linting 'TextLayoutManagerRenderDelegate.swift' (41/94)
Linting 'TextLayoutManagerDelegate.swift' (42/94)
Linting 'TextLayoutManager+Public.swift' (43/94)
Linting 'TextLayoutManager+Iterator.swift' (44/94)
Linting 'TextLayoutManager+Invalidation.swift' (45/94)
Linting 'TextLayoutManager.swift' (46/94)
Linting 'TextAttachmentManager.swift' (47/94)
Linting 'TextAttachmentManagerDelegate.swift' (48/94)
Linting 'TextAttachment.swift' (49/94)
/Users/admin/builder/spi-builder-workspace/Sources/CodeEditTextView/TextLayoutManager/TextLayoutManager+Layout.swift:407:1: warning: File Length Violation: File should contain 400 lines or less: currently contains 407 (file_length)
Linting 'TextLineBlock.swift' (50/94)
Linting 'TextLineBlockManager.swift' (51/94)
Linting 'Emphasis.swift' (52/94)
Linting 'EmphasisStyle.swift' (53/94)
Linting 'EmphasisManager.swift' (54/94)
Linting 'Logger.swift' (55/94)
Linting 'KillRing.swift' (56/94)
Linting 'MultiStorageDelegate.swift' (57/94)
Linting 'HorizontalEdgeInsets.swift' (58/94)
Linting 'ViewReuseQueue.swift' (59/94)
/Users/admin/builder/spi-builder-workspace/Sources/CodeEditTextView/TextLayoutManager/TextLayoutManager+Public.swift:92:1: warning: Line Length Violation: Line should be 120 characters or less; currently it has 123 characters (line_length)
Linting 'NSBezierPath+SmoothPath.swift' (60/94)
Linting 'LineEnding.swift' (61/94)
Linting 'CEUndoManager.swift' (62/94)
Linting 'CharacterSet.swift' (63/94)
Linting 'NSColor+Greyscale.swift' (64/94)
Linting 'PixelAligned.swift' (65/94)
Linting 'NSTextStorage+getLine.swift' (66/94)
Linting 'NSColor+Hex.swift' (67/94)
Linting 'CTTypesetter+SuggestLineBreak.swift' (68/94)
Linting 'GC+ApproximateEqual.swift' (69/94)
Linting 'NSBezierPath+CGPathFallback.swift' (70/94)
Linting 'CGRectArray+BoundingRect.swift' (71/94)
Linting 'NSRange+init.swift' (72/94)
Linting 'NSRange+isEmpty.swift' (73/94)
Linting 'NSRange+translate.swift' (74/94)
Linting 'TextSelection.swift' (75/94)
Linting 'TextSelectionManager+Move.swift' (76/94)
Linting 'TextSelectionManager+Update.swift' (77/94)
Linting 'Destination.swift' (78/94)
Linting 'TextSelectionManager+FillRects.swift' (79/94)
Linting 'TextSelectionManager+Draw.swift' (80/94)
Linting 'TextSelectionManager.swift' (81/94)
Linting 'Direction.swift' (82/94)
Linting 'TextSelectionManager+SelectionManipulation.swift' (83/94)
Linting 'SelectionManipulation+Vertical.swift' (84/94)
Linting 'TextLineStorage+Node.swift' (85/94)
Linting 'SelectionManipulation+Horizontal.swift' (86/94)
Linting 'TextLineStorage.swift' (87/94)
Linting 'TextLineStorage+Structs.swift' (88/94)
Linting 'TextLineStorage+Iterator.swift' (89/94)
Linting 'CursorSelectionMode.swift' (91/94)
Linting 'CursorView.swift' (92/94)
Linting 'TextLineStorage+NSTextStorage.swift' (90/94)
Linting 'CursorTimer.swift' (93/94)
Linting 'InvisibleCharactersDelegate.swift' (94/94)
Done linting! Found 2 violations, 0 serious in 94 files.
The folder “Output” doesn’t exist.
Process build tool plug-in results
package: <IDESwiftPackageCore.IDESwiftPackage:0x8c07a8600 path:'/Users/admin/builder/spi-builder-workspace'>
target: CodeEditTextView
prebuildCommandOutputPaths: []
buildCommands: []
allDerivedOutputPaths: []
CreateBuildRequest
SendProjectDescription
CreateBuildOperation
ComputeTargetDependencyGraph
note: Building targets in dependency order
note: Target dependency graph (20 targets)
Target 'CodeEditTextView' in project 'CodeEditTextView'
➜ Explicit dependency on target 'CodeEditTextView' in project 'CodeEditTextView'
➜ Explicit dependency on target 'CodeEditTextViewObjC' in project 'CodeEditTextView'
➜ Explicit dependency on target 'SwiftLint' in project 'SwiftLintPlugin'
➜ Explicit dependency on target 'TextStory' in project 'TextStory'
➜ Explicit dependency on target 'Collections' in project 'swift-collections'
Target 'CodeEditTextView' in project 'CodeEditTextView'
➜ Explicit dependency on target 'CodeEditTextViewObjC' in project 'CodeEditTextView'
➜ Explicit dependency on target 'SwiftLint' in project 'SwiftLintPlugin'
➜ Explicit dependency on target 'TextStory' in project 'TextStory'
➜ Explicit dependency on target 'Collections' in project 'swift-collections'
Target 'Collections' in project 'swift-collections'
➜ Explicit dependency on target 'Collections' in project 'swift-collections'
➜ Explicit dependency on target 'InternalCollectionsUtilities' in project 'swift-collections'
➜ Explicit dependency on target 'BitCollections' in project 'swift-collections'
➜ Explicit dependency on target 'ContainersPreview' in project 'swift-collections'
➜ Explicit dependency on target 'DequeModule' in project 'swift-collections'
➜ Explicit dependency on target 'HashTreeCollections' in project 'swift-collections'
➜ Explicit dependency on target 'HeapModule' in project 'swift-collections'
➜ Explicit dependency on target 'OrderedCollections' in project 'swift-collections'
➜ Explicit dependency on target '_RopeModule' in project 'swift-collections'
Target 'Collections' in project 'swift-collections'
➜ Explicit dependency on target 'InternalCollectionsUtilities' in project 'swift-collections'
➜ Explicit dependency on target 'BitCollections' in project 'swift-collections'
➜ Explicit dependency on target 'ContainersPreview' in project 'swift-collections'
➜ Explicit dependency on target 'DequeModule' in project 'swift-collections'
➜ Explicit dependency on target 'HashTreeCollections' in project 'swift-collections'
➜ Explicit dependency on target 'HeapModule' in project 'swift-collections'
➜ Explicit dependency on target 'OrderedCollections' in project 'swift-collections'
➜ Explicit dependency on target '_RopeModule' in project 'swift-collections'
Target '_RopeModule' in project 'swift-collections'
➜ Explicit dependency on target 'InternalCollectionsUtilities' in project 'swift-collections'
Target 'OrderedCollections' in project 'swift-collections'
➜ Explicit dependency on target 'InternalCollectionsUtilities' in project 'swift-collections'
Target 'HeapModule' in project 'swift-collections'
➜ Explicit dependency on target 'InternalCollectionsUtilities' in project 'swift-collections'
Target 'HashTreeCollections' in project 'swift-collections'
➜ Explicit dependency on target 'InternalCollectionsUtilities' in project 'swift-collections'
Target 'DequeModule' in project 'swift-collections'
➜ Explicit dependency on target 'InternalCollectionsUtilities' in project 'swift-collections'
➜ Explicit dependency on target 'ContainersPreview' in project 'swift-collections'
Target 'ContainersPreview' in project 'swift-collections'
➜ Explicit dependency on target 'InternalCollectionsUtilities' in project 'swift-collections'
Target 'BitCollections' in project 'swift-collections'
➜ Explicit dependency on target 'InternalCollectionsUtilities' in project 'swift-collections'
Target 'InternalCollectionsUtilities' in project 'swift-collections' (no dependencies)
Target 'TextStory' in project 'TextStory'
➜ Explicit dependency on target 'TextStory' in project 'TextStory'
➜ Explicit dependency on target 'Internal' in project 'TextStory'
➜ Explicit dependency on target 'Rearrange' in project 'Rearrange'
Target 'TextStory' in project 'TextStory'
➜ Explicit dependency on target 'Internal' in project 'TextStory'
➜ Explicit dependency on target 'Rearrange' in project 'Rearrange'
Target 'Rearrange' in project 'Rearrange'
➜ Explicit dependency on target 'Rearrange' in project 'Rearrange'
Target 'Rearrange' in project 'Rearrange' (no dependencies)
Target 'Internal' in project 'TextStory' (no dependencies)
Target 'SwiftLint' in project 'SwiftLintPlugin'
➜ Explicit dependency on target 'SwiftLint' in project 'SwiftLintPlugin'
Target 'SwiftLint' in project 'SwiftLintPlugin' (no dependencies)
Target 'CodeEditTextViewObjC' in project 'CodeEditTextView' (no dependencies)
GatherProvisioningInputs
CreateBuildDescription
ClangStatCache /Applications/Xcode-26.3.0.app/Contents/Developer/Toolchains/XcodeDefault.xctoolchain/usr/bin/clang-stat-cache /Applications/Xcode-26.3.0.app/Contents/Developer/Platforms/XROS.platform/Developer/SDKs/XROS26.2.sdk /Users/admin/builder/spi-builder-workspace/.derivedData/SDKStatCaches.noindex/xros26.2-23N301-dc75598d0054f22ec865fa860f139d72f5e64962d3ee001da1d77d1957dffdab.sdkstatcache
cd /Users/admin/builder/spi-builder-workspace/.swiftpm/xcode
/Applications/Xcode-26.3.0.app/Contents/Developer/Toolchains/XcodeDefault.xctoolchain/usr/bin/clang-stat-cache /Applications/Xcode-26.3.0.app/Contents/Developer/Platforms/XROS.platform/Developer/SDKs/XROS26.2.sdk -o /Users/admin/builder/spi-builder-workspace/.derivedData/SDKStatCaches.noindex/xros26.2-23N301-dc75598d0054f22ec865fa860f139d72f5e64962d3ee001da1d77d1957dffdab.sdkstatcache
ScanDependencies /Users/admin/builder/spi-builder-workspace/.derivedData/Build/Intermediates.noindex/TextStory.build/Debug-xros/Internal.build/Objects-normal/arm64/TSYTextStorage.o /Users/admin/builder/spi-builder-workspace/.dependencies/checkouts/TextStory/Sources/Internal/TSYTextStorage.m normal arm64 objective-c com.apple.compilers.llvm.clang.1_0.compiler (in target 'Internal' from project 'TextStory')
cd /Users/admin/builder/spi-builder-workspace/.swiftpm/xcode
Using response file: /Users/admin/builder/spi-builder-workspace/.derivedData/Build/Intermediates.noindex/TextStory.build/Debug-xros/Internal.build/Objects-normal/arm64/e6072d4f65d7061329687fe24e3d63a7-common-args.resp
builtin-ScanDependencies -o /Users/admin/builder/spi-builder-workspace/.derivedData/Build/Intermediates.noindex/TextStory.build/Debug-xros/Internal.build/Objects-normal/arm64/TSYTextStorage.o.scan -- /Applications/Xcode-26.3.0.app/Contents/Developer/Toolchains/XcodeDefault.xctoolchain/usr/bin/clang -x objective-c -ivfsstatcache /Users/admin/builder/spi-builder-workspace/.derivedData/SDKStatCaches.noindex/xros26.2-23N301-dc75598d0054f22ec865fa860f139d72f5e64962d3ee001da1d77d1957dffdab.sdkstatcache -fmessage-length\=0 -fdiagnostics-show-note-include-stack -fmacro-backtrace-limit\=0 -fno-color-diagnostics -fmodules-prune-interval\=86400 -fmodules-prune-after\=345600 -fbuild-session-file\=/Users/admin/builder/spi-builder-workspace/.derivedData/ModuleCache.noindex/Session.modulevalidation -fmodules-validate-once-per-build-session -Wnon-modular-include-in-framework-module -Werror\=non-modular-include-in-framework-module -Wno-trigraphs -Wno-missing-field-initializers -Wno-missing-prototypes -Wno-return-type -Wno-implicit-atomic-properties -Wno-objc-interface-ivars -Wno-arc-repeated-use-of-weak -Wno-missing-braces -Wparentheses -Wswitch -Wno-unused-function -Wno-unused-label -Wno-unused-parameter -Wno-unused-variable -Wunused-value -Wno-empty-body -Wno-uninitialized -Wno-unknown-pragmas -w -Wno-shadow -Wno-four-char-constants -Wno-conversion -Wno-constant-conversion -Wno-int-conversion -Wno-bool-conversion -Wno-enum-conversion -Wno-float-conversion -Wno-non-literal-null-conversion -Wno-objc-literal-conversion -Wshorten-64-to-32 -Wpointer-sign -Wno-newline-eof -Wno-selector -Wno-strict-selector-match -Wno-undeclared-selector -Wno-deprecated-implementations -Wno-implicit-fallthrough -fstrict-aliasing -Wprotocol -Wdeprecated-declarations -Wno-sign-conversion -Wno-infinite-recursion -Wno-comma -Wno-block-capture-autoreleasing -Wno-strict-prototypes -Wno-semicolon-before-method-body -index-store-path /Users/admin/builder/spi-builder-workspace/.derivedData/Index.noindex/DataStore @/Users/admin/builder/spi-builder-workspace/.derivedData/Build/Intermediates.noindex/TextStory.build/Debug-xros/Internal.build/Objects-normal/arm64/e6072d4f65d7061329687fe24e3d63a7-common-args.resp -MMD -MT dependencies -MF /Users/admin/builder/spi-builder-workspace/.derivedData/Build/Intermediates.noindex/TextStory.build/Debug-xros/Internal.build/Objects-normal/arm64/TSYTextStorage.d --serialize-diagnostics /Users/admin/builder/spi-builder-workspace/.derivedData/Build/Intermediates.noindex/TextStory.build/Debug-xros/Internal.build/Objects-normal/arm64/TSYTextStorage.dia -c /Users/admin/builder/spi-builder-workspace/.dependencies/checkouts/TextStory/Sources/Internal/TSYTextStorage.m -o /Users/admin/builder/spi-builder-workspace/.derivedData/Build/Intermediates.noindex/TextStory.build/Debug-xros/Internal.build/Objects-normal/arm64/TSYTextStorage.o -index-unit-output-path /TextStory.build/Debug-xros/Internal.build/Objects-normal/arm64/TSYTextStorage.o
SwiftDriver Rearrange normal arm64 com.apple.xcode.tools.swift.compiler (in target 'Rearrange' from project 'Rearrange')
cd /Users/admin/builder/spi-builder-workspace/.swiftpm/xcode
builtin-SwiftDriver -- /Applications/Xcode-26.3.0.app/Contents/Developer/Toolchains/XcodeDefault.xctoolchain/usr/bin/swiftc -module-name Rearrange -Onone -enforce-exclusivity\=checked @/Users/admin/builder/spi-builder-workspace/.derivedData/Build/Intermediates.noindex/Rearrange.build/Debug-xros/Rearrange.build/Objects-normal/arm64/Rearrange.SwiftFileList -DSWIFT_PACKAGE -DDEBUG -DSWIFT_MODULE_RESOURCE_BUNDLE_UNAVAILABLE -DXcode -enable-experimental-feature StrictConcurrency -plugin-path /Applications/Xcode-26.3.0.app/Contents/Developer/Toolchains/XcodeDefault.xctoolchain/usr/lib/swift/host/plugins/testing -enable-experimental-feature DebugDescriptionMacro -sdk /Applications/Xcode-26.3.0.app/Contents/Developer/Platforms/XROS.platform/Developer/SDKs/XROS26.2.sdk -target arm64-apple-xros1.0 -g -module-cache-path /Users/admin/builder/spi-builder-workspace/.derivedData/ModuleCache.noindex -Xfrontend -serialize-debugging-options -profile-coverage-mapping -profile-generate -enable-testing -suppress-warnings -index-store-path /Users/admin/builder/spi-builder-workspace/.derivedData/Index.noindex/DataStore -Xcc -D_LIBCPP_HARDENING_MODE\=_LIBCPP_HARDENING_MODE_DEBUG -swift-version 5 -I /Users/admin/builder/spi-builder-workspace/.derivedData/Build/Products/Debug-xros -Isystem /Applications/Xcode-26.3.0.app/Contents/Developer/Platforms/XROS.platform/Developer/usr/lib -F /Users/admin/builder/spi-builder-workspace/.derivedData/Build/Products/Debug-xros -F /Applications/Xcode-26.3.0.app/Contents/Developer/Platforms/XROS.platform/Developer/Library/Frameworks -F /Applications/Xcode-26.3.0.app/Contents/Developer/Platforms/XROS.platform/Developer/SDKs/XROS26.2.sdk/Developer/Library/Frameworks -c -j10 -enable-batch-mode -incremental -Xcc -ivfsstatcache -Xcc /Users/admin/builder/spi-builder-workspace/.derivedData/SDKStatCaches.noindex/xros26.2-23N301-dc75598d0054f22ec865fa860f139d72f5e64962d3ee001da1d77d1957dffdab.sdkstatcache -output-file-map /Users/admin/builder/spi-builder-workspace/.derivedData/Build/Intermediates.noindex/Rearrange.build/Debug-xros/Rearrange.build/Objects-normal/arm64/Rearrange-OutputFileMap.json -use-frontend-parseable-output -save-temps -no-color-diagnostics -explicit-module-build -module-cache-path /Users/admin/builder/spi-builder-workspace/.derivedData/Build/Intermediates.noindex/SwiftExplicitPrecompiledModules -clang-scanner-module-cache-path /Users/admin/builder/spi-builder-workspace/.derivedData/ModuleCache.noindex -sdk-module-cache-path /Users/admin/builder/spi-builder-workspace/.derivedData/ModuleCache.noindex -serialize-diagnostics -emit-dependencies -emit-module -emit-module-path /Users/admin/builder/spi-builder-workspace/.derivedData/Build/Intermediates.noindex/Rearrange.build/Debug-xros/Rearrange.build/Objects-normal/arm64/Rearrange.swiftmodule -validate-clang-modules-once -clang-build-session-file /Users/admin/builder/spi-builder-workspace/.derivedData/ModuleCache.noindex/Session.modulevalidation -Xcc -I/Users/admin/builder/spi-builder-workspace/.derivedData/Build/Intermediates.noindex/Rearrange.build/Debug-xros/Rearrange.build/swift-overrides.hmap -emit-const-values -Xfrontend -const-gather-protocols-file -Xfrontend /Users/admin/builder/spi-builder-workspace/.derivedData/Build/Intermediates.noindex/Rearrange.build/Debug-xros/Rearrange.build/Objects-normal/arm64/Rearrange_const_extract_protocols.json -Xcc -I/Users/admin/builder/spi-builder-workspace/.derivedData/Build/Products/Debug-xros/include -Xcc -I/Users/admin/builder/spi-builder-workspace/.derivedData/Build/Intermediates.noindex/Rearrange.build/Debug-xros/Rearrange.build/DerivedSources-normal/arm64 -Xcc -I/Users/admin/builder/spi-builder-workspace/.derivedData/Build/Intermediates.noindex/Rearrange.build/Debug-xros/Rearrange.build/DerivedSources/arm64 -Xcc -I/Users/admin/builder/spi-builder-workspace/.derivedData/Build/Intermediates.noindex/Rearrange.build/Debug-xros/Rearrange.build/DerivedSources -Xcc -DSWIFT_PACKAGE -Xcc -DDEBUG\=1 -emit-objc-header -emit-objc-header-path /Users/admin/builder/spi-builder-workspace/.derivedData/Build/Intermediates.noindex/Rearrange.build/Debug-xros/Rearrange.build/Objects-normal/arm64/Rearrange-Swift.h -working-directory /Users/admin/builder/spi-builder-workspace/.swiftpm/xcode -experimental-emit-module-separately -disable-cmo
SwiftDriver InternalCollectionsUtilities normal arm64 com.apple.xcode.tools.swift.compiler (in target 'InternalCollectionsUtilities' from project 'swift-collections')
cd /Users/admin/builder/spi-builder-workspace/.swiftpm/xcode
builtin-SwiftDriver -- /Applications/Xcode-26.3.0.app/Contents/Developer/Toolchains/XcodeDefault.xctoolchain/usr/bin/swiftc -module-name InternalCollectionsUtilities -Onone -enforce-exclusivity\=checked @/Users/admin/builder/spi-builder-workspace/.derivedData/Build/Intermediates.noindex/swift-collections.build/Debug-xros/InternalCollectionsUtilities.build/Objects-normal/arm64/InternalCollectionsUtilities.SwiftFileList -DSWIFT_PACKAGE -DDEBUG -DSWIFT_MODULE_RESOURCE_BUNDLE_UNAVAILABLE -DCOLLECTIONS_RANDOMIZED_TESTING -DXcode -enable-experimental-feature AvailabilityMacro\=SwiftStdlib\ 5.0:\ macOS\ 10.14.4,\ iOS\ 12.2,\ watchOS\ 5.2,\ tvOS\ 12.2 -enable-experimental-feature AvailabilityMacro\=SwiftStdlib\ 5.1:\ macOS\ 10.15,\ iOS\ 13.0,\ watchOS\ 6.0,\ tvOS\ 13.0 -enable-experimental-feature AvailabilityMacro\=SwiftStdlib\ 5.6:\ macOS\ 12.3,\ iOS\ 15.4,\ watchOS\ 8.5,\ tvOS\ 15.4 -enable-experimental-feature AvailabilityMacro\=SwiftStdlib\ 5.7:\ macOS\ 13.0,\ iOS\ 16.0,\ watchOS\ 9.0,\ tvOS\ 16.0 -enable-experimental-feature AvailabilityMacro\=SwiftStdlib\ 5.8:\ macOS\ 13.3,\ iOS\ 16.4,\ watchOS\ 9.4,\ tvOS\ 16.4 -enable-experimental-feature AvailabilityMacro\=SwiftStdlib\ 5.9:\ macOS\ 14.0,\ iOS\ 17.0,\ watchOS\ 10.0,\ tvOS\ 17.0 -enable-experimental-feature AvailabilityMacro\=SwiftStdlib\ 5.10:\ macOS\ 14.4,\ iOS\ 17.4,\ watchOS\ 10.4,\ tvOS\ 17.4,\ visionOS\ 1.1 -enable-experimental-feature AvailabilityMacro\=SwiftStdlib\ 6.0:\ macOS\ 15.0,\ iOS\ 18.0,\ watchOS\ 11.0,\ tvOS\ 18.0,\ visionOS\ 2.0 -enable-experimental-feature AvailabilityMacro\=SwiftStdlib\ 6.1:\ macOS\ 15.4,\ iOS\ 18.4,\ watchOS\ 11.4,\ tvOS\ 18.4,\ visionOS\ 2.4 -enable-experimental-feature AvailabilityMacro\=SwiftStdlib\ 6.2:\ macOS\ 26.0,\ iOS\ 26.0,\ watchOS\ 26.0,\ tvOS\ 26.0,\ visionOS\ 26.0 -enable-experimental-feature AvailabilityMacro\=SwiftStdlib\ 6.3:\ macOS\ 26.4,\ iOS\ 26.4,\ watchOS\ 26.4,\ tvOS\ 26.4,\ visionOS\ 26.4 -enable-experimental-feature AvailabilityMacro\=SwiftStdlib\ 6.4:\ macOS\ 9999,\ iOS\ 9999,\ watchOS\ 9999,\ tvOS\ 9999,\ visionOS\ 9999 -enable-experimental-feature AvailabilityMacro\=SwiftStdlib\ 6.5:\ macOS\ 9999,\ iOS\ 9999,\ watchOS\ 9999,\ tvOS\ 9999,\ visionOS\ 9999 -enable-upcoming-feature MemberImportVisibility -enable-experimental-feature BuiltinModule -enable-experimental-feature Lifetimes -enable-experimental-feature InoutLifetimeDependence -enable-experimental-feature AddressableParameters -enable-experimental-feature AddressableTypes -enable-experimental-feature SuppressedAssociatedTypesWithDefaults -plugin-path /Applications/Xcode-26.3.0.app/Contents/Developer/Toolchains/XcodeDefault.xctoolchain/usr/lib/swift/host/plugins/testing -enable-experimental-feature DebugDescriptionMacro -sdk /Applications/Xcode-26.3.0.app/Contents/Developer/Platforms/XROS.platform/Developer/SDKs/XROS26.2.sdk -target arm64-apple-xros1.0 -g -module-cache-path /Users/admin/builder/spi-builder-workspace/.derivedData/ModuleCache.noindex -Xfrontend -serialize-debugging-options -profile-coverage-mapping -profile-generate -enable-testing -suppress-warnings -index-store-path /Users/admin/builder/spi-builder-workspace/.derivedData/Index.noindex/DataStore -Xcc -D_LIBCPP_HARDENING_MODE\=_LIBCPP_HARDENING_MODE_DEBUG -swift-version 6 -I /Users/admin/builder/spi-builder-workspace/.derivedData/Build/Products/Debug-xros -Isystem /Applications/Xcode-26.3.0.app/Contents/Developer/Platforms/XROS.platform/Developer/usr/lib -F /Users/admin/builder/spi-builder-workspace/.derivedData/Build/Products/Debug-xros -F /Applications/Xcode-26.3.0.app/Contents/Developer/Platforms/XROS.platform/Developer/Library/Frameworks -F /Applications/Xcode-26.3.0.app/Contents/Developer/Platforms/XROS.platform/Developer/SDKs/XROS26.2.sdk/Developer/Library/Frameworks -c -j10 -enable-batch-mode -incremental -Xcc -ivfsstatcache -Xcc /Users/admin/builder/spi-builder-workspace/.derivedData/SDKStatCaches.noindex/xros26.2-23N301-dc75598d0054f22ec865fa860f139d72f5e64962d3ee001da1d77d1957dffdab.sdkstatcache -output-file-map /Users/admin/builder/spi-builder-workspace/.derivedData/Build/Intermediates.noindex/swift-collections.build/Debug-xros/InternalCollectionsUtilities.build/Objects-normal/arm64/InternalCollectionsUtilities-OutputFileMap.json -use-frontend-parseable-output -save-temps -no-color-diagnostics -explicit-module-build -module-cache-path /Users/admin/builder/spi-builder-workspace/.derivedData/Build/Intermediates.noindex/SwiftExplicitPrecompiledModules -clang-scanner-module-cache-path /Users/admin/builder/spi-builder-workspace/.derivedData/ModuleCache.noindex -sdk-module-cache-path /Users/admin/builder/spi-builder-workspace/.derivedData/ModuleCache.noindex -serialize-diagnostics -emit-dependencies -emit-module -emit-module-path /Users/admin/builder/spi-builder-workspace/.derivedData/Build/Intermediates.noindex/swift-collections.build/Debug-xros/InternalCollectionsUtilities.build/Objects-normal/arm64/InternalCollectionsUtilities.swiftmodule -user-module-version 1.6.0 -validate-clang-modules-once -clang-build-session-file /Users/admin/builder/spi-builder-workspace/.derivedData/ModuleCache.noindex/Session.modulevalidation -package-name swift_collections -Xcc -I/Users/admin/builder/spi-builder-workspace/.derivedData/Build/Intermediates.noindex/swift-collections.build/Debug-xros/InternalCollectionsUtilities.build/swift-overrides.hmap -emit-const-values -Xfrontend -const-gather-protocols-file -Xfrontend /Users/admin/builder/spi-builder-workspace/.derivedData/Build/Intermediates.noindex/swift-collections.build/Debug-xros/InternalCollectionsUtilities.build/Objects-normal/arm64/InternalCollectionsUtilities_const_extract_protocols.json -Xcc -I/Users/admin/builder/spi-builder-workspace/.derivedData/Build/Products/Debug-xros/include -Xcc -I/Users/admin/builder/spi-builder-workspace/.derivedData/Build/Intermediates.noindex/swift-collections.build/Debug-xros/InternalCollectionsUtilities.build/DerivedSources-normal/arm64 -Xcc -I/Users/admin/builder/spi-builder-workspace/.derivedData/Build/Intermediates.noindex/swift-collections.build/Debug-xros/InternalCollectionsUtilities.build/DerivedSources/arm64 -Xcc -I/Users/admin/builder/spi-builder-workspace/.derivedData/Build/Intermediates.noindex/swift-collections.build/Debug-xros/InternalCollectionsUtilities.build/DerivedSources -Xcc -DSWIFT_PACKAGE -Xcc -DDEBUG\=1 -emit-objc-header -emit-objc-header-path /Users/admin/builder/spi-builder-workspace/.derivedData/Build/Intermediates.noindex/swift-collections.build/Debug-xros/InternalCollectionsUtilities.build/Objects-normal/arm64/InternalCollectionsUtilities-Swift.h -working-directory /Users/admin/builder/spi-builder-workspace/.swiftpm/xcode -experimental-emit-module-separately -disable-cmo
ScanDependencies /Users/admin/builder/spi-builder-workspace/.derivedData/Build/Intermediates.noindex/CodeEditTextView.build/Debug-xros/CodeEditTextViewObjC.build/Objects-normal/arm64/CGContextHidden.o /Users/admin/builder/spi-builder-workspace/Sources/CodeEditTextViewObjC/CGContextHidden.m normal arm64 objective-c com.apple.compilers.llvm.clang.1_0.compiler (in target 'CodeEditTextViewObjC' from project 'CodeEditTextView')
cd /Users/admin/builder/spi-builder-workspace/.swiftpm/xcode
Using response file: /Users/admin/builder/spi-builder-workspace/.derivedData/Build/Intermediates.noindex/CodeEditTextView.build/Debug-xros/CodeEditTextViewObjC.build/Objects-normal/arm64/e6072d4f65d7061329687fe24e3d63a7-common-args.resp
builtin-ScanDependencies -o /Users/admin/builder/spi-builder-workspace/.derivedData/Build/Intermediates.noindex/CodeEditTextView.build/Debug-xros/CodeEditTextViewObjC.build/Objects-normal/arm64/CGContextHidden.o.scan -- /Applications/Xcode-26.3.0.app/Contents/Developer/Toolchains/XcodeDefault.xctoolchain/usr/bin/clang -x objective-c -ivfsstatcache /Users/admin/builder/spi-builder-workspace/.derivedData/SDKStatCaches.noindex/xros26.2-23N301-dc75598d0054f22ec865fa860f139d72f5e64962d3ee001da1d77d1957dffdab.sdkstatcache -fmessage-length\=0 -fdiagnostics-show-note-include-stack -fmacro-backtrace-limit\=0 -fno-color-diagnostics -fmodules-prune-interval\=86400 -fmodules-prune-after\=345600 -fbuild-session-file\=/Users/admin/builder/spi-builder-workspace/.derivedData/ModuleCache.noindex/Session.modulevalidation -fmodules-validate-once-per-build-session -Wnon-modular-include-in-framework-module -Werror\=non-modular-include-in-framework-module -Wno-trigraphs -Wno-missing-field-initializers -Wno-missing-prototypes -Wno-return-type -Wno-implicit-atomic-properties -Wno-objc-interface-ivars -Wno-arc-repeated-use-of-weak -Wno-missing-braces -Wparentheses -Wswitch -Wno-unused-function -Wno-unused-label -Wno-unused-parameter -Wno-unused-variable -Wunused-value -Wno-empty-body -Wno-uninitialized -Wno-unknown-pragmas -Wno-shadow -Wno-four-char-constants -Wno-conversion -Wno-constant-conversion -Wno-int-conversion -Wno-bool-conversion -Wno-enum-conversion -Wno-float-conversion -Wno-non-literal-null-conversion -Wno-objc-literal-conversion -Wshorten-64-to-32 -Wpointer-sign -Wno-newline-eof -Wno-selector -Wno-strict-selector-match -Wno-undeclared-selector -Wno-deprecated-implementations -Wno-implicit-fallthrough -fstrict-aliasing -Wprotocol -Wdeprecated-declarations -Wno-sign-conversion -Wno-infinite-recursion -Wno-comma -Wno-block-capture-autoreleasing -Wno-strict-prototypes -Wno-semicolon-before-method-body -index-store-path /Users/admin/builder/spi-builder-workspace/.derivedData/Index.noindex/DataStore @/Users/admin/builder/spi-builder-workspace/.derivedData/Build/Intermediates.noindex/CodeEditTextView.build/Debug-xros/CodeEditTextViewObjC.build/Objects-normal/arm64/e6072d4f65d7061329687fe24e3d63a7-common-args.resp -MMD -MT dependencies -MF /Users/admin/builder/spi-builder-workspace/.derivedData/Build/Intermediates.noindex/CodeEditTextView.build/Debug-xros/CodeEditTextViewObjC.build/Objects-normal/arm64/CGContextHidden.d --serialize-diagnostics /Users/admin/builder/spi-builder-workspace/.derivedData/Build/Intermediates.noindex/CodeEditTextView.build/Debug-xros/CodeEditTextViewObjC.build/Objects-normal/arm64/CGContextHidden.dia -c /Users/admin/builder/spi-builder-workspace/Sources/CodeEditTextViewObjC/CGContextHidden.m -o /Users/admin/builder/spi-builder-workspace/.derivedData/Build/Intermediates.noindex/CodeEditTextView.build/Debug-xros/CodeEditTextViewObjC.build/Objects-normal/arm64/CGContextHidden.o -index-unit-output-path /CodeEditTextView.build/Debug-xros/CodeEditTextViewObjC.build/Objects-normal/arm64/CGContextHidden.o
/Users/admin/builder/spi-builder-workspace/Sources/CodeEditTextViewObjC/CGContextHidden.m:8:9: error: 'Cocoa/Cocoa.h' file not found (in target 'CodeEditTextViewObjC' from project 'CodeEditTextView')
2026-06-28 11:48:45.852 xcodebuild[975:5905] [MT] IDERunDestination: Supported platforms for the buildables in the current scheme is empty.
** BUILD FAILED **
The following build commands failed:
Running SwiftLint for CodeEditTextView
ScanDependencies /Users/admin/builder/spi-builder-workspace/.derivedData/Build/Intermediates.noindex/CodeEditTextView.build/Debug-xros/CodeEditTextViewObjC.build/Objects-normal/arm64/CGContextHidden.o /Users/admin/builder/spi-builder-workspace/Sources/CodeEditTextViewObjC/CGContextHidden.m normal arm64 objective-c com.apple.compilers.llvm.clang.1_0.compiler (in target 'CodeEditTextViewObjC' from project 'CodeEditTextView')
Building workspace spi-builder-workspace with scheme CodeEditTextView
(3 failures)
BUILD FAILURE 6.2 visionOS