Build Information
Failed to build Rejourney, reference v0.5.2 (9dc563), with Swift 6.2 for watchOS using Xcode 26.3 on 29 Aug 2026 13:31:23 UTC.
Build Command
env DEVELOPER_DIR=/Applications/Xcode-26.3.0.app xcrun xcodebuild -IDEClonedSourcePackagesDirPathOverride=$PWD/.dependencies -skipMacroValidation -skipPackagePluginValidation -derivedDataPath $PWD/.derivedData build -scheme Rejourney -destination generic/platform=watchOSBuild Log
========================================
RunAll
========================================
Builder version: 5.0.2
Interrupt handler set up.
========================================
Checkout
========================================
Clone URL: https://github.com/rejourneyco/rejourney.git
Reference: v0.5.2
Initialized empty Git repository in /Users/admin/builder/spi-builder-workspace/.git/
From https://github.com/rejourneyco/rejourney
* tag v0.5.2 -> FETCH_HEAD
HEAD is now at 9dc5639 Release SDK capture, stability and pause work for 0.5.2 / 1.5.1 / 0.4.1
Cloned https://github.com/rejourneyco/rejourney.git
Revision (git rev-parse @):
9dc563934e826227f497bb94c81b6468c47b6e04
SUCCESS checkout https://github.com/rejourneyco/rejourney.git at v0.5.2
========================================
Build
========================================
Selected platform: watchOS
Swift version: 6.2
Building package at path: $PWD
https://github.com/rejourneyco/rejourney.git
Command line invocation:
/Applications/Xcode-26.3.0.app/Contents/Developer/usr/bin/xcodebuild -IDEClonedSourcePackagesDirPathOverride=/Users/admin/builder/spi-builder-workspace/.dependencies -resolvePackageDependencies
Resolve Package Graph
Resolve Package Graph
Resolved source packages:
Rejourney: /Users/admin/builder/spi-builder-workspace
resolved source packages: Rejourney
2026-08-29 09:30:53.128 xcodebuild[535:3089] [MT] IDERunDestination: Supported platforms for the buildables in the current scheme is empty.
{
"dependencies" : [
],
"manifest_display_name" : "Rejourney",
"name" : "Rejourney",
"path" : "/Users/admin/builder/spi-builder-workspace",
"platforms" : [
{
"name" : "ios",
"version" : "15.1"
}
],
"products" : [
{
"name" : "Rejourney",
"targets" : [
"Rejourney"
],
"type" : {
"library" : [
"automatic"
]
}
}
],
"swift_languages_versions" : [
"5"
],
"targets" : [
{
"c99name" : "RejourneyTests",
"module_type" : "SwiftTarget",
"name" : "RejourneyTests",
"path" : "packages/ios/Tests/RejourneyTests",
"sources" : [
"RejourneyTests.swift"
],
"target_dependencies" : [
"Rejourney"
],
"type" : "test"
},
{
"c99name" : "RejourneySignalSupport",
"module_type" : "ClangTarget",
"name" : "RejourneySignalSupport",
"path" : "packages/ios/Sources/RejourneySignalSupport",
"product_memberships" : [
"Rejourney"
],
"sources" : [
"RejourneySignalSupport.m"
],
"type" : "library"
},
{
"c99name" : "Rejourney",
"module_type" : "SwiftTarget",
"name" : "Rejourney",
"path" : "packages/ios/Sources/Rejourney",
"product_memberships" : [
"Rejourney"
],
"resources" : [
{
"path" : "/Users/admin/builder/spi-builder-workspace/packages/ios/Sources/Rejourney/Resources/PrivacyInfo.xcprivacy",
"rule" : {
"process" : {
}
}
}
],
"sources" : [
"Engine/DeviceRegistrar.swift",
"Engine/DiagnosticLog.swift",
"Recording/AnrSentinel.swift",
"Recording/DeviceEnvironmentMonitor.swift",
"Recording/EventBuffer.swift",
"Recording/InteractionRecorder.swift",
"Recording/MetricKitDiagnostics.swift",
"Recording/RejourneyNetworkEventFilter.swift",
"Recording/RejourneyURLProtocol.swift",
"Recording/ReplayOrchestrator.swift",
"Recording/SegmentDispatcher.swift",
"Recording/SpecialCases.swift",
"Recording/StabilityMonitor.swift",
"Recording/TelemetryPipeline.swift",
"Recording/ViewHierarchyScanner.swift",
"Recording/VisualCapture.swift",
"Rejourney.swift",
"RejourneySDKInfo.swift",
"Utility/DataCompression.swift",
"Utility/RejourneyEventSerializer.swift",
"Utility/RuntimeMethodSwap.swift"
],
"target_dependencies" : [
"RejourneySignalSupport"
],
"type" : "library"
}
],
"tools_version" : "5.9"
}
{
"workspace" : {
"name" : "spi-builder-workspace",
"schemes" : [
"Rejourney"
]
}
}
2026-08-29 09:31:11.784 xcodebuild[808:4989] [MT] IDERunDestination: Supported platforms for the buildables in the current scheme is empty.
Running build ...
env DEVELOPER_DIR=/Applications/Xcode-26.3.0.app xcrun xcodebuild -IDEClonedSourcePackagesDirPathOverride=$PWD/.dependencies -skipMacroValidation -skipPackagePluginValidation -derivedDataPath $PWD/.derivedData build -scheme Rejourney -destination generic/platform=watchOS
Command line invocation:
/Applications/Xcode-26.3.0.app/Contents/Developer/usr/bin/xcodebuild -IDEClonedSourcePackagesDirPathOverride=/Users/admin/builder/spi-builder-workspace/.dependencies -skipMacroValidation -skipPackagePluginValidation -derivedDataPath /Users/admin/builder/spi-builder-workspace/.derivedData build -scheme Rejourney -destination generic/platform=watchOS
Resolve Package Graph
Resolve Package Graph
Resolved source packages:
Rejourney: /Users/admin/builder/spi-builder-workspace
ComputePackagePrebuildTargetDependencyGraph
Prepare packages
CreateBuildRequest
SendProjectDescription
CreateBuildOperation
ComputeTargetDependencyGraph
note: Building targets in dependency order
note: Target dependency graph (4 targets)
Target 'Rejourney' in project 'Rejourney'
➜ Explicit dependency on target 'Rejourney' in project 'Rejourney'
➜ Explicit dependency on target 'Rejourney_Rejourney' in project 'Rejourney'
➜ Explicit dependency on target 'RejourneySignalSupport' in project 'Rejourney'
Target 'Rejourney' in project 'Rejourney'
➜ Explicit dependency on target 'Rejourney_Rejourney' in project 'Rejourney'
➜ Explicit dependency on target 'RejourneySignalSupport' in project 'Rejourney'
Target 'RejourneySignalSupport' in project 'Rejourney' (no dependencies)
Target 'Rejourney_Rejourney' in project 'Rejourney' (no dependencies)
GatherProvisioningInputs
CreateBuildDescription
ExecuteExternalTool /Applications/Xcode-26.3.0.app/Contents/Developer/Toolchains/XcodeDefault.xctoolchain/usr/bin/clang -v -E -dM -isysroot /Applications/Xcode-26.3.0.app/Contents/Developer/Platforms/WatchOS.platform/Developer/SDKs/WatchOS26.2.sdk -x c -c /dev/null
ExecuteExternalTool /Applications/Xcode-26.3.0.app/Contents/Developer/Toolchains/XcodeDefault.xctoolchain/usr/bin/clang -v -E -dM -arch arm64 -isysroot /Applications/Xcode-26.3.0.app/Contents/Developer/Platforms/WatchOS.platform/Developer/SDKs/WatchOS26.2.sdk -x objective-c -c /dev/null
ExecuteExternalTool /Applications/Xcode-26.3.0.app/Contents/Developer/Toolchains/XcodeDefault.xctoolchain/usr/bin/swiftc --version
ExecuteExternalTool /Applications/Xcode-26.3.0.app/Contents/Developer/Toolchains/XcodeDefault.xctoolchain/usr/bin/clang -v -E -dM -arch arm64 -isysroot /Applications/Xcode-26.3.0.app/Contents/Developer/Platforms/WatchOS.platform/Developer/SDKs/WatchOS26.2.sdk -x c -c /dev/null
ExecuteExternalTool /Applications/Xcode-26.3.0.app/Contents/Developer/Toolchains/XcodeDefault.xctoolchain/usr/bin/ld -version_details
ExecuteExternalTool /Applications/Xcode-26.3.0.app/Contents/Developer/Toolchains/XcodeDefault.xctoolchain/usr/bin/clang -v -E -dM -arch armv7k -isysroot /Applications/Xcode-26.3.0.app/Contents/Developer/Platforms/WatchOS.platform/Developer/SDKs/WatchOS26.2.sdk -x objective-c -c /dev/null
ExecuteExternalTool /Applications/Xcode-26.3.0.app/Contents/Developer/Toolchains/XcodeDefault.xctoolchain/usr/bin/clang -v -E -dM -arch armv7k -isysroot /Applications/Xcode-26.3.0.app/Contents/Developer/Platforms/WatchOS.platform/Developer/SDKs/WatchOS26.2.sdk -x c -c /dev/null
ExecuteExternalTool /Applications/Xcode-26.3.0.app/Contents/Developer/Toolchains/XcodeDefault.xctoolchain/usr/bin/clang -v -E -dM -arch arm64_32 -isysroot /Applications/Xcode-26.3.0.app/Contents/Developer/Platforms/WatchOS.platform/Developer/SDKs/WatchOS26.2.sdk -x objective-c -c /dev/null
ExecuteExternalTool /Applications/Xcode-26.3.0.app/Contents/Developer/Toolchains/XcodeDefault.xctoolchain/usr/bin/clang -v -E -dM -arch arm64_32 -isysroot /Applications/Xcode-26.3.0.app/Contents/Developer/Platforms/WatchOS.platform/Developer/SDKs/WatchOS26.2.sdk -x c -c /dev/null
Build description signature: 0eae0fe5a0327a4676c333a1ac690c19
Build description path: /Users/admin/builder/spi-builder-workspace/.derivedData/Build/Intermediates.noindex/XCBuildData/0eae0fe5a0327a4676c333a1ac690c19.xcbuilddata
CreateBuildDirectory /Users/admin/builder/spi-builder-workspace/.derivedData/Build/Products
cd /Users/admin/builder/spi-builder-workspace/.swiftpm/xcode
builtin-create-build-directory /Users/admin/builder/spi-builder-workspace/.derivedData/Build/Products
CreateBuildDirectory /Users/admin/builder/spi-builder-workspace/.derivedData/Build/Intermediates.noindex
cd /Users/admin/builder/spi-builder-workspace/.swiftpm/xcode
builtin-create-build-directory /Users/admin/builder/spi-builder-workspace/.derivedData/Build/Intermediates.noindex
ClangStatCache /Applications/Xcode-26.3.0.app/Contents/Developer/Toolchains/XcodeDefault.xctoolchain/usr/bin/clang-stat-cache /Applications/Xcode-26.3.0.app/Contents/Developer/Platforms/WatchOS.platform/Developer/SDKs/WatchOS26.2.sdk /Users/admin/builder/spi-builder-workspace/.derivedData/SDKStatCaches.noindex/watchos26.2-23S303-dc75598d0054f22ec865fa860f139d721753b489057de6bda919edfa1c59a62b.sdkstatcache
cd /Users/admin/builder/spi-builder-workspace/.swiftpm/xcode
/Applications/Xcode-26.3.0.app/Contents/Developer/Toolchains/XcodeDefault.xctoolchain/usr/bin/clang-stat-cache /Applications/Xcode-26.3.0.app/Contents/Developer/Platforms/WatchOS.platform/Developer/SDKs/WatchOS26.2.sdk -o /Users/admin/builder/spi-builder-workspace/.derivedData/SDKStatCaches.noindex/watchos26.2-23S303-dc75598d0054f22ec865fa860f139d721753b489057de6bda919edfa1c59a62b.sdkstatcache
CreateBuildDirectory /Users/admin/builder/spi-builder-workspace/.derivedData/Build/Intermediates.noindex/ExplicitPrecompiledModules
cd /Users/admin/builder/spi-builder-workspace/.swiftpm/xcode
builtin-create-build-directory /Users/admin/builder/spi-builder-workspace/.derivedData/Build/Intermediates.noindex/ExplicitPrecompiledModules
CreateBuildDirectory /Users/admin/builder/spi-builder-workspace/.derivedData/Build/Intermediates.noindex/SwiftExplicitPrecompiledModules
cd /Users/admin/builder/spi-builder-workspace/.swiftpm/xcode
builtin-create-build-directory /Users/admin/builder/spi-builder-workspace/.derivedData/Build/Intermediates.noindex/SwiftExplicitPrecompiledModules
CreateBuildDirectory /Users/admin/builder/spi-builder-workspace/.derivedData/Build/Intermediates.noindex/EagerLinkingTBDs/Debug-watchos
cd /Users/admin/builder/spi-builder-workspace/.swiftpm/xcode
builtin-create-build-directory /Users/admin/builder/spi-builder-workspace/.derivedData/Build/Intermediates.noindex/EagerLinkingTBDs/Debug-watchos
CreateBuildDirectory /Users/admin/builder/spi-builder-workspace/.derivedData/Build/Products/Debug-watchos
cd /Users/admin/builder/spi-builder-workspace/.swiftpm/xcode
builtin-create-build-directory /Users/admin/builder/spi-builder-workspace/.derivedData/Build/Products/Debug-watchos
CreateBuildDirectory /Users/admin/builder/spi-builder-workspace/.derivedData/Build/Products/Debug-watchos/PackageFrameworks
cd /Users/admin/builder/spi-builder-workspace/.swiftpm/xcode
builtin-create-build-directory /Users/admin/builder/spi-builder-workspace/.derivedData/Build/Products/Debug-watchos/PackageFrameworks
MkDir /Users/admin/builder/spi-builder-workspace/.derivedData/Build/Products/Debug-watchos/Rejourney_Rejourney.bundle (in target 'Rejourney_Rejourney' from project 'Rejourney')
cd /Users/admin/builder/spi-builder-workspace
/bin/mkdir -p /Users/admin/builder/spi-builder-workspace/.derivedData/Build/Products/Debug-watchos/Rejourney_Rejourney.bundle
WriteAuxiliaryFile /Users/admin/builder/spi-builder-workspace/.derivedData/Build/Intermediates.noindex/Rejourney.build/Debug-watchos/RejourneySignalSupport.build/RejourneySignalSupport.DependencyMetadataFileList (in target 'RejourneySignalSupport' from project 'Rejourney')
cd /Users/admin/builder/spi-builder-workspace
write-file /Users/admin/builder/spi-builder-workspace/.derivedData/Build/Intermediates.noindex/Rejourney.build/Debug-watchos/RejourneySignalSupport.build/RejourneySignalSupport.DependencyMetadataFileList
WriteAuxiliaryFile /Users/admin/builder/spi-builder-workspace/.derivedData/Build/Intermediates.noindex/Rejourney.build/Debug-watchos/RejourneySignalSupport.build/RejourneySignalSupport.modulemap (in target 'RejourneySignalSupport' from project 'Rejourney')
cd /Users/admin/builder/spi-builder-workspace
write-file /Users/admin/builder/spi-builder-workspace/.derivedData/Build/Intermediates.noindex/Rejourney.build/Debug-watchos/RejourneySignalSupport.build/RejourneySignalSupport.modulemap
WriteAuxiliaryFile /Users/admin/builder/spi-builder-workspace/.derivedData/Build/Intermediates.noindex/Rejourney.build/Debug-watchos/Rejourney_Rejourney.build/Rejourney_Rejourney.DependencyMetadataFileList (in target 'Rejourney_Rejourney' from project 'Rejourney')
cd /Users/admin/builder/spi-builder-workspace
write-file /Users/admin/builder/spi-builder-workspace/.derivedData/Build/Intermediates.noindex/Rejourney.build/Debug-watchos/Rejourney_Rejourney.build/Rejourney_Rejourney.DependencyMetadataFileList
WriteAuxiliaryFile /Users/admin/builder/spi-builder-workspace/.derivedData/Build/Intermediates.noindex/Rejourney.build/Debug-watchos/RejourneySignalSupport.build/RejourneySignalSupport.DependencyStaticMetadataFileList (in target 'RejourneySignalSupport' from project 'Rejourney')
cd /Users/admin/builder/spi-builder-workspace
write-file /Users/admin/builder/spi-builder-workspace/.derivedData/Build/Intermediates.noindex/Rejourney.build/Debug-watchos/RejourneySignalSupport.build/RejourneySignalSupport.DependencyStaticMetadataFileList
WriteAuxiliaryFile /Users/admin/builder/spi-builder-workspace/.derivedData/Build/Intermediates.noindex/Rejourney.build/Debug-watchos/Rejourney_Rejourney.build/Rejourney_Rejourney.DependencyStaticMetadataFileList (in target 'Rejourney_Rejourney' from project 'Rejourney')
cd /Users/admin/builder/spi-builder-workspace
write-file /Users/admin/builder/spi-builder-workspace/.derivedData/Build/Intermediates.noindex/Rejourney.build/Debug-watchos/Rejourney_Rejourney.build/Rejourney_Rejourney.DependencyStaticMetadataFileList
WriteAuxiliaryFile /Users/admin/builder/spi-builder-workspace/.derivedData/Build/Intermediates.noindex/Rejourney.build/Debug-watchos/Rejourney_Rejourney.build/empty-Rejourney_Rejourney.plist (in target 'Rejourney_Rejourney' from project 'Rejourney')
cd /Users/admin/builder/spi-builder-workspace
write-file /Users/admin/builder/spi-builder-workspace/.derivedData/Build/Intermediates.noindex/Rejourney.build/Debug-watchos/Rejourney_Rejourney.build/empty-Rejourney_Rejourney.plist
WriteAuxiliaryFile /Users/admin/builder/spi-builder-workspace/.derivedData/Build/Intermediates.noindex/Rejourney.build/Debug-watchos/RejourneySignalSupport.build/Objects-normal/armv7k/e6072d4f65d7061329687fe24e3d63a7-common-args.resp (in target 'RejourneySignalSupport' from project 'Rejourney')
cd /Users/admin/builder/spi-builder-workspace
write-file /Users/admin/builder/spi-builder-workspace/.derivedData/Build/Intermediates.noindex/Rejourney.build/Debug-watchos/RejourneySignalSupport.build/Objects-normal/armv7k/e6072d4f65d7061329687fe24e3d63a7-common-args.resp
-target armv7k-apple-watchos8.1 -fobjc-arc -fmodules -gmodules '-fmodules-cache-path=/Users/admin/builder/spi-builder-workspace/.derivedData/ModuleCache.noindex' '-fmodule-name=RejourneySignalSupport' -fpascal-strings -O0 -DSWIFT_PACKAGE '-DDEBUG=1' '-DOBJC_OLD_DISPATCH_PROTOTYPES=1' -isysroot /Applications/Xcode-26.3.0.app/Contents/Developer/Platforms/WatchOS.platform/Developer/SDKs/WatchOS26.2.sdk -g -fprofile-instr-generate -fcoverage-mapping -I/Users/admin/builder/spi-builder-workspace/.derivedData/Build/Products/Debug-watchos/include -I/Users/admin/builder/spi-builder-workspace/packages/ios/Sources/RejourneySignalSupport/include -I/Users/admin/builder/spi-builder-workspace/.derivedData/Build/Intermediates.noindex/Rejourney.build/Debug-watchos/RejourneySignalSupport.build/DerivedSources-normal/armv7k -I/Users/admin/builder/spi-builder-workspace/.derivedData/Build/Intermediates.noindex/Rejourney.build/Debug-watchos/RejourneySignalSupport.build/DerivedSources/armv7k -I/Users/admin/builder/spi-builder-workspace/.derivedData/Build/Intermediates.noindex/Rejourney.build/Debug-watchos/RejourneySignalSupport.build/DerivedSources -F/Users/admin/builder/spi-builder-workspace/.derivedData/Build/Products/Debug-watchos -iframework /Applications/Xcode-26.3.0.app/Contents/Developer/Platforms/WatchOS.platform/Developer/Library/Frameworks -iframework /Applications/Xcode-26.3.0.app/Contents/Developer/Platforms/WatchOS.platform/Developer/SDKs/WatchOS26.2.sdk/Developer/Library/Frameworks -DXcode
WriteAuxiliaryFile /Users/admin/builder/spi-builder-workspace/.derivedData/Build/Intermediates.noindex/Rejourney.build/Debug-watchos/RejourneySignalSupport.build/Objects-normal/armv7k/RejourneySignalSupport.LinkFileList (in target 'RejourneySignalSupport' from project 'Rejourney')
cd /Users/admin/builder/spi-builder-workspace
write-file /Users/admin/builder/spi-builder-workspace/.derivedData/Build/Intermediates.noindex/Rejourney.build/Debug-watchos/RejourneySignalSupport.build/Objects-normal/armv7k/RejourneySignalSupport.LinkFileList
WriteAuxiliaryFile /Users/admin/builder/spi-builder-workspace/.derivedData/Build/Intermediates.noindex/Rejourney.build/Debug-watchos/RejourneySignalSupport.build/Objects-normal/arm64_32/e6072d4f65d7061329687fe24e3d63a7-common-args.resp (in target 'RejourneySignalSupport' from project 'Rejourney')
cd /Users/admin/builder/spi-builder-workspace
write-file /Users/admin/builder/spi-builder-workspace/.derivedData/Build/Intermediates.noindex/Rejourney.build/Debug-watchos/RejourneySignalSupport.build/Objects-normal/arm64_32/e6072d4f65d7061329687fe24e3d63a7-common-args.resp
-target arm64_32-apple-watchos8.1 -fobjc-arc -fmodules -gmodules '-fmodules-cache-path=/Users/admin/builder/spi-builder-workspace/.derivedData/ModuleCache.noindex' '-fmodule-name=RejourneySignalSupport' -fpascal-strings -O0 -DSWIFT_PACKAGE '-DDEBUG=1' '-DOBJC_OLD_DISPATCH_PROTOTYPES=1' -isysroot /Applications/Xcode-26.3.0.app/Contents/Developer/Platforms/WatchOS.platform/Developer/SDKs/WatchOS26.2.sdk -g -fprofile-instr-generate -fcoverage-mapping -I/Users/admin/builder/spi-builder-workspace/.derivedData/Build/Products/Debug-watchos/include -I/Users/admin/builder/spi-builder-workspace/packages/ios/Sources/RejourneySignalSupport/include -I/Users/admin/builder/spi-builder-workspace/.derivedData/Build/Intermediates.noindex/Rejourney.build/Debug-watchos/RejourneySignalSupport.build/DerivedSources-normal/arm64_32 -I/Users/admin/builder/spi-builder-workspace/.derivedData/Build/Intermediates.noindex/Rejourney.build/Debug-watchos/RejourneySignalSupport.build/DerivedSources/arm64_32 -I/Users/admin/builder/spi-builder-workspace/.derivedData/Build/Intermediates.noindex/Rejourney.build/Debug-watchos/RejourneySignalSupport.build/DerivedSources -F/Users/admin/builder/spi-builder-workspace/.derivedData/Build/Products/Debug-watchos -iframework /Applications/Xcode-26.3.0.app/Contents/Developer/Platforms/WatchOS.platform/Developer/Library/Frameworks -iframework /Applications/Xcode-26.3.0.app/Contents/Developer/Platforms/WatchOS.platform/Developer/SDKs/WatchOS26.2.sdk/Developer/Library/Frameworks -DXcode
WriteAuxiliaryFile /Users/admin/builder/spi-builder-workspace/.derivedData/Build/Intermediates.noindex/Rejourney.build/Debug-watchos/RejourneySignalSupport.build/Objects-normal/arm64_32/RejourneySignalSupport.LinkFileList (in target 'RejourneySignalSupport' from project 'Rejourney')
cd /Users/admin/builder/spi-builder-workspace
write-file /Users/admin/builder/spi-builder-workspace/.derivedData/Build/Intermediates.noindex/Rejourney.build/Debug-watchos/RejourneySignalSupport.build/Objects-normal/arm64_32/RejourneySignalSupport.LinkFileList
WriteAuxiliaryFile /Users/admin/builder/spi-builder-workspace/.derivedData/Build/Intermediates.noindex/Rejourney.build/Debug-watchos/RejourneySignalSupport.build/Objects-normal/arm64/e6072d4f65d7061329687fe24e3d63a7-common-args.resp (in target 'RejourneySignalSupport' from project 'Rejourney')
cd /Users/admin/builder/spi-builder-workspace
write-file /Users/admin/builder/spi-builder-workspace/.derivedData/Build/Intermediates.noindex/Rejourney.build/Debug-watchos/RejourneySignalSupport.build/Objects-normal/arm64/e6072d4f65d7061329687fe24e3d63a7-common-args.resp
-target arm64-apple-watchos8.1 -fobjc-arc -fmodules -gmodules '-fmodules-cache-path=/Users/admin/builder/spi-builder-workspace/.derivedData/ModuleCache.noindex' '-fmodule-name=RejourneySignalSupport' -fpascal-strings -O0 -DSWIFT_PACKAGE '-DDEBUG=1' '-DOBJC_OLD_DISPATCH_PROTOTYPES=1' -isysroot /Applications/Xcode-26.3.0.app/Contents/Developer/Platforms/WatchOS.platform/Developer/SDKs/WatchOS26.2.sdk -g -fprofile-instr-generate -fcoverage-mapping -I/Users/admin/builder/spi-builder-workspace/.derivedData/Build/Products/Debug-watchos/include -I/Users/admin/builder/spi-builder-workspace/packages/ios/Sources/RejourneySignalSupport/include -I/Users/admin/builder/spi-builder-workspace/.derivedData/Build/Intermediates.noindex/Rejourney.build/Debug-watchos/RejourneySignalSupport.build/DerivedSources-normal/arm64 -I/Users/admin/builder/spi-builder-workspace/.derivedData/Build/Intermediates.noindex/Rejourney.build/Debug-watchos/RejourneySignalSupport.build/DerivedSources/arm64 -I/Users/admin/builder/spi-builder-workspace/.derivedData/Build/Intermediates.noindex/Rejourney.build/Debug-watchos/RejourneySignalSupport.build/DerivedSources -F/Users/admin/builder/spi-builder-workspace/.derivedData/Build/Products/Debug-watchos -iframework /Applications/Xcode-26.3.0.app/Contents/Developer/Platforms/WatchOS.platform/Developer/Library/Frameworks -iframework /Applications/Xcode-26.3.0.app/Contents/Developer/Platforms/WatchOS.platform/Developer/SDKs/WatchOS26.2.sdk/Developer/Library/Frameworks -DXcode
WriteAuxiliaryFile /Users/admin/builder/spi-builder-workspace/.derivedData/Build/Intermediates.noindex/Rejourney.build/Debug-watchos/RejourneySignalSupport.build/Objects-normal/arm64/RejourneySignalSupport.LinkFileList (in target 'RejourneySignalSupport' from project 'Rejourney')
cd /Users/admin/builder/spi-builder-workspace
write-file /Users/admin/builder/spi-builder-workspace/.derivedData/Build/Intermediates.noindex/Rejourney.build/Debug-watchos/RejourneySignalSupport.build/Objects-normal/arm64/RejourneySignalSupport.LinkFileList
WriteAuxiliaryFile /Users/admin/builder/spi-builder-workspace/.derivedData/Build/Intermediates.noindex/Rejourney.build/Debug-watchos/Rejourney.build/Rejourney.DependencyStaticMetadataFileList (in target 'Rejourney' from project 'Rejourney')
cd /Users/admin/builder/spi-builder-workspace
write-file /Users/admin/builder/spi-builder-workspace/.derivedData/Build/Intermediates.noindex/Rejourney.build/Debug-watchos/Rejourney.build/Rejourney.DependencyStaticMetadataFileList
WriteAuxiliaryFile /Users/admin/builder/spi-builder-workspace/.derivedData/Build/Intermediates.noindex/Rejourney.build/Debug-watchos/Rejourney.build/Rejourney.modulemap (in target 'Rejourney' from project 'Rejourney')
cd /Users/admin/builder/spi-builder-workspace
write-file /Users/admin/builder/spi-builder-workspace/.derivedData/Build/Intermediates.noindex/Rejourney.build/Debug-watchos/Rejourney.build/Rejourney.modulemap
Copy /Users/admin/builder/spi-builder-workspace/.derivedData/Build/Intermediates.noindex/GeneratedModuleMaps-watchos/RejourneySignalSupport.modulemap /Users/admin/builder/spi-builder-workspace/.derivedData/Build/Intermediates.noindex/Rejourney.build/Debug-watchos/RejourneySignalSupport.build/RejourneySignalSupport.modulemap (in target 'RejourneySignalSupport' from project 'Rejourney')
cd /Users/admin/builder/spi-builder-workspace
builtin-copy -exclude .DS_Store -exclude CVS -exclude .svn -exclude .git -exclude .hg -resolve-src-symlinks /Users/admin/builder/spi-builder-workspace/.derivedData/Build/Intermediates.noindex/Rejourney.build/Debug-watchos/RejourneySignalSupport.build/RejourneySignalSupport.modulemap /Users/admin/builder/spi-builder-workspace/.derivedData/Build/Intermediates.noindex/GeneratedModuleMaps-watchos
WriteAuxiliaryFile /Users/admin/builder/spi-builder-workspace/.derivedData/Build/Intermediates.noindex/Rejourney.build/Debug-watchos/Rejourney.build/Rejourney.DependencyMetadataFileList (in target 'Rejourney' from project 'Rejourney')
cd /Users/admin/builder/spi-builder-workspace
write-file /Users/admin/builder/spi-builder-workspace/.derivedData/Build/Intermediates.noindex/Rejourney.build/Debug-watchos/Rejourney.build/Rejourney.DependencyMetadataFileList
WriteAuxiliaryFile /Users/admin/builder/spi-builder-workspace/.derivedData/Build/Intermediates.noindex/Rejourney.build/Debug-watchos/Rejourney.build/Objects-normal/armv7k/Rejourney_const_extract_protocols.json (in target 'Rejourney' from project 'Rejourney')
cd /Users/admin/builder/spi-builder-workspace
write-file /Users/admin/builder/spi-builder-workspace/.derivedData/Build/Intermediates.noindex/Rejourney.build/Debug-watchos/Rejourney.build/Objects-normal/armv7k/Rejourney_const_extract_protocols.json
WriteAuxiliaryFile /Users/admin/builder/spi-builder-workspace/.derivedData/Build/Intermediates.noindex/Rejourney.build/Debug-watchos/Rejourney.build/Objects-normal/armv7k/Rejourney.SwiftFileList (in target 'Rejourney' from project 'Rejourney')
cd /Users/admin/builder/spi-builder-workspace
write-file /Users/admin/builder/spi-builder-workspace/.derivedData/Build/Intermediates.noindex/Rejourney.build/Debug-watchos/Rejourney.build/Objects-normal/armv7k/Rejourney.SwiftFileList
WriteAuxiliaryFile /Users/admin/builder/spi-builder-workspace/.derivedData/Build/Intermediates.noindex/Rejourney.build/Debug-watchos/Rejourney.build/Objects-normal/armv7k/Rejourney.SwiftConstValuesFileList (in target 'Rejourney' from project 'Rejourney')
cd /Users/admin/builder/spi-builder-workspace
write-file /Users/admin/builder/spi-builder-workspace/.derivedData/Build/Intermediates.noindex/Rejourney.build/Debug-watchos/Rejourney.build/Objects-normal/armv7k/Rejourney.SwiftConstValuesFileList
WriteAuxiliaryFile /Users/admin/builder/spi-builder-workspace/.derivedData/Build/Intermediates.noindex/Rejourney.build/Debug-watchos/Rejourney.build/Objects-normal/armv7k/Rejourney-OutputFileMap.json (in target 'Rejourney' from project 'Rejourney')
cd /Users/admin/builder/spi-builder-workspace
write-file /Users/admin/builder/spi-builder-workspace/.derivedData/Build/Intermediates.noindex/Rejourney.build/Debug-watchos/Rejourney.build/Objects-normal/armv7k/Rejourney-OutputFileMap.json
WriteAuxiliaryFile /Users/admin/builder/spi-builder-workspace/.derivedData/Build/Intermediates.noindex/Rejourney.build/Debug-watchos/Rejourney.build/Objects-normal/armv7k/Rejourney.LinkFileList (in target 'Rejourney' from project 'Rejourney')
cd /Users/admin/builder/spi-builder-workspace
write-file /Users/admin/builder/spi-builder-workspace/.derivedData/Build/Intermediates.noindex/Rejourney.build/Debug-watchos/Rejourney.build/Objects-normal/armv7k/Rejourney.LinkFileList
WriteAuxiliaryFile /Users/admin/builder/spi-builder-workspace/.derivedData/Build/Intermediates.noindex/Rejourney.build/Debug-watchos/Rejourney.build/Objects-normal/arm64_32/Rejourney.SwiftFileList (in target 'Rejourney' from project 'Rejourney')
cd /Users/admin/builder/spi-builder-workspace
write-file /Users/admin/builder/spi-builder-workspace/.derivedData/Build/Intermediates.noindex/Rejourney.build/Debug-watchos/Rejourney.build/Objects-normal/arm64_32/Rejourney.SwiftFileList
WriteAuxiliaryFile /Users/admin/builder/spi-builder-workspace/.derivedData/Build/Intermediates.noindex/Rejourney.build/Debug-watchos/Rejourney.build/Objects-normal/arm64_32/Rejourney_const_extract_protocols.json (in target 'Rejourney' from project 'Rejourney')
cd /Users/admin/builder/spi-builder-workspace
write-file /Users/admin/builder/spi-builder-workspace/.derivedData/Build/Intermediates.noindex/Rejourney.build/Debug-watchos/Rejourney.build/Objects-normal/arm64_32/Rejourney_const_extract_protocols.json
WriteAuxiliaryFile /Users/admin/builder/spi-builder-workspace/.derivedData/Build/Intermediates.noindex/Rejourney.build/Debug-watchos/Rejourney.build/Objects-normal/arm64_32/Rejourney.SwiftConstValuesFileList (in target 'Rejourney' from project 'Rejourney')
cd /Users/admin/builder/spi-builder-workspace
write-file /Users/admin/builder/spi-builder-workspace/.derivedData/Build/Intermediates.noindex/Rejourney.build/Debug-watchos/Rejourney.build/Objects-normal/arm64_32/Rejourney.SwiftConstValuesFileList
WriteAuxiliaryFile /Users/admin/builder/spi-builder-workspace/.derivedData/Build/Intermediates.noindex/Rejourney.build/Debug-watchos/Rejourney.build/Objects-normal/arm64_32/Rejourney.LinkFileList (in target 'Rejourney' from project 'Rejourney')
cd /Users/admin/builder/spi-builder-workspace
write-file /Users/admin/builder/spi-builder-workspace/.derivedData/Build/Intermediates.noindex/Rejourney.build/Debug-watchos/Rejourney.build/Objects-normal/arm64_32/Rejourney.LinkFileList
WriteAuxiliaryFile /Users/admin/builder/spi-builder-workspace/.derivedData/Build/Intermediates.noindex/Rejourney.build/Debug-watchos/Rejourney.build/Objects-normal/arm64_32/Rejourney-OutputFileMap.json (in target 'Rejourney' from project 'Rejourney')
cd /Users/admin/builder/spi-builder-workspace
write-file /Users/admin/builder/spi-builder-workspace/.derivedData/Build/Intermediates.noindex/Rejourney.build/Debug-watchos/Rejourney.build/Objects-normal/arm64_32/Rejourney-OutputFileMap.json
WriteAuxiliaryFile /Users/admin/builder/spi-builder-workspace/.derivedData/Build/Intermediates.noindex/Rejourney.build/Debug-watchos/Rejourney.build/Objects-normal/arm64/Rejourney_const_extract_protocols.json (in target 'Rejourney' from project 'Rejourney')
cd /Users/admin/builder/spi-builder-workspace
write-file /Users/admin/builder/spi-builder-workspace/.derivedData/Build/Intermediates.noindex/Rejourney.build/Debug-watchos/Rejourney.build/Objects-normal/arm64/Rejourney_const_extract_protocols.json
WriteAuxiliaryFile /Users/admin/builder/spi-builder-workspace/.derivedData/Build/Intermediates.noindex/Rejourney.build/Debug-watchos/Rejourney.build/Objects-normal/arm64/Rejourney.SwiftFileList (in target 'Rejourney' from project 'Rejourney')
cd /Users/admin/builder/spi-builder-workspace
write-file /Users/admin/builder/spi-builder-workspace/.derivedData/Build/Intermediates.noindex/Rejourney.build/Debug-watchos/Rejourney.build/Objects-normal/arm64/Rejourney.SwiftFileList
WriteAuxiliaryFile /Users/admin/builder/spi-builder-workspace/.derivedData/Build/Intermediates.noindex/Rejourney.build/Debug-watchos/Rejourney.build/Objects-normal/arm64/Rejourney.SwiftConstValuesFileList (in target 'Rejourney' from project 'Rejourney')
cd /Users/admin/builder/spi-builder-workspace
write-file /Users/admin/builder/spi-builder-workspace/.derivedData/Build/Intermediates.noindex/Rejourney.build/Debug-watchos/Rejourney.build/Objects-normal/arm64/Rejourney.SwiftConstValuesFileList
WriteAuxiliaryFile /Users/admin/builder/spi-builder-workspace/.derivedData/Build/Intermediates.noindex/Rejourney.build/Debug-watchos/Rejourney.build/Objects-normal/arm64/Rejourney.LinkFileList (in target 'Rejourney' from project 'Rejourney')
cd /Users/admin/builder/spi-builder-workspace
write-file /Users/admin/builder/spi-builder-workspace/.derivedData/Build/Intermediates.noindex/Rejourney.build/Debug-watchos/Rejourney.build/Objects-normal/arm64/Rejourney.LinkFileList
WriteAuxiliaryFile /Users/admin/builder/spi-builder-workspace/.derivedData/Build/Intermediates.noindex/Rejourney.build/Debug-watchos/Rejourney.build/Objects-normal/arm64/Rejourney-OutputFileMap.json (in target 'Rejourney' from project 'Rejourney')
cd /Users/admin/builder/spi-builder-workspace
write-file /Users/admin/builder/spi-builder-workspace/.derivedData/Build/Intermediates.noindex/Rejourney.build/Debug-watchos/Rejourney.build/Objects-normal/arm64/Rejourney-OutputFileMap.json
WriteAuxiliaryFile /Users/admin/builder/spi-builder-workspace/.derivedData/Build/Intermediates.noindex/Rejourney.build/Debug-watchos/Rejourney.build/DerivedSources/resource_bundle_accessor.swift (in target 'Rejourney' from project 'Rejourney')
cd /Users/admin/builder/spi-builder-workspace
write-file /Users/admin/builder/spi-builder-workspace/.derivedData/Build/Intermediates.noindex/Rejourney.build/Debug-watchos/Rejourney.build/DerivedSources/resource_bundle_accessor.swift
Copy /Users/admin/builder/spi-builder-workspace/.derivedData/Build/Intermediates.noindex/GeneratedModuleMaps-watchos/Rejourney.modulemap /Users/admin/builder/spi-builder-workspace/.derivedData/Build/Intermediates.noindex/Rejourney.build/Debug-watchos/Rejourney.build/Rejourney.modulemap (in target 'Rejourney' from project 'Rejourney')
cd /Users/admin/builder/spi-builder-workspace
builtin-copy -exclude .DS_Store -exclude CVS -exclude .svn -exclude .git -exclude .hg -resolve-src-symlinks /Users/admin/builder/spi-builder-workspace/.derivedData/Build/Intermediates.noindex/Rejourney.build/Debug-watchos/Rejourney.build/Rejourney.modulemap /Users/admin/builder/spi-builder-workspace/.derivedData/Build/Intermediates.noindex/GeneratedModuleMaps-watchos
CpResource /Users/admin/builder/spi-builder-workspace/.derivedData/Build/Products/Debug-watchos/Rejourney_Rejourney.bundle/PrivacyInfo.xcprivacy /Users/admin/builder/spi-builder-workspace/packages/ios/Sources/Rejourney/Resources/PrivacyInfo.xcprivacy (in target 'Rejourney_Rejourney' from project 'Rejourney')
cd /Users/admin/builder/spi-builder-workspace
builtin-copy -exclude .DS_Store -exclude CVS -exclude .svn -exclude .git -exclude .hg -resolve-src-symlinks /Users/admin/builder/spi-builder-workspace/packages/ios/Sources/Rejourney/Resources/PrivacyInfo.xcprivacy /Users/admin/builder/spi-builder-workspace/.derivedData/Build/Products/Debug-watchos/Rejourney_Rejourney.bundle
ProcessInfoPlistFile /Users/admin/builder/spi-builder-workspace/.derivedData/Build/Products/Debug-watchos/Rejourney_Rejourney.bundle/Info.plist /Users/admin/builder/spi-builder-workspace/.derivedData/Build/Intermediates.noindex/Rejourney.build/Debug-watchos/Rejourney_Rejourney.build/empty-Rejourney_Rejourney.plist (in target 'Rejourney_Rejourney' from project 'Rejourney')
cd /Users/admin/builder/spi-builder-workspace
builtin-infoPlistUtility /Users/admin/builder/spi-builder-workspace/.derivedData/Build/Intermediates.noindex/Rejourney.build/Debug-watchos/Rejourney_Rejourney.build/empty-Rejourney_Rejourney.plist -producttype com.apple.product-type.bundle -expandbuildsettings -format binary -platform watchos -o /Users/admin/builder/spi-builder-workspace/.derivedData/Build/Products/Debug-watchos/Rejourney_Rejourney.bundle/Info.plist
RegisterExecutionPolicyException /Users/admin/builder/spi-builder-workspace/.derivedData/Build/Products/Debug-watchos/Rejourney_Rejourney.bundle (in target 'Rejourney_Rejourney' from project 'Rejourney')
cd /Users/admin/builder/spi-builder-workspace
builtin-RegisterExecutionPolicyException /Users/admin/builder/spi-builder-workspace/.derivedData/Build/Products/Debug-watchos/Rejourney_Rejourney.bundle
Touch /Users/admin/builder/spi-builder-workspace/.derivedData/Build/Products/Debug-watchos/Rejourney_Rejourney.bundle (in target 'Rejourney_Rejourney' from project 'Rejourney')
cd /Users/admin/builder/spi-builder-workspace
/usr/bin/touch -c /Users/admin/builder/spi-builder-workspace/.derivedData/Build/Products/Debug-watchos/Rejourney_Rejourney.bundle
ScanDependencies /Users/admin/builder/spi-builder-workspace/.derivedData/Build/Intermediates.noindex/Rejourney.build/Debug-watchos/RejourneySignalSupport.build/Objects-normal/armv7k/RejourneySignalSupport.o /Users/admin/builder/spi-builder-workspace/packages/ios/Sources/RejourneySignalSupport/RejourneySignalSupport.m normal armv7k objective-c com.apple.compilers.llvm.clang.1_0.compiler (in target 'RejourneySignalSupport' from project 'Rejourney')
cd /Users/admin/builder/spi-builder-workspace/.swiftpm/xcode
Using response file: /Users/admin/builder/spi-builder-workspace/.derivedData/Build/Intermediates.noindex/Rejourney.build/Debug-watchos/RejourneySignalSupport.build/Objects-normal/armv7k/e6072d4f65d7061329687fe24e3d63a7-common-args.resp
builtin-ScanDependencies -o /Users/admin/builder/spi-builder-workspace/.derivedData/Build/Intermediates.noindex/Rejourney.build/Debug-watchos/RejourneySignalSupport.build/Objects-normal/armv7k/RejourneySignalSupport.o.scan -- /Applications/Xcode-26.3.0.app/Contents/Developer/Toolchains/XcodeDefault.xctoolchain/usr/bin/clang -x objective-c -ivfsstatcache /Users/admin/builder/spi-builder-workspace/.derivedData/SDKStatCaches.noindex/watchos26.2-23S303-dc75598d0054f22ec865fa860f139d721753b489057de6bda919edfa1c59a62b.sdkstatcache -fmessage-length\=0 -fdiagnostics-show-note-include-stack -fmacro-backtrace-limit\=0 -fno-color-diagnostics -fmodules-prune-interval\=86400 -fmodules-prune-after\=345600 -fbuild-session-file\=/Users/admin/builder/spi-builder-workspace/.derivedData/ModuleCache.noindex/Session.modulevalidation -fmodules-validate-once-per-build-session -Wnon-modular-include-in-framework-module -Werror\=non-modular-include-in-framework-module -Wno-trigraphs -Wno-missing-field-initializers -Wno-missing-prototypes -Wno-return-type -Wno-implicit-atomic-properties -Wno-objc-interface-ivars -Wno-arc-repeated-use-of-weak -Wno-missing-braces -Wparentheses -Wswitch -Wno-unused-function -Wno-unused-label -Wno-unused-parameter -Wno-unused-variable -Wunused-value -Wno-empty-body -Wno-uninitialized -Wno-unknown-pragmas -Wno-shadow -Wno-four-char-constants -Wno-conversion -Wno-constant-conversion -Wno-int-conversion -Wno-bool-conversion -Wno-enum-conversion -Wno-float-conversion -Wno-non-literal-null-conversion -Wno-objc-literal-conversion -Wno-shorten-64-to-32 -Wpointer-sign -Wno-newline-eof -Wno-selector -Wno-strict-selector-match -Wno-undeclared-selector -Wno-deprecated-implementations -Wno-implicit-fallthrough -fstrict-aliasing -Wprotocol -Wdeprecated-declarations -Wno-sign-conversion -Wno-infinite-recursion -Wno-comma -Wno-block-capture-autoreleasing -Wno-strict-prototypes -Wno-semicolon-before-method-body -index-store-path /Users/admin/builder/spi-builder-workspace/.derivedData/Index.noindex/DataStore @/Users/admin/builder/spi-builder-workspace/.derivedData/Build/Intermediates.noindex/Rejourney.build/Debug-watchos/RejourneySignalSupport.build/Objects-normal/armv7k/e6072d4f65d7061329687fe24e3d63a7-common-args.resp -MMD -MT dependencies -MF /Users/admin/builder/spi-builder-workspace/.derivedData/Build/Intermediates.noindex/Rejourney.build/Debug-watchos/RejourneySignalSupport.build/Objects-normal/armv7k/RejourneySignalSupport.d --serialize-diagnostics /Users/admin/builder/spi-builder-workspace/.derivedData/Build/Intermediates.noindex/Rejourney.build/Debug-watchos/RejourneySignalSupport.build/Objects-normal/armv7k/RejourneySignalSupport.dia -c /Users/admin/builder/spi-builder-workspace/packages/ios/Sources/RejourneySignalSupport/RejourneySignalSupport.m -o /Users/admin/builder/spi-builder-workspace/.derivedData/Build/Intermediates.noindex/Rejourney.build/Debug-watchos/RejourneySignalSupport.build/Objects-normal/armv7k/RejourneySignalSupport.o -index-unit-output-path /Rejourney.build/Debug-watchos/RejourneySignalSupport.build/Objects-normal/armv7k/RejourneySignalSupport.o
ScanDependencies /Users/admin/builder/spi-builder-workspace/.derivedData/Build/Intermediates.noindex/Rejourney.build/Debug-watchos/RejourneySignalSupport.build/Objects-normal/arm64_32/RejourneySignalSupport.o /Users/admin/builder/spi-builder-workspace/packages/ios/Sources/RejourneySignalSupport/RejourneySignalSupport.m normal arm64_32 objective-c com.apple.compilers.llvm.clang.1_0.compiler (in target 'RejourneySignalSupport' from project 'Rejourney')
cd /Users/admin/builder/spi-builder-workspace/.swiftpm/xcode
Using response file: /Users/admin/builder/spi-builder-workspace/.derivedData/Build/Intermediates.noindex/Rejourney.build/Debug-watchos/RejourneySignalSupport.build/Objects-normal/arm64_32/e6072d4f65d7061329687fe24e3d63a7-common-args.resp
builtin-ScanDependencies -o /Users/admin/builder/spi-builder-workspace/.derivedData/Build/Intermediates.noindex/Rejourney.build/Debug-watchos/RejourneySignalSupport.build/Objects-normal/arm64_32/RejourneySignalSupport.o.scan -- /Applications/Xcode-26.3.0.app/Contents/Developer/Toolchains/XcodeDefault.xctoolchain/usr/bin/clang -x objective-c -ivfsstatcache /Users/admin/builder/spi-builder-workspace/.derivedData/SDKStatCaches.noindex/watchos26.2-23S303-dc75598d0054f22ec865fa860f139d721753b489057de6bda919edfa1c59a62b.sdkstatcache -fmessage-length\=0 -fdiagnostics-show-note-include-stack -fmacro-backtrace-limit\=0 -fno-color-diagnostics -fmodules-prune-interval\=86400 -fmodules-prune-after\=345600 -fbuild-session-file\=/Users/admin/builder/spi-builder-workspace/.derivedData/ModuleCache.noindex/Session.modulevalidation -fmodules-validate-once-per-build-session -Wnon-modular-include-in-framework-module -Werror\=non-modular-include-in-framework-module -Wno-trigraphs -Wno-missing-field-initializers -Wno-missing-prototypes -Wno-return-type -Wno-implicit-atomic-properties -Wno-objc-interface-ivars -Wno-arc-repeated-use-of-weak -Wno-missing-braces -Wparentheses -Wswitch -Wno-unused-function -Wno-unused-label -Wno-unused-parameter -Wno-unused-variable -Wunused-value -Wno-empty-body -Wno-uninitialized -Wno-unknown-pragmas -Wno-shadow -Wno-four-char-constants -Wno-conversion -Wno-constant-conversion -Wno-int-conversion -Wno-bool-conversion -Wno-enum-conversion -Wno-float-conversion -Wno-non-literal-null-conversion -Wno-objc-literal-conversion -Wno-shorten-64-to-32 -Wpointer-sign -Wno-newline-eof -Wno-selector -Wno-strict-selector-match -Wno-undeclared-selector -Wno-deprecated-implementations -Wno-implicit-fallthrough -fstrict-aliasing -Wprotocol -Wdeprecated-declarations -Wno-sign-conversion -Wno-infinite-recursion -Wno-comma -Wno-block-capture-autoreleasing -Wno-strict-prototypes -Wno-semicolon-before-method-body -index-store-path /Users/admin/builder/spi-builder-workspace/.derivedData/Index.noindex/DataStore @/Users/admin/builder/spi-builder-workspace/.derivedData/Build/Intermediates.noindex/Rejourney.build/Debug-watchos/RejourneySignalSupport.build/Objects-normal/arm64_32/e6072d4f65d7061329687fe24e3d63a7-common-args.resp -MMD -MT dependencies -MF /Users/admin/builder/spi-builder-workspace/.derivedData/Build/Intermediates.noindex/Rejourney.build/Debug-watchos/RejourneySignalSupport.build/Objects-normal/arm64_32/RejourneySignalSupport.d --serialize-diagnostics /Users/admin/builder/spi-builder-workspace/.derivedData/Build/Intermediates.noindex/Rejourney.build/Debug-watchos/RejourneySignalSupport.build/Objects-normal/arm64_32/RejourneySignalSupport.dia -c /Users/admin/builder/spi-builder-workspace/packages/ios/Sources/RejourneySignalSupport/RejourneySignalSupport.m -o /Users/admin/builder/spi-builder-workspace/.derivedData/Build/Intermediates.noindex/Rejourney.build/Debug-watchos/RejourneySignalSupport.build/Objects-normal/arm64_32/RejourneySignalSupport.o -index-unit-output-path /Rejourney.build/Debug-watchos/RejourneySignalSupport.build/Objects-normal/arm64_32/RejourneySignalSupport.o
ScanDependencies /Users/admin/builder/spi-builder-workspace/.derivedData/Build/Intermediates.noindex/Rejourney.build/Debug-watchos/RejourneySignalSupport.build/Objects-normal/arm64/RejourneySignalSupport.o /Users/admin/builder/spi-builder-workspace/packages/ios/Sources/RejourneySignalSupport/RejourneySignalSupport.m normal arm64 objective-c com.apple.compilers.llvm.clang.1_0.compiler (in target 'RejourneySignalSupport' from project 'Rejourney')
cd /Users/admin/builder/spi-builder-workspace/.swiftpm/xcode
Using response file: /Users/admin/builder/spi-builder-workspace/.derivedData/Build/Intermediates.noindex/Rejourney.build/Debug-watchos/RejourneySignalSupport.build/Objects-normal/arm64/e6072d4f65d7061329687fe24e3d63a7-common-args.resp
builtin-ScanDependencies -o /Users/admin/builder/spi-builder-workspace/.derivedData/Build/Intermediates.noindex/Rejourney.build/Debug-watchos/RejourneySignalSupport.build/Objects-normal/arm64/RejourneySignalSupport.o.scan -- /Applications/Xcode-26.3.0.app/Contents/Developer/Toolchains/XcodeDefault.xctoolchain/usr/bin/clang -x objective-c -ivfsstatcache /Users/admin/builder/spi-builder-workspace/.derivedData/SDKStatCaches.noindex/watchos26.2-23S303-dc75598d0054f22ec865fa860f139d721753b489057de6bda919edfa1c59a62b.sdkstatcache -fmessage-length\=0 -fdiagnostics-show-note-include-stack -fmacro-backtrace-limit\=0 -fno-color-diagnostics -fmodules-prune-interval\=86400 -fmodules-prune-after\=345600 -fbuild-session-file\=/Users/admin/builder/spi-builder-workspace/.derivedData/ModuleCache.noindex/Session.modulevalidation -fmodules-validate-once-per-build-session -Wnon-modular-include-in-framework-module -Werror\=non-modular-include-in-framework-module -Wno-trigraphs -Wno-missing-field-initializers -Wno-missing-prototypes -Wno-return-type -Wno-implicit-atomic-properties -Wno-objc-interface-ivars -Wno-arc-repeated-use-of-weak -Wno-missing-braces -Wparentheses -Wswitch -Wno-unused-function -Wno-unused-label -Wno-unused-parameter -Wno-unused-variable -Wunused-value -Wno-empty-body -Wno-uninitialized -Wno-unknown-pragmas -Wno-shadow -Wno-four-char-constants -Wno-conversion -Wno-constant-conversion -Wno-int-conversion -Wno-bool-conversion -Wno-enum-conversion -Wno-float-conversion -Wno-non-literal-null-conversion -Wno-objc-literal-conversion -Wshorten-64-to-32 -Wpointer-sign -Wno-newline-eof -Wno-selector -Wno-strict-selector-match -Wno-undeclared-selector -Wno-deprecated-implementations -Wno-implicit-fallthrough -fstrict-aliasing -Wprotocol -Wdeprecated-declarations -Wno-sign-conversion -Wno-infinite-recursion -Wno-comma -Wno-block-capture-autoreleasing -Wno-strict-prototypes -Wno-semicolon-before-method-body -index-store-path /Users/admin/builder/spi-builder-workspace/.derivedData/Index.noindex/DataStore @/Users/admin/builder/spi-builder-workspace/.derivedData/Build/Intermediates.noindex/Rejourney.build/Debug-watchos/RejourneySignalSupport.build/Objects-normal/arm64/e6072d4f65d7061329687fe24e3d63a7-common-args.resp -MMD -MT dependencies -MF /Users/admin/builder/spi-builder-workspace/.derivedData/Build/Intermediates.noindex/Rejourney.build/Debug-watchos/RejourneySignalSupport.build/Objects-normal/arm64/RejourneySignalSupport.d --serialize-diagnostics /Users/admin/builder/spi-builder-workspace/.derivedData/Build/Intermediates.noindex/Rejourney.build/Debug-watchos/RejourneySignalSupport.build/Objects-normal/arm64/RejourneySignalSupport.dia -c /Users/admin/builder/spi-builder-workspace/packages/ios/Sources/RejourneySignalSupport/RejourneySignalSupport.m -o /Users/admin/builder/spi-builder-workspace/.derivedData/Build/Intermediates.noindex/Rejourney.build/Debug-watchos/RejourneySignalSupport.build/Objects-normal/arm64/RejourneySignalSupport.o -index-unit-output-path /Rejourney.build/Debug-watchos/RejourneySignalSupport.build/Objects-normal/arm64/RejourneySignalSupport.o
SwiftDriver Rejourney normal arm64 com.apple.xcode.tools.swift.compiler (in target 'Rejourney' from project 'Rejourney')
cd /Users/admin/builder/spi-builder-workspace/.swiftpm/xcode
builtin-SwiftDriver -- /Applications/Xcode-26.3.0.app/Contents/Developer/Toolchains/XcodeDefault.xctoolchain/usr/bin/swiftc -module-name Rejourney -Onone -enforce-exclusivity\=checked @/Users/admin/builder/spi-builder-workspace/.derivedData/Build/Intermediates.noindex/Rejourney.build/Debug-watchos/Rejourney.build/Objects-normal/arm64/Rejourney.SwiftFileList -DSWIFT_PACKAGE -DDEBUG -DSWIFT_MODULE_RESOURCE_BUNDLE_AVAILABLE -Xcc -fmodule-map-file\=/Users/admin/builder/spi-builder-workspace/.derivedData/Build/Intermediates.noindex/GeneratedModuleMaps-watchos/RejourneySignalSupport.modulemap -DXcode -plugin-path /Applications/Xcode-26.3.0.app/Contents/Developer/Toolchains/XcodeDefault.xctoolchain/usr/lib/swift/host/plugins/testing -enable-experimental-feature DebugDescriptionMacro -sdk /Applications/Xcode-26.3.0.app/Contents/Developer/Platforms/WatchOS.platform/Developer/SDKs/WatchOS26.2.sdk -target arm64-apple-watchos8.1 -g -module-cache-path /Users/admin/builder/spi-builder-workspace/.derivedData/ModuleCache.noindex -Xfrontend -serialize-debugging-options -profile-coverage-mapping -profile-generate -enable-testing -index-store-path /Users/admin/builder/spi-builder-workspace/.derivedData/Index.noindex/DataStore -Xcc -D_LIBCPP_HARDENING_MODE\=_LIBCPP_HARDENING_MODE_DEBUG -swift-version 5 -I /Users/admin/builder/spi-builder-workspace/.derivedData/Build/Products/Debug-watchos -Isystem /Applications/Xcode-26.3.0.app/Contents/Developer/Platforms/WatchOS.platform/Developer/usr/lib -F /Users/admin/builder/spi-builder-workspace/.derivedData/Build/Products/Debug-watchos/PackageFrameworks -F /Users/admin/builder/spi-builder-workspace/.derivedData/Build/Products/Debug-watchos -F /Applications/Xcode-26.3.0.app/Contents/Developer/Platforms/WatchOS.platform/Developer/Library/Frameworks -F /Applications/Xcode-26.3.0.app/Contents/Developer/Platforms/WatchOS.platform/Developer/SDKs/WatchOS26.2.sdk/Developer/Library/Frameworks -c -j10 -enable-batch-mode -incremental -Xcc -ivfsstatcache -Xcc /Users/admin/builder/spi-builder-workspace/.derivedData/SDKStatCaches.noindex/watchos26.2-23S303-dc75598d0054f22ec865fa860f139d721753b489057de6bda919edfa1c59a62b.sdkstatcache -output-file-map /Users/admin/builder/spi-builder-workspace/.derivedData/Build/Intermediates.noindex/Rejourney.build/Debug-watchos/Rejourney.build/Objects-normal/arm64/Rejourney-OutputFileMap.json -use-frontend-parseable-output -save-temps -no-color-diagnostics -explicit-module-build -module-cache-path /Users/admin/builder/spi-builder-workspace/.derivedData/Build/Intermediates.noindex/SwiftExplicitPrecompiledModules -clang-scanner-module-cache-path /Users/admin/builder/spi-builder-workspace/.derivedData/ModuleCache.noindex -sdk-module-cache-path /Users/admin/builder/spi-builder-workspace/.derivedData/ModuleCache.noindex -serialize-diagnostics -emit-dependencies -emit-module -emit-module-path /Users/admin/builder/spi-builder-workspace/.derivedData/Build/Intermediates.noindex/Rejourney.build/Debug-watchos/Rejourney.build/Objects-normal/arm64/Rejourney.swiftmodule -validate-clang-modules-once -clang-build-session-file /Users/admin/builder/spi-builder-workspace/.derivedData/ModuleCache.noindex/Session.modulevalidation -package-name spi_builder_workspace -Xcc -I/Users/admin/builder/spi-builder-workspace/.derivedData/Build/Intermediates.noindex/Rejourney.build/Debug-watchos/Rejourney.build/swift-overrides.hmap -emit-const-values -Xfrontend -const-gather-protocols-file -Xfrontend /Users/admin/builder/spi-builder-workspace/.derivedData/Build/Intermediates.noindex/Rejourney.build/Debug-watchos/Rejourney.build/Objects-normal/arm64/Rejourney_const_extract_protocols.json -Xcc -I/Users/admin/builder/spi-builder-workspace/packages/ios/Sources/RejourneySignalSupport/include -Xcc -I/Users/admin/builder/spi-builder-workspace/.derivedData/Build/Products/Debug-watchos/include -Xcc -I/Users/admin/builder/spi-builder-workspace/.derivedData/Build/Intermediates.noindex/Rejourney.build/Debug-watchos/Rejourney.build/DerivedSources-normal/arm64 -Xcc -I/Users/admin/builder/spi-builder-workspace/.derivedData/Build/Intermediates.noindex/Rejourney.build/Debug-watchos/Rejourney.build/DerivedSources/arm64 -Xcc -I/Users/admin/builder/spi-builder-workspace/.derivedData/Build/Intermediates.noindex/Rejourney.build/Debug-watchos/Rejourney.build/DerivedSources -Xcc -DSWIFT_PACKAGE -Xcc -DDEBUG\=1 -emit-objc-header -emit-objc-header-path /Users/admin/builder/spi-builder-workspace/.derivedData/Build/Intermediates.noindex/Rejourney.build/Debug-watchos/Rejourney.build/Objects-normal/arm64/Rejourney-Swift.h -working-directory /Users/admin/builder/spi-builder-workspace/.swiftpm/xcode -experimental-emit-module-separately -disable-cmo
/Users/admin/builder/spi-builder-workspace/packages/ios/Sources/Rejourney/Recording/VisualCapture.swift:22:8: error: Unable to find module dependency: 'CoreImage'
import CoreImage
^ (in target 'Rejourney' from project 'Rejourney')
/Users/admin/builder/spi-builder-workspace/packages/ios/Sources/Rejourney/Recording/VisualCapture.swift:22:8: note: A dependency of main module 'Rejourney'
import CoreImage
^ (in target 'Rejourney' from project 'Rejourney')
SwiftDriver Rejourney normal armv7k com.apple.xcode.tools.swift.compiler (in target 'Rejourney' from project 'Rejourney')
cd /Users/admin/builder/spi-builder-workspace/.swiftpm/xcode
builtin-SwiftDriver -- /Applications/Xcode-26.3.0.app/Contents/Developer/Toolchains/XcodeDefault.xctoolchain/usr/bin/swiftc -module-name Rejourney -Onone -enforce-exclusivity\=checked @/Users/admin/builder/spi-builder-workspace/.derivedData/Build/Intermediates.noindex/Rejourney.build/Debug-watchos/Rejourney.build/Objects-normal/armv7k/Rejourney.SwiftFileList -DSWIFT_PACKAGE -DDEBUG -DSWIFT_MODULE_RESOURCE_BUNDLE_AVAILABLE -Xcc -fmodule-map-file\=/Users/admin/builder/spi-builder-workspace/.derivedData/Build/Intermediates.noindex/GeneratedModuleMaps-watchos/RejourneySignalSupport.modulemap -DXcode -plugin-path /Applications/Xcode-26.3.0.app/Contents/Developer/Toolchains/XcodeDefault.xctoolchain/usr/lib/swift/host/plugins/testing -enable-experimental-feature DebugDescriptionMacro -sdk /Applications/Xcode-26.3.0.app/Contents/Developer/Platforms/WatchOS.platform/Developer/SDKs/WatchOS26.2.sdk -target armv7k-apple-watchos8.1 -g -module-cache-path /Users/admin/builder/spi-builder-workspace/.derivedData/ModuleCache.noindex -Xfrontend -serialize-debugging-options -profile-coverage-mapping -profile-generate -enable-testing -index-store-path /Users/admin/builder/spi-builder-workspace/.derivedData/Index.noindex/DataStore -Xcc -D_LIBCPP_HARDENING_MODE\=_LIBCPP_HARDENING_MODE_DEBUG -swift-version 5 -I /Users/admin/builder/spi-builder-workspace/.derivedData/Build/Products/Debug-watchos -Isystem /Applications/Xcode-26.3.0.app/Contents/Developer/Platforms/WatchOS.platform/Developer/usr/lib -F /Users/admin/builder/spi-builder-workspace/.derivedData/Build/Products/Debug-watchos/PackageFrameworks -F /Users/admin/builder/spi-builder-workspace/.derivedData/Build/Products/Debug-watchos -F /Applications/Xcode-26.3.0.app/Contents/Developer/Platforms/WatchOS.platform/Developer/Library/Frameworks -F /Applications/Xcode-26.3.0.app/Contents/Developer/Platforms/WatchOS.platform/Developer/SDKs/WatchOS26.2.sdk/Developer/Library/Frameworks -c -j10 -enable-batch-mode -incremental -Xcc -ivfsstatcache -Xcc /Users/admin/builder/spi-builder-workspace/.derivedData/SDKStatCaches.noindex/watchos26.2-23S303-dc75598d0054f22ec865fa860f139d721753b489057de6bda919edfa1c59a62b.sdkstatcache -output-file-map /Users/admin/builder/spi-builder-workspace/.derivedData/Build/Intermediates.noindex/Rejourney.build/Debug-watchos/Rejourney.build/Objects-normal/armv7k/Rejourney-OutputFileMap.json -use-frontend-parseable-output -save-temps -no-color-diagnostics -explicit-module-build -module-cache-path /Users/admin/builder/spi-builder-workspace/.derivedData/Build/Intermediates.noindex/SwiftExplicitPrecompiledModules -clang-scanner-module-cache-path /Users/admin/builder/spi-builder-workspace/.derivedData/ModuleCache.noindex -sdk-module-cache-path /Users/admin/builder/spi-builder-workspace/.derivedData/ModuleCache.noindex -serialize-diagnostics -emit-dependencies -emit-module -emit-module-path /Users/admin/builder/spi-builder-workspace/.derivedData/Build/Intermediates.noindex/Rejourney.build/Debug-watchos/Rejourney.build/Objects-normal/armv7k/Rejourney.swiftmodule -validate-clang-modules-once -clang-build-session-file /Users/admin/builder/spi-builder-workspace/.derivedData/ModuleCache.noindex/Session.modulevalidation -package-name spi_builder_workspace -Xcc -I/Users/admin/builder/spi-builder-workspace/.derivedData/Build/Intermediates.noindex/Rejourney.build/Debug-watchos/Rejourney.build/swift-overrides.hmap -emit-const-values -Xfrontend -const-gather-protocols-file -Xfrontend /Users/admin/builder/spi-builder-workspace/.derivedData/Build/Intermediates.noindex/Rejourney.build/Debug-watchos/Rejourney.build/Objects-normal/armv7k/Rejourney_const_extract_protocols.json -Xcc -I/Users/admin/builder/spi-builder-workspace/packages/ios/Sources/RejourneySignalSupport/include -Xcc -I/Users/admin/builder/spi-builder-workspace/.derivedData/Build/Products/Debug-watchos/include -Xcc -I/Users/admin/builder/spi-builder-workspace/.derivedData/Build/Intermediates.noindex/Rejourney.build/Debug-watchos/Rejourney.build/DerivedSources-normal/armv7k -Xcc -I/Users/admin/builder/spi-builder-workspace/.derivedData/Build/Intermediates.noindex/Rejourney.build/Debug-watchos/Rejourney.build/DerivedSources/armv7k -Xcc -I/Users/admin/builder/spi-builder-workspace/.derivedData/Build/Intermediates.noindex/Rejourney.build/Debug-watchos/Rejourney.build/DerivedSources -Xcc -DSWIFT_PACKAGE -Xcc -DDEBUG\=1 -emit-objc-header -emit-objc-header-path /Users/admin/builder/spi-builder-workspace/.derivedData/Build/Intermediates.noindex/Rejourney.build/Debug-watchos/Rejourney.build/Objects-normal/armv7k/Rejourney-Swift.h -working-directory /Users/admin/builder/spi-builder-workspace/.swiftpm/xcode -experimental-emit-module-separately -disable-cmo
/Users/admin/builder/spi-builder-workspace/packages/ios/Sources/Rejourney/Recording/VisualCapture.swift:22:8: error: Unable to find module dependency: 'CoreImage'
import CoreImage
^ (in target 'Rejourney' from project 'Rejourney')
/Users/admin/builder/spi-builder-workspace/packages/ios/Sources/Rejourney/Recording/VisualCapture.swift:22:8: note: A dependency of main module 'Rejourney'
import CoreImage
^ (in target 'Rejourney' from project 'Rejourney')
SwiftDriver Rejourney normal arm64_32 com.apple.xcode.tools.swift.compiler (in target 'Rejourney' from project 'Rejourney')
cd /Users/admin/builder/spi-builder-workspace/.swiftpm/xcode
builtin-SwiftDriver -- /Applications/Xcode-26.3.0.app/Contents/Developer/Toolchains/XcodeDefault.xctoolchain/usr/bin/swiftc -module-name Rejourney -Onone -enforce-exclusivity\=checked @/Users/admin/builder/spi-builder-workspace/.derivedData/Build/Intermediates.noindex/Rejourney.build/Debug-watchos/Rejourney.build/Objects-normal/arm64_32/Rejourney.SwiftFileList -DSWIFT_PACKAGE -DDEBUG -DSWIFT_MODULE_RESOURCE_BUNDLE_AVAILABLE -Xcc -fmodule-map-file\=/Users/admin/builder/spi-builder-workspace/.derivedData/Build/Intermediates.noindex/GeneratedModuleMaps-watchos/RejourneySignalSupport.modulemap -DXcode -plugin-path /Applications/Xcode-26.3.0.app/Contents/Developer/Toolchains/XcodeDefault.xctoolchain/usr/lib/swift/host/plugins/testing -enable-experimental-feature DebugDescriptionMacro -sdk /Applications/Xcode-26.3.0.app/Contents/Developer/Platforms/WatchOS.platform/Developer/SDKs/WatchOS26.2.sdk -target arm64_32-apple-watchos8.1 -g -module-cache-path /Users/admin/builder/spi-builder-workspace/.derivedData/ModuleCache.noindex -Xfrontend -serialize-debugging-options -profile-coverage-mapping -profile-generate -enable-testing -index-store-path /Users/admin/builder/spi-builder-workspace/.derivedData/Index.noindex/DataStore -Xcc -D_LIBCPP_HARDENING_MODE\=_LIBCPP_HARDENING_MODE_DEBUG -swift-version 5 -I /Users/admin/builder/spi-builder-workspace/.derivedData/Build/Products/Debug-watchos -Isystem /Applications/Xcode-26.3.0.app/Contents/Developer/Platforms/WatchOS.platform/Developer/usr/lib -F /Users/admin/builder/spi-builder-workspace/.derivedData/Build/Products/Debug-watchos/PackageFrameworks -F /Users/admin/builder/spi-builder-workspace/.derivedData/Build/Products/Debug-watchos -F /Applications/Xcode-26.3.0.app/Contents/Developer/Platforms/WatchOS.platform/Developer/Library/Frameworks -F /Applications/Xcode-26.3.0.app/Contents/Developer/Platforms/WatchOS.platform/Developer/SDKs/WatchOS26.2.sdk/Developer/Library/Frameworks -c -j10 -enable-batch-mode -incremental -Xcc -ivfsstatcache -Xcc /Users/admin/builder/spi-builder-workspace/.derivedData/SDKStatCaches.noindex/watchos26.2-23S303-dc75598d0054f22ec865fa860f139d721753b489057de6bda919edfa1c59a62b.sdkstatcache -output-file-map /Users/admin/builder/spi-builder-workspace/.derivedData/Build/Intermediates.noindex/Rejourney.build/Debug-watchos/Rejourney.build/Objects-normal/arm64_32/Rejourney-OutputFileMap.json -use-frontend-parseable-output -save-temps -no-color-diagnostics -explicit-module-build -module-cache-path /Users/admin/builder/spi-builder-workspace/.derivedData/Build/Intermediates.noindex/SwiftExplicitPrecompiledModules -clang-scanner-module-cache-path /Users/admin/builder/spi-builder-workspace/.derivedData/ModuleCache.noindex -sdk-module-cache-path /Users/admin/builder/spi-builder-workspace/.derivedData/ModuleCache.noindex -serialize-diagnostics -emit-dependencies -emit-module -emit-module-path /Users/admin/builder/spi-builder-workspace/.derivedData/Build/Intermediates.noindex/Rejourney.build/Debug-watchos/Rejourney.build/Objects-normal/arm64_32/Rejourney.swiftmodule -validate-clang-modules-once -clang-build-session-file /Users/admin/builder/spi-builder-workspace/.derivedData/ModuleCache.noindex/Session.modulevalidation -package-name spi_builder_workspace -Xcc -I/Users/admin/builder/spi-builder-workspace/.derivedData/Build/Intermediates.noindex/Rejourney.build/Debug-watchos/Rejourney.build/swift-overrides.hmap -emit-const-values -Xfrontend -const-gather-protocols-file -Xfrontend /Users/admin/builder/spi-builder-workspace/.derivedData/Build/Intermediates.noindex/Rejourney.build/Debug-watchos/Rejourney.build/Objects-normal/arm64_32/Rejourney_const_extract_protocols.json -Xcc -I/Users/admin/builder/spi-builder-workspace/packages/ios/Sources/RejourneySignalSupport/include -Xcc -I/Users/admin/builder/spi-builder-workspace/.derivedData/Build/Products/Debug-watchos/include -Xcc -I/Users/admin/builder/spi-builder-workspace/.derivedData/Build/Intermediates.noindex/Rejourney.build/Debug-watchos/Rejourney.build/DerivedSources-normal/arm64_32 -Xcc -I/Users/admin/builder/spi-builder-workspace/.derivedData/Build/Intermediates.noindex/Rejourney.build/Debug-watchos/Rejourney.build/DerivedSources/arm64_32 -Xcc -I/Users/admin/builder/spi-builder-workspace/.derivedData/Build/Intermediates.noindex/Rejourney.build/Debug-watchos/Rejourney.build/DerivedSources -Xcc -DSWIFT_PACKAGE -Xcc -DDEBUG\=1 -emit-objc-header -emit-objc-header-path /Users/admin/builder/spi-builder-workspace/.derivedData/Build/Intermediates.noindex/Rejourney.build/Debug-watchos/Rejourney.build/Objects-normal/arm64_32/Rejourney-Swift.h -working-directory /Users/admin/builder/spi-builder-workspace/.swiftpm/xcode -experimental-emit-module-separately -disable-cmo
/Users/admin/builder/spi-builder-workspace/packages/ios/Sources/Rejourney/Recording/VisualCapture.swift:22:8: error: Unable to find module dependency: 'CoreImage'
import CoreImage
^ (in target 'Rejourney' from project 'Rejourney')
/Users/admin/builder/spi-builder-workspace/packages/ios/Sources/Rejourney/Recording/VisualCapture.swift:22:8: note: A dependency of main module 'Rejourney'
import CoreImage
^ (in target 'Rejourney' from project 'Rejourney')
PrecompileModule /Users/admin/builder/spi-builder-workspace/.derivedData/Build/Intermediates.noindex/ExplicitPrecompiledModules/_Builtin_stdbool-2WLCHRF0M8FZ9NIC8QWIQV0OJ.scan
cd /
builtin-precompileModule /Users/admin/builder/spi-builder-workspace/.derivedData/Build/Intermediates.noindex/ExplicitPrecompiledModules/_Builtin_stdbool-2WLCHRF0M8FZ9NIC8QWIQV0OJ.scan
PrecompileModule /Users/admin/builder/spi-builder-workspace/.derivedData/Build/Intermediates.noindex/ExplicitPrecompiledModules/_Builtin_stdarg-45TAKUE68QI108IE2P78SES7G.scan
cd /
builtin-precompileModule /Users/admin/builder/spi-builder-workspace/.derivedData/Build/Intermediates.noindex/ExplicitPrecompiledModules/_Builtin_stdarg-45TAKUE68QI108IE2P78SES7G.scan
PrecompileModule /Users/admin/builder/spi-builder-workspace/.derivedData/Build/Intermediates.noindex/ExplicitPrecompiledModules/_Builtin_float-7XDPH3WL0TQ9VK9455G9B2A55.scan
cd /
builtin-precompileModule /Users/admin/builder/spi-builder-workspace/.derivedData/Build/Intermediates.noindex/ExplicitPrecompiledModules/_Builtin_float-7XDPH3WL0TQ9VK9455G9B2A55.scan
PrecompileModule /Users/admin/builder/spi-builder-workspace/.derivedData/Build/Intermediates.noindex/ExplicitPrecompiledModules/ptrcheck-E44CNJCXLP0SDCU2KLG9L5O30.scan
cd /
builtin-precompileModule /Users/admin/builder/spi-builder-workspace/.derivedData/Build/Intermediates.noindex/ExplicitPrecompiledModules/ptrcheck-E44CNJCXLP0SDCU2KLG9L5O30.scan
PrecompileModule /Users/admin/builder/spi-builder-workspace/.derivedData/Build/Intermediates.noindex/ExplicitPrecompiledModules/ptrauth-8YC55QAB9HDIXF6GES17E1T6B.scan
cd /
builtin-precompileModule /Users/admin/builder/spi-builder-workspace/.derivedData/Build/Intermediates.noindex/ExplicitPrecompiledModules/ptrauth-8YC55QAB9HDIXF6GES17E1T6B.scan
PrecompileModule /Users/admin/builder/spi-builder-workspace/.derivedData/Build/Intermediates.noindex/ExplicitPrecompiledModules/_AvailabilityInternal-81WYWWFU4UEO5UR5LYISYYL6K.scan
cd /
builtin-precompileModule /Users/admin/builder/spi-builder-workspace/.derivedData/Build/Intermediates.noindex/ExplicitPrecompiledModules/_AvailabilityInternal-81WYWWFU4UEO5UR5LYISYYL6K.scan
PrecompileModule /Users/admin/builder/spi-builder-workspace/.derivedData/Build/Intermediates.noindex/ExplicitPrecompiledModules/_Builtin_stddef-9RET9BO7039SRAMYNO46XS771.scan
cd /
builtin-precompileModule /Users/admin/builder/spi-builder-workspace/.derivedData/Build/Intermediates.noindex/ExplicitPrecompiledModules/_Builtin_stddef-9RET9BO7039SRAMYNO46XS771.scan
PrecompileModule /Users/admin/builder/spi-builder-workspace/.derivedData/Build/Intermediates.noindex/ExplicitPrecompiledModules/_Builtin_stdarg-69UCIHXWQBPPDU8OD2HSUKJLC.scan
cd /
builtin-precompileModule /Users/admin/builder/spi-builder-workspace/.derivedData/Build/Intermediates.noindex/ExplicitPrecompiledModules/_Builtin_stdarg-69UCIHXWQBPPDU8OD2HSUKJLC.scan
PrecompileModule /Users/admin/builder/spi-builder-workspace/.derivedData/Build/Intermediates.noindex/ExplicitPrecompiledModules/_Builtin_stddef-6SL296IL2NJLGOA6AUYS3Z24H.scan
cd /
builtin-precompileModule /Users/admin/builder/spi-builder-workspace/.derivedData/Build/Intermediates.noindex/ExplicitPrecompiledModules/_Builtin_stddef-6SL296IL2NJLGOA6AUYS3Z24H.scan
PrecompileModule /Users/admin/builder/spi-builder-workspace/.derivedData/Build/Intermediates.noindex/ExplicitPrecompiledModules/_Builtin_stddef-1RZEOCZ15DEG6U7A33H5T4IBS.scan
cd /
builtin-precompileModule /Users/admin/builder/spi-builder-workspace/.derivedData/Build/Intermediates.noindex/ExplicitPrecompiledModules/_Builtin_stddef-1RZEOCZ15DEG6U7A33H5T4IBS.scan
PrecompileModule /Users/admin/builder/spi-builder-workspace/.derivedData/Build/Intermediates.noindex/ExplicitPrecompiledModules/ptrauth-DU1MJ94MXNH8SHLOVSJ16W61K.scan
cd /
builtin-precompileModule /Users/admin/builder/spi-builder-workspace/.derivedData/Build/Intermediates.noindex/ExplicitPrecompiledModules/ptrauth-DU1MJ94MXNH8SHLOVSJ16W61K.scan
PrecompileModule /Users/admin/builder/spi-builder-workspace/.derivedData/Build/Intermediates.noindex/ExplicitPrecompiledModules/ptrauth-434LGUTVB3ZM5740X3ALCSF3M.scan
cd /
builtin-precompileModule /Users/admin/builder/spi-builder-workspace/.derivedData/Build/Intermediates.noindex/ExplicitPrecompiledModules/ptrauth-434LGUTVB3ZM5740X3ALCSF3M.scan
PrecompileModule /Users/admin/builder/spi-builder-workspace/.derivedData/Build/Intermediates.noindex/ExplicitPrecompiledModules/_AvailabilityInternal-EVO3MQ49UN12WWYHVF68N9DLF.scan
cd /
builtin-precompileModule /Users/admin/builder/spi-builder-workspace/.derivedData/Build/Intermediates.noindex/ExplicitPrecompiledModules/_AvailabilityInternal-EVO3MQ49UN12WWYHVF68N9DLF.scan
PrecompileModule /Users/admin/builder/spi-builder-workspace/.derivedData/Build/Intermediates.noindex/ExplicitPrecompiledModules/ptrcheck-9U1V7MEIYJVJSO8L603GRN1C0.scan
cd /
builtin-precompileModule /Users/admin/builder/spi-builder-workspace/.derivedData/Build/Intermediates.noindex/ExplicitPrecompiledModules/ptrcheck-9U1V7MEIYJVJSO8L603GRN1C0.scan
PrecompileModule /Users/admin/builder/spi-builder-workspace/.derivedData/Build/Intermediates.noindex/ExplicitPrecompiledModules/_Builtin_stdbool-5D9TGJZ1BQQEOMB1AI3KNEBG0.scan
cd /
builtin-precompileModule /Users/admin/builder/spi-builder-workspace/.derivedData/Build/Intermediates.noindex/ExplicitPrecompiledModules/_Builtin_stdbool-5D9TGJZ1BQQEOMB1AI3KNEBG0.scan
PrecompileModule /Users/admin/builder/spi-builder-workspace/.derivedData/Build/Intermediates.noindex/ExplicitPrecompiledModules/_Builtin_stdbool-4LJZ25DUQTKG4XRUC01T9SVWX.scan
cd /
builtin-precompileModule /Users/admin/builder/spi-builder-workspace/.derivedData/Build/Intermediates.noindex/ExplicitPrecompiledModules/_Builtin_stdbool-4LJZ25DUQTKG4XRUC01T9SVWX.scan
PrecompileModule /Users/admin/builder/spi-builder-workspace/.derivedData/Build/Intermediates.noindex/ExplicitPrecompiledModules/_AvailabilityInternal-43NSQ4HTB5TVWF4MA11XLLD6C.scan
cd /
builtin-precompileModule /Users/admin/builder/spi-builder-workspace/.derivedData/Build/Intermediates.noindex/ExplicitPrecompiledModules/_AvailabilityInternal-43NSQ4HTB5TVWF4MA11XLLD6C.scan
PrecompileModule /Users/admin/builder/spi-builder-workspace/.derivedData/Build/Intermediates.noindex/ExplicitPrecompiledModules/_Builtin_float-U41DGS6CZWTQBOPXEBLWU0A6.scan
cd /
builtin-precompileModule /Users/admin/builder/spi-builder-workspace/.derivedData/Build/Intermediates.noindex/ExplicitPrecompiledModules/_Builtin_float-U41DGS6CZWTQBOPXEBLWU0A6.scan
PrecompileModule /Users/admin/builder/spi-builder-workspace/.derivedData/Build/Intermediates.noindex/ExplicitPrecompiledModules/ptrcheck-A94ZIEL79QUCLOHFV7LVIE96M.scan
cd /
builtin-precompileModule /Users/admin/builder/spi-builder-workspace/.derivedData/Build/Intermediates.noindex/ExplicitPrecompiledModules/ptrcheck-A94ZIEL79QUCLOHFV7LVIE96M.scan
PrecompileModule /Users/admin/builder/spi-builder-workspace/.derivedData/Build/Intermediates.noindex/ExplicitPrecompiledModules/_Builtin_stdarg-20A2TA60RJN0SHWGHWII2TKBB.scan
cd /
builtin-precompileModule /Users/admin/builder/spi-builder-workspace/.derivedData/Build/Intermediates.noindex/ExplicitPrecompiledModules/_Builtin_stdarg-20A2TA60RJN0SHWGHWII2TKBB.scan
PrecompileModule /Users/admin/builder/spi-builder-workspace/.derivedData/Build/Intermediates.noindex/ExplicitPrecompiledModules/_Builtin_float-F4QETC98VS1QSE8HGTOBJTWC0.scan
cd /
builtin-precompileModule /Users/admin/builder/spi-builder-workspace/.derivedData/Build/Intermediates.noindex/ExplicitPrecompiledModules/_Builtin_float-F4QETC98VS1QSE8HGTOBJTWC0.scan
PrecompileModule /Users/admin/builder/spi-builder-workspace/.derivedData/Build/Intermediates.noindex/ExplicitPrecompiledModules/_DarwinFoundation1-67MR8JFN94MV68GROPXN4GLIN.scan
cd /
builtin-precompileModule /Users/admin/builder/spi-builder-workspace/.derivedData/Build/Intermediates.noindex/ExplicitPrecompiledModules/_DarwinFoundation1-67MR8JFN94MV68GROPXN4GLIN.scan
PrecompileModule /Users/admin/builder/spi-builder-workspace/.derivedData/Build/Intermediates.noindex/ExplicitPrecompiledModules/_DarwinFoundation1-69TL2MCCMD8N4072ZHFF560F3.scan
cd /
builtin-precompileModule /Users/admin/builder/spi-builder-workspace/.derivedData/Build/Intermediates.noindex/ExplicitPrecompiledModules/_DarwinFoundation1-69TL2MCCMD8N4072ZHFF560F3.scan
PrecompileModule /Users/admin/builder/spi-builder-workspace/.derivedData/Build/Intermediates.noindex/ExplicitPrecompiledModules/_DarwinFoundation1-6LSQ57WO2BYJIRDVG0RKHPCSB.scan
cd /
builtin-precompileModule /Users/admin/builder/spi-builder-workspace/.derivedData/Build/Intermediates.noindex/ExplicitPrecompiledModules/_DarwinFoundation1-6LSQ57WO2BYJIRDVG0RKHPCSB.scan
PrecompileModule /Users/admin/builder/spi-builder-workspace/.derivedData/Build/Intermediates.noindex/ExplicitPrecompiledModules/_DarwinFoundation2-63JFN926LOEQ1DNG7SWVNA27A.scan
cd /
builtin-precompileModule /Users/admin/builder/spi-builder-workspace/.derivedData/Build/Intermediates.noindex/ExplicitPrecompiledModules/_DarwinFoundation2-63JFN926LOEQ1DNG7SWVNA27A.scan
PrecompileModule /Users/admin/builder/spi-builder-workspace/.derivedData/Build/Intermediates.noindex/ExplicitPrecompiledModules/_Builtin_limits-9BYAHMAHMTUS8RG346M1DZ5VM.scan
cd /
builtin-precompileModule /Users/admin/builder/spi-builder-workspace/.derivedData/Build/Intermediates.noindex/ExplicitPrecompiledModules/_Builtin_limits-9BYAHMAHMTUS8RG346M1DZ5VM.scan
PrecompileModule /Users/admin/builder/spi-builder-workspace/.derivedData/Build/Intermediates.noindex/ExplicitPrecompiledModules/_Builtin_limits-6GHE31HJSE607G0Q5VKVHOA1T.scan
cd /
builtin-precompileModule /Users/admin/builder/spi-builder-workspace/.derivedData/Build/Intermediates.noindex/ExplicitPrecompiledModules/_Builtin_limits-6GHE31HJSE607G0Q5VKVHOA1T.scan
PrecompileModule /Users/admin/builder/spi-builder-workspace/.derivedData/Build/Intermediates.noindex/ExplicitPrecompiledModules/_DarwinFoundation2-D0G0J6B1SNCGN9F8IXQKOWUO0.scan
cd /
builtin-precompileModule /Users/admin/builder/spi-builder-workspace/.derivedData/Build/Intermediates.noindex/ExplicitPrecompiledModules/_DarwinFoundation2-D0G0J6B1SNCGN9F8IXQKOWUO0.scan
PrecompileModule /Users/admin/builder/spi-builder-workspace/.derivedData/Build/Intermediates.noindex/ExplicitPrecompiledModules/_DarwinFoundation2-6PBBZS6IDIISMIHHGFOSANSNF.scan
cd /
builtin-precompileModule /Users/admin/builder/spi-builder-workspace/.derivedData/Build/Intermediates.noindex/ExplicitPrecompiledModules/_DarwinFoundation2-6PBBZS6IDIISMIHHGFOSANSNF.scan
PrecompileModule /Users/admin/builder/spi-builder-workspace/.derivedData/Build/Intermediates.noindex/ExplicitPrecompiledModules/_Builtin_limits-C851727UJCKEV72WBYQTJS9D5.scan
cd /
builtin-precompileModule /Users/admin/builder/spi-builder-workspace/.derivedData/Build/Intermediates.noindex/ExplicitPrecompiledModules/_Builtin_limits-C851727UJCKEV72WBYQTJS9D5.scan
PrecompileModule /Users/admin/builder/spi-builder-workspace/.derivedData/Build/Intermediates.noindex/ExplicitPrecompiledModules/_Builtin_stdint-EXC36UJLDX8CEKWJ3BA6UOY2N.scan
cd /
builtin-precompileModule /Users/admin/builder/spi-builder-workspace/.derivedData/Build/Intermediates.noindex/ExplicitPrecompiledModules/_Builtin_stdint-EXC36UJLDX8CEKWJ3BA6UOY2N.scan
PrecompileModule /Users/admin/builder/spi-builder-workspace/.derivedData/Build/Intermediates.noindex/ExplicitPrecompiledModules/_Builtin_stdint-7FG2B523RCC0SZC97IWH242F0.scan
cd /
builtin-precompileModule /Users/admin/builder/spi-builder-workspace/.derivedData/Build/Intermediates.noindex/ExplicitPrecompiledModules/_Builtin_stdint-7FG2B523RCC0SZC97IWH242F0.scan
PrecompileModule /Users/admin/builder/spi-builder-workspace/.derivedData/Build/Intermediates.noindex/ExplicitPrecompiledModules/_Builtin_stdint-4WZU4OO9IT8O88W4MTH0RLPHR.scan
cd /
builtin-precompileModule /Users/admin/builder/spi-builder-workspace/.derivedData/Build/Intermediates.noindex/ExplicitPrecompiledModules/_Builtin_stdint-4WZU4OO9IT8O88W4MTH0RLPHR.scan
PrecompileModule /Users/admin/builder/spi-builder-workspace/.derivedData/Build/Intermediates.noindex/ExplicitPrecompiledModules/_DarwinFoundation3-ECZAIRZTOXBZX5MD3A2FKIZYJ.scan
cd /
builtin-precompileModule /Users/admin/builder/spi-builder-workspace/.derivedData/Build/Intermediates.noindex/ExplicitPrecompiledModules/_DarwinFoundation3-ECZAIRZTOXBZX5MD3A2FKIZYJ.scan
PrecompileModule /Users/admin/builder/spi-builder-workspace/.derivedData/Build/Intermediates.noindex/ExplicitPrecompiledModules/_DarwinFoundation3-BTCVMPV6VKJWVQP3IU2J0EUWI.scan
cd /
builtin-precompileModule /Users/admin/builder/spi-builder-workspace/.derivedData/Build/Intermediates.noindex/ExplicitPrecompiledModules/_DarwinFoundation3-BTCVMPV6VKJWVQP3IU2J0EUWI.scan
PrecompileModule /Users/admin/builder/spi-builder-workspace/.derivedData/Build/Intermediates.noindex/ExplicitPrecompiledModules/_DarwinFoundation3-8YMTSRVF1PWPGLIEEHRIN77AV.scan
cd /
builtin-precompileModule /Users/admin/builder/spi-builder-workspace/.derivedData/Build/Intermediates.noindex/ExplicitPrecompiledModules/_DarwinFoundation3-8YMTSRVF1PWPGLIEEHRIN77AV.scan
PrecompileModule /Users/admin/builder/spi-builder-workspace/.derivedData/Build/Intermediates.noindex/ExplicitPrecompiledModules/_Builtin_inttypes-E4N26GGWUKZ4K1AKBZ3F5XG91.scan
cd /
builtin-precompileModule /Users/admin/builder/spi-builder-workspace/.derivedData/Build/Intermediates.noindex/ExplicitPrecompiledModules/_Builtin_inttypes-E4N26GGWUKZ4K1AKBZ3F5XG91.scan
PrecompileModule /Users/admin/builder/spi-builder-workspace/.derivedData/Build/Intermediates.noindex/ExplicitPrecompiledModules/_Builtin_inttypes-6Y4L5WP8G7WFXIMQKIN980HQH.scan
cd /
builtin-precompileModule /Users/admin/builder/spi-builder-workspace/.derivedData/Build/Intermediates.noindex/ExplicitPrecompiledModules/_Builtin_inttypes-6Y4L5WP8G7WFXIMQKIN980HQH.scan
PrecompileModule /Users/admin/builder/spi-builder-workspace/.derivedData/Build/Intermediates.noindex/ExplicitPrecompiledModules/_Builtin_inttypes-ETKSY2685OCUWZR37RK0GTGR6.scan
cd /
builtin-precompileModule /Users/admin/builder/spi-builder-workspace/.derivedData/Build/Intermediates.noindex/ExplicitPrecompiledModules/_Builtin_inttypes-ETKSY2685OCUWZR37RK0GTGR6.scan
PrecompileModule /Users/admin/builder/spi-builder-workspace/.derivedData/Build/Intermediates.noindex/ExplicitPrecompiledModules/Darwin-7QDYC7XTM9YF70FQ7KBX6BD2Q.scan
cd /
builtin-precompileModule /Users/admin/builder/spi-builder-workspace/.derivedData/Build/Intermediates.noindex/ExplicitPrecompiledModules/Darwin-7QDYC7XTM9YF70FQ7KBX6BD2Q.scan
PrecompileModule /Users/admin/builder/spi-builder-workspace/.derivedData/Build/Intermediates.noindex/ExplicitPrecompiledModules/Darwin-59SF9QSBI7E1D3O0926RU0ID7.scan
cd /
builtin-precompileModule /Users/admin/builder/spi-builder-workspace/.derivedData/Build/Intermediates.noindex/ExplicitPrecompiledModules/Darwin-59SF9QSBI7E1D3O0926RU0ID7.scan
PrecompileModule /Users/admin/builder/spi-builder-workspace/.derivedData/Build/Intermediates.noindex/ExplicitPrecompiledModules/Darwin-5DCI99IIZX499EQMSY97DIN2Z.scan
cd /
builtin-precompileModule /Users/admin/builder/spi-builder-workspace/.derivedData/Build/Intermediates.noindex/ExplicitPrecompiledModules/Darwin-5DCI99IIZX499EQMSY97DIN2Z.scan
2026-08-29 09:31:13.829 xcodebuild[852:5240] [MT] IDERunDestination: Supported platforms for the buildables in the current scheme is empty.
/Users/admin/builder/spi-builder-workspace/packages/ios/Sources/Rejourney/Recording/VisualCapture.swift:22:8: error: Unable to find module dependency: 'CoreImage'
import CoreImage
^
/Users/admin/builder/spi-builder-workspace/packages/ios/Sources/Rejourney/Recording/VisualCapture.swift:22:8: note: a dependency of main module 'Rejourney'
import CoreImage
^
/Users/admin/builder/spi-builder-workspace/packages/ios/Sources/Rejourney/Recording/VisualCapture.swift:22:8: error: Unable to find module dependency: 'CoreImage'
import CoreImage
^
/Users/admin/builder/spi-builder-workspace/packages/ios/Sources/Rejourney/Recording/VisualCapture.swift:22:8: note: a dependency of main module 'Rejourney'
import CoreImage
^
/Users/admin/builder/spi-builder-workspace/packages/ios/Sources/Rejourney/Recording/VisualCapture.swift:22:8: error: Unable to find module dependency: 'CoreImage'
import CoreImage
^
/Users/admin/builder/spi-builder-workspace/packages/ios/Sources/Rejourney/Recording/VisualCapture.swift:22:8: note: a dependency of main module 'Rejourney'
import CoreImage
^
** BUILD FAILED **
The following build commands failed:
SwiftDriver Rejourney normal arm64 com.apple.xcode.tools.swift.compiler (in target 'Rejourney' from project 'Rejourney')
SwiftDriver Rejourney normal armv7k com.apple.xcode.tools.swift.compiler (in target 'Rejourney' from project 'Rejourney')
SwiftDriver Rejourney normal arm64_32 com.apple.xcode.tools.swift.compiler (in target 'Rejourney' from project 'Rejourney')
Building workspace spi-builder-workspace with scheme Rejourney
(4 failures)
Command line invocation:
/Applications/Xcode-26.3.0.app/Contents/Developer/usr/bin/xcodebuild -IDEClonedSourcePackagesDirPathOverride=/Users/admin/builder/spi-builder-workspace/.dependencies -resolvePackageDependencies
Resolve Package Graph
Resolved source packages:
Rejourney: /Users/admin/builder/spi-builder-workspace
resolved source packages: Rejourney
2026-08-29 09:31:19.573 xcodebuild[1044:6471] [MT] IDERunDestination: Supported platforms for the buildables in the current scheme is empty.
{
"dependencies" : [
],
"manifest_display_name" : "Rejourney",
"name" : "Rejourney",
"path" : "/Users/admin/builder/spi-builder-workspace",
"platforms" : [
{
"name" : "ios",
"version" : "15.1"
}
],
"products" : [
{
"name" : "Rejourney",
"targets" : [
"Rejourney"
],
"type" : {
"library" : [
"automatic"
]
}
}
],
"swift_languages_versions" : [
"5"
],
"targets" : [
{
"c99name" : "RejourneyTests",
"module_type" : "SwiftTarget",
"name" : "RejourneyTests",
"path" : "packages/ios/Tests/RejourneyTests",
"sources" : [
"RejourneyTests.swift"
],
"target_dependencies" : [
"Rejourney"
],
"type" : "test"
},
{
"c99name" : "RejourneySignalSupport",
"module_type" : "ClangTarget",
"name" : "RejourneySignalSupport",
"path" : "packages/ios/Sources/RejourneySignalSupport",
"product_memberships" : [
"Rejourney"
],
"sources" : [
"RejourneySignalSupport.m"
],
"type" : "library"
},
{
"c99name" : "Rejourney",
"module_type" : "SwiftTarget",
"name" : "Rejourney",
"path" : "packages/ios/Sources/Rejourney",
"product_memberships" : [
"Rejourney"
],
"resources" : [
{
"path" : "/Users/admin/builder/spi-builder-workspace/packages/ios/Sources/Rejourney/Resources/PrivacyInfo.xcprivacy",
"rule" : {
"process" : {
}
}
}
],
"sources" : [
"Engine/DeviceRegistrar.swift",
"Engine/DiagnosticLog.swift",
"Recording/AnrSentinel.swift",
"Recording/DeviceEnvironmentMonitor.swift",
"Recording/EventBuffer.swift",
"Recording/InteractionRecorder.swift",
"Recording/MetricKitDiagnostics.swift",
"Recording/RejourneyNetworkEventFilter.swift",
"Recording/RejourneyURLProtocol.swift",
"Recording/ReplayOrchestrator.swift",
"Recording/SegmentDispatcher.swift",
"Recording/SpecialCases.swift",
"Recording/StabilityMonitor.swift",
"Recording/TelemetryPipeline.swift",
"Recording/ViewHierarchyScanner.swift",
"Recording/VisualCapture.swift",
"Rejourney.swift",
"RejourneySDKInfo.swift",
"Utility/DataCompression.swift",
"Utility/RejourneyEventSerializer.swift",
"Utility/RuntimeMethodSwap.swift"
],
"target_dependencies" : [
"RejourneySignalSupport"
],
"type" : "library"
}
],
"tools_version" : "5.9"
}
{
"workspace" : {
"name" : "spi-builder-workspace",
"schemes" : [
"Rejourney"
]
}
}
2026-08-29 09:31:21.190 xcodebuild[1072:6666] [MT] IDERunDestination: Supported platforms for the buildables in the current scheme is empty.
Running build ...
env DEVELOPER_DIR=/Applications/Xcode-26.3.0.app xcrun xcodebuild -IDEClonedSourcePackagesDirPathOverride=$PWD/.dependencies -skipMacroValidation -skipPackagePluginValidation -derivedDataPath $PWD/.derivedData build -scheme Rejourney -destination generic/platform=watchOS
Command line invocation:
/Applications/Xcode-26.3.0.app/Contents/Developer/usr/bin/xcodebuild -IDEClonedSourcePackagesDirPathOverride=/Users/admin/builder/spi-builder-workspace/.dependencies -skipMacroValidation -skipPackagePluginValidation -derivedDataPath /Users/admin/builder/spi-builder-workspace/.derivedData build -scheme Rejourney -destination generic/platform=watchOS
Resolve Package Graph
Resolved source packages:
Rejourney: /Users/admin/builder/spi-builder-workspace
ComputePackagePrebuildTargetDependencyGraph
Prepare packages
CreateBuildRequest
SendProjectDescription
CreateBuildOperation
ComputeTargetDependencyGraph
note: Building targets in dependency order
note: Target dependency graph (4 targets)
Target 'Rejourney' in project 'Rejourney'
➜ Explicit dependency on target 'Rejourney' in project 'Rejourney'
➜ Explicit dependency on target 'Rejourney_Rejourney' in project 'Rejourney'
➜ Explicit dependency on target 'RejourneySignalSupport' in project 'Rejourney'
Target 'Rejourney' in project 'Rejourney'
➜ Explicit dependency on target 'Rejourney_Rejourney' in project 'Rejourney'
➜ Explicit dependency on target 'RejourneySignalSupport' in project 'Rejourney'
Target 'RejourneySignalSupport' in project 'Rejourney' (no dependencies)
Target 'Rejourney_Rejourney' in project 'Rejourney' (no dependencies)
GatherProvisioningInputs
CreateBuildDescription
ClangStatCache /Applications/Xcode-26.3.0.app/Contents/Developer/Toolchains/XcodeDefault.xctoolchain/usr/bin/clang-stat-cache /Applications/Xcode-26.3.0.app/Contents/Developer/Platforms/WatchOS.platform/Developer/SDKs/WatchOS26.2.sdk /Users/admin/builder/spi-builder-workspace/.derivedData/SDKStatCaches.noindex/watchos26.2-23S303-dc75598d0054f22ec865fa860f139d721753b489057de6bda919edfa1c59a62b.sdkstatcache
cd /Users/admin/builder/spi-builder-workspace/.swiftpm/xcode
/Applications/Xcode-26.3.0.app/Contents/Developer/Toolchains/XcodeDefault.xctoolchain/usr/bin/clang-stat-cache /Applications/Xcode-26.3.0.app/Contents/Developer/Platforms/WatchOS.platform/Developer/SDKs/WatchOS26.2.sdk -o /Users/admin/builder/spi-builder-workspace/.derivedData/SDKStatCaches.noindex/watchos26.2-23S303-dc75598d0054f22ec865fa860f139d721753b489057de6bda919edfa1c59a62b.sdkstatcache
SwiftDriver Rejourney normal armv7k com.apple.xcode.tools.swift.compiler (in target 'Rejourney' from project 'Rejourney')
cd /Users/admin/builder/spi-builder-workspace/.swiftpm/xcode
builtin-SwiftDriver -- /Applications/Xcode-26.3.0.app/Contents/Developer/Toolchains/XcodeDefault.xctoolchain/usr/bin/swiftc -module-name Rejourney -Onone -enforce-exclusivity\=checked @/Users/admin/builder/spi-builder-workspace/.derivedData/Build/Intermediates.noindex/Rejourney.build/Debug-watchos/Rejourney.build/Objects-normal/armv7k/Rejourney.SwiftFileList -DSWIFT_PACKAGE -DDEBUG -DSWIFT_MODULE_RESOURCE_BUNDLE_AVAILABLE -Xcc -fmodule-map-file\=/Users/admin/builder/spi-builder-workspace/.derivedData/Build/Intermediates.noindex/GeneratedModuleMaps-watchos/RejourneySignalSupport.modulemap -DXcode -plugin-path /Applications/Xcode-26.3.0.app/Contents/Developer/Toolchains/XcodeDefault.xctoolchain/usr/lib/swift/host/plugins/testing -enable-experimental-feature DebugDescriptionMacro -sdk /Applications/Xcode-26.3.0.app/Contents/Developer/Platforms/WatchOS.platform/Developer/SDKs/WatchOS26.2.sdk -target armv7k-apple-watchos8.1 -g -module-cache-path /Users/admin/builder/spi-builder-workspace/.derivedData/ModuleCache.noindex -Xfrontend -serialize-debugging-options -profile-coverage-mapping -profile-generate -enable-testing -index-store-path /Users/admin/builder/spi-builder-workspace/.derivedData/Index.noindex/DataStore -Xcc -D_LIBCPP_HARDENING_MODE\=_LIBCPP_HARDENING_MODE_DEBUG -swift-version 5 -I /Users/admin/builder/spi-builder-workspace/.derivedData/Build/Products/Debug-watchos -Isystem /Applications/Xcode-26.3.0.app/Contents/Developer/Platforms/WatchOS.platform/Developer/usr/lib -F /Users/admin/builder/spi-builder-workspace/.derivedData/Build/Products/Debug-watchos/PackageFrameworks -F /Users/admin/builder/spi-builder-workspace/.derivedData/Build/Products/Debug-watchos -F /Applications/Xcode-26.3.0.app/Contents/Developer/Platforms/WatchOS.platform/Developer/Library/Frameworks -F /Applications/Xcode-26.3.0.app/Contents/Developer/Platforms/WatchOS.platform/Developer/SDKs/WatchOS26.2.sdk/Developer/Library/Frameworks -c -j10 -enable-batch-mode -incremental -Xcc -ivfsstatcache -Xcc /Users/admin/builder/spi-builder-workspace/.derivedData/SDKStatCaches.noindex/watchos26.2-23S303-dc75598d0054f22ec865fa860f139d721753b489057de6bda919edfa1c59a62b.sdkstatcache -output-file-map /Users/admin/builder/spi-builder-workspace/.derivedData/Build/Intermediates.noindex/Rejourney.build/Debug-watchos/Rejourney.build/Objects-normal/armv7k/Rejourney-OutputFileMap.json -use-frontend-parseable-output -save-temps -no-color-diagnostics -explicit-module-build -module-cache-path /Users/admin/builder/spi-builder-workspace/.derivedData/Build/Intermediates.noindex/SwiftExplicitPrecompiledModules -clang-scanner-module-cache-path /Users/admin/builder/spi-builder-workspace/.derivedData/ModuleCache.noindex -sdk-module-cache-path /Users/admin/builder/spi-builder-workspace/.derivedData/ModuleCache.noindex -serialize-diagnostics -emit-dependencies -emit-module -emit-module-path /Users/admin/builder/spi-builder-workspace/.derivedData/Build/Intermediates.noindex/Rejourney.build/Debug-watchos/Rejourney.build/Objects-normal/armv7k/Rejourney.swiftmodule -validate-clang-modules-once -clang-build-session-file /Users/admin/builder/spi-builder-workspace/.derivedData/ModuleCache.noindex/Session.modulevalidation -package-name spi_builder_workspace -Xcc -I/Users/admin/builder/spi-builder-workspace/.derivedData/Build/Intermediates.noindex/Rejourney.build/Debug-watchos/Rejourney.build/swift-overrides.hmap -emit-const-values -Xfrontend -const-gather-protocols-file -Xfrontend /Users/admin/builder/spi-builder-workspace/.derivedData/Build/Intermediates.noindex/Rejourney.build/Debug-watchos/Rejourney.build/Objects-normal/armv7k/Rejourney_const_extract_protocols.json -Xcc -I/Users/admin/builder/spi-builder-workspace/packages/ios/Sources/RejourneySignalSupport/include -Xcc -I/Users/admin/builder/spi-builder-workspace/.derivedData/Build/Products/Debug-watchos/include -Xcc -I/Users/admin/builder/spi-builder-workspace/.derivedData/Build/Intermediates.noindex/Rejourney.build/Debug-watchos/Rejourney.build/DerivedSources-normal/armv7k -Xcc -I/Users/admin/builder/spi-builder-workspace/.derivedData/Build/Intermediates.noindex/Rejourney.build/Debug-watchos/Rejourney.build/DerivedSources/armv7k -Xcc -I/Users/admin/builder/spi-builder-workspace/.derivedData/Build/Intermediates.noindex/Rejourney.build/Debug-watchos/Rejourney.build/DerivedSources -Xcc -DSWIFT_PACKAGE -Xcc -DDEBUG\=1 -emit-objc-header -emit-objc-header-path /Users/admin/builder/spi-builder-workspace/.derivedData/Build/Intermediates.noindex/Rejourney.build/Debug-watchos/Rejourney.build/Objects-normal/armv7k/Rejourney-Swift.h -working-directory /Users/admin/builder/spi-builder-workspace/.swiftpm/xcode -experimental-emit-module-separately -disable-cmo
/Users/admin/builder/spi-builder-workspace/packages/ios/Sources/Rejourney/Recording/VisualCapture.swift:22:8: error: Unable to find module dependency: 'CoreImage'
import CoreImage
^ (in target 'Rejourney' from project 'Rejourney')
/Users/admin/builder/spi-builder-workspace/packages/ios/Sources/Rejourney/Recording/VisualCapture.swift:22:8: note: A dependency of main module 'Rejourney'
import CoreImage
^ (in target 'Rejourney' from project 'Rejourney')
SwiftDriver Rejourney normal arm64_32 com.apple.xcode.tools.swift.compiler (in target 'Rejourney' from project 'Rejourney')
cd /Users/admin/builder/spi-builder-workspace/.swiftpm/xcode
builtin-SwiftDriver -- /Applications/Xcode-26.3.0.app/Contents/Developer/Toolchains/XcodeDefault.xctoolchain/usr/bin/swiftc -module-name Rejourney -Onone -enforce-exclusivity\=checked @/Users/admin/builder/spi-builder-workspace/.derivedData/Build/Intermediates.noindex/Rejourney.build/Debug-watchos/Rejourney.build/Objects-normal/arm64_32/Rejourney.SwiftFileList -DSWIFT_PACKAGE -DDEBUG -DSWIFT_MODULE_RESOURCE_BUNDLE_AVAILABLE -Xcc -fmodule-map-file\=/Users/admin/builder/spi-builder-workspace/.derivedData/Build/Intermediates.noindex/GeneratedModuleMaps-watchos/RejourneySignalSupport.modulemap -DXcode -plugin-path /Applications/Xcode-26.3.0.app/Contents/Developer/Toolchains/XcodeDefault.xctoolchain/usr/lib/swift/host/plugins/testing -enable-experimental-feature DebugDescriptionMacro -sdk /Applications/Xcode-26.3.0.app/Contents/Developer/Platforms/WatchOS.platform/Developer/SDKs/WatchOS26.2.sdk -target arm64_32-apple-watchos8.1 -g -module-cache-path /Users/admin/builder/spi-builder-workspace/.derivedData/ModuleCache.noindex -Xfrontend -serialize-debugging-options -profile-coverage-mapping -profile-generate -enable-testing -index-store-path /Users/admin/builder/spi-builder-workspace/.derivedData/Index.noindex/DataStore -Xcc -D_LIBCPP_HARDENING_MODE\=_LIBCPP_HARDENING_MODE_DEBUG -swift-version 5 -I /Users/admin/builder/spi-builder-workspace/.derivedData/Build/Products/Debug-watchos -Isystem /Applications/Xcode-26.3.0.app/Contents/Developer/Platforms/WatchOS.platform/Developer/usr/lib -F /Users/admin/builder/spi-builder-workspace/.derivedData/Build/Products/Debug-watchos/PackageFrameworks -F /Users/admin/builder/spi-builder-workspace/.derivedData/Build/Products/Debug-watchos -F /Applications/Xcode-26.3.0.app/Contents/Developer/Platforms/WatchOS.platform/Developer/Library/Frameworks -F /Applications/Xcode-26.3.0.app/Contents/Developer/Platforms/WatchOS.platform/Developer/SDKs/WatchOS26.2.sdk/Developer/Library/Frameworks -c -j10 -enable-batch-mode -incremental -Xcc -ivfsstatcache -Xcc /Users/admin/builder/spi-builder-workspace/.derivedData/SDKStatCaches.noindex/watchos26.2-23S303-dc75598d0054f22ec865fa860f139d721753b489057de6bda919edfa1c59a62b.sdkstatcache -output-file-map /Users/admin/builder/spi-builder-workspace/.derivedData/Build/Intermediates.noindex/Rejourney.build/Debug-watchos/Rejourney.build/Objects-normal/arm64_32/Rejourney-OutputFileMap.json -use-frontend-parseable-output -save-temps -no-color-diagnostics -explicit-module-build -module-cache-path /Users/admin/builder/spi-builder-workspace/.derivedData/Build/Intermediates.noindex/SwiftExplicitPrecompiledModules -clang-scanner-module-cache-path /Users/admin/builder/spi-builder-workspace/.derivedData/ModuleCache.noindex -sdk-module-cache-path /Users/admin/builder/spi-builder-workspace/.derivedData/ModuleCache.noindex -serialize-diagnostics -emit-dependencies -emit-module -emit-module-path /Users/admin/builder/spi-builder-workspace/.derivedData/Build/Intermediates.noindex/Rejourney.build/Debug-watchos/Rejourney.build/Objects-normal/arm64_32/Rejourney.swiftmodule -validate-clang-modules-once -clang-build-session-file /Users/admin/builder/spi-builder-workspace/.derivedData/ModuleCache.noindex/Session.modulevalidation -package-name spi_builder_workspace -Xcc -I/Users/admin/builder/spi-builder-workspace/.derivedData/Build/Intermediates.noindex/Rejourney.build/Debug-watchos/Rejourney.build/swift-overrides.hmap -emit-const-values -Xfrontend -const-gather-protocols-file -Xfrontend /Users/admin/builder/spi-builder-workspace/.derivedData/Build/Intermediates.noindex/Rejourney.build/Debug-watchos/Rejourney.build/Objects-normal/arm64_32/Rejourney_const_extract_protocols.json -Xcc -I/Users/admin/builder/spi-builder-workspace/packages/ios/Sources/RejourneySignalSupport/include -Xcc -I/Users/admin/builder/spi-builder-workspace/.derivedData/Build/Products/Debug-watchos/include -Xcc -I/Users/admin/builder/spi-builder-workspace/.derivedData/Build/Intermediates.noindex/Rejourney.build/Debug-watchos/Rejourney.build/DerivedSources-normal/arm64_32 -Xcc -I/Users/admin/builder/spi-builder-workspace/.derivedData/Build/Intermediates.noindex/Rejourney.build/Debug-watchos/Rejourney.build/DerivedSources/arm64_32 -Xcc -I/Users/admin/builder/spi-builder-workspace/.derivedData/Build/Intermediates.noindex/Rejourney.build/Debug-watchos/Rejourney.build/DerivedSources -Xcc -DSWIFT_PACKAGE -Xcc -DDEBUG\=1 -emit-objc-header -emit-objc-header-path /Users/admin/builder/spi-builder-workspace/.derivedData/Build/Intermediates.noindex/Rejourney.build/Debug-watchos/Rejourney.build/Objects-normal/arm64_32/Rejourney-Swift.h -working-directory /Users/admin/builder/spi-builder-workspace/.swiftpm/xcode -experimental-emit-module-separately -disable-cmo
/Users/admin/builder/spi-builder-workspace/packages/ios/Sources/Rejourney/Recording/VisualCapture.swift:22:8: error: Unable to find module dependency: 'CoreImage'
import CoreImage
^ (in target 'Rejourney' from project 'Rejourney')
/Users/admin/builder/spi-builder-workspace/packages/ios/Sources/Rejourney/Recording/VisualCapture.swift:22:8: note: A dependency of main module 'Rejourney'
import CoreImage
^ (in target 'Rejourney' from project 'Rejourney')
SwiftDriver Rejourney normal arm64 com.apple.xcode.tools.swift.compiler (in target 'Rejourney' from project 'Rejourney')
cd /Users/admin/builder/spi-builder-workspace/.swiftpm/xcode
builtin-SwiftDriver -- /Applications/Xcode-26.3.0.app/Contents/Developer/Toolchains/XcodeDefault.xctoolchain/usr/bin/swiftc -module-name Rejourney -Onone -enforce-exclusivity\=checked @/Users/admin/builder/spi-builder-workspace/.derivedData/Build/Intermediates.noindex/Rejourney.build/Debug-watchos/Rejourney.build/Objects-normal/arm64/Rejourney.SwiftFileList -DSWIFT_PACKAGE -DDEBUG -DSWIFT_MODULE_RESOURCE_BUNDLE_AVAILABLE -Xcc -fmodule-map-file\=/Users/admin/builder/spi-builder-workspace/.derivedData/Build/Intermediates.noindex/GeneratedModuleMaps-watchos/RejourneySignalSupport.modulemap -DXcode -plugin-path /Applications/Xcode-26.3.0.app/Contents/Developer/Toolchains/XcodeDefault.xctoolchain/usr/lib/swift/host/plugins/testing -enable-experimental-feature DebugDescriptionMacro -sdk /Applications/Xcode-26.3.0.app/Contents/Developer/Platforms/WatchOS.platform/Developer/SDKs/WatchOS26.2.sdk -target arm64-apple-watchos8.1 -g -module-cache-path /Users/admin/builder/spi-builder-workspace/.derivedData/ModuleCache.noindex -Xfrontend -serialize-debugging-options -profile-coverage-mapping -profile-generate -enable-testing -index-store-path /Users/admin/builder/spi-builder-workspace/.derivedData/Index.noindex/DataStore -Xcc -D_LIBCPP_HARDENING_MODE\=_LIBCPP_HARDENING_MODE_DEBUG -swift-version 5 -I /Users/admin/builder/spi-builder-workspace/.derivedData/Build/Products/Debug-watchos -Isystem /Applications/Xcode-26.3.0.app/Contents/Developer/Platforms/WatchOS.platform/Developer/usr/lib -F /Users/admin/builder/spi-builder-workspace/.derivedData/Build/Products/Debug-watchos/PackageFrameworks -F /Users/admin/builder/spi-builder-workspace/.derivedData/Build/Products/Debug-watchos -F /Applications/Xcode-26.3.0.app/Contents/Developer/Platforms/WatchOS.platform/Developer/Library/Frameworks -F /Applications/Xcode-26.3.0.app/Contents/Developer/Platforms/WatchOS.platform/Developer/SDKs/WatchOS26.2.sdk/Developer/Library/Frameworks -c -j10 -enable-batch-mode -incremental -Xcc -ivfsstatcache -Xcc /Users/admin/builder/spi-builder-workspace/.derivedData/SDKStatCaches.noindex/watchos26.2-23S303-dc75598d0054f22ec865fa860f139d721753b489057de6bda919edfa1c59a62b.sdkstatcache -output-file-map /Users/admin/builder/spi-builder-workspace/.derivedData/Build/Intermediates.noindex/Rejourney.build/Debug-watchos/Rejourney.build/Objects-normal/arm64/Rejourney-OutputFileMap.json -use-frontend-parseable-output -save-temps -no-color-diagnostics -explicit-module-build -module-cache-path /Users/admin/builder/spi-builder-workspace/.derivedData/Build/Intermediates.noindex/SwiftExplicitPrecompiledModules -clang-scanner-module-cache-path /Users/admin/builder/spi-builder-workspace/.derivedData/ModuleCache.noindex -sdk-module-cache-path /Users/admin/builder/spi-builder-workspace/.derivedData/ModuleCache.noindex -serialize-diagnostics -emit-dependencies -emit-module -emit-module-path /Users/admin/builder/spi-builder-workspace/.derivedData/Build/Intermediates.noindex/Rejourney.build/Debug-watchos/Rejourney.build/Objects-normal/arm64/Rejourney.swiftmodule -validate-clang-modules-once -clang-build-session-file /Users/admin/builder/spi-builder-workspace/.derivedData/ModuleCache.noindex/Session.modulevalidation -package-name spi_builder_workspace -Xcc -I/Users/admin/builder/spi-builder-workspace/.derivedData/Build/Intermediates.noindex/Rejourney.build/Debug-watchos/Rejourney.build/swift-overrides.hmap -emit-const-values -Xfrontend -const-gather-protocols-file -Xfrontend /Users/admin/builder/spi-builder-workspace/.derivedData/Build/Intermediates.noindex/Rejourney.build/Debug-watchos/Rejourney.build/Objects-normal/arm64/Rejourney_const_extract_protocols.json -Xcc -I/Users/admin/builder/spi-builder-workspace/packages/ios/Sources/RejourneySignalSupport/include -Xcc -I/Users/admin/builder/spi-builder-workspace/.derivedData/Build/Products/Debug-watchos/include -Xcc -I/Users/admin/builder/spi-builder-workspace/.derivedData/Build/Intermediates.noindex/Rejourney.build/Debug-watchos/Rejourney.build/DerivedSources-normal/arm64 -Xcc -I/Users/admin/builder/spi-builder-workspace/.derivedData/Build/Intermediates.noindex/Rejourney.build/Debug-watchos/Rejourney.build/DerivedSources/arm64 -Xcc -I/Users/admin/builder/spi-builder-workspace/.derivedData/Build/Intermediates.noindex/Rejourney.build/Debug-watchos/Rejourney.build/DerivedSources -Xcc -DSWIFT_PACKAGE -Xcc -DDEBUG\=1 -emit-objc-header -emit-objc-header-path /Users/admin/builder/spi-builder-workspace/.derivedData/Build/Intermediates.noindex/Rejourney.build/Debug-watchos/Rejourney.build/Objects-normal/arm64/Rejourney-Swift.h -working-directory /Users/admin/builder/spi-builder-workspace/.swiftpm/xcode -experimental-emit-module-separately -disable-cmo
/Users/admin/builder/spi-builder-workspace/packages/ios/Sources/Rejourney/Recording/VisualCapture.swift:22:8: error: Unable to find module dependency: 'CoreImage'
import CoreImage
^ (in target 'Rejourney' from project 'Rejourney')
/Users/admin/builder/spi-builder-workspace/packages/ios/Sources/Rejourney/Recording/VisualCapture.swift:22:8: note: A dependency of main module 'Rejourney'
import CoreImage
^ (in target 'Rejourney' from project 'Rejourney')
PrecompileModule /Users/admin/builder/spi-builder-workspace/.derivedData/Build/Intermediates.noindex/ExplicitPrecompiledModules/Darwin-59SF9QSBI7E1D3O0926RU0ID7.scan
cd /
builtin-precompileModule /Users/admin/builder/spi-builder-workspace/.derivedData/Build/Intermediates.noindex/ExplicitPrecompiledModules/Darwin-59SF9QSBI7E1D3O0926RU0ID7.scan
PrecompileModule /Users/admin/builder/spi-builder-workspace/.derivedData/Build/Intermediates.noindex/ExplicitPrecompiledModules/Darwin-5DCI99IIZX499EQMSY97DIN2Z.scan
cd /
builtin-precompileModule /Users/admin/builder/spi-builder-workspace/.derivedData/Build/Intermediates.noindex/ExplicitPrecompiledModules/Darwin-5DCI99IIZX499EQMSY97DIN2Z.scan
PrecompileModule /Users/admin/builder/spi-builder-workspace/.derivedData/Build/Intermediates.noindex/ExplicitPrecompiledModules/Darwin-7QDYC7XTM9YF70FQ7KBX6BD2Q.scan
cd /
builtin-precompileModule /Users/admin/builder/spi-builder-workspace/.derivedData/Build/Intermediates.noindex/ExplicitPrecompiledModules/Darwin-7QDYC7XTM9YF70FQ7KBX6BD2Q.scan
PrecompileModule /Users/admin/builder/spi-builder-workspace/.derivedData/Build/Intermediates.noindex/ExplicitPrecompiledModules/ObjectiveC-64XWWJ8FA6JHM94VY45S75IOJ.scan
cd /
builtin-precompileModule /Users/admin/builder/spi-builder-workspace/.derivedData/Build/Intermediates.noindex/ExplicitPrecompiledModules/ObjectiveC-64XWWJ8FA6JHM94VY45S75IOJ.scan
PrecompileModule /Users/admin/builder/spi-builder-workspace/.derivedData/Build/Intermediates.noindex/ExplicitPrecompiledModules/ObjectiveC-5OKYFO56F8NRR6ESA2KCSQQCT.scan
cd /
builtin-precompileModule /Users/admin/builder/spi-builder-workspace/.derivedData/Build/Intermediates.noindex/ExplicitPrecompiledModules/ObjectiveC-5OKYFO56F8NRR6ESA2KCSQQCT.scan
PrecompileModule /Users/admin/builder/spi-builder-workspace/.derivedData/Build/Intermediates.noindex/ExplicitPrecompiledModules/ObjectiveC-3X1AMWZ7ZX4XQ5B2NMKSKZD2T.scan
cd /
builtin-precompileModule /Users/admin/builder/spi-builder-workspace/.derivedData/Build/Intermediates.noindex/ExplicitPrecompiledModules/ObjectiveC-3X1AMWZ7ZX4XQ5B2NMKSKZD2T.scan
PrecompileModule /Users/admin/builder/spi-builder-workspace/.derivedData/Build/Intermediates.noindex/ExplicitPrecompiledModules/os_object-AKR1KPL5K15GT35LWZ39RGPB.scan
cd /
builtin-precompileModule /Users/admin/builder/spi-builder-workspace/.derivedData/Build/Intermediates.noindex/ExplicitPrecompiledModules/os_object-AKR1KPL5K15GT35LWZ39RGPB.scan
PrecompileModule /Users/admin/builder/spi-builder-workspace/.derivedData/Build/Intermediates.noindex/ExplicitPrecompiledModules/os_object-7MY519DBKDM6MDDPXRFE52SYS.scan
cd /
builtin-precompileModule /Users/admin/builder/spi-builder-workspace/.derivedData/Build/Intermediates.noindex/ExplicitPrecompiledModules/os_object-7MY519DBKDM6MDDPXRFE52SYS.scan
PrecompileModule /Users/admin/builder/spi-builder-workspace/.derivedData/Build/Intermediates.noindex/ExplicitPrecompiledModules/os_object-2QDWCR5VMP9344TA4XLVL7CFE.scan
cd /
builtin-precompileModule /Users/admin/builder/spi-builder-workspace/.derivedData/Build/Intermediates.noindex/ExplicitPrecompiledModules/os_object-2QDWCR5VMP9344TA4XLVL7CFE.scan
PrecompileModule /Users/admin/builder/spi-builder-workspace/.derivedData/Build/Intermediates.noindex/ExplicitPrecompiledModules/os_workgroup-1L6G84YEBPSZEDOP2OP8MAMP5.scan
cd /
builtin-precompileModule /Users/admin/builder/spi-builder-workspace/.derivedData/Build/Intermediates.noindex/ExplicitPrecompiledModules/os_workgroup-1L6G84YEBPSZEDOP2OP8MAMP5.scan
PrecompileModule /Users/admin/builder/spi-builder-workspace/.derivedData/Build/Intermediates.noindex/ExplicitPrecompiledModules/os_workgroup-1AGRDMIT5JUAWW3W5I2E221AK.scan
cd /
builtin-precompileModule /Users/admin/builder/spi-builder-workspace/.derivedData/Build/Intermediates.noindex/ExplicitPrecompiledModules/os_workgroup-1AGRDMIT5JUAWW3W5I2E221AK.scan
PrecompileModule /Users/admin/builder/spi-builder-workspace/.derivedData/Build/Intermediates.noindex/ExplicitPrecompiledModules/os_workgroup-12HMOCJ19BTUQJJEBI07RRIYD.scan
cd /
builtin-precompileModule /Users/admin/builder/spi-builder-workspace/.derivedData/Build/Intermediates.noindex/ExplicitPrecompiledModules/os_workgroup-12HMOCJ19BTUQJJEBI07RRIYD.scan
PrecompileModule /Users/admin/builder/spi-builder-workspace/.derivedData/Build/Intermediates.noindex/ExplicitPrecompiledModules/Dispatch-C7T0N6JKFPUAKMG1QJWDDKS52.scan
cd /
builtin-precompileModule /Users/admin/builder/spi-builder-workspace/.derivedData/Build/Intermediates.noindex/ExplicitPrecompiledModules/Dispatch-C7T0N6JKFPUAKMG1QJWDDKS52.scan
PrecompileModule /Users/admin/builder/spi-builder-workspace/.derivedData/Build/Intermediates.noindex/ExplicitPrecompiledModules/Dispatch-72U5YDWCF6UQJQMQ93CS2J0TI.scan
cd /
builtin-precompileModule /Users/admin/builder/spi-builder-workspace/.derivedData/Build/Intermediates.noindex/ExplicitPrecompiledModules/Dispatch-72U5YDWCF6UQJQMQ93CS2J0TI.scan
PrecompileModule /Users/admin/builder/spi-builder-workspace/.derivedData/Build/Intermediates.noindex/ExplicitPrecompiledModules/Dispatch-4QW2QE88TAXVWKU1J0SUIEFP9.scan
cd /
builtin-precompileModule /Users/admin/builder/spi-builder-workspace/.derivedData/Build/Intermediates.noindex/ExplicitPrecompiledModules/Dispatch-4QW2QE88TAXVWKU1J0SUIEFP9.scan
PrecompileModule /Users/admin/builder/spi-builder-workspace/.derivedData/Build/Intermediates.noindex/ExplicitPrecompiledModules/CoreFoundation-8V6TDYF3ECUWT7FJ1TVOWA4NS.scan
cd /
builtin-precompileModule /Users/admin/builder/spi-builder-workspace/.derivedData/Build/Intermediates.noindex/ExplicitPrecompiledModules/CoreFoundation-8V6TDYF3ECUWT7FJ1TVOWA4NS.scan
PrecompileModule /Users/admin/builder/spi-builder-workspace/.derivedData/Build/Intermediates.noindex/ExplicitPrecompiledModules/CoreFoundation-CN1YIBV8ADXVXM7QFG8ORLOLM.scan
cd /
builtin-precompileModule /Users/admin/builder/spi-builder-workspace/.derivedData/Build/Intermediates.noindex/ExplicitPrecompiledModules/CoreFoundation-CN1YIBV8ADXVXM7QFG8ORLOLM.scan
PrecompileModule /Users/admin/builder/spi-builder-workspace/.derivedData/Build/Intermediates.noindex/ExplicitPrecompiledModules/CoreFoundation-D2GEMCZSPI6BTUGVK7D3K1IZL.scan
cd /
builtin-precompileModule /Users/admin/builder/spi-builder-workspace/.derivedData/Build/Intermediates.noindex/ExplicitPrecompiledModules/CoreFoundation-D2GEMCZSPI6BTUGVK7D3K1IZL.scan
2026-08-29 09:31:22.530 xcodebuild[1114:6924] [MT] IDERunDestination: Supported platforms for the buildables in the current scheme is empty.
/Users/admin/builder/spi-builder-workspace/packages/ios/Sources/Rejourney/Recording/VisualCapture.swift:22:8: error: Unable to find module dependency: 'CoreImage'
import CoreImage
^
/Users/admin/builder/spi-builder-workspace/packages/ios/Sources/Rejourney/Recording/VisualCapture.swift:22:8: note: a dependency of main module 'Rejourney'
import CoreImage
^
/Users/admin/builder/spi-builder-workspace/packages/ios/Sources/Rejourney/Recording/VisualCapture.swift:22:8: error: Unable to find module dependency: 'CoreImage'
import CoreImage
^
/Users/admin/builder/spi-builder-workspace/packages/ios/Sources/Rejourney/Recording/VisualCapture.swift:22:8: note: a dependency of main module 'Rejourney'
import CoreImage
^
/Users/admin/builder/spi-builder-workspace/packages/ios/Sources/Rejourney/Recording/VisualCapture.swift:22:8: error: Unable to find module dependency: 'CoreImage'
import CoreImage
^
/Users/admin/builder/spi-builder-workspace/packages/ios/Sources/Rejourney/Recording/VisualCapture.swift:22:8: note: a dependency of main module 'Rejourney'
import CoreImage
^
** BUILD FAILED **
The following build commands failed:
SwiftDriver Rejourney normal armv7k com.apple.xcode.tools.swift.compiler (in target 'Rejourney' from project 'Rejourney')
SwiftDriver Rejourney normal arm64_32 com.apple.xcode.tools.swift.compiler (in target 'Rejourney' from project 'Rejourney')
SwiftDriver Rejourney normal arm64 com.apple.xcode.tools.swift.compiler (in target 'Rejourney' from project 'Rejourney')
Building workspace spi-builder-workspace with scheme Rejourney
(4 failures)
BUILD FAILURE 6.2 watchOS