The Swift Package Index logo.Swift Package Index

Build Information

Failed to build CircularRangeSlider, reference main (daddf7), with Swift 6.4 for macOS (SPM) on 23 Sep 2026 04:59:00 UTC.

Build Command

env DEVELOPER_DIR=/Applications/Xcode-27.0.0-Release.Candidate.app xcrun swift build --arch arm64

Build Log

========================================
RunAll
========================================
Builder version: 5.1.0
Interrupt handler set up.
========================================
Checkout
========================================
Clone URL: https://github.com/diegotid/circular-range-slider.git
Reference: main
Initialized empty Git repository in /Users/admin/builder/spi-builder-workspace/.git/
From https://github.com/diegotid/circular-range-slider
 * branch            main       -> FETCH_HEAD
 * [new branch]      main       -> origin/main
HEAD is now at daddf7c Allow the marker position to be configured as either inside or outside
Cloned https://github.com/diegotid/circular-range-slider.git
Revision (git rev-parse @):
daddf7cea9604a373ba3e3a2fdbd8fc64c612baa
SUCCESS checkout https://github.com/diegotid/circular-range-slider.git at main
========================================
Build
========================================
Selected platform:         macosSpm
Swift version:             6.4
Building package at path:  $PWD
https://github.com/diegotid/circular-range-slider.git
Running build ...
env DEVELOPER_DIR=/Applications/Xcode-27.0.0-Release.Candidate.app xcrun swift build --arch arm64
Building for debugging...
[Planning deferred tasks]
[19 / 28]
[20 / 29] CircularRangeSlider
[30 / 97]
[33 / 97]
[41 / 97]
[43 / 97]
[44 / 97]
[49 / 97]
[51 / 97]
[53 / 97]
[56 / 97]
[61 / 97]
[64 / 97]
[66 / 97]
[67 / 97]
[77 / 97]
[79 / 97]
[80 / 97]
[83 / 97]
[85 / 97]
[88 / 97] CircularRangeSlider
error: SwiftCompile normal arm64 /Users/admin/builder/spi-builder-workspace/Sources/CircularRangeSlider/CircularRangeSlider.swift failed with a nonzero exit code. Command line:     cd /Users/admin/builder
    builtin-SwiftPerFileCompile CircularRangeSlider.swift
/Users/admin/builder/spi-builder-workspace/Sources/CircularRangeSlider/CircularRangeSlider.swift:113:10: error: 'onChange(of:initial:_:)' is only available in macOS 14.0 or newer
  7 | import SwiftUI
  8 |
  9 | public struct CircularRangeSlider: View {
    |               `- note: add '@available' attribute to enclosing struct
 10 |     @Binding var range: ClosedRange<Double>
 11 |     var bounds: ClosedRange<Double>
    :
 96 |     }
 97 |
 98 |     public var body: some View {
    |                `- note: add '@available' attribute to enclosing property
 99 |         ZStack {
100 |             trimmedCircleTrack()
    :
111 |             }
112 |         }
113 |         .onChange(of: bounds) { oldValue, _ in
    |          |- error: 'onChange(of:initial:_:)' is only available in macOS 14.0 or newer
    |          `- note: add 'if #available' version check
114 |             clampRangeIfNeeded(fromPriorBounds: oldValue)
115 |         }
/Users/admin/builder/spi-builder-workspace/Sources/CircularRangeSlider/CircularRangeSlider.swift:116:10: error: 'onChange(of:initial:_:)' is only available in macOS 14.0 or newer
  7 | import SwiftUI
  8 |
  9 | public struct CircularRangeSlider: View {
    |               `- note: add '@available' attribute to enclosing struct
 10 |     @Binding var range: ClosedRange<Double>
 11 |     var bounds: ClosedRange<Double>
    :
 96 |     }
 97 |
 98 |     public var body: some View {
    |                `- note: add '@available' attribute to enclosing property
 99 |         ZStack {
100 |             trimmedCircleTrack()
    :
114 |             clampRangeIfNeeded(fromPriorBounds: oldValue)
115 |         }
116 |         .onChange(of: range) { _, _ in
    |          |- error: 'onChange(of:initial:_:)' is only available in macOS 14.0 or newer
    |          `- note: add 'if #available' version check
117 |             updateVisibleMarkerLabels()
118 |         }
/Users/admin/builder/spi-builder-workspace/Sources/CircularRangeSlider/CircularRangeSlider.swift:130:26: error: extraneous argument label 'uiColor:' in call
128 |             .trim(from: CGFloat(boundsDegrees.lowerBound) / 360,
129 |                   to: CGFloat(boundsDegrees.upperBound) / 360)
130 |             .stroke(Color(uiColor: .lightGray).opacity(0.15),
    |                          `- error: extraneous argument label 'uiColor:' in call
131 |                     style: StrokeStyle(lineWidth: trackWidth, lineCap: .round))
132 |             .rotationEffect(.degrees(90))
/Users/admin/builder/spi-builder-workspace/Sources/CircularRangeSlider/CircularRangeSlider.swift:160:39: error: extraneous argument label 'uiColor:' in call
158 |                 .scaledToFit()
159 |                 .frame(width: handleRadius * 1.25, height: handleRadius * 1.25)
160 |                 .foregroundStyle(Color(uiColor: .systemBackground).opacity(0.25))
    |                                       `- error: extraneous argument label 'uiColor:' in call
161 |                 .rotationEffect(angle)
162 |                 .position(x: x, y: y)
/Users/admin/builder/spi-builder-workspace/Sources/CircularRangeSlider/CircularRangeSlider.swift:160:50: error: type 'CGColor' has no member 'systemBackground'
158 |                 .scaledToFit()
159 |                 .frame(width: handleRadius * 1.25, height: handleRadius * 1.25)
160 |                 .foregroundStyle(Color(uiColor: .systemBackground).opacity(0.25))
    |                                                  `- error: type 'CGColor' has no member 'systemBackground'
161 |                 .rotationEffect(angle)
162 |                 .position(x: x, y: y)
/Users/admin/builder/spi-builder-workspace/Sources/CircularRangeSlider/CircularRangeSlider.swift:196:34: error: extraneous argument label 'uiColor:' in call
194 |                         path.addLine(to: CGPoint(x: labelX, y: labelY))
195 |                     }
196 |                     .stroke(Color(uiColor: .secondarySystemBackground), lineWidth: 2)
    |                                  `- error: extraneous argument label 'uiColor:' in call
197 |                     markerLabel(value)
198 |                         .padding(.horizontal, 8)
/Users/admin/builder/spi-builder-workspace/Sources/CircularRangeSlider/CircularRangeSlider.swift:196:45: error: type 'CGColor' has no member 'secondarySystemBackground'
194 |                         path.addLine(to: CGPoint(x: labelX, y: labelY))
195 |                     }
196 |                     .stroke(Color(uiColor: .secondarySystemBackground), lineWidth: 2)
    |                                             `- error: type 'CGColor' has no member 'secondarySystemBackground'
197 |                     markerLabel(value)
198 |                         .padding(.horizontal, 8)
/Users/admin/builder/spi-builder-workspace/Sources/CircularRangeSlider/CircularRangeSlider.swift:373:29: error: cannot find 'UIImpactFeedbackGenerator' in scope
371 |                     if let last: Angle = lastHapticAngle {
372 |                         if abs(angle.degrees - last.degrees) > 4 {
373 |                             UIImpactFeedbackGenerator(style: .light).impactOccurred()
    |                             `- error: cannot find 'UIImpactFeedbackGenerator' in scope
374 |                             lastHapticAngle = angle
375 |                         }
/Users/admin/builder/spi-builder-workspace/Sources/CircularRangeSlider/CircularRangeSlider.swift:377:25: error: cannot find 'UIImpactFeedbackGenerator' in scope
375 |                         }
376 |                     } else {
377 |                         UIImpactFeedbackGenerator(style: .light).impactOccurred()
    |                         `- error: cannot find 'UIImpactFeedbackGenerator' in scope
378 |                         lastHapticAngle = angle
379 |                     }
/Users/admin/builder/spi-builder-workspace/Sources/CircularRangeSlider/CircularRangeSlider.swift:393:41: error: cannot find 'UIImpactFeedbackGenerator' in scope
391 |                                     stuckMarker = nearest
392 |                                     if !hasHapticStuck {
393 |                                         UIImpactFeedbackGenerator(style: .medium).impactOccurred()
    |                                         `- error: cannot find 'UIImpactFeedbackGenerator' in scope
394 |                                         hasHapticStuck = true
395 |                                     }
/Users/admin/builder/spi-builder-workspace/Sources/CircularRangeSlider/CircularRangeSlider.swift:425:41: error: cannot find 'UIImpactFeedbackGenerator' in scope
423 |                                     stuckMarker = nearest
424 |                                     if !hasHapticStuck {
425 |                                         UIImpactFeedbackGenerator(style: .medium).impactOccurred()
    |                                         `- error: cannot find 'UIImpactFeedbackGenerator' in scope
426 |                                         hasHapticStuck = true
427 |                                     }
/Users/admin/builder/spi-builder-workspace/Sources/CircularRangeSlider/CircularRangeSlider.swift:589:30: error: value of type 'TextField<Text>' has no member 'keyboardType'
587 |                                 format: IntegerFormatStyle().grouping(.never)
588 |                             )
589 |                             .keyboardType(.numberPad)
    |                              `- error: value of type 'TextField<Text>' has no member 'keyboardType'
590 |                             .frame(width: 90)
591 |                             .multilineTextAlignment(.trailing)
/Users/admin/builder/spi-builder-workspace/Sources/CircularRangeSlider/CircularRangeSlider.swift:835:34: error: extraneous argument label 'uiColor:' in call
833 |                 }
834 |                 .presentationDetents([.height(420)])
835 |                 .background(Color(uiColor: .systemBackground))
    |                                  `- error: extraneous argument label 'uiColor:' in call
836 |             }
837 |         }
/Users/admin/builder/spi-builder-workspace/Sources/CircularRangeSlider/CircularRangeSlider.swift:835:45: error: type 'CGColor' has no member 'systemBackground'
833 |                 }
834 |                 .presentationDetents([.height(420)])
835 |                 .background(Color(uiColor: .systemBackground))
    |                                             `- error: type 'CGColor' has no member 'systemBackground'
836 |             }
837 |         }
Failed frontend command:
/Applications/Xcode-27.0.0-Release.Candidate.app/Contents/Developer/Toolchains/XcodeDefault.xctoolchain/usr/bin/swift-frontend -frontend -c -primary-file /Users/admin/builder/spi-builder-workspace/Sources/CircularRangeSlider/CircularRangeSlider.swift -emit-dependencies-path /Users/admin/builder/spi-builder-workspace/.build/out/Intermediates.noindex/CircularRangeSlider.build/Debug/CircularRangeSlider-t.build/Objects-normal/arm64/CircularRangeSlider.d -emit-const-values-path /Users/admin/builder/spi-builder-workspace/.build/out/Intermediates.noindex/CircularRangeSlider.build/Debug/CircularRangeSlider-t.build/Objects-normal/arm64/CircularRangeSlider.swiftconstvalues -emit-reference-dependencies-path /Users/admin/builder/spi-builder-workspace/.build/out/Intermediates.noindex/CircularRangeSlider.build/Debug/CircularRangeSlider-t.build/Objects-normal/arm64/CircularRangeSlider.swiftdeps -serialize-diagnostics-path /Users/admin/builder/spi-builder-workspace/.build/out/Intermediates.noindex/CircularRangeSlider.build/Debug/CircularRangeSlider-t.build/Objects-normal/arm64/CircularRangeSlider.dia -target arm64-apple-macos12.0 -disable-cross-import-overlay-search -load-resolved-plugin /Applications/Xcode-27.0.0-Release.Candidate.app/Contents/Developer/Platforms/MacOSX.platform/Developer/usr/lib/swift/host/plugins/libFoundationMacros.dylib\#/Applications/Xcode-27.0.0-Release.Candidate.app/Contents/Developer/Platforms/MacOSX.platform/Developer/usr/bin/swift-plugin-server\#FoundationMacros -load-resolved-plugin /Applications/Xcode-27.0.0-Release.Candidate.app/Contents/Developer/Platforms/MacOSX.platform/Developer/usr/lib/swift/host/plugins/libObservationMacros.dylib\#/Applications/Xcode-27.0.0-Release.Candidate.app/Contents/Developer/Platforms/MacOSX.platform/Developer/usr/bin/swift-plugin-server\#ObservationMacros -load-resolved-plugin /Applications/Xcode-27.0.0-Release.Candidate.app/Contents/Developer/Platforms/MacOSX.platform/Developer/usr/lib/swift/host/plugins/libPreviewsMacros.dylib\#/Applications/Xcode-27.0.0-Release.Candidate.app/Contents/Developer/Platforms/MacOSX.platform/Developer/usr/bin/swift-plugin-server\#PreviewsMacros -load-resolved-plugin /Applications/Xcode-27.0.0-Release.Candidate.app/Contents/Developer/Platforms/MacOSX.platform/Developer/usr/lib/swift/host/plugins/libSwiftMacros.dylib\#/Applications/Xcode-27.0.0-Release.Candidate.app/Contents/Developer/Platforms/MacOSX.platform/Developer/usr/bin/swift-plugin-server\#SwiftMacros -load-resolved-plugin /Applications/Xcode-27.0.0-Release.Candidate.app/Contents/Developer/Platforms/MacOSX.platform/Developer/usr/lib/swift/host/plugins/libSwiftUIMacros.dylib\#/Applications/Xcode-27.0.0-Release.Candidate.app/Contents/Developer/Platforms/MacOSX.platform/Developer/usr/bin/swift-plugin-server\#SwiftUIMacros -disable-implicit-swift-modules -Xcc -fno-implicit-modules -Xcc -fno-implicit-module-maps -explicit-swift-module-map-file /Users/admin/builder/spi-builder-workspace/.build/out/Intermediates.noindex/CircularRangeSlider.build/Debug/CircularRangeSlider-t.build/Objects-normal/arm64/CircularRangeSlider-dependencies-1.json -Xllvm -aarch64-use-tbi -enable-objc-interop -stack-check -sdk /Applications/Xcode-27.0.0-Release.Candidate.app/Contents/Developer/Platforms/MacOSX.platform/Developer/SDKs/MacOSX27.0.sdk -I /Users/admin/builder/spi-builder-workspace/.build/out/Products/Debug -Isystem /Applications/Xcode-27.0.0-Release.Candidate.app/Contents/Developer/Platforms/MacOSX.platform/Developer/usr/lib -F /Users/admin/builder/spi-builder-workspace/.build/out/Products/Debug -F /Applications/Xcode-27.0.0-Release.Candidate.app/Contents/Developer/Platforms/MacOSX.platform/Developer/Library/Frameworks -module-cache-path /Users/admin/builder/spi-builder-workspace/.build/out/Intermediates.noindex/SwiftExplicitPrecompiledModules -color-diagnostics -Xcc -fcolor-diagnostics -enable-testing -g -debug-info-format\=dwarf -dwarf-version\=4 -swift-version 6 -Onone -D SWIFT_PACKAGE -D DEBUG -D SWIFT_MODULE_RESOURCE_BUNDLE_UNAVAILABLE -D Xcode -serialize-debugging-options -enable-experimental-feature DebugDescriptionMacro -empty-abi-descriptor -validate-clang-modules-once -clang-build-session-file /Users/admin/builder/spi-builder-workspace/.build/out/ModuleCache.noindex/Session.modulevalidation -Xcc -working-directory -Xcc /Users/admin/builder -enable-anonymous-context-mangled-names -file-compilation-dir /Users/admin/builder -Xcc -D_LIBCPP_HARDENING_MODE\=_LIBCPP_HARDENING_MODE_DEBUG -Xcc -ivfsstatcache -Xcc /Users/admin/builder/spi-builder-workspace/.build/out/SDKStatCaches.noindex/macosx27.0-26A425-80c5bbf1d171475443272936d42f90a36a22442a12e9d48fe1a705f55a1adfc4.sdkstatcache -Xcc -fmodules-prune-interval\=86400 -Xcc -fmodules-prune-after\=345600 -Xcc -I/Users/admin/builder/spi-builder-workspace/.build/out/Products/Debug/include -Xcc -I/Users/admin/builder/spi-builder-workspace/.build/out/Intermediates.noindex/CircularRangeSlider.build/Debug/CircularRangeSlider-t.build/DerivedSources-normal/arm64 -Xcc -I/Users/admin/builder/spi-builder-workspace/.build/out/Intermediates.noindex/CircularRangeSlider.build/Debug/CircularRangeSlider-t.build/DerivedSources/arm64 -Xcc -I/Users/admin/builder/spi-builder-workspace/.build/out/Intermediates.noindex/CircularRangeSlider.build/Debug/CircularRangeSlider-t.build/DerivedSources -Xcc -DSWIFT_PACKAGE -Xcc -DDEBUG\=1 -no-auto-bridging-header-chaining -module-name CircularRangeSlider -package-name spi_builder_workspace -const-gather-protocols-file /Users/admin/builder/spi-builder-workspace/.build/out/Intermediates.noindex/CircularRangeSlider.build/Debug/CircularRangeSlider-t.build/Objects-normal/arm64/CircularRangeSlider_const_extract_protocols.json -disable-clang-spi -clang-target arm64-apple-macos27.0 -target-sdk-version 27.0 -target-sdk-name macosx27.0 -in-process-plugin-server-path /Applications/Xcode-27.0.0-Release.Candidate.app/Contents/Developer/Toolchains/XcodeDefault.xctoolchain/usr/lib/swift/host/libSwiftInProcPluginServer.dylib -parse-as-library -o /Users/admin/builder/spi-builder-workspace/.build/out/Intermediates.noindex/CircularRangeSlider.build/Debug/CircularRangeSlider-t.build/Objects-normal/arm64/CircularRangeSlider.o -debug-module-path /Users/admin/builder/spi-builder-workspace/.build/out/Intermediates.noindex/CircularRangeSlider.build/Debug/CircularRangeSlider-t.build/Objects-normal/arm64/CircularRangeSlider.swiftmodule -index-unit-output-path /CircularRangeSlider.build/Debug/CircularRangeSlider-t.build/Objects-normal/arm64/CircularRangeSlider.o -index-store-path /Users/admin/builder/spi-builder-workspace/.build/out -index-system-modules
error: Build failed
BUILD FAILURE 6.4 macosSpm