Build Information
Failed to build TrailPhysics, reference 0.2.0 (771b1d), with Swift 6.2 for Linux on 3 Oct 2026 02:54:09 UTC.
Build Command
bash -c docker run --pull=always --rm -v "checkouts-54344843-2":/host -w "$PWD" -e JAVA_HOME="/root/.sdkman/candidates/java/current" -e SPI_BUILD="1" -e SPI_PROCESSING="1" registry.gitlab.com/saguaro1/spi-images:basic-6.2-latest swift build --triple x86_64-unknown-linux-gnu 2>&1Build Log
========================================
RunAll
========================================
Builder version: 5.1.1
Interrupt handler set up.
========================================
Checkout
========================================
Clone URL: https://github.com/ehilzinger/trailphysics-swift.git
Reference: 0.2.0
Initialized empty Git repository in /host/spi-builder-workspace/.git/
hint: Using 'master' as the name for the initial branch. This default branch name
hint: is subject to change. To configure the initial branch name to use in all
hint: of your new repositories, which will suppress this warning, call:
hint:
hint: git config --global init.defaultBranch <name>
hint:
hint: Names commonly chosen instead of 'master' are 'main', 'trunk' and
hint: 'development'. The just-created branch can be renamed via this command:
hint:
hint: git branch -m <name>
From https://github.com/ehilzinger/trailphysics-swift
* tag 0.2.0 -> FETCH_HEAD
HEAD is now at 771b1d8 TrailPhysics: binary searches, and a scrub against held anchor distances
Cloned https://github.com/ehilzinger/trailphysics-swift.git
Revision (git rev-parse @):
771b1d83d13d645921ab528b04f07d4788d21348
SUCCESS checkout https://github.com/ehilzinger/trailphysics-swift.git at 0.2.0
========================================
Build
========================================
Selected platform: linux
Swift version: 6.2
Building package at path: $PWD
https://github.com/ehilzinger/trailphysics-swift.git
Running build ...
bash -c docker run --pull=always --rm -v "checkouts-54344843-2":/host -w "$PWD" -e JAVA_HOME="/root/.sdkman/candidates/java/current" -e SPI_BUILD="1" -e SPI_PROCESSING="1" registry.gitlab.com/saguaro1/spi-images:basic-6.2-latest swift build --triple x86_64-unknown-linux-gnu 2>&1
basic-6.2-latest: Pulling from saguaro1/spi-images
Digest: sha256:813c8e8a77634154d7d247705cb89167ff1c866446abbe321f542129dc4cf5a7
Status: Image is up to date for registry.gitlab.com/saguaro1/spi-images:basic-6.2-latest
Building for debugging...
[0/3] Write sources
[2/3] Write swift-version-24593BA9C3E375BF.txt
[4/8] Compiling TrailPhysicsGeo RouteLineDecimation.swift
/host/spi-builder-workspace/Sources/TrailPhysicsGeo/BoundingBox.swift:2:8: error: no such module 'CoreLocation'
1 | import Foundation
2 | import CoreLocation
| `- error: no such module 'CoreLocation'
3 |
4 | /// A lat/lng rectangle, plus the zoom conversion MapKit doesn't give us.
[5/8] Compiling TrailPhysicsGeo Sun.swift
/host/spi-builder-workspace/Sources/TrailPhysicsGeo/BoundingBox.swift:2:8: error: no such module 'CoreLocation'
1 | import Foundation
2 | import CoreLocation
| `- error: no such module 'CoreLocation'
3 |
4 | /// A lat/lng rectangle, plus the zoom conversion MapKit doesn't give us.
error: emit-module command failed with exit code 1 (use -v to see invocation)
[6/8] Emitting module TrailPhysicsGeo
/host/spi-builder-workspace/Sources/TrailPhysicsGeo/BoundingBox.swift:2:8: error: no such module 'CoreLocation'
1 | import Foundation
2 | import CoreLocation
| `- error: no such module 'CoreLocation'
3 |
4 | /// A lat/lng rectangle, plus the zoom conversion MapKit doesn't give us.
[7/8] Compiling TrailPhysicsGeo RouteGeometry.swift
/host/spi-builder-workspace/Sources/TrailPhysicsGeo/BoundingBox.swift:2:8: error: no such module 'CoreLocation'
1 | import Foundation
2 | import CoreLocation
| `- error: no such module 'CoreLocation'
3 |
4 | /// A lat/lng rectangle, plus the zoom conversion MapKit doesn't give us.
[8/8] Compiling TrailPhysicsGeo BoundingBox.swift
/host/spi-builder-workspace/Sources/TrailPhysicsGeo/BoundingBox.swift:2:8: error: no such module 'CoreLocation'
1 | import Foundation
2 | import CoreLocation
| `- error: no such module 'CoreLocation'
3 |
4 | /// A lat/lng rectangle, plus the zoom conversion MapKit doesn't give us.
BUILD FAILURE 6.2 linux