The Swift Package Index logo.Swift Package Index

Build Information

Failed to build ETBDependencyInjection, reference main (075173), with Swift 6.4 for Linux on 23 Sep 2026 22:07:35 UTC.

Build Command

bash -c docker run --pull=always --rm -v "checkouts-53886769-2":/host -w "$PWD" -e JAVA_HOME="/root/.sdkman/candidates/java/current" -e SPI_BUILD="1" -e SPI_PROCESSING="1" registry.gitlab.com/saguaro1/spi-images:basic-6.4-latest swift build --triple x86_64-unknown-linux-gnu 2>&1

Build Log

========================================
RunAll
========================================
Builder version: 5.1.0
Interrupt handler set up.
========================================
Checkout
========================================
Clone URL: https://github.com/elf0-fr/ETBDependencyInjection.git
Reference: main
Initialized empty Git repository in /host/spi-builder-workspace/.git/
hint: Using 'master' as the name for the initial branch. This default branch name
hint: is subject to change. To configure the initial branch name to use in all
hint: of your new repositories, which will suppress this warning, call:
hint:
hint: 	git config --global init.defaultBranch <name>
hint:
hint: Names commonly chosen instead of 'master' are 'main', 'trunk' and
hint: 'development'. The just-created branch can be renamed via this command:
hint:
hint: 	git branch -m <name>
From https://github.com/elf0-fr/ETBDependencyInjection
 * branch            main       -> FETCH_HEAD
 * [new branch]      main       -> origin/main
HEAD is now at 075173c Merge pull request #23 from elf0-fr/US/BootstrappingForPreview
Cloned https://github.com/elf0-fr/ETBDependencyInjection.git
Revision (git rev-parse @):
075173c667683f4fa4e1bd38db215b4fe713f12b
SUCCESS checkout https://github.com/elf0-fr/ETBDependencyInjection.git at main
========================================
Build
========================================
Selected platform:         linux
Swift version:             6.4
Building package at path:  $PWD
https://github.com/elf0-fr/ETBDependencyInjection.git
Running build ...
bash -c docker run --pull=always --rm -v "checkouts-53886769-2":/host -w "$PWD" -e JAVA_HOME="/root/.sdkman/candidates/java/current" -e SPI_BUILD="1" -e SPI_PROCESSING="1" registry.gitlab.com/saguaro1/spi-images:basic-6.4-latest swift build --triple x86_64-unknown-linux-gnu 2>&1
basic-6.4-latest: Pulling from saguaro1/spi-images
Digest: sha256:c77fcce225e223ac0fafed844619173fc6de8d62dd560eeb28db3182af6a282b
Status: Image is up to date for registry.gitlab.com/saguaro1/spi-images:basic-6.4-latest
Fetching https://github.com/swiftlang/swift-syntax.git
[1/80027] Fetching swift-syntax
Fetched https://github.com/swiftlang/swift-syntax.git (4.05s)
Computing version for https://github.com/swiftlang/swift-syntax.git
Computed https://github.com/swiftlang/swift-syntax.git at 602.0.0 (5.97s)
Creating working copy for https://github.com/swiftlang/swift-syntax.git
Working copy of https://github.com/swiftlang/swift-syntax.git resolved at 602.0.0
Building for debugging...
[Computing dependencies]
[Pre-planning 1 / 620]
[Planning deferred tasks]
[132 / 265] SwiftSyntax600
[140 / 269] SwiftSyntax602
[163 / 270] SwiftSyntax
[167 / 279] SwiftSyntax
[169 / 281] SwiftSyntax600
[173 / 282] SwiftSyntax600
[175 / 283] SwiftSyntax602
[176 / 284] SwiftSyntax602
[182 / 284] SwiftSyntax509
[187 / 284] SwiftSyntax
[187 / 284] SwiftSyntax510
[187 / 284] SwiftSyntax
[195 / 287] SwiftDiagnostics
[200 / 312] SwiftParser
[200 / 312] SwiftBasicFormat
[212 / 312] SwiftParser
[213 / 312] SwiftParser
[214 / 312] SwiftParser
[215 / 312] SwiftParser
[216 / 312] SwiftParser
[222 / 312] SwiftParser
[224 / 312] SwiftDiagnostics
[225 / 312] SwiftDiagnostics
[227 / 312] SwiftDiagnostics
[229 / 312] SwiftDiagnostics
[231 / 312] SwiftOperators
[232 / 312] SwiftParserDiagnostics
[233 / 312] SwiftParserDiagnostics
[235 / 312] SwiftBasicFormat
[236 / 313] SwiftDiagnostics
[238 / 314]
[240 / 323] SwiftParserDiagnostics
[241 / 324] SwiftParserDiagnostics
[242 / 324] SwiftParserDiagnostics
[243 / 325] SwiftParserDiagnostics
[244 / 325] SwiftParserDiagnostics
[247 / 325] SwiftParserDiagnostics
[251 / 325] SwiftParserDiagnostics
[252 / 325] SwiftSyntaxBuilder
[255 / 325] SwiftParser
[258 / 335] SwiftOperators
[261 / 335] SwiftOperators
[265 / 335] SwiftParserDiagnostics
[266 / 335] SwiftParserDiagnostics
[268 / 336] SwiftParserDiagnostics
[269 / 336] SwiftOperators
[273 / 336] SwiftOperators
[273 / 336]
[277 / 346] SwiftSyntaxBuilder
[279 / 347] SwiftSyntaxBuilder
[281 / 347] SwiftSyntaxBuilder
[281 / 347] SwiftSyntax
[284 / 347] SwiftSyntaxBuilder
[291 / 348]
[293 / 357] SwiftSyntaxMacros
[294 / 357] SwiftSyntaxMacros
[298 / 357] SwiftSyntaxMacros
[303 / 357] SwiftSyntaxMacros
[305 / 357] SwiftSyntaxMacros-product
[308 / 367] SwiftSyntaxMacroExpansion
[309 / 367] SwiftSyntaxMacroExpansion
[310 / 367] SwiftSyntaxMacroExpansion
[311 / 368] SwiftSyntaxMacros
[313 / 368] SwiftSyntaxMacros
[314 / 369] SwiftSyntaxMacros
[316 / 369] SwiftSyntaxMacroExpansion
[322 / 369] SwiftSyntaxMacroExpansion
[325 / 370]
[328 / 379] SwiftCompilerPluginMessageHandling
[329 / 379] SwiftCompilerPluginMessageHandling
[330 / 379] SwiftCompilerPluginMessageHandling
[331 / 379] SwiftCompilerPluginMessageHandling
[332 / 379] SwiftCompilerPluginMessageHandling
[334 / 379] SwiftCompilerPluginMessageHandling
[342 / 382] SwiftCompilerPlugin
[343 / 382] SwiftCompilerPlugin
[347 / 382] SwiftCompilerPlugin
[349 / 383] SwiftSyntaxMacroExpansion
[351 / 384] SwiftCompilerPluginMessageHandling
[353 / 385] SwiftSyntax
[354 / 386] SwiftSyntax
[356 / 386] SwiftSyntax
[359 / 386] SwiftParser
[362 / 386] SwiftSyntaxBuilder
[363 / 386] SwiftSyntaxMacros
[366 / 386] SwiftCompilerPlugin
[371 / 387] ETBDependencyInjectionMacros
[377 / 393] ETBDependencyInjectionMacros
[378 / 393] ETBDependencyInjectionMacros
[382 / 394] ETBDependencyInjectionMacros
[391 / 403] ETBDependencyInjection
error: SwiftCompile normal x86_64 /host/spi-builder-workspace/Sources/ETBDependencyInjection/DI/Container.swift failed with a nonzero exit code. Command line:     cd /host
    builtin-SwiftPerFileCompile Container.swift
/host/spi-builder-workspace/Sources/ETBDependencyInjection/Preview/BootstrappingView.swift:1:8: error: no such module 'SwiftUI'
 1 | import SwiftUI
   |        `- error: no such module 'SwiftUI'
 2 |
 3 | /// A container view that runs a one-time bootstrapping action before displaying its content.
Failed frontend command:
/usr/bin/swift-frontend -frontend -c -primary-file /host/spi-builder-workspace/Sources/ETBDependencyInjection/DI/Container.swift /host/spi-builder-workspace/Sources/ETBDependencyInjection/DI/Injectable.swift /host/spi-builder-workspace/Sources/ETBDependencyInjection/DI/Service.swift /host/spi-builder-workspace/Sources/ETBDependencyInjection/DI/ServiceCollection.swift /host/spi-builder-workspace/Sources/ETBDependencyInjection/DI/ServiceProvider.swift /host/spi-builder-workspace/Sources/ETBDependencyInjection/ETBDependencyInjection.swift /host/spi-builder-workspace/Sources/ETBDependencyInjection/Preview/BootstrappingView.swift -emit-dependencies-path /host/spi-builder-workspace/.build/out/Intermediates.noindex/ETBDependencyInjection.build/Debug-linux-x86_64/ETBDependencyInjection-t.build/Objects-normal/x86_64/Container.d -emit-const-values-path /host/spi-builder-workspace/.build/out/Intermediates.noindex/ETBDependencyInjection.build/Debug-linux-x86_64/ETBDependencyInjection-t.build/Objects-normal/x86_64/Container.swiftconstvalues -emit-reference-dependencies-path /host/spi-builder-workspace/.build/out/Intermediates.noindex/ETBDependencyInjection.build/Debug-linux-x86_64/ETBDependencyInjection-t.build/Objects-normal/x86_64/Container.swiftdeps -serialize-diagnostics-path /host/spi-builder-workspace/.build/out/Intermediates.noindex/ETBDependencyInjection.build/Debug-linux-x86_64/ETBDependencyInjection-t.build/Objects-normal/x86_64/Container.dia -target x86_64-unknown-linux-gnu -disable-objc-interop -I /host/spi-builder-workspace/.build/out/Products/Debug-linux-x86_64 -module-cache-path /host/spi-builder-workspace/.build/out/ModuleCache.noindex -color-diagnostics -Xcc -fcolor-diagnostics -enable-testing -g -debug-info-format\=dwarf -dwarf-version\=4 -swift-version 6 -Onone -D SWIFT_PACKAGE -D DEBUG -D SWIFT_MODULE_RESOURCE_BUNDLE_UNAVAILABLE -D Xcode -serialize-debugging-options -load-plugin-executable /host/spi-builder-workspace/.build/out/Products/Debug-linux-x86_64/ETBDependencyInjectionMacros\#ETBDependencyInjectionMacros -enable-experimental-feature DebugDescriptionMacro -empty-abi-descriptor -external-plugin-path /usr/lib/swift/host/plugins/testing\#/usr/bin/swift-plugin-server -validate-clang-modules-once -clang-build-session-file /host/spi-builder-workspace/.build/out/ModuleCache.noindex/Session.modulevalidation -Xcc -working-directory -Xcc /host -enable-anonymous-context-mangled-names -file-compilation-dir /host -Xcc -fno-omit-frame-pointer -Xcc -D_LIBCPP_HARDENING_MODE\=_LIBCPP_HARDENING_MODE_DEBUG -Xcc -fmodules-prune-interval\=86400 -Xcc -fmodules-prune-after\=345600 -Xcc -I/host/spi-builder-workspace/.build/out/Products/Debug-linux-x86_64/include -Xcc -I/host/spi-builder-workspace/.build/out/Intermediates.noindex/ETBDependencyInjection.build/Debug-linux-x86_64/ETBDependencyInjection-t.build/DerivedSources-normal/x86_64 -Xcc -I/host/spi-builder-workspace/.build/out/Intermediates.noindex/ETBDependencyInjection.build/Debug-linux-x86_64/ETBDependencyInjection-t.build/DerivedSources/x86_64 -Xcc -I/host/spi-builder-workspace/.build/out/Intermediates.noindex/ETBDependencyInjection.build/Debug-linux-x86_64/ETBDependencyInjection-t.build/DerivedSources -Xcc -DSWIFT_PACKAGE -Xcc -DDEBUG\=1 -no-auto-bridging-header-chaining -module-name ETBDependencyInjection -package-name spi_builder_workspace -const-gather-protocols-file /host/spi-builder-workspace/.build/out/Intermediates.noindex/ETBDependencyInjection.build/Debug-linux-x86_64/ETBDependencyInjection-t.build/Objects-normal/x86_64/ETBDependencyInjection_const_extract_protocols.json -in-process-plugin-server-path /usr/lib/swift/host/libSwiftInProcPluginServer.so -plugin-path /usr/lib/swift/host/plugins -plugin-path /usr/local/lib/swift/host/plugins -parse-as-library -o /host/spi-builder-workspace/.build/out/Intermediates.noindex/ETBDependencyInjection.build/Debug-linux-x86_64/ETBDependencyInjection-t.build/Objects-normal/x86_64/Container.o -index-unit-output-path /ETBDependencyInjection.build/Debug-linux-x86_64/ETBDependencyInjection-t.build/Objects-normal/x86_64/Container.o -index-store-path /host/spi-builder-workspace/.build/out -index-system-modules
error: SwiftCompile normal x86_64 /host/spi-builder-workspace/Sources/ETBDependencyInjection/DI/Service.swift failed with a nonzero exit code. Command line:     cd /host
    builtin-SwiftPerFileCompile Service.swift
/host/spi-builder-workspace/Sources/ETBDependencyInjection/Preview/BootstrappingView.swift:1:8: error: no such module 'SwiftUI'
 1 | import SwiftUI
   |        `- error: no such module 'SwiftUI'
 2 |
 3 | /// A container view that runs a one-time bootstrapping action before displaying its content.
Failed frontend command:
/usr/bin/swift-frontend -frontend -c /host/spi-builder-workspace/Sources/ETBDependencyInjection/DI/Container.swift /host/spi-builder-workspace/Sources/ETBDependencyInjection/DI/Injectable.swift -primary-file /host/spi-builder-workspace/Sources/ETBDependencyInjection/DI/Service.swift /host/spi-builder-workspace/Sources/ETBDependencyInjection/DI/ServiceCollection.swift /host/spi-builder-workspace/Sources/ETBDependencyInjection/DI/ServiceProvider.swift /host/spi-builder-workspace/Sources/ETBDependencyInjection/ETBDependencyInjection.swift /host/spi-builder-workspace/Sources/ETBDependencyInjection/Preview/BootstrappingView.swift -emit-dependencies-path /host/spi-builder-workspace/.build/out/Intermediates.noindex/ETBDependencyInjection.build/Debug-linux-x86_64/ETBDependencyInjection-t.build/Objects-normal/x86_64/Service.d -emit-const-values-path /host/spi-builder-workspace/.build/out/Intermediates.noindex/ETBDependencyInjection.build/Debug-linux-x86_64/ETBDependencyInjection-t.build/Objects-normal/x86_64/Service.swiftconstvalues -emit-reference-dependencies-path /host/spi-builder-workspace/.build/out/Intermediates.noindex/ETBDependencyInjection.build/Debug-linux-x86_64/ETBDependencyInjection-t.build/Objects-normal/x86_64/Service.swiftdeps -serialize-diagnostics-path /host/spi-builder-workspace/.build/out/Intermediates.noindex/ETBDependencyInjection.build/Debug-linux-x86_64/ETBDependencyInjection-t.build/Objects-normal/x86_64/Service.dia -target x86_64-unknown-linux-gnu -disable-objc-interop -I /host/spi-builder-workspace/.build/out/Products/Debug-linux-x86_64 -module-cache-path /host/spi-builder-workspace/.build/out/ModuleCache.noindex -color-diagnostics -Xcc -fcolor-diagnostics -enable-testing -g -debug-info-format\=dwarf -dwarf-version\=4 -swift-version 6 -Onone -D SWIFT_PACKAGE -D DEBUG -D SWIFT_MODULE_RESOURCE_BUNDLE_UNAVAILABLE -D Xcode -serialize-debugging-options -load-plugin-executable /host/spi-builder-workspace/.build/out/Products/Debug-linux-x86_64/ETBDependencyInjectionMacros\#ETBDependencyInjectionMacros -enable-experimental-feature DebugDescriptionMacro -empty-abi-descriptor -external-plugin-path /usr/lib/swift/host/plugins/testing\#/usr/bin/swift-plugin-server -validate-clang-modules-once -clang-build-session-file /host/spi-builder-workspace/.build/out/ModuleCache.noindex/Session.modulevalidation -Xcc -working-directory -Xcc /host -enable-anonymous-context-mangled-names -file-compilation-dir /host -Xcc -fno-omit-frame-pointer -Xcc -D_LIBCPP_HARDENING_MODE\=_LIBCPP_HARDENING_MODE_DEBUG -Xcc -fmodules-prune-interval\=86400 -Xcc -fmodules-prune-after\=345600 -Xcc -I/host/spi-builder-workspace/.build/out/Products/Debug-linux-x86_64/include -Xcc -I/host/spi-builder-workspace/.build/out/Intermediates.noindex/ETBDependencyInjection.build/Debug-linux-x86_64/ETBDependencyInjection-t.build/DerivedSources-normal/x86_64 -Xcc -I/host/spi-builder-workspace/.build/out/Intermediates.noindex/ETBDependencyInjection.build/Debug-linux-x86_64/ETBDependencyInjection-t.build/DerivedSources/x86_64 -Xcc -I/host/spi-builder-workspace/.build/out/Intermediates.noindex/ETBDependencyInjection.build/Debug-linux-x86_64/ETBDependencyInjection-t.build/DerivedSources -Xcc -DSWIFT_PACKAGE -Xcc -DDEBUG\=1 -no-auto-bridging-header-chaining -module-name ETBDependencyInjection -package-name spi_builder_workspace -const-gather-protocols-file /host/spi-builder-workspace/.build/out/Intermediates.noindex/ETBDependencyInjection.build/Debug-linux-x86_64/ETBDependencyInjection-t.build/Objects-normal/x86_64/ETBDependencyInjection_const_extract_protocols.json -in-process-plugin-server-path /usr/lib/swift/host/libSwiftInProcPluginServer.so -plugin-path /usr/lib/swift/host/plugins -plugin-path /usr/local/lib/swift/host/plugins -parse-as-library -o /host/spi-builder-workspace/.build/out/Intermediates.noindex/ETBDependencyInjection.build/Debug-linux-x86_64/ETBDependencyInjection-t.build/Objects-normal/x86_64/Service.o -index-unit-output-path /ETBDependencyInjection.build/Debug-linux-x86_64/ETBDependencyInjection-t.build/Objects-normal/x86_64/Service.o -index-store-path /host/spi-builder-workspace/.build/out -index-system-modules
error: Build failed
BUILD FAILURE 6.4 linux