Build Information
Failed to build static-libgit2, reference 0.5.0 (ca2b13), with Swift 6.4 for visionOS using Xcode 27.0 on 19 Sep 2026 15:25:24 UTC.
Build Command
env DEVELOPER_DIR=/Applications/Xcode-27.0.0-Release.Candidate.app xcrun xcodebuild -IDEClonedSourcePackagesDirPathOverride=$PWD/.dependencies -skipMacroValidation -skipPackagePluginValidation -derivedDataPath $PWD/.derivedData build -scheme static-libgit2 -destination generic/platform=xrOSBuild Log
========================================
RunAll
========================================
Builder version: 5.1.0
Interrupt handler set up.
========================================
Checkout
========================================
Clone URL: https://github.com/bdewey/static-libgit2.git
Reference: 0.5.0
Initialized empty Git repository in /Users/admin/builder/spi-builder-workspace/.git/
From https://github.com/bdewey/static-libgit2
* tag 0.5.0 -> FETCH_HEAD
HEAD is now at ca2b13c Fix maccatalyst support (#4)
Cloned https://github.com/bdewey/static-libgit2.git
Revision (git rev-parse @):
ca2b13cb2cd04365c9416803c1d7e26116b23efd
SUCCESS checkout https://github.com/bdewey/static-libgit2.git at 0.5.0
========================================
Build
========================================
Selected platform: visionOS
Swift version: 6.4
Building package at path: $PWD
https://github.com/bdewey/static-libgit2.git
Command line invocation:
/Applications/Xcode-27.0.0-Release.Candidate.app/Contents/Developer/usr/bin/xcodebuild -IDEClonedSourcePackagesDirPathOverride=/Users/admin/builder/spi-builder-workspace/.dependencies -resolvePackageDependencies
Resolve Package Graph
Resolve Package Graph
Resolved source packages:
static-libgit2: /Users/admin/builder/spi-builder-workspace
resolved source packages: static-libgit2
2026-09-19 11:24:38.355 xcodebuild[525:3013] [MT] IDERunDestination: Supported platforms for the buildables in the current scheme is empty.
{
"dependencies" : [
],
"manifest_display_name" : "static-libgit2",
"name" : "static-libgit2",
"path" : "/Users/admin/builder/spi-builder-workspace",
"platforms" : [
{
"name" : "ios",
"version" : "13.0"
}
],
"products" : [
{
"name" : "static-libgit2",
"targets" : [
"Clibgit2",
"LinkerConfigurator"
],
"type" : {
"library" : [
"automatic"
]
}
}
],
"targets" : [
{
"c99name" : "LinkerConfigurator",
"module_type" : "SwiftTarget",
"name" : "LinkerConfigurator",
"path" : "Sources/LinkerConfigurator",
"product_memberships" : [
"static-libgit2"
],
"sources" : [
"Dummy.swift"
],
"type" : "library"
},
{
"c99name" : "Clibgit2",
"module_type" : "BinaryTarget",
"name" : "Clibgit2",
"path" : "Clibgit2.xcframework",
"product_memberships" : [
"static-libgit2"
],
"sources" : [
],
"type" : "binary"
}
],
"tools_version" : "5.6"
}
{
"workspace" : {
"name" : "static-libgit2",
"schemes" : [
"static-libgit2"
]
}
}
2026-09-19 11:25:19.033 xcodebuild[644:4116] [MT] IDERunDestination: Supported platforms for the buildables in the current scheme is empty.
Running build ...
env DEVELOPER_DIR=/Applications/Xcode-27.0.0-Release.Candidate.app xcrun xcodebuild -IDEClonedSourcePackagesDirPathOverride=$PWD/.dependencies -skipMacroValidation -skipPackagePluginValidation -derivedDataPath $PWD/.derivedData build -scheme static-libgit2 -destination generic/platform=xrOS
Command line invocation:
/Applications/Xcode-27.0.0-Release.Candidate.app/Contents/Developer/usr/bin/xcodebuild -IDEClonedSourcePackagesDirPathOverride=/Users/admin/builder/spi-builder-workspace/.dependencies -skipMacroValidation -skipPackagePluginValidation -derivedDataPath /Users/admin/builder/spi-builder-workspace/.derivedData build -scheme static-libgit2 -destination generic/platform=xrOS
Resolve Package Graph
Resolved source packages:
static-libgit2: /Users/admin/builder/spi-builder-workspace
ComputePackagePrebuildTargetDependencyGraph
Prepare packages
CreateBuildRequest
SendProjectDescription
CreateBuildOperation
ComputeTargetDependencyGraph
note: Building targets in dependency order
note: Target dependency graph (2 targets)
Target 'static-libgit2-product' in project 'static-libgit2'
➜ Explicit dependency on target 'LinkerConfigurator' in project 'static-libgit2'
Target 'LinkerConfigurator' in project 'static-libgit2' (no dependencies)
GatherProvisioningInputs
CreateBuildDescription
ExecuteExternalTool /Applications/Xcode-27.0.0-Release.Candidate.app/Contents/Developer/Toolchains/XcodeDefault.xctoolchain/usr/bin/clang -v -E -dM -isysroot /Applications/Xcode-27.0.0-Release.Candidate.app/Contents/Developer/Platforms/XROS.platform/Developer/SDKs/XROS27.0.sdk -x c -c /dev/null
ExecuteExternalTool /Applications/Xcode-27.0.0-Release.Candidate.app/Contents/Developer/Toolchains/XcodeDefault.xctoolchain/usr/bin/swiftc --version
ExecuteExternalTool /Applications/Xcode-27.0.0-Release.Candidate.app/Contents/Developer/Toolchains/XcodeDefault.xctoolchain/usr/bin/ld -version_details
Build description signature: 038968c53fb662a01812eb809ab95a9c
Build description path: /Users/admin/builder/spi-builder-workspace/.derivedData/Build/Intermediates.noindex/XCBuildData/038968c53fb662a01812eb809ab95a9c.xcbuilddata
/Users/admin/builder/spi-builder-workspace/Clibgit2.xcframework:1:1: error: While building for visionOS, no library for this platform was found in '/Users/admin/builder/spi-builder-workspace/Clibgit2.xcframework'. (in target 'static-libgit2-product' from project 'static-libgit2')
2026-09-19 11:25:20.628 xcodebuild[645:4162] [MT] IDERunDestination: Supported platforms for the buildables in the current scheme is empty.
** BUILD FAILED **
The following build commands failed:
Building workspace static-libgit2 with scheme static-libgit2
(1 failure)
Command line invocation:
/Applications/Xcode-27.0.0-Release.Candidate.app/Contents/Developer/usr/bin/xcodebuild -IDEClonedSourcePackagesDirPathOverride=/Users/admin/builder/spi-builder-workspace/.dependencies -resolvePackageDependencies
Resolve Package Graph
Resolved source packages:
static-libgit2: /Users/admin/builder/spi-builder-workspace
resolved source packages: static-libgit2
2026-09-19 11:25:22.334 xcodebuild[659:4263] [MT] IDERunDestination: Supported platforms for the buildables in the current scheme is empty.
{
"dependencies" : [
],
"manifest_display_name" : "static-libgit2",
"name" : "static-libgit2",
"path" : "/Users/admin/builder/spi-builder-workspace",
"platforms" : [
{
"name" : "ios",
"version" : "13.0"
}
],
"products" : [
{
"name" : "static-libgit2",
"targets" : [
"Clibgit2",
"LinkerConfigurator"
],
"type" : {
"library" : [
"automatic"
]
}
}
],
"targets" : [
{
"c99name" : "LinkerConfigurator",
"module_type" : "SwiftTarget",
"name" : "LinkerConfigurator",
"path" : "Sources/LinkerConfigurator",
"product_memberships" : [
"static-libgit2"
],
"sources" : [
"Dummy.swift"
],
"type" : "library"
},
{
"c99name" : "Clibgit2",
"module_type" : "BinaryTarget",
"name" : "Clibgit2",
"path" : "Clibgit2.xcframework",
"product_memberships" : [
"static-libgit2"
],
"sources" : [
],
"type" : "binary"
}
],
"tools_version" : "5.6"
}
{
"workspace" : {
"name" : "static-libgit2",
"schemes" : [
"static-libgit2"
]
}
}
2026-09-19 11:25:23.515 xcodebuild[667:4320] [MT] IDERunDestination: Supported platforms for the buildables in the current scheme is empty.
Running build ...
env DEVELOPER_DIR=/Applications/Xcode-27.0.0-Release.Candidate.app xcrun xcodebuild -IDEClonedSourcePackagesDirPathOverride=$PWD/.dependencies -skipMacroValidation -skipPackagePluginValidation -derivedDataPath $PWD/.derivedData build -scheme static-libgit2 -destination generic/platform=xrOS
Command line invocation:
/Applications/Xcode-27.0.0-Release.Candidate.app/Contents/Developer/usr/bin/xcodebuild -IDEClonedSourcePackagesDirPathOverride=/Users/admin/builder/spi-builder-workspace/.dependencies -skipMacroValidation -skipPackagePluginValidation -derivedDataPath /Users/admin/builder/spi-builder-workspace/.derivedData build -scheme static-libgit2 -destination generic/platform=xrOS
Resolve Package Graph
Resolved source packages:
static-libgit2: /Users/admin/builder/spi-builder-workspace
ComputePackagePrebuildTargetDependencyGraph
Prepare packages
CreateBuildRequest
SendProjectDescription
CreateBuildOperation
ComputeTargetDependencyGraph
note: Building targets in dependency order
note: Target dependency graph (2 targets)
Target 'static-libgit2-product' in project 'static-libgit2'
➜ Explicit dependency on target 'LinkerConfigurator' in project 'static-libgit2'
Target 'LinkerConfigurator' in project 'static-libgit2' (no dependencies)
GatherProvisioningInputs
CreateBuildDescription
/Users/admin/builder/spi-builder-workspace/Clibgit2.xcframework:1:1: error: While building for visionOS, no library for this platform was found in '/Users/admin/builder/spi-builder-workspace/Clibgit2.xcframework'. (in target 'static-libgit2-product' from project 'static-libgit2')
2026-09-19 11:25:24.458 xcodebuild[668:4342] [MT] IDERunDestination: Supported platforms for the buildables in the current scheme is empty.
** BUILD FAILED **
The following build commands failed:
Building workspace static-libgit2 with scheme static-libgit2
(1 failure)
BUILD FAILURE 6.4 visionOS