The Swift Package Index logo.Swift Package Index

Build Information

Failed to build swift-java, reference 0.7.0 (e673bb), with Swift 6.4 for Wasm on 16 Oct 2026 04:05:08 UTC.

Build Command

bash -c docker run --pull=always --rm -v "checkouts-54344845-1":/host -w "$PWD" -e JAVA_HOME="/root/.sdkman/candidates/java/current" -e SPI_BUILD="1" -e SPI_PROCESSING="1" registry.gitlab.com/saguaro1/spi-images:wasm-6.4-latest swift build --swift-sdk swift-6.4.0-RELEASE_wasm 2>&1

Build Log

========================================
RunAll
========================================
Builder version: 5.1.3
Interrupt handler set up.
========================================
Checkout
========================================
Clone URL: https://github.com/swiftlang/swift-java.git
Reference: 0.7.0
Initialized empty Git repository in /host/spi-builder-workspace/.git/
hint: Using 'master' as the name for the initial branch. This default branch name
hint: is subject to change. To configure the initial branch name to use in all
hint: of your new repositories, which will suppress this warning, call:
hint:
hint: 	git config --global init.defaultBranch <name>
hint:
hint: Names commonly chosen instead of 'master' are 'main', 'trunk' and
hint: 'development'. The just-created branch can be renamed via this command:
hint:
hint: 	git branch -m <name>
From https://github.com/swiftlang/swift-java
 * tag               0.7.0      -> FETCH_HEAD
HEAD is now at e673bb0 Preparing release 0.7.0 (#932)
Cloned https://github.com/swiftlang/swift-java.git
Revision (git rev-parse @):
e673bb0dcd35a7a65719899da1ed336d7204d811
SPI manifest file found: $PWD/.spi.yml
SUCCESS checkout https://github.com/swiftlang/swift-java.git at 0.7.0
========================================
Build
========================================
Selected platform:         wasm
Swift version:             6.4
Building package at path:  $PWD
https://github.com/swiftlang/swift-java.git
Running build ...
bash -c docker run --pull=always --rm -v "checkouts-54344845-1":/host -w "$PWD" -e JAVA_HOME="/root/.sdkman/candidates/java/current" -e SPI_BUILD="1" -e SPI_PROCESSING="1" registry.gitlab.com/saguaro1/spi-images:wasm-6.4-latest swift build --swift-sdk swift-6.4.0-RELEASE_wasm 2>&1
wasm-6.4-latest: Pulling from saguaro1/spi-images
Digest: sha256:7a2e5502d3bb6640f9b2bbb1dadf9967024364ce9ed0ed0bd80cf1b699d193fd
Status: Image is up to date for registry.gitlab.com/saguaro1/spi-images:wasm-6.4-latest
Fetching https://github.com/apple/swift-collections
Fetching https://github.com/ordo-one/package-benchmark
Fetching https://github.com/apple/swift-log
Fetching https://github.com/apple/swift-system
Fetching https://github.com/swiftlang/swift-subprocess.git
[1/4976] Fetching swift-subprocess
[201/13281] Fetching swift-subprocess, swift-log
[202/42140] Fetching swift-subprocess, swift-log, swift-collections
[15273/49924] Fetching swift-subprocess, swift-log, swift-collections, package-benchmark
Fetched https://github.com/apple/swift-log (0.85s)
[10287/41619] Fetching swift-subprocess, swift-collections, package-benchmark
Fetching https://github.com/swiftlang/swift-syntax
Fetched https://github.com/swiftlang/swift-subprocess.git (1.31s)
Fetching https://github.com/swiftlang/swift-java-jni-core
[35554/36643] Fetching swift-collections, package-benchmark
[36644/43931] Fetching swift-collections, package-benchmark, swift-system
[40653/44558] Fetching swift-collections, package-benchmark, swift-system, swift-java-jni-core
Fetched https://github.com/swiftlang/swift-java-jni-core (0.40s)
[43057/43931] Fetching swift-collections, package-benchmark, swift-system
Fetching https://github.com/apple/swift-argument-parser
Fetched https://github.com/ordo-one/package-benchmark (1.84s)
Fetched https://github.com/apple/swift-collections (1.85s)
Fetched https://github.com/apple/swift-system (1.95s)
[1/80777] Fetching swift-syntax
[19388/99891] Fetching swift-syntax, swift-argument-parser
Fetched https://github.com/apple/swift-argument-parser (1.11s)
[63007/80777] Fetching swift-syntax
Fetched https://github.com/swiftlang/swift-syntax (4.91s)
Computing version for https://github.com/swiftlang/swift-subprocess.git
Computed https://github.com/swiftlang/swift-subprocess.git at 0.4.0 (6.04s)
Computing version for https://github.com/swiftlang/swift-java-jni-core
Computed https://github.com/swiftlang/swift-java-jni-core at 0.5.1 (0.18s)
Computing version for https://github.com/apple/swift-argument-parser
Computed https://github.com/apple/swift-argument-parser at 1.8.2 (0.18s)
Computing version for https://github.com/swiftlang/swift-syntax
Computed https://github.com/swiftlang/swift-syntax at 603.0.2 (1.43s)
Computing version for https://github.com/apple/swift-collections
Computed https://github.com/apple/swift-collections at 1.7.3 (0.39s)
Computing version for https://github.com/apple/swift-system
Computed https://github.com/apple/swift-system at 1.8.1 (0.29s)
Computing version for https://github.com/apple/swift-log
Computed https://github.com/apple/swift-log at 1.16.1 (0.23s)
Computing version for https://github.com/ordo-one/package-benchmark
Computed https://github.com/ordo-one/package-benchmark at 1.38.0 (1.48s)
Fetching https://github.com/ordo-one/TextTable.git
Fetching https://github.com/ordo-one/malloc-interposer.git
Fetching https://github.com/HdrHistogram/hdrhistogram-swift.git
[3/203] Fetching texttable
[71/826] Fetching texttable, hdrhistogram-swift
[342/1085] Fetching texttable, hdrhistogram-swift, malloc-interposer
Fetching https://github.com/apple/swift-atomics.git
Fetched https://github.com/HdrHistogram/hdrhistogram-swift.git (0.43s)
Fetched https://github.com/ordo-one/TextTable.git (0.44s)
Fetched https://github.com/ordo-one/malloc-interposer.git (0.44s)
[1/1889] Fetching swift-atomics
Fetched https://github.com/apple/swift-atomics.git (0.58s)
Computing version for https://github.com/HdrHistogram/hdrhistogram-swift.git
Computed https://github.com/HdrHistogram/hdrhistogram-swift.git at 0.2.0 (1.28s)
Fetching https://github.com/apple/swift-numerics
[1/6756] Fetching swift-numerics
Fetched https://github.com/apple/swift-numerics (0.57s)
Computing version for https://github.com/ordo-one/TextTable.git
Computed https://github.com/ordo-one/TextTable.git at 0.0.2 (0.87s)
Computing version for https://github.com/ordo-one/malloc-interposer.git
Computed https://github.com/ordo-one/malloc-interposer.git at 1.6.0 (0.25s)
Computing version for https://github.com/apple/swift-numerics
Computed https://github.com/apple/swift-numerics at 1.1.1 (0.23s)
Computing version for https://github.com/apple/swift-atomics.git
Computed https://github.com/apple/swift-atomics.git at 1.3.1 (0.26s)
Creating working copy for https://github.com/ordo-one/malloc-interposer.git
Working copy of https://github.com/ordo-one/malloc-interposer.git resolved at 1.6.0
Creating working copy for https://github.com/apple/swift-argument-parser
Working copy of https://github.com/apple/swift-argument-parser resolved at 1.8.2
Creating working copy for https://github.com/apple/swift-system
Working copy of https://github.com/apple/swift-system resolved at 1.8.1
Creating working copy for https://github.com/swiftlang/swift-syntax
Working copy of https://github.com/swiftlang/swift-syntax resolved at 603.0.2
Creating working copy for https://github.com/swiftlang/swift-java-jni-core
Working copy of https://github.com/swiftlang/swift-java-jni-core resolved at 0.5.1
Creating working copy for https://github.com/apple/swift-atomics.git
Working copy of https://github.com/apple/swift-atomics.git resolved at 1.3.1
Creating working copy for https://github.com/apple/swift-collections
Working copy of https://github.com/apple/swift-collections resolved at 1.7.3
Creating working copy for https://github.com/apple/swift-numerics
Working copy of https://github.com/apple/swift-numerics resolved at 1.1.1
Creating working copy for https://github.com/ordo-one/package-benchmark
Working copy of https://github.com/ordo-one/package-benchmark resolved at 1.38.0
Creating working copy for https://github.com/apple/swift-log
Working copy of https://github.com/apple/swift-log resolved at 1.16.1
Creating working copy for https://github.com/swiftlang/swift-subprocess.git
Working copy of https://github.com/swiftlang/swift-subprocess.git resolved at 0.4.0
Creating working copy for https://github.com/HdrHistogram/hdrhistogram-swift.git
Working copy of https://github.com/HdrHistogram/hdrhistogram-swift.git resolved at 0.2.0
Creating working copy for https://github.com/ordo-one/TextTable.git
Working copy of https://github.com/ordo-one/TextTable.git resolved at 0.0.2
Downloading package prebuilt https://download.swift.org/prebuilts/swift-syntax/603.0.2/swift-6.4.0-RELEASE-ubuntu_noble_x86_64-MacroSupport.tar.gz
Downloaded https://download.swift.org/prebuilts/swift-syntax/603.0.2/swift-6.4.0-RELEASE-ubuntu_noble_x86_64-MacroSupport.tar.gz (0.23s)
Building for debugging...
[Computing dependencies]
[Constructing description]
[Pre-planning 1 / 2462]
[Planning 563 / 2462]
[Planning 1554 / 2462]
[Planning 2021 / 2462]
[Planning 2421 / 2462]
[Planning deferred tasks]
[Constructing 1 / 4994]
[Constructing 4206 / 4994]
[Starting]
[1 / 801]
[202 / 801] SwiftJavaConfigurationShared-product
[363 / 806]
[373 / 817] SystemPackage
[404 / 826] SwiftSyntax603
[406 / 826] SystemPackage
[407 / 826] SystemPackage
[408 / 827] SwiftSyntax603
[413 / 828] SystemPackage
[415 / 829] SystemPackage
[422 / 830] SwiftSyntax603
[432 / 834]
[447 / 841] SwiftSyntax600
[464 / 846]
[480 / 864] SwiftRuntimeFunctions
[495 / 870] SwiftSyntax509
/host/spi-builder-workspace/Sources/SwiftRuntimeFunctions/generated/SwiftJavaError+SwiftJava.swift:3:8: warning: file 'SwiftJavaError+SwiftJava.swift' is part of module 'SwiftRuntimeFunctions'; ignoring import [#]8;;https://docs.swift.org/compiler/documentation/diagnostics/module-self-import\ModuleSelfImport]8;;\]
 1 | // Generated by swift-java
 2 |
 3 | import SwiftRuntimeFunctions
   |        `- warning: file 'SwiftJavaError+SwiftJava.swift' is part of module 'SwiftRuntimeFunctions'; ignoring import [#]8;;https://docs.swift.org/compiler/documentation/diagnostics/module-self-import\ModuleSelfImport]8;;\]
 4 |
 5 | // ==== --------------------------------------------------
/host/spi-builder-workspace/Sources/SwiftRuntimeFunctions/generated/SwiftRuntimeFunctionsModule+SwiftJava.swift:3:8: warning: file 'SwiftRuntimeFunctionsModule+SwiftJava.swift' is part of module 'SwiftRuntimeFunctions'; ignoring import [#]8;;https://docs.swift.org/compiler/documentation/diagnostics/module-self-import\ModuleSelfImport]8;;\]
1 | // Generated by swift-java
2 |
3 | import SwiftRuntimeFunctions
  |        `- warning: file 'SwiftRuntimeFunctionsModule+SwiftJava.swift' is part of module 'SwiftRuntimeFunctions'; ignoring import [#]8;;https://docs.swift.org/compiler/documentation/diagnostics/module-self-import\ModuleSelfImport]8;;\]
4 |
/host/spi-builder-workspace/Sources/SwiftRuntimeFunctions/SwiftRuntimeFunctions.swift:23:2: warning: symbol name 'swift_retain' is reserved for the Swift runtime and cannot be directly referenced without causing unpredictable behavior; this will become an error
21 | }
22 |
23 | @_silgen_name("swift_retain")
   |  `- warning: symbol name 'swift_retain' is reserved for the Swift runtime and cannot be directly referenced without causing unpredictable behavior; this will become an error
24 | public func _swiftjava_swift_retain(object: UnsafeMutableRawPointer) -> UnsafeMutableRawPointer
25 |
/host/spi-builder-workspace/Sources/SwiftRuntimeFunctions/SwiftRuntimeFunctions.swift:26:2: warning: symbol name 'swift_release' is reserved for the Swift runtime and cannot be directly referenced without causing unpredictable behavior; this will become an error
24 | public func _swiftjava_swift_retain(object: UnsafeMutableRawPointer) -> UnsafeMutableRawPointer
25 |
26 | @_silgen_name("swift_release")
   |  `- warning: symbol name 'swift_release' is reserved for the Swift runtime and cannot be directly referenced without causing unpredictable behavior; this will become an error
27 | public func _swiftjava_swift_release(object: UnsafeMutableRawPointer) -> UnsafeMutableRawPointer
28 |
/host/spi-builder-workspace/Sources/SwiftRuntimeFunctions/SwiftRuntimeFunctions.swift:32:2: warning: symbol name 'swift_isUniquelyReferenced' is reserved for the Swift runtime and cannot be directly referenced without causing unpredictable behavior; this will become an error
30 | public func _swiftjava_swift_retainCount(object: UnsafeMutableRawPointer) -> Int
31 |
32 | @_silgen_name("swift_isUniquelyReferenced")
   |  `- warning: symbol name 'swift_isUniquelyReferenced' is reserved for the Swift runtime and cannot be directly referenced without causing unpredictable behavior; this will become an error
33 | public func _swiftjava_swift_isUniquelyReferenced(object: UnsafeMutableRawPointer) -> Bool
34 |
[#ModuleSelfImport]: <https://docs.swift.org/compiler/documentation/diagnostics/module-self-import>
[504 / 884] InternalCollectionsUtilities
[520 / 895] ExampleSwiftLibrary
[527 / 895] SwiftSyntax510
[540 / 898] SwiftSyntax509
/host/spi-builder-workspace/Sources/SwiftRuntimeFunctions/generated/SwiftRuntimeFunctionsModule+SwiftJava.swift:3:8: warning: file 'SwiftRuntimeFunctionsModule+SwiftJava.swift' is part of module 'SwiftRuntimeFunctions'; ignoring import [#]8;;https://docs.swift.org/compiler/documentation/diagnostics/module-self-import\ModuleSelfImport]8;;\]
1 | // Generated by swift-java
2 |
3 | import SwiftRuntimeFunctions
  |        `- warning: file 'SwiftRuntimeFunctionsModule+SwiftJava.swift' is part of module 'SwiftRuntimeFunctions'; ignoring import [#]8;;https://docs.swift.org/compiler/documentation/diagnostics/module-self-import\ModuleSelfImport]8;;\]
4 |
[#ModuleSelfImport]: <https://docs.swift.org/compiler/documentation/diagnostics/module-self-import>
/host/spi-builder-workspace/Sources/SwiftRuntimeFunctions/generated/SwiftJavaError+SwiftJava.swift:3:8: warning: file 'SwiftJavaError+SwiftJava.swift' is part of module 'SwiftRuntimeFunctions'; ignoring import [#]8;;https://docs.swift.org/compiler/documentation/diagnostics/module-self-import\ModuleSelfImport]8;;\]
 1 | // Generated by swift-java
 2 |
 3 | import SwiftRuntimeFunctions
   |        `- warning: file 'SwiftJavaError+SwiftJava.swift' is part of module 'SwiftRuntimeFunctions'; ignoring import [#]8;;https://docs.swift.org/compiler/documentation/diagnostics/module-self-import\ModuleSelfImport]8;;\]
 4 |
 5 | // ==== --------------------------------------------------
[#ModuleSelfImport]: <https://docs.swift.org/compiler/documentation/diagnostics/module-self-import>
[548 / 898] SwiftRuntimeFunctions
/host/spi-builder-workspace/Sources/SwiftRuntimeFunctions/SwiftRuntimeFunctions.swift:23:2: warning: symbol name 'swift_retain' is reserved for the Swift runtime and cannot be directly referenced without causing unpredictable behavior; this will become an error
21 | }
22 |
23 | @_silgen_name("swift_retain")
   |  `- warning: symbol name 'swift_retain' is reserved for the Swift runtime and cannot be directly referenced without causing unpredictable behavior; this will become an error
24 | public func _swiftjava_swift_retain(object: UnsafeMutableRawPointer) -> UnsafeMutableRawPointer
25 |
/host/spi-builder-workspace/Sources/SwiftRuntimeFunctions/SwiftRuntimeFunctions.swift:26:2: warning: symbol name 'swift_release' is reserved for the Swift runtime and cannot be directly referenced without causing unpredictable behavior; this will become an error
24 | public func _swiftjava_swift_retain(object: UnsafeMutableRawPointer) -> UnsafeMutableRawPointer
25 |
26 | @_silgen_name("swift_release")
   |  `- warning: symbol name 'swift_release' is reserved for the Swift runtime and cannot be directly referenced without causing unpredictable behavior; this will become an error
27 | public func _swiftjava_swift_release(object: UnsafeMutableRawPointer) -> UnsafeMutableRawPointer
28 |
/host/spi-builder-workspace/Sources/SwiftRuntimeFunctions/SwiftRuntimeFunctions.swift:32:2: warning: symbol name 'swift_isUniquelyReferenced' is reserved for the Swift runtime and cannot be directly referenced without causing unpredictable behavior; this will become an error
30 | public func _swiftjava_swift_retainCount(object: UnsafeMutableRawPointer) -> Int
31 |
32 | @_silgen_name("swift_isUniquelyReferenced")
   |  `- warning: symbol name 'swift_isUniquelyReferenced' is reserved for the Swift runtime and cannot be directly referenced without causing unpredictable behavior; this will become an error
33 | public func _swiftjava_swift_isUniquelyReferenced(object: UnsafeMutableRawPointer) -> Bool
34 |
[550 / 899] SwiftRuntimeFunctions
error: SwiftCompile normal wasm32 /host/spi-builder-workspace/.build/checkouts/swift-java-jni-core/Sources/SwiftJavaJNICore/JavaEnvironment+Refs.swift failed with a nonzero exit code. Command line:     cd /host
    builtin-SwiftPerFileCompile JavaEnvironment+Refs.swift
/host/spi-builder-workspace/.build/checkouts/swift-java-jni-core/Sources/SwiftJavaJNICore/JavaEnvironment+Refs.swift:45:21: error: cannot find 'getenv' in scope
 43 | /// `SWIFT_JAVA_JNI_EXCEPTION_DESCRIBE_OOM` to `true` or `1` to enable.
 44 | private let describeOOMException: Bool = {
 45 |   guard let value = getenv("SWIFT_JAVA_JNI_EXCEPTION_DESCRIBE_OOM") else {
    |                     `- error: cannot find 'getenv' in scope
 46 |     return false
 47 |   }
Failed frontend command:
/usr/bin/swift-frontend -frontend -c /host/spi-builder-workspace/.build/checkouts/swift-java-jni-core/Sources/SwiftJavaJNICore/BridgedValues/JavaValue+Array.swift /host/spi-builder-workspace/.build/checkouts/swift-java-jni-core/Sources/SwiftJavaJNICore/BridgedValues/JavaValue+Bool.swift /host/spi-builder-workspace/.build/checkouts/swift-java-jni-core/Sources/SwiftJavaJNICore/BridgedValues/JavaValue+FloatingPoint.swift /host/spi-builder-workspace/.build/checkouts/swift-java-jni-core/Sources/SwiftJavaJNICore/BridgedValues/JavaValue+Integers.swift /host/spi-builder-workspace/.build/checkouts/swift-java-jni-core/Sources/SwiftJavaJNICore/BridgedValues/JavaValue+String.swift /host/spi-builder-workspace/.build/checkouts/swift-java-jni-core/Sources/SwiftJavaJNICore/BridgedValues/UnsafeRawBufferPointer+getJNIValue.swift /host/spi-builder-workspace/.build/checkouts/swift-java-jni-core/Sources/SwiftJavaJNICore/JNIError.swift /host/spi-builder-workspace/.build/checkouts/swift-java-jni-core/Sources/SwiftJavaJNICore/JavaAnnotation.swift /host/spi-builder-workspace/.build/checkouts/swift-java-jni-core/Sources/SwiftJavaJNICore/JavaDemanglingError.swift -primary-file /host/spi-builder-workspace/.build/checkouts/swift-java-jni-core/Sources/SwiftJavaJNICore/JavaEnvironment+Refs.swift -primary-file /host/spi-builder-workspace/.build/checkouts/swift-java-jni-core/Sources/SwiftJavaJNICore/JavaEnvironment.swift -primary-file /host/spi-builder-workspace/.build/checkouts/swift-java-jni-core/Sources/SwiftJavaJNICore/JavaExceptionType.swift /host/spi-builder-workspace/.build/checkouts/swift-java-jni-core/Sources/SwiftJavaJNICore/JavaType+JNI.swift /host/spi-builder-workspace/.build/checkouts/swift-java-jni-core/Sources/SwiftJavaJNICore/JavaType+JavaSource.swift /host/spi-builder-workspace/.build/checkouts/swift-java-jni-core/Sources/SwiftJavaJNICore/JavaType+SwiftNames.swift /host/spi-builder-workspace/.build/checkouts/swift-java-jni-core/Sources/SwiftJavaJNICore/JavaType.swift /host/spi-builder-workspace/.build/checkouts/swift-java-jni-core/Sources/SwiftJavaJNICore/JavaValue.swift /host/spi-builder-workspace/.build/checkouts/swift-java-jni-core/Sources/SwiftJavaJNICore/Mangling.swift /host/spi-builder-workspace/.build/checkouts/swift-java-jni-core/Sources/SwiftJavaJNICore/MethodSignature.swift /host/spi-builder-workspace/.build/checkouts/swift-java-jni-core/Sources/SwiftJavaJNICore/SwiftJavaJNICore.swift /host/spi-builder-workspace/.build/checkouts/swift-java-jni-core/Sources/SwiftJavaJNICore/VirtualMachine/JavaVirtualMachine.swift /host/spi-builder-workspace/.build/checkouts/swift-java-jni-core/Sources/SwiftJavaJNICore/VirtualMachine/LockedState.swift /host/spi-builder-workspace/.build/checkouts/swift-java-jni-core/Sources/SwiftJavaJNICore/VirtualMachine/ThreadLocalStorage.swift -supplementary-output-file-map /host/spi-builder-workspace/.build/out/Intermediates.noindex/swift-java-jni-core.build/Debug-webassembly-wasm32/SwiftJavaJNICore-t.build/Objects-normal/wasm32/supplementaryOutputs-12 -target wasm32-unknown-wasip1 -disable-objc-interop -sdk /root/.swiftpm/swift-sdks/swift-6.4.0-RELEASE_wasm.artifactbundle/swift-6.4.0-RELEASE_wasm/wasm32-unknown-wasip1/WASI.sdk -sysroot /root/.swiftpm/swift-sdks/swift-6.4.0-RELEASE_wasm.artifactbundle/swift-6.4.0-RELEASE_wasm/wasm32-unknown-wasip1/WASI.sdk -I /host/spi-builder-workspace/.build/out/Products/Debug-webassembly-wasm32 -module-cache-path /host/spi-builder-workspace/.build/out/ModuleCache.noindex -color-diagnostics -Xcc -fcolor-diagnostics -enable-testing -g -debug-info-format\=dwarf -dwarf-version\=4 -suppress-warnings -swift-version 6 -Onone -D SWIFT_PACKAGE -D DEBUG -D SWIFT_MODULE_RESOURCE_BUNDLE_UNAVAILABLE -D Xcode -serialize-debugging-options -enable-experimental-feature DebugDescriptionMacro -empty-abi-descriptor -external-plugin-path /usr/lib/swift/host/plugins/testing\#/usr/bin/swift-plugin-server -user-module-version 0.5.1 -validate-clang-modules-once -clang-build-session-file /host/spi-builder-workspace/.build/out/ModuleCache.noindex/Session.modulevalidation -Xcc -working-directory -Xcc /host -resource-dir /root/.swiftpm/swift-sdks/swift-6.4.0-RELEASE_wasm.artifactbundle/swift-6.4.0-RELEASE_wasm/wasm32-unknown-wasip1/swift.xctoolchain/usr/lib/swift_static -use-static-resource-dir -enable-anonymous-context-mangled-names -file-compilation-dir /host -Xcc -resource-dir -Xcc /root/.swiftpm/swift-sdks/swift-6.4.0-RELEASE_wasm.artifactbundle/swift-6.4.0-RELEASE_wasm/wasm32-unknown-wasip1/swift.xctoolchain/usr/lib/swift_static/clang -Xcc -fmodule-map-file\=/host/spi-builder-workspace/.build/checkouts/swift-java-jni-core/Sources/CSwiftJavaJNI/include/module.modulemap -Xcc -D_LIBCPP_HARDENING_MODE\=_LIBCPP_HARDENING_MODE_DEBUG -Xcc -fmodules-prune-interval\=86400 -Xcc -fmodules-prune-after\=345600 -Xcc -I/host/spi-builder-workspace/.build/checkouts/swift-java-jni-core/Sources/CSwiftJavaJNI/include -Xcc -I/host/spi-builder-workspace/.build/out/Products/Debug-webassembly-wasm32/include -Xcc -I/host/spi-builder-workspace/.build/out/Intermediates.noindex/swift-java-jni-core.build/Debug-webassembly-wasm32/SwiftJavaJNICore-t.build/DerivedSources-normal/wasm32 -Xcc -I/host/spi-builder-workspace/.build/out/Intermediates.noindex/swift-java-jni-core.build/Debug-webassembly-wasm32/SwiftJavaJNICore-t.build/DerivedSources/wasm32 -Xcc -I/host/spi-builder-workspace/.build/out/Intermediates.noindex/swift-java-jni-core.build/Debug-webassembly-wasm32/SwiftJavaJNICore-t.build/DerivedSources -Xcc -DSWIFT_PACKAGE -Xcc -DDEBUG\=1 -no-auto-bridging-header-chaining -module-name SwiftJavaJNICore -package-name swift_java_jni_core -const-gather-protocols-file /host/spi-builder-workspace/.build/out/Intermediates.noindex/swift-java-jni-core.build/Debug-webassembly-wasm32/SwiftJavaJNICore-t.build/Objects-normal/wasm32/SwiftJavaJNICore_const_extract_protocols.json -in-process-plugin-server-path /usr/lib/swift/host/libSwiftInProcPluginServer.so -plugin-path /usr/lib/swift/host/plugins -plugin-path /usr/local/lib/swift/host/plugins -parse-as-library -o /host/spi-builder-workspace/.build/out/Intermediates.noindex/swift-java-jni-core.build/Debug-webassembly-wasm32/SwiftJavaJNICore-t.build/Objects-normal/wasm32/JavaEnvironment+Refs.o -o /host/spi-builder-workspace/.build/out/Intermediates.noindex/swift-java-jni-core.build/Debug-webassembly-wasm32/SwiftJavaJNICore-t.build/Objects-normal/wasm32/JavaEnvironment.o -o /host/spi-builder-workspace/.build/out/Intermediates.noindex/swift-java-jni-core.build/Debug-webassembly-wasm32/SwiftJavaJNICore-t.build/Objects-normal/wasm32/JavaExceptionType.o -index-unit-output-path /swift-java-jni-core.build/Debug-webassembly-wasm32/SwiftJavaJNICore-t.build/Objects-normal/wasm32/JavaEnvironment+Refs.o -index-unit-output-path /swift-java-jni-core.build/Debug-webassembly-wasm32/SwiftJavaJNICore-t.build/Objects-normal/wasm32/JavaEnvironment.o -index-unit-output-path /swift-java-jni-core.build/Debug-webassembly-wasm32/SwiftJavaJNICore-t.build/Objects-normal/wasm32/JavaExceptionType.o -index-store-path /host/spi-builder-workspace/.build/out -index-system-modules
error: Build failed
BUILD FAILURE 6.4 wasm