Build Information
Failed to build CoreMLBuilder, reference main (7cc44e), with Swift 6.4 for watchOS using Xcode 27.0 on 21 Sep 2026 15:30:07 UTC.
Build Command
env DEVELOPER_DIR=/Applications/Xcode-27.0.0-Release.Candidate.app xcrun xcodebuild -IDEClonedSourcePackagesDirPathOverride=$PWD/.dependencies -skipMacroValidation -skipPackagePluginValidation -derivedDataPath $PWD/.derivedData build -scheme CoreMLBuilder-Package -destination generic/platform=watchOSBuild Log
161 | 2: .same(proto: "imputedInt64Value"),
[#DeprecatedDeclaration]: <https://docs.swift.org/compiler/documentation/diagnostics/deprecated-declaration>
SwiftCompile normal arm64 /Users/admin/builder/spi-builder-workspace/Sources/CoreMLProto/Gazetteer.pb.swift (in target 'CoreMLProto' from project 'CoreMLBuilder')
cd /Users/admin/builder/spi-builder-workspace/.swiftpm/xcode
builtin-SwiftPerFileCompile Gazetteer.pb.swift
SwiftCompile normal arm64 /Users/admin/builder/spi-builder-workspace/Sources/CoreMLProto/Identity.pb.swift (in target 'CoreMLProto' from project 'CoreMLBuilder')
cd /Users/admin/builder/spi-builder-workspace/.swiftpm/xcode
builtin-SwiftPerFileCompile Identity.pb.swift
SwiftCompile normal arm64 /Users/admin/builder/spi-builder-workspace/Sources/CoreMLProto/Imputer.pb.swift (in target 'CoreMLProto' from project 'CoreMLBuilder')
cd /Users/admin/builder/spi-builder-workspace/.swiftpm/xcode
builtin-SwiftPerFileCompile Imputer.pb.swift
SwiftDriverJobDiscovery normal arm64_32 Compiling ArrayFeatureExtractor.pb.swift, AudioFeaturePrint.pb.swift, BayesianProbitRegressor.pb.swift, CategoricalMapping.pb.swift (in target 'CoreMLProto' from project 'CoreMLBuilder')
SwiftCompile normal arm64 Compiling\ ClassConfidenceThresholding.pb.swift,\ CustomModel.pb.swift,\ DataStructures.pb.swift,\ DictVectorizer.pb.swift /Users/admin/builder/spi-builder-workspace/Sources/CoreMLProto/ClassConfidenceThresholding.pb.swift /Users/admin/builder/spi-builder-workspace/Sources/CoreMLProto/CustomModel.pb.swift /Users/admin/builder/spi-builder-workspace/Sources/CoreMLProto/DataStructures.pb.swift /Users/admin/builder/spi-builder-workspace/Sources/CoreMLProto/DictVectorizer.pb.swift (in target 'CoreMLProto' from project 'CoreMLBuilder')
/Users/admin/builder/spi-builder-workspace/Sources/CoreMLProto/ClassConfidenceThresholding.pb.swift:51:65: warning: 'init(dictionaryLiteral:)' is deprecated: Please regenerate your .pb.swift files with the current version of the SwiftProtobuf protoc plugin. [#DeprecatedDeclaration]
49 | extension ClassConfidenceThresholding: SwiftProtobuf.Message, SwiftProtobuf._MessageImplementationBase, SwiftProtobuf._ProtoNameProviding {
50 | public static let protoMessageName: String = _protobuf_package + ".ClassConfidenceThresholding"
51 | public static let _protobuf_nameMap: SwiftProtobuf._NameMap = [
| `- warning: 'init(dictionaryLiteral:)' is deprecated: Please regenerate your .pb.swift files with the current version of the SwiftProtobuf protoc plugin. [#DeprecatedDeclaration]
52 | 100: .same(proto: "precisionRecallCurves"),
53 | ]
/Users/admin/builder/spi-builder-workspace/Sources/CoreMLProto/CustomModel.pb.swift:125:65: warning: 'init(dictionaryLiteral:)' is deprecated: Please regenerate your .pb.swift files with the current version of the SwiftProtobuf protoc plugin. [#DeprecatedDeclaration]
123 | extension CustomModel: SwiftProtobuf.Message, SwiftProtobuf._MessageImplementationBase, SwiftProtobuf._ProtoNameProviding {
124 | public static let protoMessageName: String = _protobuf_package + ".CustomModel"
125 | public static let _protobuf_nameMap: SwiftProtobuf._NameMap = [
| `- warning: 'init(dictionaryLiteral:)' is deprecated: Please regenerate your .pb.swift files with the current version of the SwiftProtobuf protoc plugin. [#DeprecatedDeclaration]
126 | 10: .same(proto: "className"),
127 | 30: .same(proto: "parameters"),
/Users/admin/builder/spi-builder-workspace/Sources/CoreMLProto/CustomModel.pb.swift:169:65: warning: 'init(dictionaryLiteral:)' is deprecated: Please regenerate your .pb.swift files with the current version of the SwiftProtobuf protoc plugin. [#DeprecatedDeclaration]
167 | extension CustomModel.CustomModelParamValue: SwiftProtobuf.Message, SwiftProtobuf._MessageImplementationBase, SwiftProtobuf._ProtoNameProviding {
168 | public static let protoMessageName: String = CustomModel.protoMessageName + ".CustomModelParamValue"
169 | public static let _protobuf_nameMap: SwiftProtobuf._NameMap = [
| `- warning: 'init(dictionaryLiteral:)' is deprecated: Please regenerate your .pb.swift files with the current version of the SwiftProtobuf protoc plugin. [#DeprecatedDeclaration]
170 | 10: .same(proto: "doubleValue"),
171 | 20: .same(proto: "stringValue"),
/Users/admin/builder/spi-builder-workspace/Sources/CoreMLProto/DataStructures.pb.swift:271:65: warning: 'init(dictionaryLiteral:)' is deprecated: Please regenerate your .pb.swift files with the current version of the SwiftProtobuf protoc plugin. [#DeprecatedDeclaration]
269 | extension StringToInt64Map: SwiftProtobuf.Message, SwiftProtobuf._MessageImplementationBase, SwiftProtobuf._ProtoNameProviding {
270 | public static let protoMessageName: String = _protobuf_package + ".StringToInt64Map"
271 | public static let _protobuf_nameMap: SwiftProtobuf._NameMap = [
| `- warning: 'init(dictionaryLiteral:)' is deprecated: Please regenerate your .pb.swift files with the current version of the SwiftProtobuf protoc plugin. [#DeprecatedDeclaration]
272 | 1: .same(proto: "map"),
273 | ]
/Users/admin/builder/spi-builder-workspace/Sources/CoreMLProto/DataStructures.pb.swift:303:65: warning: 'init(dictionaryLiteral:)' is deprecated: Please regenerate your .pb.swift files with the current version of the SwiftProtobuf protoc plugin. [#DeprecatedDeclaration]
301 | extension Int64ToStringMap: SwiftProtobuf.Message, SwiftProtobuf._MessageImplementationBase, SwiftProtobuf._ProtoNameProviding {
302 | public static let protoMessageName: String = _protobuf_package + ".Int64ToStringMap"
303 | public static let _protobuf_nameMap: SwiftProtobuf._NameMap = [
| `- warning: 'init(dictionaryLiteral:)' is deprecated: Please regenerate your .pb.swift files with the current version of the SwiftProtobuf protoc plugin. [#DeprecatedDeclaration]
304 | 1: .same(proto: "map"),
305 | ]
/Users/admin/builder/spi-builder-workspace/Sources/CoreMLProto/DataStructures.pb.swift:335:65: warning: 'init(dictionaryLiteral:)' is deprecated: Please regenerate your .pb.swift files with the current version of the SwiftProtobuf protoc plugin. [#DeprecatedDeclaration]
333 | extension StringToDoubleMap: SwiftProtobuf.Message, SwiftProtobuf._MessageImplementationBase, SwiftProtobuf._ProtoNameProviding {
334 | public static let protoMessageName: String = _protobuf_package + ".StringToDoubleMap"
335 | public static let _protobuf_nameMap: SwiftProtobuf._NameMap = [
| `- warning: 'init(dictionaryLiteral:)' is deprecated: Please regenerate your .pb.swift files with the current version of the SwiftProtobuf protoc plugin. [#DeprecatedDeclaration]
336 | 1: .same(proto: "map"),
337 | ]
/Users/admin/builder/spi-builder-workspace/Sources/CoreMLProto/DataStructures.pb.swift:367:65: warning: 'init(dictionaryLiteral:)' is deprecated: Please regenerate your .pb.swift files with the current version of the SwiftProtobuf protoc plugin. [#DeprecatedDeclaration]
365 | extension Int64ToDoubleMap: SwiftProtobuf.Message, SwiftProtobuf._MessageImplementationBase, SwiftProtobuf._ProtoNameProviding {
366 | public static let protoMessageName: String = _protobuf_package + ".Int64ToDoubleMap"
367 | public static let _protobuf_nameMap: SwiftProtobuf._NameMap = [
| `- warning: 'init(dictionaryLiteral:)' is deprecated: Please regenerate your .pb.swift files with the current version of the SwiftProtobuf protoc plugin. [#DeprecatedDeclaration]
368 | 1: .same(proto: "map"),
369 | ]
/Users/admin/builder/spi-builder-workspace/Sources/CoreMLProto/DataStructures.pb.swift:399:65: warning: 'init(dictionaryLiteral:)' is deprecated: Please regenerate your .pb.swift files with the current version of the SwiftProtobuf protoc plugin. [#DeprecatedDeclaration]
397 | extension StringVector: SwiftProtobuf.Message, SwiftProtobuf._MessageImplementationBase, SwiftProtobuf._ProtoNameProviding {
398 | public static let protoMessageName: String = _protobuf_package + ".StringVector"
399 | public static let _protobuf_nameMap: SwiftProtobuf._NameMap = [
| `- warning: 'init(dictionaryLiteral:)' is deprecated: Please regenerate your .pb.swift files with the current version of the SwiftProtobuf protoc plugin. [#DeprecatedDeclaration]
400 | 1: .same(proto: "vector"),
401 | ]
/Users/admin/builder/spi-builder-workspace/Sources/CoreMLProto/DataStructures.pb.swift:431:65: warning: 'init(dictionaryLiteral:)' is deprecated: Please regenerate your .pb.swift files with the current version of the SwiftProtobuf protoc plugin. [#DeprecatedDeclaration]
429 | extension Int64Vector: SwiftProtobuf.Message, SwiftProtobuf._MessageImplementationBase, SwiftProtobuf._ProtoNameProviding {
430 | public static let protoMessageName: String = _protobuf_package + ".Int64Vector"
431 | public static let _protobuf_nameMap: SwiftProtobuf._NameMap = [
| `- warning: 'init(dictionaryLiteral:)' is deprecated: Please regenerate your .pb.swift files with the current version of the SwiftProtobuf protoc plugin. [#DeprecatedDeclaration]
432 | 1: .same(proto: "vector"),
433 | ]
/Users/admin/builder/spi-builder-workspace/Sources/CoreMLProto/DataStructures.pb.swift:463:65: warning: 'init(dictionaryLiteral:)' is deprecated: Please regenerate your .pb.swift files with the current version of the SwiftProtobuf protoc plugin. [#DeprecatedDeclaration]
461 | extension FloatVector: SwiftProtobuf.Message, SwiftProtobuf._MessageImplementationBase, SwiftProtobuf._ProtoNameProviding {
462 | public static let protoMessageName: String = _protobuf_package + ".FloatVector"
463 | public static let _protobuf_nameMap: SwiftProtobuf._NameMap = [
| `- warning: 'init(dictionaryLiteral:)' is deprecated: Please regenerate your .pb.swift files with the current version of the SwiftProtobuf protoc plugin. [#DeprecatedDeclaration]
464 | 1: .same(proto: "vector"),
465 | ]
/Users/admin/builder/spi-builder-workspace/Sources/CoreMLProto/DataStructures.pb.swift:495:65: warning: 'init(dictionaryLiteral:)' is deprecated: Please regenerate your .pb.swift files with the current version of the SwiftProtobuf protoc plugin. [#DeprecatedDeclaration]
493 | extension DoubleVector: SwiftProtobuf.Message, SwiftProtobuf._MessageImplementationBase, SwiftProtobuf._ProtoNameProviding {
494 | public static let protoMessageName: String = _protobuf_package + ".DoubleVector"
495 | public static let _protobuf_nameMap: SwiftProtobuf._NameMap = [
| `- warning: 'init(dictionaryLiteral:)' is deprecated: Please regenerate your .pb.swift files with the current version of the SwiftProtobuf protoc plugin. [#DeprecatedDeclaration]
496 | 1: .same(proto: "vector"),
497 | ]
/Users/admin/builder/spi-builder-workspace/Sources/CoreMLProto/DataStructures.pb.swift:527:65: warning: 'init(dictionaryLiteral:)' is deprecated: Please regenerate your .pb.swift files with the current version of the SwiftProtobuf protoc plugin. [#DeprecatedDeclaration]
525 | extension Int64Range: SwiftProtobuf.Message, SwiftProtobuf._MessageImplementationBase, SwiftProtobuf._ProtoNameProviding {
526 | public static let protoMessageName: String = _protobuf_package + ".Int64Range"
527 | public static let _protobuf_nameMap: SwiftProtobuf._NameMap = [
| `- warning: 'init(dictionaryLiteral:)' is deprecated: Please regenerate your .pb.swift files with the current version of the SwiftProtobuf protoc plugin. [#DeprecatedDeclaration]
528 | 1: .same(proto: "minValue"),
529 | 2: .same(proto: "maxValue"),
/Users/admin/builder/spi-builder-workspace/Sources/CoreMLProto/DataStructures.pb.swift:565:65: warning: 'init(dictionaryLiteral:)' is deprecated: Please regenerate your .pb.swift files with the current version of the SwiftProtobuf protoc plugin. [#DeprecatedDeclaration]
563 | extension Int64Set: SwiftProtobuf.Message, SwiftProtobuf._MessageImplementationBase, SwiftProtobuf._ProtoNameProviding {
564 | public static let protoMessageName: String = _protobuf_package + ".Int64Set"
565 | public static let _protobuf_nameMap: SwiftProtobuf._NameMap = [
| `- warning: 'init(dictionaryLiteral:)' is deprecated: Please regenerate your .pb.swift files with the current version of the SwiftProtobuf protoc plugin. [#DeprecatedDeclaration]
566 | 1: .same(proto: "values"),
567 | ]
/Users/admin/builder/spi-builder-workspace/Sources/CoreMLProto/DataStructures.pb.swift:597:65: warning: 'init(dictionaryLiteral:)' is deprecated: Please regenerate your .pb.swift files with the current version of the SwiftProtobuf protoc plugin. [#DeprecatedDeclaration]
595 | extension DoubleRange: SwiftProtobuf.Message, SwiftProtobuf._MessageImplementationBase, SwiftProtobuf._ProtoNameProviding {
596 | public static let protoMessageName: String = _protobuf_package + ".DoubleRange"
597 | public static let _protobuf_nameMap: SwiftProtobuf._NameMap = [
| `- warning: 'init(dictionaryLiteral:)' is deprecated: Please regenerate your .pb.swift files with the current version of the SwiftProtobuf protoc plugin. [#DeprecatedDeclaration]
598 | 1: .same(proto: "minValue"),
599 | 2: .same(proto: "maxValue"),
/Users/admin/builder/spi-builder-workspace/Sources/CoreMLProto/DataStructures.pb.swift:635:65: warning: 'init(dictionaryLiteral:)' is deprecated: Please regenerate your .pb.swift files with the current version of the SwiftProtobuf protoc plugin. [#DeprecatedDeclaration]
633 | extension PrecisionRecallCurve: SwiftProtobuf.Message, SwiftProtobuf._MessageImplementationBase, SwiftProtobuf._ProtoNameProviding {
634 | public static let protoMessageName: String = _protobuf_package + ".PrecisionRecallCurve"
635 | public static let _protobuf_nameMap: SwiftProtobuf._NameMap = [
| `- warning: 'init(dictionaryLiteral:)' is deprecated: Please regenerate your .pb.swift files with the current version of the SwiftProtobuf protoc plugin. [#DeprecatedDeclaration]
636 | 1: .same(proto: "precisionValues"),
637 | 2: .same(proto: "precisionConfidenceThresholds"),
/Users/admin/builder/spi-builder-workspace/Sources/CoreMLProto/DictVectorizer.pb.swift:85:65: warning: 'init(dictionaryLiteral:)' is deprecated: Please regenerate your .pb.swift files with the current version of the SwiftProtobuf protoc plugin. [#DeprecatedDeclaration]
83 | extension DictVectorizer: SwiftProtobuf.Message, SwiftProtobuf._MessageImplementationBase, SwiftProtobuf._ProtoNameProviding {
84 | public static let protoMessageName: String = _protobuf_package + ".DictVectorizer"
85 | public static let _protobuf_nameMap: SwiftProtobuf._NameMap = [
| `- warning: 'init(dictionaryLiteral:)' is deprecated: Please regenerate your .pb.swift files with the current version of the SwiftProtobuf protoc plugin. [#DeprecatedDeclaration]
86 | 1: .same(proto: "stringToIndex"),
87 | 2: .same(proto: "int64ToIndex"),
[#DeprecatedDeclaration]: <https://docs.swift.org/compiler/documentation/diagnostics/deprecated-declaration>
SwiftCompile normal arm64 /Users/admin/builder/spi-builder-workspace/Sources/CoreMLProto/ClassConfidenceThresholding.pb.swift (in target 'CoreMLProto' from project 'CoreMLBuilder')
cd /Users/admin/builder/spi-builder-workspace/.swiftpm/xcode
builtin-SwiftPerFileCompile ClassConfidenceThresholding.pb.swift
SwiftCompile normal arm64 /Users/admin/builder/spi-builder-workspace/Sources/CoreMLProto/CustomModel.pb.swift (in target 'CoreMLProto' from project 'CoreMLBuilder')
cd /Users/admin/builder/spi-builder-workspace/.swiftpm/xcode
builtin-SwiftPerFileCompile CustomModel.pb.swift
SwiftCompile normal arm64 /Users/admin/builder/spi-builder-workspace/Sources/CoreMLProto/DataStructures.pb.swift (in target 'CoreMLProto' from project 'CoreMLBuilder')
cd /Users/admin/builder/spi-builder-workspace/.swiftpm/xcode
builtin-SwiftPerFileCompile DataStructures.pb.swift
SwiftCompile normal arm64 /Users/admin/builder/spi-builder-workspace/Sources/CoreMLProto/DictVectorizer.pb.swift (in target 'CoreMLProto' from project 'CoreMLBuilder')
cd /Users/admin/builder/spi-builder-workspace/.swiftpm/xcode
builtin-SwiftPerFileCompile DictVectorizer.pb.swift
SwiftDriverJobDiscovery normal arm64_32 Compiling Gazetteer.pb.swift, Identity.pb.swift, Imputer.pb.swift (in target 'CoreMLProto' from project 'CoreMLBuilder')
SwiftCompile normal arm64_32 Compiling\ Parameters.pb.swift,\ SVM.pb.swift,\ Scaler.pb.swift /Users/admin/builder/spi-builder-workspace/Sources/CoreMLProto/Parameters.pb.swift /Users/admin/builder/spi-builder-workspace/Sources/CoreMLProto/SVM.pb.swift /Users/admin/builder/spi-builder-workspace/Sources/CoreMLProto/Scaler.pb.swift (in target 'CoreMLProto' from project 'CoreMLBuilder')
/Users/admin/builder/spi-builder-workspace/Sources/CoreMLProto/Parameters.pb.swift:135:65: warning: 'init(dictionaryLiteral:)' is deprecated: Please regenerate your .pb.swift files with the current version of the SwiftProtobuf protoc plugin. [#DeprecatedDeclaration]
133 | extension Int64Parameter: SwiftProtobuf.Message, SwiftProtobuf._MessageImplementationBase, SwiftProtobuf._ProtoNameProviding {
134 | public static let protoMessageName: String = _protobuf_package + ".Int64Parameter"
135 | public static let _protobuf_nameMap: SwiftProtobuf._NameMap = [
| `- warning: 'init(dictionaryLiteral:)' is deprecated: Please regenerate your .pb.swift files with the current version of the SwiftProtobuf protoc plugin. [#DeprecatedDeclaration]
136 | 1: .same(proto: "defaultValue"),
137 | 10: .same(proto: "range"),
/Users/admin/builder/spi-builder-workspace/Sources/CoreMLProto/Parameters.pb.swift:211:65: warning: 'init(dictionaryLiteral:)' is deprecated: Please regenerate your .pb.swift files with the current version of the SwiftProtobuf protoc plugin. [#DeprecatedDeclaration]
209 | extension DoubleParameter: SwiftProtobuf.Message, SwiftProtobuf._MessageImplementationBase, SwiftProtobuf._ProtoNameProviding {
210 | public static let protoMessageName: String = _protobuf_package + ".DoubleParameter"
211 | public static let _protobuf_nameMap: SwiftProtobuf._NameMap = [
| `- warning: 'init(dictionaryLiteral:)' is deprecated: Please regenerate your .pb.swift files with the current version of the SwiftProtobuf protoc plugin. [#DeprecatedDeclaration]
212 | 1: .same(proto: "defaultValue"),
213 | 10: .same(proto: "range"),
/Users/admin/builder/spi-builder-workspace/Sources/CoreMLProto/Parameters.pb.swift:265:65: warning: 'init(dictionaryLiteral:)' is deprecated: Please regenerate your .pb.swift files with the current version of the SwiftProtobuf protoc plugin. [#DeprecatedDeclaration]
263 | extension StringParameter: SwiftProtobuf.Message, SwiftProtobuf._MessageImplementationBase, SwiftProtobuf._ProtoNameProviding {
264 | public static let protoMessageName: String = _protobuf_package + ".StringParameter"
265 | public static let _protobuf_nameMap: SwiftProtobuf._NameMap = [
| `- warning: 'init(dictionaryLiteral:)' is deprecated: Please regenerate your .pb.swift files with the current version of the SwiftProtobuf protoc plugin. [#DeprecatedDeclaration]
266 | 1: .same(proto: "defaultValue"),
267 | ]
/Users/admin/builder/spi-builder-workspace/Sources/CoreMLProto/Parameters.pb.swift:297:65: warning: 'init(dictionaryLiteral:)' is deprecated: Please regenerate your .pb.swift files with the current version of the SwiftProtobuf protoc plugin. [#DeprecatedDeclaration]
295 | extension BoolParameter: SwiftProtobuf.Message, SwiftProtobuf._MessageImplementationBase, SwiftProtobuf._ProtoNameProviding {
296 | public static let protoMessageName: String = _protobuf_package + ".BoolParameter"
297 | public static let _protobuf_nameMap: SwiftProtobuf._NameMap = [
| `- warning: 'init(dictionaryLiteral:)' is deprecated: Please regenerate your .pb.swift files with the current version of the SwiftProtobuf protoc plugin. [#DeprecatedDeclaration]
298 | 1: .same(proto: "defaultValue"),
299 | ]
/Users/admin/builder/spi-builder-workspace/Sources/CoreMLProto/SVM.pb.swift:442:65: warning: 'init(dictionaryLiteral:)' is deprecated: Please regenerate your .pb.swift files with the current version of the SwiftProtobuf protoc plugin. [#DeprecatedDeclaration]
440 | extension RBFKernel: SwiftProtobuf.Message, SwiftProtobuf._MessageImplementationBase, SwiftProtobuf._ProtoNameProviding {
441 | public static let protoMessageName: String = _protobuf_package + ".RBFKernel"
442 | public static let _protobuf_nameMap: SwiftProtobuf._NameMap = [
| `- warning: 'init(dictionaryLiteral:)' is deprecated: Please regenerate your .pb.swift files with the current version of the SwiftProtobuf protoc plugin. [#DeprecatedDeclaration]
443 | 1: .same(proto: "gamma"),
444 | ]
/Users/admin/builder/spi-builder-workspace/Sources/CoreMLProto/SVM.pb.swift:474:65: warning: 'init(dictionaryLiteral:)' is deprecated: Please regenerate your .pb.swift files with the current version of the SwiftProtobuf protoc plugin. [#DeprecatedDeclaration]
472 | extension PolyKernel: SwiftProtobuf.Message, SwiftProtobuf._MessageImplementationBase, SwiftProtobuf._ProtoNameProviding {
473 | public static let protoMessageName: String = _protobuf_package + ".PolyKernel"
474 | public static let _protobuf_nameMap: SwiftProtobuf._NameMap = [
| `- warning: 'init(dictionaryLiteral:)' is deprecated: Please regenerate your .pb.swift files with the current version of the SwiftProtobuf protoc plugin. [#DeprecatedDeclaration]
475 | 1: .same(proto: "degree"),
476 | 2: .same(proto: "c"),
/Users/admin/builder/spi-builder-workspace/Sources/CoreMLProto/SVM.pb.swift:518:65: warning: 'init(dictionaryLiteral:)' is deprecated: Please regenerate your .pb.swift files with the current version of the SwiftProtobuf protoc plugin. [#DeprecatedDeclaration]
516 | extension SigmoidKernel: SwiftProtobuf.Message, SwiftProtobuf._MessageImplementationBase, SwiftProtobuf._ProtoNameProviding {
517 | public static let protoMessageName: String = _protobuf_package + ".SigmoidKernel"
518 | public static let _protobuf_nameMap: SwiftProtobuf._NameMap = [
| `- warning: 'init(dictionaryLiteral:)' is deprecated: Please regenerate your .pb.swift files with the current version of the SwiftProtobuf protoc plugin. [#DeprecatedDeclaration]
519 | 1: .same(proto: "gamma"),
520 | 2: .same(proto: "c"),
/Users/admin/builder/spi-builder-workspace/Sources/CoreMLProto/SVM.pb.swift:556:65: warning: 'init(dictionaryLiteral:)' is deprecated: Please regenerate your .pb.swift files with the current version of the SwiftProtobuf protoc plugin. [#DeprecatedDeclaration]
554 | extension Kernel: SwiftProtobuf.Message, SwiftProtobuf._MessageImplementationBase, SwiftProtobuf._ProtoNameProviding {
555 | public static let protoMessageName: String = _protobuf_package + ".Kernel"
556 | public static let _protobuf_nameMap: SwiftProtobuf._NameMap = [
| `- warning: 'init(dictionaryLiteral:)' is deprecated: Please regenerate your .pb.swift files with the current version of the SwiftProtobuf protoc plugin. [#DeprecatedDeclaration]
557 | 1: .same(proto: "linearKernel"),
558 | 2: .same(proto: "rbfKernel"),
/Users/admin/builder/spi-builder-workspace/Sources/CoreMLProto/SVM.pb.swift:662:65: warning: 'init(dictionaryLiteral:)' is deprecated: Please regenerate your .pb.swift files with the current version of the SwiftProtobuf protoc plugin. [#DeprecatedDeclaration]
660 | extension SparseNode: SwiftProtobuf.Message, SwiftProtobuf._MessageImplementationBase, SwiftProtobuf._ProtoNameProviding {
661 | public static let protoMessageName: String = _protobuf_package + ".SparseNode"
662 | public static let _protobuf_nameMap: SwiftProtobuf._NameMap = [
| `- warning: 'init(dictionaryLiteral:)' is deprecated: Please regenerate your .pb.swift files with the current version of the SwiftProtobuf protoc plugin. [#DeprecatedDeclaration]
663 | 1: .same(proto: "index"),
664 | 2: .same(proto: "value"),
/Users/admin/builder/spi-builder-workspace/Sources/CoreMLProto/SVM.pb.swift:700:65: warning: 'init(dictionaryLiteral:)' is deprecated: Please regenerate your .pb.swift files with the current version of the SwiftProtobuf protoc plugin. [#DeprecatedDeclaration]
698 | extension SparseVector: SwiftProtobuf.Message, SwiftProtobuf._MessageImplementationBase, SwiftProtobuf._ProtoNameProviding {
699 | public static let protoMessageName: String = _protobuf_package + ".SparseVector"
700 | public static let _protobuf_nameMap: SwiftProtobuf._NameMap = [
| `- warning: 'init(dictionaryLiteral:)' is deprecated: Please regenerate your .pb.swift files with the current version of the SwiftProtobuf protoc plugin. [#DeprecatedDeclaration]
701 | 1: .same(proto: "nodes"),
702 | ]
/Users/admin/builder/spi-builder-workspace/Sources/CoreMLProto/SVM.pb.swift:732:65: warning: 'init(dictionaryLiteral:)' is deprecated: Please regenerate your .pb.swift files with the current version of the SwiftProtobuf protoc plugin. [#DeprecatedDeclaration]
730 | extension SparseSupportVectors: SwiftProtobuf.Message, SwiftProtobuf._MessageImplementationBase, SwiftProtobuf._ProtoNameProviding {
731 | public static let protoMessageName: String = _protobuf_package + ".SparseSupportVectors"
732 | public static let _protobuf_nameMap: SwiftProtobuf._NameMap = [
| `- warning: 'init(dictionaryLiteral:)' is deprecated: Please regenerate your .pb.swift files with the current version of the SwiftProtobuf protoc plugin. [#DeprecatedDeclaration]
733 | 1: .same(proto: "vectors"),
734 | ]
/Users/admin/builder/spi-builder-workspace/Sources/CoreMLProto/SVM.pb.swift:764:65: warning: 'init(dictionaryLiteral:)' is deprecated: Please regenerate your .pb.swift files with the current version of the SwiftProtobuf protoc plugin. [#DeprecatedDeclaration]
762 | extension DenseVector: SwiftProtobuf.Message, SwiftProtobuf._MessageImplementationBase, SwiftProtobuf._ProtoNameProviding {
763 | public static let protoMessageName: String = _protobuf_package + ".DenseVector"
764 | public static let _protobuf_nameMap: SwiftProtobuf._NameMap = [
| `- warning: 'init(dictionaryLiteral:)' is deprecated: Please regenerate your .pb.swift files with the current version of the SwiftProtobuf protoc plugin. [#DeprecatedDeclaration]
765 | 1: .same(proto: "values"),
766 | ]
/Users/admin/builder/spi-builder-workspace/Sources/CoreMLProto/SVM.pb.swift:796:65: warning: 'init(dictionaryLiteral:)' is deprecated: Please regenerate your .pb.swift files with the current version of the SwiftProtobuf protoc plugin. [#DeprecatedDeclaration]
794 | extension DenseSupportVectors: SwiftProtobuf.Message, SwiftProtobuf._MessageImplementationBase, SwiftProtobuf._ProtoNameProviding {
795 | public static let protoMessageName: String = _protobuf_package + ".DenseSupportVectors"
796 | public static let _protobuf_nameMap: SwiftProtobuf._NameMap = [
| `- warning: 'init(dictionaryLiteral:)' is deprecated: Please regenerate your .pb.swift files with the current version of the SwiftProtobuf protoc plugin. [#DeprecatedDeclaration]
797 | 1: .same(proto: "vectors"),
798 | ]
/Users/admin/builder/spi-builder-workspace/Sources/CoreMLProto/SVM.pb.swift:828:65: warning: 'init(dictionaryLiteral:)' is deprecated: Please regenerate your .pb.swift files with the current version of the SwiftProtobuf protoc plugin. [#DeprecatedDeclaration]
826 | extension Coefficients: SwiftProtobuf.Message, SwiftProtobuf._MessageImplementationBase, SwiftProtobuf._ProtoNameProviding {
827 | public static let protoMessageName: String = _protobuf_package + ".Coefficients"
828 | public static let _protobuf_nameMap: SwiftProtobuf._NameMap = [
| `- warning: 'init(dictionaryLiteral:)' is deprecated: Please regenerate your .pb.swift files with the current version of the SwiftProtobuf protoc plugin. [#DeprecatedDeclaration]
829 | 1: .same(proto: "alpha"),
830 | ]
/Users/admin/builder/spi-builder-workspace/Sources/CoreMLProto/SVM.pb.swift:860:65: warning: 'init(dictionaryLiteral:)' is deprecated: Please regenerate your .pb.swift files with the current version of the SwiftProtobuf protoc plugin. [#DeprecatedDeclaration]
858 | extension SupportVectorRegressor: SwiftProtobuf.Message, SwiftProtobuf._MessageImplementationBase, SwiftProtobuf._ProtoNameProviding {
859 | public static let protoMessageName: String = _protobuf_package + ".SupportVectorRegressor"
860 | public static let _protobuf_nameMap: SwiftProtobuf._NameMap = [
| `- warning: 'init(dictionaryLiteral:)' is deprecated: Please regenerate your .pb.swift files with the current version of the SwiftProtobuf protoc plugin. [#DeprecatedDeclaration]
861 | 1: .same(proto: "kernel"),
862 | 2: .same(proto: "sparseSupportVectors"),
/Users/admin/builder/spi-builder-workspace/Sources/CoreMLProto/SVM.pb.swift:948:65: warning: 'init(dictionaryLiteral:)' is deprecated: Please regenerate your .pb.swift files with the current version of the SwiftProtobuf protoc plugin. [#DeprecatedDeclaration]
946 | extension SupportVectorClassifier: SwiftProtobuf.Message, SwiftProtobuf._MessageImplementationBase, SwiftProtobuf._ProtoNameProviding {
947 | public static let protoMessageName: String = _protobuf_package + ".SupportVectorClassifier"
948 | public static let _protobuf_nameMap: SwiftProtobuf._NameMap = [
| `- warning: 'init(dictionaryLiteral:)' is deprecated: Please regenerate your .pb.swift files with the current version of the SwiftProtobuf protoc plugin. [#DeprecatedDeclaration]
949 | 1: .same(proto: "kernel"),
950 | 2: .same(proto: "numberOfSupportVectorsPerClass"),
/Users/admin/builder/spi-builder-workspace/Sources/CoreMLProto/Scaler.pb.swift:67:65: warning: 'init(dictionaryLiteral:)' is deprecated: Please regenerate your .pb.swift files with the current version of the SwiftProtobuf protoc plugin. [#DeprecatedDeclaration]
65 | extension Scaler: SwiftProtobuf.Message, SwiftProtobuf._MessageImplementationBase, SwiftProtobuf._ProtoNameProviding {
66 | public static let protoMessageName: String = _protobuf_package + ".Scaler"
67 | public static let _protobuf_nameMap: SwiftProtobuf._NameMap = [
| `- warning: 'init(dictionaryLiteral:)' is deprecated: Please regenerate your .pb.swift files with the current version of the SwiftProtobuf protoc plugin. [#DeprecatedDeclaration]
68 | 1: .same(proto: "shiftValue"),
69 | 2: .same(proto: "scaleValue"),
[#DeprecatedDeclaration]: <https://docs.swift.org/compiler/documentation/diagnostics/deprecated-declaration>
SwiftCompile normal arm64_32 /Users/admin/builder/spi-builder-workspace/Sources/CoreMLProto/Parameters.pb.swift (in target 'CoreMLProto' from project 'CoreMLBuilder')
cd /Users/admin/builder/spi-builder-workspace/.swiftpm/xcode
builtin-SwiftPerFileCompile Parameters.pb.swift
SwiftCompile normal arm64_32 /Users/admin/builder/spi-builder-workspace/Sources/CoreMLProto/SVM.pb.swift (in target 'CoreMLProto' from project 'CoreMLBuilder')
cd /Users/admin/builder/spi-builder-workspace/.swiftpm/xcode
builtin-SwiftPerFileCompile SVM.pb.swift
SwiftCompile normal arm64_32 /Users/admin/builder/spi-builder-workspace/Sources/CoreMLProto/Scaler.pb.swift (in target 'CoreMLProto' from project 'CoreMLBuilder')
cd /Users/admin/builder/spi-builder-workspace/.swiftpm/xcode
builtin-SwiftPerFileCompile Scaler.pb.swift
SwiftDriverJobDiscovery normal arm64 Compiling Gazetteer.pb.swift, Identity.pb.swift, Imputer.pb.swift (in target 'CoreMLProto' from project 'CoreMLBuilder')
SwiftCompile normal arm64_32 Compiling\ VisionFeaturePrint.pb.swift,\ WordEmbedding.pb.swift,\ WordTagger.pb.swift /Users/admin/builder/spi-builder-workspace/Sources/CoreMLProto/VisionFeaturePrint.pb.swift /Users/admin/builder/spi-builder-workspace/Sources/CoreMLProto/WordEmbedding.pb.swift /Users/admin/builder/spi-builder-workspace/Sources/CoreMLProto/WordTagger.pb.swift (in target 'CoreMLProto' from project 'CoreMLBuilder')
/Users/admin/builder/spi-builder-workspace/Sources/CoreMLProto/VisionFeaturePrint.pb.swift:193:65: warning: 'init(dictionaryLiteral:)' is deprecated: Please regenerate your .pb.swift files with the current version of the SwiftProtobuf protoc plugin. [#DeprecatedDeclaration]
191 | extension CoreMLModels_VisionFeaturePrint: SwiftProtobuf.Message, SwiftProtobuf._MessageImplementationBase, SwiftProtobuf._ProtoNameProviding {
192 | public static let protoMessageName: String = _protobuf_package + ".VisionFeaturePrint"
193 | public static let _protobuf_nameMap: SwiftProtobuf._NameMap = [
| `- warning: 'init(dictionaryLiteral:)' is deprecated: Please regenerate your .pb.swift files with the current version of the SwiftProtobuf protoc plugin. [#DeprecatedDeclaration]
194 | 20: .same(proto: "scene"),
195 | 21: .same(proto: "objects"),
/Users/admin/builder/spi-builder-workspace/Sources/CoreMLProto/VisionFeaturePrint.pb.swift:263:65: warning: 'init(dictionaryLiteral:)' is deprecated: Please regenerate your .pb.swift files with the current version of the SwiftProtobuf protoc plugin. [#DeprecatedDeclaration]
261 | extension CoreMLModels_VisionFeaturePrint.Scene: SwiftProtobuf.Message, SwiftProtobuf._MessageImplementationBase, SwiftProtobuf._ProtoNameProviding {
262 | public static let protoMessageName: String = CoreMLModels_VisionFeaturePrint.protoMessageName + ".Scene"
263 | public static let _protobuf_nameMap: SwiftProtobuf._NameMap = [
| `- warning: 'init(dictionaryLiteral:)' is deprecated: Please regenerate your .pb.swift files with the current version of the SwiftProtobuf protoc plugin. [#DeprecatedDeclaration]
264 | 1: .same(proto: "version"),
265 | ]
/Users/admin/builder/spi-builder-workspace/Sources/CoreMLProto/VisionFeaturePrint.pb.swift:294:65: warning: 'init(dictionaryLiteral:)' is deprecated: Please regenerate your .pb.swift files with the current version of the SwiftProtobuf protoc plugin. [#DeprecatedDeclaration]
292 |
293 | extension CoreMLModels_VisionFeaturePrint.Scene.SceneVersion: SwiftProtobuf._ProtoNameProviding {
294 | public static let _protobuf_nameMap: SwiftProtobuf._NameMap = [
| `- warning: 'init(dictionaryLiteral:)' is deprecated: Please regenerate your .pb.swift files with the current version of the SwiftProtobuf protoc plugin. [#DeprecatedDeclaration]
295 | 0: .same(proto: "SCENE_VERSION_INVALID"),
296 | 1: .same(proto: "SCENE_VERSION_1"),
/Users/admin/builder/spi-builder-workspace/Sources/CoreMLProto/VisionFeaturePrint.pb.swift:303:65: warning: 'init(dictionaryLiteral:)' is deprecated: Please regenerate your .pb.swift files with the current version of the SwiftProtobuf protoc plugin. [#DeprecatedDeclaration]
301 | extension CoreMLModels_VisionFeaturePrint.Objects: SwiftProtobuf.Message, SwiftProtobuf._MessageImplementationBase, SwiftProtobuf._ProtoNameProviding {
302 | public static let protoMessageName: String = CoreMLModels_VisionFeaturePrint.protoMessageName + ".Objects"
303 | public static let _protobuf_nameMap: SwiftProtobuf._NameMap = [
| `- warning: 'init(dictionaryLiteral:)' is deprecated: Please regenerate your .pb.swift files with the current version of the SwiftProtobuf protoc plugin. [#DeprecatedDeclaration]
304 | 1: .same(proto: "version"),
305 | 100: .same(proto: "output"),
/Users/admin/builder/spi-builder-workspace/Sources/CoreMLProto/VisionFeaturePrint.pb.swift:340:65: warning: 'init(dictionaryLiteral:)' is deprecated: Please regenerate your .pb.swift files with the current version of the SwiftProtobuf protoc plugin. [#DeprecatedDeclaration]
338 |
339 | extension CoreMLModels_VisionFeaturePrint.Objects.ObjectsVersion: SwiftProtobuf._ProtoNameProviding {
340 | public static let _protobuf_nameMap: SwiftProtobuf._NameMap = [
| `- warning: 'init(dictionaryLiteral:)' is deprecated: Please regenerate your .pb.swift files with the current version of the SwiftProtobuf protoc plugin. [#DeprecatedDeclaration]
341 | 0: .same(proto: "OBJECTS_VERSION_INVALID"),
342 | 1: .same(proto: "OBJECTS_VERSION_1"),
/Users/admin/builder/spi-builder-workspace/Sources/CoreMLProto/WordEmbedding.pb.swift:61:65: warning: 'init(dictionaryLiteral:)' is deprecated: Please regenerate your .pb.swift files with the current version of the SwiftProtobuf protoc plugin. [#DeprecatedDeclaration]
59 | extension CoreMLModels_WordEmbedding: SwiftProtobuf.Message, SwiftProtobuf._MessageImplementationBase, SwiftProtobuf._ProtoNameProviding {
60 | public static let protoMessageName: String = _protobuf_package + ".WordEmbedding"
61 | public static let _protobuf_nameMap: SwiftProtobuf._NameMap = [
| `- warning: 'init(dictionaryLiteral:)' is deprecated: Please regenerate your .pb.swift files with the current version of the SwiftProtobuf protoc plugin. [#DeprecatedDeclaration]
62 | 1: .same(proto: "revision"),
63 | 10: .same(proto: "language"),
/Users/admin/builder/spi-builder-workspace/Sources/CoreMLProto/WordTagger.pb.swift:106:65: warning: 'init(dictionaryLiteral:)' is deprecated: Please regenerate your .pb.swift files with the current version of the SwiftProtobuf protoc plugin. [#DeprecatedDeclaration]
104 | extension CoreMLModels_WordTagger: SwiftProtobuf.Message, SwiftProtobuf._MessageImplementationBase, SwiftProtobuf._ProtoNameProviding {
105 | public static let protoMessageName: String = _protobuf_package + ".WordTagger"
106 | public static let _protobuf_nameMap: SwiftProtobuf._NameMap = [
| `- warning: 'init(dictionaryLiteral:)' is deprecated: Please regenerate your .pb.swift files with the current version of the SwiftProtobuf protoc plugin. [#DeprecatedDeclaration]
107 | 1: .same(proto: "revision"),
108 | 10: .same(proto: "language"),
[#DeprecatedDeclaration]: <https://docs.swift.org/compiler/documentation/diagnostics/deprecated-declaration>
SwiftCompile normal arm64_32 /Users/admin/builder/spi-builder-workspace/Sources/CoreMLProto/VisionFeaturePrint.pb.swift (in target 'CoreMLProto' from project 'CoreMLBuilder')
cd /Users/admin/builder/spi-builder-workspace/.swiftpm/xcode
builtin-SwiftPerFileCompile VisionFeaturePrint.pb.swift
SwiftCompile normal arm64_32 /Users/admin/builder/spi-builder-workspace/Sources/CoreMLProto/WordEmbedding.pb.swift (in target 'CoreMLProto' from project 'CoreMLBuilder')
cd /Users/admin/builder/spi-builder-workspace/.swiftpm/xcode
builtin-SwiftPerFileCompile WordEmbedding.pb.swift
SwiftCompile normal arm64_32 /Users/admin/builder/spi-builder-workspace/Sources/CoreMLProto/WordTagger.pb.swift (in target 'CoreMLProto' from project 'CoreMLBuilder')
cd /Users/admin/builder/spi-builder-workspace/.swiftpm/xcode
builtin-SwiftPerFileCompile WordTagger.pb.swift
SwiftDriverJobDiscovery normal arm64_32 Compiling SoundAnalysisPreprocessing.pb.swift, TextClassifier.pb.swift, TreeEnsemble.pb.swift (in target 'CoreMLProto' from project 'CoreMLBuilder')
SwiftCompile normal arm64_32 Compiling\ ClassConfidenceThresholding.pb.swift,\ CustomModel.pb.swift,\ DataStructures.pb.swift,\ DictVectorizer.pb.swift /Users/admin/builder/spi-builder-workspace/Sources/CoreMLProto/ClassConfidenceThresholding.pb.swift /Users/admin/builder/spi-builder-workspace/Sources/CoreMLProto/CustomModel.pb.swift /Users/admin/builder/spi-builder-workspace/Sources/CoreMLProto/DataStructures.pb.swift /Users/admin/builder/spi-builder-workspace/Sources/CoreMLProto/DictVectorizer.pb.swift (in target 'CoreMLProto' from project 'CoreMLBuilder')
/Users/admin/builder/spi-builder-workspace/Sources/CoreMLProto/ClassConfidenceThresholding.pb.swift:51:65: warning: 'init(dictionaryLiteral:)' is deprecated: Please regenerate your .pb.swift files with the current version of the SwiftProtobuf protoc plugin. [#DeprecatedDeclaration]
49 | extension ClassConfidenceThresholding: SwiftProtobuf.Message, SwiftProtobuf._MessageImplementationBase, SwiftProtobuf._ProtoNameProviding {
50 | public static let protoMessageName: String = _protobuf_package + ".ClassConfidenceThresholding"
51 | public static let _protobuf_nameMap: SwiftProtobuf._NameMap = [
| `- warning: 'init(dictionaryLiteral:)' is deprecated: Please regenerate your .pb.swift files with the current version of the SwiftProtobuf protoc plugin. [#DeprecatedDeclaration]
52 | 100: .same(proto: "precisionRecallCurves"),
53 | ]
/Users/admin/builder/spi-builder-workspace/Sources/CoreMLProto/CustomModel.pb.swift:125:65: warning: 'init(dictionaryLiteral:)' is deprecated: Please regenerate your .pb.swift files with the current version of the SwiftProtobuf protoc plugin. [#DeprecatedDeclaration]
123 | extension CustomModel: SwiftProtobuf.Message, SwiftProtobuf._MessageImplementationBase, SwiftProtobuf._ProtoNameProviding {
124 | public static let protoMessageName: String = _protobuf_package + ".CustomModel"
125 | public static let _protobuf_nameMap: SwiftProtobuf._NameMap = [
| `- warning: 'init(dictionaryLiteral:)' is deprecated: Please regenerate your .pb.swift files with the current version of the SwiftProtobuf protoc plugin. [#DeprecatedDeclaration]
126 | 10: .same(proto: "className"),
127 | 30: .same(proto: "parameters"),
/Users/admin/builder/spi-builder-workspace/Sources/CoreMLProto/CustomModel.pb.swift:169:65: warning: 'init(dictionaryLiteral:)' is deprecated: Please regenerate your .pb.swift files with the current version of the SwiftProtobuf protoc plugin. [#DeprecatedDeclaration]
167 | extension CustomModel.CustomModelParamValue: SwiftProtobuf.Message, SwiftProtobuf._MessageImplementationBase, SwiftProtobuf._ProtoNameProviding {
168 | public static let protoMessageName: String = CustomModel.protoMessageName + ".CustomModelParamValue"
169 | public static let _protobuf_nameMap: SwiftProtobuf._NameMap = [
| `- warning: 'init(dictionaryLiteral:)' is deprecated: Please regenerate your .pb.swift files with the current version of the SwiftProtobuf protoc plugin. [#DeprecatedDeclaration]
170 | 10: .same(proto: "doubleValue"),
171 | 20: .same(proto: "stringValue"),
/Users/admin/builder/spi-builder-workspace/Sources/CoreMLProto/DataStructures.pb.swift:271:65: warning: 'init(dictionaryLiteral:)' is deprecated: Please regenerate your .pb.swift files with the current version of the SwiftProtobuf protoc plugin. [#DeprecatedDeclaration]
269 | extension StringToInt64Map: SwiftProtobuf.Message, SwiftProtobuf._MessageImplementationBase, SwiftProtobuf._ProtoNameProviding {
270 | public static let protoMessageName: String = _protobuf_package + ".StringToInt64Map"
271 | public static let _protobuf_nameMap: SwiftProtobuf._NameMap = [
| `- warning: 'init(dictionaryLiteral:)' is deprecated: Please regenerate your .pb.swift files with the current version of the SwiftProtobuf protoc plugin. [#DeprecatedDeclaration]
272 | 1: .same(proto: "map"),
273 | ]
/Users/admin/builder/spi-builder-workspace/Sources/CoreMLProto/DataStructures.pb.swift:303:65: warning: 'init(dictionaryLiteral:)' is deprecated: Please regenerate your .pb.swift files with the current version of the SwiftProtobuf protoc plugin. [#DeprecatedDeclaration]
301 | extension Int64ToStringMap: SwiftProtobuf.Message, SwiftProtobuf._MessageImplementationBase, SwiftProtobuf._ProtoNameProviding {
302 | public static let protoMessageName: String = _protobuf_package + ".Int64ToStringMap"
303 | public static let _protobuf_nameMap: SwiftProtobuf._NameMap = [
| `- warning: 'init(dictionaryLiteral:)' is deprecated: Please regenerate your .pb.swift files with the current version of the SwiftProtobuf protoc plugin. [#DeprecatedDeclaration]
304 | 1: .same(proto: "map"),
305 | ]
/Users/admin/builder/spi-builder-workspace/Sources/CoreMLProto/DataStructures.pb.swift:335:65: warning: 'init(dictionaryLiteral:)' is deprecated: Please regenerate your .pb.swift files with the current version of the SwiftProtobuf protoc plugin. [#DeprecatedDeclaration]
333 | extension StringToDoubleMap: SwiftProtobuf.Message, SwiftProtobuf._MessageImplementationBase, SwiftProtobuf._ProtoNameProviding {
334 | public static let protoMessageName: String = _protobuf_package + ".StringToDoubleMap"
335 | public static let _protobuf_nameMap: SwiftProtobuf._NameMap = [
| `- warning: 'init(dictionaryLiteral:)' is deprecated: Please regenerate your .pb.swift files with the current version of the SwiftProtobuf protoc plugin. [#DeprecatedDeclaration]
336 | 1: .same(proto: "map"),
337 | ]
/Users/admin/builder/spi-builder-workspace/Sources/CoreMLProto/DataStructures.pb.swift:367:65: warning: 'init(dictionaryLiteral:)' is deprecated: Please regenerate your .pb.swift files with the current version of the SwiftProtobuf protoc plugin. [#DeprecatedDeclaration]
365 | extension Int64ToDoubleMap: SwiftProtobuf.Message, SwiftProtobuf._MessageImplementationBase, SwiftProtobuf._ProtoNameProviding {
366 | public static let protoMessageName: String = _protobuf_package + ".Int64ToDoubleMap"
367 | public static let _protobuf_nameMap: SwiftProtobuf._NameMap = [
| `- warning: 'init(dictionaryLiteral:)' is deprecated: Please regenerate your .pb.swift files with the current version of the SwiftProtobuf protoc plugin. [#DeprecatedDeclaration]
368 | 1: .same(proto: "map"),
369 | ]
/Users/admin/builder/spi-builder-workspace/Sources/CoreMLProto/DataStructures.pb.swift:399:65: warning: 'init(dictionaryLiteral:)' is deprecated: Please regenerate your .pb.swift files with the current version of the SwiftProtobuf protoc plugin. [#DeprecatedDeclaration]
397 | extension StringVector: SwiftProtobuf.Message, SwiftProtobuf._MessageImplementationBase, SwiftProtobuf._ProtoNameProviding {
398 | public static let protoMessageName: String = _protobuf_package + ".StringVector"
399 | public static let _protobuf_nameMap: SwiftProtobuf._NameMap = [
| `- warning: 'init(dictionaryLiteral:)' is deprecated: Please regenerate your .pb.swift files with the current version of the SwiftProtobuf protoc plugin. [#DeprecatedDeclaration]
400 | 1: .same(proto: "vector"),
401 | ]
/Users/admin/builder/spi-builder-workspace/Sources/CoreMLProto/DataStructures.pb.swift:431:65: warning: 'init(dictionaryLiteral:)' is deprecated: Please regenerate your .pb.swift files with the current version of the SwiftProtobuf protoc plugin. [#DeprecatedDeclaration]
429 | extension Int64Vector: SwiftProtobuf.Message, SwiftProtobuf._MessageImplementationBase, SwiftProtobuf._ProtoNameProviding {
430 | public static let protoMessageName: String = _protobuf_package + ".Int64Vector"
431 | public static let _protobuf_nameMap: SwiftProtobuf._NameMap = [
| `- warning: 'init(dictionaryLiteral:)' is deprecated: Please regenerate your .pb.swift files with the current version of the SwiftProtobuf protoc plugin. [#DeprecatedDeclaration]
432 | 1: .same(proto: "vector"),
433 | ]
/Users/admin/builder/spi-builder-workspace/Sources/CoreMLProto/DataStructures.pb.swift:463:65: warning: 'init(dictionaryLiteral:)' is deprecated: Please regenerate your .pb.swift files with the current version of the SwiftProtobuf protoc plugin. [#DeprecatedDeclaration]
461 | extension FloatVector: SwiftProtobuf.Message, SwiftProtobuf._MessageImplementationBase, SwiftProtobuf._ProtoNameProviding {
462 | public static let protoMessageName: String = _protobuf_package + ".FloatVector"
463 | public static let _protobuf_nameMap: SwiftProtobuf._NameMap = [
| `- warning: 'init(dictionaryLiteral:)' is deprecated: Please regenerate your .pb.swift files with the current version of the SwiftProtobuf protoc plugin. [#DeprecatedDeclaration]
464 | 1: .same(proto: "vector"),
465 | ]
/Users/admin/builder/spi-builder-workspace/Sources/CoreMLProto/DataStructures.pb.swift:495:65: warning: 'init(dictionaryLiteral:)' is deprecated: Please regenerate your .pb.swift files with the current version of the SwiftProtobuf protoc plugin. [#DeprecatedDeclaration]
493 | extension DoubleVector: SwiftProtobuf.Message, SwiftProtobuf._MessageImplementationBase, SwiftProtobuf._ProtoNameProviding {
494 | public static let protoMessageName: String = _protobuf_package + ".DoubleVector"
495 | public static let _protobuf_nameMap: SwiftProtobuf._NameMap = [
| `- warning: 'init(dictionaryLiteral:)' is deprecated: Please regenerate your .pb.swift files with the current version of the SwiftProtobuf protoc plugin. [#DeprecatedDeclaration]
496 | 1: .same(proto: "vector"),
497 | ]
/Users/admin/builder/spi-builder-workspace/Sources/CoreMLProto/DataStructures.pb.swift:527:65: warning: 'init(dictionaryLiteral:)' is deprecated: Please regenerate your .pb.swift files with the current version of the SwiftProtobuf protoc plugin. [#DeprecatedDeclaration]
525 | extension Int64Range: SwiftProtobuf.Message, SwiftProtobuf._MessageImplementationBase, SwiftProtobuf._ProtoNameProviding {
526 | public static let protoMessageName: String = _protobuf_package + ".Int64Range"
527 | public static let _protobuf_nameMap: SwiftProtobuf._NameMap = [
| `- warning: 'init(dictionaryLiteral:)' is deprecated: Please regenerate your .pb.swift files with the current version of the SwiftProtobuf protoc plugin. [#DeprecatedDeclaration]
528 | 1: .same(proto: "minValue"),
529 | 2: .same(proto: "maxValue"),
/Users/admin/builder/spi-builder-workspace/Sources/CoreMLProto/DataStructures.pb.swift:565:65: warning: 'init(dictionaryLiteral:)' is deprecated: Please regenerate your .pb.swift files with the current version of the SwiftProtobuf protoc plugin. [#DeprecatedDeclaration]
563 | extension Int64Set: SwiftProtobuf.Message, SwiftProtobuf._MessageImplementationBase, SwiftProtobuf._ProtoNameProviding {
564 | public static let protoMessageName: String = _protobuf_package + ".Int64Set"
565 | public static let _protobuf_nameMap: SwiftProtobuf._NameMap = [
| `- warning: 'init(dictionaryLiteral:)' is deprecated: Please regenerate your .pb.swift files with the current version of the SwiftProtobuf protoc plugin. [#DeprecatedDeclaration]
566 | 1: .same(proto: "values"),
567 | ]
/Users/admin/builder/spi-builder-workspace/Sources/CoreMLProto/DataStructures.pb.swift:597:65: warning: 'init(dictionaryLiteral:)' is deprecated: Please regenerate your .pb.swift files with the current version of the SwiftProtobuf protoc plugin. [#DeprecatedDeclaration]
595 | extension DoubleRange: SwiftProtobuf.Message, SwiftProtobuf._MessageImplementationBase, SwiftProtobuf._ProtoNameProviding {
596 | public static let protoMessageName: String = _protobuf_package + ".DoubleRange"
597 | public static let _protobuf_nameMap: SwiftProtobuf._NameMap = [
| `- warning: 'init(dictionaryLiteral:)' is deprecated: Please regenerate your .pb.swift files with the current version of the SwiftProtobuf protoc plugin. [#DeprecatedDeclaration]
598 | 1: .same(proto: "minValue"),
599 | 2: .same(proto: "maxValue"),
/Users/admin/builder/spi-builder-workspace/Sources/CoreMLProto/DataStructures.pb.swift:635:65: warning: 'init(dictionaryLiteral:)' is deprecated: Please regenerate your .pb.swift files with the current version of the SwiftProtobuf protoc plugin. [#DeprecatedDeclaration]
633 | extension PrecisionRecallCurve: SwiftProtobuf.Message, SwiftProtobuf._MessageImplementationBase, SwiftProtobuf._ProtoNameProviding {
634 | public static let protoMessageName: String = _protobuf_package + ".PrecisionRecallCurve"
635 | public static let _protobuf_nameMap: SwiftProtobuf._NameMap = [
| `- warning: 'init(dictionaryLiteral:)' is deprecated: Please regenerate your .pb.swift files with the current version of the SwiftProtobuf protoc plugin. [#DeprecatedDeclaration]
636 | 1: .same(proto: "precisionValues"),
637 | 2: .same(proto: "precisionConfidenceThresholds"),
/Users/admin/builder/spi-builder-workspace/Sources/CoreMLProto/DictVectorizer.pb.swift:85:65: warning: 'init(dictionaryLiteral:)' is deprecated: Please regenerate your .pb.swift files with the current version of the SwiftProtobuf protoc plugin. [#DeprecatedDeclaration]
83 | extension DictVectorizer: SwiftProtobuf.Message, SwiftProtobuf._MessageImplementationBase, SwiftProtobuf._ProtoNameProviding {
84 | public static let protoMessageName: String = _protobuf_package + ".DictVectorizer"
85 | public static let _protobuf_nameMap: SwiftProtobuf._NameMap = [
| `- warning: 'init(dictionaryLiteral:)' is deprecated: Please regenerate your .pb.swift files with the current version of the SwiftProtobuf protoc plugin. [#DeprecatedDeclaration]
86 | 1: .same(proto: "stringToIndex"),
87 | 2: .same(proto: "int64ToIndex"),
[#DeprecatedDeclaration]: <https://docs.swift.org/compiler/documentation/diagnostics/deprecated-declaration>
SwiftCompile normal arm64_32 /Users/admin/builder/spi-builder-workspace/Sources/CoreMLProto/ClassConfidenceThresholding.pb.swift (in target 'CoreMLProto' from project 'CoreMLBuilder')
cd /Users/admin/builder/spi-builder-workspace/.swiftpm/xcode
builtin-SwiftPerFileCompile ClassConfidenceThresholding.pb.swift
SwiftCompile normal arm64_32 /Users/admin/builder/spi-builder-workspace/Sources/CoreMLProto/CustomModel.pb.swift (in target 'CoreMLProto' from project 'CoreMLBuilder')
cd /Users/admin/builder/spi-builder-workspace/.swiftpm/xcode
builtin-SwiftPerFileCompile CustomModel.pb.swift
SwiftCompile normal arm64_32 /Users/admin/builder/spi-builder-workspace/Sources/CoreMLProto/DataStructures.pb.swift (in target 'CoreMLProto' from project 'CoreMLBuilder')
cd /Users/admin/builder/spi-builder-workspace/.swiftpm/xcode
builtin-SwiftPerFileCompile DataStructures.pb.swift
SwiftCompile normal arm64_32 /Users/admin/builder/spi-builder-workspace/Sources/CoreMLProto/DictVectorizer.pb.swift (in target 'CoreMLProto' from project 'CoreMLBuilder')
cd /Users/admin/builder/spi-builder-workspace/.swiftpm/xcode
builtin-SwiftPerFileCompile DictVectorizer.pb.swift
SwiftDriverJobDiscovery normal arm64 Compiling ItemSimilarityRecommender.pb.swift, LinkedModel.pb.swift, MIL.pb.swift (in target 'CoreMLProto' from project 'CoreMLBuilder')
SwiftDriverJobDiscovery normal arm64 Compiling ClassConfidenceThresholding.pb.swift, CustomModel.pb.swift, DataStructures.pb.swift, DictVectorizer.pb.swift (in target 'CoreMLProto' from project 'CoreMLBuilder')
ExtractAppIntentsMetadata (in target 'SwiftProtobuf' from project 'SwiftProtobuf')
cd /Users/admin/builder/spi-builder-workspace/.dependencies/checkouts/swift-protobuf
/Applications/Xcode-27.0.0-Release.Candidate.app/Contents/Developer/Toolchains/XcodeDefault.xctoolchain/usr/bin/appintentsmetadataprocessor --toolchain-dir /var/run/com.apple.security.cryptexd/mnt/com.apple.MobileAsset.MetalToolchain-v27.1.266.1.GnleU2/Metal.xctoolchain --module-name SwiftProtobuf --sdk-root /Applications/Xcode-27.0.0-Release.Candidate.app/Contents/Developer/Platforms/WatchOS.platform/Developer/SDKs/WatchOS27.0.sdk --xcode-version 27A266a --platform-family watchOS --deployment-target 9.0 --bundle-identifier swift-protobuf.SwiftProtobuf --output /Users/admin/builder/spi-builder-workspace/.derivedData/Build/Products/Debug-watchos/SwiftProtobuf.appintents --target-triple arm64-apple-watchos9.0 --target-triple arm64_32-apple-watchos9.0 --binary-file /Users/admin/builder/spi-builder-workspace/.derivedData/Build/Products/Debug-watchos/SwiftProtobuf.o --dependency-file /Users/admin/builder/spi-builder-workspace/.derivedData/Build/Intermediates.noindex/SwiftProtobuf.build/Debug-watchos/SwiftProtobuf-t.build/Objects-normal/arm64/SwiftProtobuf_dependency_info.dat --dependency-file /Users/admin/builder/spi-builder-workspace/.derivedData/Build/Intermediates.noindex/SwiftProtobuf.build/Debug-watchos/SwiftProtobuf-t.build/Objects-normal/arm64_32/SwiftProtobuf_dependency_info.dat --stringsdata-file /Users/admin/builder/spi-builder-workspace/.derivedData/Build/Intermediates.noindex/SwiftProtobuf.build/Debug-watchos/SwiftProtobuf-t.build/Objects-normal/arm64/ExtractedAppShortcutsMetadata.stringsdata --stringsdata-file /Users/admin/builder/spi-builder-workspace/.derivedData/Build/Intermediates.noindex/SwiftProtobuf.build/Debug-watchos/SwiftProtobuf-t.build/Objects-normal/arm64_32/ExtractedAppShortcutsMetadata.stringsdata --source-file-list /Users/admin/builder/spi-builder-workspace/.derivedData/Build/Intermediates.noindex/SwiftProtobuf.build/Debug-watchos/SwiftProtobuf-t.build/Objects-normal/arm64/SwiftProtobuf.SwiftFileList --source-file-list /Users/admin/builder/spi-builder-workspace/.derivedData/Build/Intermediates.noindex/SwiftProtobuf.build/Debug-watchos/SwiftProtobuf-t.build/Objects-normal/arm64_32/SwiftProtobuf.SwiftFileList --metadata-file-list /Users/admin/builder/spi-builder-workspace/.derivedData/Build/Intermediates.noindex/SwiftProtobuf.build/Debug-watchos/SwiftProtobuf-t.build/SwiftProtobuf.DependencyMetadataFileList --static-metadata-file-list /Users/admin/builder/spi-builder-workspace/.derivedData/Build/Intermediates.noindex/SwiftProtobuf.build/Debug-watchos/SwiftProtobuf-t.build/SwiftProtobuf.DependencyStaticMetadataFileList --swift-const-vals-list /Users/admin/builder/spi-builder-workspace/.derivedData/Build/Intermediates.noindex/SwiftProtobuf.build/Debug-watchos/SwiftProtobuf-t.build/Objects-normal/arm64/SwiftProtobuf.SwiftConstValuesFileList --swift-const-vals-list /Users/admin/builder/spi-builder-workspace/.derivedData/Build/Intermediates.noindex/SwiftProtobuf.build/Debug-watchos/SwiftProtobuf-t.build/Objects-normal/arm64_32/SwiftProtobuf.SwiftConstValuesFileList --force --compile-time-extraction --deployment-aware-processing --no-app-shortcuts-localization
2026-09-21 11:29:52.410 appintentsmetadataprocessor[997:5975] Starting appintentsmetadataprocessor export
2026-09-21 11:29:52.492 appintentsmetadataprocessor[997:5975] Extracted no relevant App Intents symbols, skipping writing output
SwiftDriverJobDiscovery normal arm64_32 Compiling VisionFeaturePrint.pb.swift, WordEmbedding.pb.swift, WordTagger.pb.swift (in target 'CoreMLProto' from project 'CoreMLBuilder')
SwiftDriverJobDiscovery normal arm64_32 Compiling ItemSimilarityRecommender.pb.swift, LinkedModel.pb.swift, MIL.pb.swift (in target 'CoreMLProto' from project 'CoreMLBuilder')
SwiftDriverJobDiscovery normal arm64_32 Compiling FeatureTypes.pb.swift, FeatureVectorizer.pb.swift, GLMClassifier.pb.swift, GLMRegressor.pb.swift (in target 'CoreMLProto' from project 'CoreMLBuilder')
SwiftDriverJobDiscovery normal arm64_32 Compiling ClassConfidenceThresholding.pb.swift, CustomModel.pb.swift, DataStructures.pb.swift, DictVectorizer.pb.swift (in target 'CoreMLProto' from project 'CoreMLBuilder')
SwiftDriverJobDiscovery normal arm64_32 Compiling Parameters.pb.swift, SVM.pb.swift, Scaler.pb.swift (in target 'CoreMLProto' from project 'CoreMLBuilder')
SwiftDriverJobDiscovery normal arm64 Emitting module for CoreMLProto (in target 'CoreMLProto' from project 'CoreMLBuilder')
SwiftDriver\ Compilation\ Requirements CoreMLProto normal arm64 com.apple.xcode.tools.swift.compiler (in target 'CoreMLProto' from project 'CoreMLBuilder')
cd /Users/admin/builder/spi-builder-workspace/.swiftpm/xcode
builtin-Swift-Compilation-Requirements -- /Applications/Xcode-27.0.0-Release.Candidate.app/Contents/Developer/Toolchains/XcodeDefault.xctoolchain/usr/bin/swiftc -parse-as-library -module-name CoreMLProto -Onone @/Users/admin/builder/spi-builder-workspace/.derivedData/Build/Intermediates.noindex/CoreMLBuilder.build/Debug-watchos/CoreMLProto-t.build/Objects-normal/arm64/CoreMLProto.SwiftFileList -DSWIFT_PACKAGE -DDEBUG -DSWIFT_MODULE_RESOURCE_BUNDLE_UNAVAILABLE -DXcode -plugin-path /Applications/Xcode-27.0.0-Release.Candidate.app/Contents/Developer/Toolchains/XcodeDefault.xctoolchain/usr/lib/swift/host/plugins/testing -enable-experimental-feature DebugDescriptionMacro -sdk /Applications/Xcode-27.0.0-Release.Candidate.app/Contents/Developer/Platforms/WatchOS.platform/Developer/SDKs/WatchOS27.0.sdk -target arm64-apple-watchos9.0 -g -module-cache-path /Users/admin/builder/spi-builder-workspace/.derivedData/ModuleCache.noindex -Xfrontend -serialize-debugging-options -profile-coverage-mapping -profile-generate -enable-testing -index-store-path /Users/admin/builder/spi-builder-workspace/.derivedData/Index.noindex/DataStore -Xcc -D_LIBCPP_HARDENING_MODE\=_LIBCPP_HARDENING_MODE_DEBUG -swift-version 5 -I /Users/admin/builder/spi-builder-workspace/.derivedData/Build/Products/Debug-watchos -Isystem /Applications/Xcode-27.0.0-Release.Candidate.app/Contents/Developer/Platforms/WatchOS.platform/Developer/usr/lib -F /Users/admin/builder/spi-builder-workspace/.derivedData/Build/Products/Debug-watchos/PackageFrameworks -F /Users/admin/builder/spi-builder-workspace/.derivedData/Build/Products/Debug-watchos -F /Applications/Xcode-27.0.0-Release.Candidate.app/Contents/Developer/Platforms/WatchOS.platform/Developer/Library/Frameworks -F /Applications/Xcode-27.0.0-Release.Candidate.app/Contents/Developer/Platforms/WatchOS.platform/Developer/SDKs/WatchOS27.0.sdk/Developer/Library/Frameworks -c -j10 -enable-batch-mode -incremental -Xcc -ivfsstatcache -Xcc /Users/admin/builder/spi-builder-workspace/.derivedData/SDKStatCaches.noindex/watchos27.0-24R360-e829b21a6f8c9b70876ba0858053c04477534ef55a1706bf4c1112bbb242f0a2.sdkstatcache -output-file-map /Users/admin/builder/spi-builder-workspace/.derivedData/Build/Intermediates.noindex/CoreMLBuilder.build/Debug-watchos/CoreMLProto-t.build/Objects-normal/arm64/CoreMLProto-OutputFileMap.json -save-temps -no-color-diagnostics -explicit-module-build -module-cache-path /Users/admin/builder/spi-builder-workspace/.derivedData/Build/Intermediates.noindex/SwiftExplicitPrecompiledModules -clang-scanner-module-cache-path /Users/admin/builder/spi-builder-workspace/.derivedData/ModuleCache.noindex -sdk-module-cache-path /Users/admin/builder/spi-builder-workspace/.derivedData/SDKExplicitPrecompiledModules -emit-dependencies -emit-module -emit-module-path /Users/admin/builder/spi-builder-workspace/.derivedData/Build/Intermediates.noindex/CoreMLBuilder.build/Debug-watchos/CoreMLProto-t.build/Objects-normal/arm64/CoreMLProto.swiftmodule -serialize-diagnostics -dependency-scan-serialize-diagnostics-path /Users/admin/builder/spi-builder-workspace/.derivedData/Build/Intermediates.noindex/CoreMLBuilder.build/Debug-watchos/CoreMLProto-t.build/Objects-normal/arm64/CoreMLProto-dependency-scan.dia -validate-clang-modules-once -clang-build-session-file /Users/admin/builder/spi-builder-workspace/.derivedData/ModuleCache.noindex/Session.modulevalidation -Xcc -fmodules-prune-interval\=86400 -Xcc -fmodules-prune-after\=345600 -package-name spi_builder_workspace -emit-const-values -const-gather-protocols-list /Users/admin/builder/spi-builder-workspace/.derivedData/Build/Intermediates.noindex/CoreMLBuilder.build/Debug-watchos/CoreMLProto-t.build/Objects-normal/arm64/CoreMLProto_const_extract_protocols.json -Xcc -I/Users/admin/builder/spi-builder-workspace/.derivedData/Build/Products/Debug-watchos/include -Xcc -I/Users/admin/builder/spi-builder-workspace/.derivedData/Build/Intermediates.noindex/CoreMLBuilder.build/Debug-watchos/CoreMLProto-t.build/DerivedSources-normal/arm64 -Xcc -I/Users/admin/builder/spi-builder-workspace/.derivedData/Build/Intermediates.noindex/CoreMLBuilder.build/Debug-watchos/CoreMLProto-t.build/DerivedSources/arm64 -Xcc -I/Users/admin/builder/spi-builder-workspace/.derivedData/Build/Intermediates.noindex/CoreMLBuilder.build/Debug-watchos/CoreMLProto-t.build/DerivedSources -Xcc -DSWIFT_PACKAGE -Xcc -DDEBUG\=1 -emit-objc-header -emit-objc-header-path /Users/admin/builder/spi-builder-workspace/.derivedData/Build/Intermediates.noindex/CoreMLBuilder.build/Debug-watchos/CoreMLProto-t.build/Objects-normal/arm64/CoreMLProto-Swift.h -working-directory /Users/admin/builder/spi-builder-workspace/.swiftpm/xcode -experimental-emit-module-separately -disable-cmo
Copy /Users/admin/builder/spi-builder-workspace/.derivedData/Build/Products/Debug-watchos/CoreMLProto.swiftmodule/arm64-apple-watchos.swiftmodule /Users/admin/builder/spi-builder-workspace/.derivedData/Build/Intermediates.noindex/CoreMLBuilder.build/Debug-watchos/CoreMLProto-t.build/Objects-normal/arm64/CoreMLProto.swiftmodule (in target 'CoreMLProto' from project 'CoreMLBuilder')
cd /Users/admin/builder/spi-builder-workspace
builtin-copy -exclude .DS_Store -exclude CVS -exclude .svn -exclude .git -exclude .hg -resolve-src-symlinks -rename /Users/admin/builder/spi-builder-workspace/.derivedData/Build/Intermediates.noindex/CoreMLBuilder.build/Debug-watchos/CoreMLProto-t.build/Objects-normal/arm64/CoreMLProto.swiftmodule /Users/admin/builder/spi-builder-workspace/.derivedData/Build/Products/Debug-watchos/CoreMLProto.swiftmodule/arm64-apple-watchos.swiftmodule
Copy /Users/admin/builder/spi-builder-workspace/.derivedData/Build/Products/Debug-watchos/CoreMLProto.swiftmodule/arm64-apple-watchos.abi.json /Users/admin/builder/spi-builder-workspace/.derivedData/Build/Intermediates.noindex/CoreMLBuilder.build/Debug-watchos/CoreMLProto-t.build/Objects-normal/arm64/CoreMLProto.abi.json (in target 'CoreMLProto' from project 'CoreMLBuilder')
cd /Users/admin/builder/spi-builder-workspace
builtin-copy -exclude .DS_Store -exclude CVS -exclude .svn -exclude .git -exclude .hg -resolve-src-symlinks -rename /Users/admin/builder/spi-builder-workspace/.derivedData/Build/Intermediates.noindex/CoreMLBuilder.build/Debug-watchos/CoreMLProto-t.build/Objects-normal/arm64/CoreMLProto.abi.json /Users/admin/builder/spi-builder-workspace/.derivedData/Build/Products/Debug-watchos/CoreMLProto.swiftmodule/arm64-apple-watchos.abi.json
Copy /Users/admin/builder/spi-builder-workspace/.derivedData/Build/Products/Debug-watchos/CoreMLProto.swiftmodule/arm64-apple-watchos.swiftdoc /Users/admin/builder/spi-builder-workspace/.derivedData/Build/Intermediates.noindex/CoreMLBuilder.build/Debug-watchos/CoreMLProto-t.build/Objects-normal/arm64/CoreMLProto.swiftdoc (in target 'CoreMLProto' from project 'CoreMLBuilder')
cd /Users/admin/builder/spi-builder-workspace
builtin-copy -exclude .DS_Store -exclude CVS -exclude .svn -exclude .git -exclude .hg -resolve-src-symlinks -rename /Users/admin/builder/spi-builder-workspace/.derivedData/Build/Intermediates.noindex/CoreMLBuilder.build/Debug-watchos/CoreMLProto-t.build/Objects-normal/arm64/CoreMLProto.swiftdoc /Users/admin/builder/spi-builder-workspace/.derivedData/Build/Products/Debug-watchos/CoreMLProto.swiftmodule/arm64-apple-watchos.swiftdoc
Copy /Users/admin/builder/spi-builder-workspace/.derivedData/Build/Products/Debug-watchos/CoreMLProto.swiftmodule/Project/arm64-apple-watchos.swiftsourceinfo /Users/admin/builder/spi-builder-workspace/.derivedData/Build/Intermediates.noindex/CoreMLBuilder.build/Debug-watchos/CoreMLProto-t.build/Objects-normal/arm64/CoreMLProto.swiftsourceinfo (in target 'CoreMLProto' from project 'CoreMLBuilder')
cd /Users/admin/builder/spi-builder-workspace
builtin-copy -exclude .DS_Store -exclude CVS -exclude .svn -exclude .git -exclude .hg -resolve-src-symlinks -rename /Users/admin/builder/spi-builder-workspace/.derivedData/Build/Intermediates.noindex/CoreMLBuilder.build/Debug-watchos/CoreMLProto-t.build/Objects-normal/arm64/CoreMLProto.swiftsourceinfo /Users/admin/builder/spi-builder-workspace/.derivedData/Build/Products/Debug-watchos/CoreMLProto.swiftmodule/Project/arm64-apple-watchos.swiftsourceinfo
SwiftDriverJobDiscovery normal arm64_32 Emitting module for CoreMLProto (in target 'CoreMLProto' from project 'CoreMLBuilder')
SwiftDriver\ Compilation\ Requirements CoreMLProto normal arm64_32 com.apple.xcode.tools.swift.compiler (in target 'CoreMLProto' from project 'CoreMLBuilder')
cd /Users/admin/builder/spi-builder-workspace/.swiftpm/xcode
builtin-Swift-Compilation-Requirements -- /Applications/Xcode-27.0.0-Release.Candidate.app/Contents/Developer/Toolchains/XcodeDefault.xctoolchain/usr/bin/swiftc -parse-as-library -module-name CoreMLProto -Onone @/Users/admin/builder/spi-builder-workspace/.derivedData/Build/Intermediates.noindex/CoreMLBuilder.build/Debug-watchos/CoreMLProto-t.build/Objects-normal/arm64_32/CoreMLProto.SwiftFileList -DSWIFT_PACKAGE -DDEBUG -DSWIFT_MODULE_RESOURCE_BUNDLE_UNAVAILABLE -DXcode -plugin-path /Applications/Xcode-27.0.0-Release.Candidate.app/Contents/Developer/Toolchains/XcodeDefault.xctoolchain/usr/lib/swift/host/plugins/testing -enable-experimental-feature DebugDescriptionMacro -sdk /Applications/Xcode-27.0.0-Release.Candidate.app/Contents/Developer/Platforms/WatchOS.platform/Developer/SDKs/WatchOS27.0.sdk -target arm64_32-apple-watchos9.0 -g -module-cache-path /Users/admin/builder/spi-builder-workspace/.derivedData/ModuleCache.noindex -Xfrontend -serialize-debugging-options -profile-coverage-mapping -profile-generate -enable-testing -index-store-path /Users/admin/builder/spi-builder-workspace/.derivedData/Index.noindex/DataStore -Xcc -D_LIBCPP_HARDENING_MODE\=_LIBCPP_HARDENING_MODE_DEBUG -swift-version 5 -I /Users/admin/builder/spi-builder-workspace/.derivedData/Build/Products/Debug-watchos -Isystem /Applications/Xcode-27.0.0-Release.Candidate.app/Contents/Developer/Platforms/WatchOS.platform/Developer/usr/lib -F /Users/admin/builder/spi-builder-workspace/.derivedData/Build/Products/Debug-watchos/PackageFrameworks -F /Users/admin/builder/spi-builder-workspace/.derivedData/Build/Products/Debug-watchos -F /Applications/Xcode-27.0.0-Release.Candidate.app/Contents/Developer/Platforms/WatchOS.platform/Developer/Library/Frameworks -F /Applications/Xcode-27.0.0-Release.Candidate.app/Contents/Developer/Platforms/WatchOS.platform/Developer/SDKs/WatchOS27.0.sdk/Developer/Library/Frameworks -c -j10 -enable-batch-mode -incremental -Xcc -ivfsstatcache -Xcc /Users/admin/builder/spi-builder-workspace/.derivedData/SDKStatCaches.noindex/watchos27.0-24R360-e829b21a6f8c9b70876ba0858053c04477534ef55a1706bf4c1112bbb242f0a2.sdkstatcache -output-file-map /Users/admin/builder/spi-builder-workspace/.derivedData/Build/Intermediates.noindex/CoreMLBuilder.build/Debug-watchos/CoreMLProto-t.build/Objects-normal/arm64_32/CoreMLProto-OutputFileMap.json -save-temps -no-color-diagnostics -explicit-module-build -module-cache-path /Users/admin/builder/spi-builder-workspace/.derivedData/Build/Intermediates.noindex/SwiftExplicitPrecompiledModules -clang-scanner-module-cache-path /Users/admin/builder/spi-builder-workspace/.derivedData/ModuleCache.noindex -sdk-module-cache-path /Users/admin/builder/spi-builder-workspace/.derivedData/SDKExplicitPrecompiledModules -emit-dependencies -emit-module -emit-module-path /Users/admin/builder/spi-builder-workspace/.derivedData/Build/Intermediates.noindex/CoreMLBuilder.build/Debug-watchos/CoreMLProto-t.build/Objects-normal/arm64_32/CoreMLProto.swiftmodule -serialize-diagnostics -dependency-scan-serialize-diagnostics-path /Users/admin/builder/spi-builder-workspace/.derivedData/Build/Intermediates.noindex/CoreMLBuilder.build/Debug-watchos/CoreMLProto-t.build/Objects-normal/arm64_32/CoreMLProto-dependency-scan.dia -validate-clang-modules-once -clang-build-session-file /Users/admin/builder/spi-builder-workspace/.derivedData/ModuleCache.noindex/Session.modulevalidation -Xcc -fmodules-prune-interval\=86400 -Xcc -fmodules-prune-after\=345600 -package-name spi_builder_workspace -emit-const-values -const-gather-protocols-list /Users/admin/builder/spi-builder-workspace/.derivedData/Build/Intermediates.noindex/CoreMLBuilder.build/Debug-watchos/CoreMLProto-t.build/Objects-normal/arm64_32/CoreMLProto_const_extract_protocols.json -Xcc -I/Users/admin/builder/spi-builder-workspace/.derivedData/Build/Products/Debug-watchos/include -Xcc -I/Users/admin/builder/spi-builder-workspace/.derivedData/Build/Intermediates.noindex/CoreMLBuilder.build/Debug-watchos/CoreMLProto-t.build/DerivedSources-normal/arm64_32 -Xcc -I/Users/admin/builder/spi-builder-workspace/.derivedData/Build/Intermediates.noindex/CoreMLBuilder.build/Debug-watchos/CoreMLProto-t.build/DerivedSources/arm64_32 -Xcc -I/Users/admin/builder/spi-builder-workspace/.derivedData/Build/Intermediates.noindex/CoreMLBuilder.build/Debug-watchos/CoreMLProto-t.build/DerivedSources -Xcc -DSWIFT_PACKAGE -Xcc -DDEBUG\=1 -emit-objc-header -emit-objc-header-path /Users/admin/builder/spi-builder-workspace/.derivedData/Build/Intermediates.noindex/CoreMLBuilder.build/Debug-watchos/CoreMLProto-t.build/Objects-normal/arm64_32/CoreMLProto-Swift.h -working-directory /Users/admin/builder/spi-builder-workspace/.swiftpm/xcode -experimental-emit-module-separately -disable-cmo
SwiftMergeGeneratedHeaders /Users/admin/builder/spi-builder-workspace/.derivedData/Build/Intermediates.noindex/GeneratedModuleMaps-watchos/CoreMLProto-Swift.h /Users/admin/builder/spi-builder-workspace/.derivedData/Build/Intermediates.noindex/CoreMLBuilder.build/Debug-watchos/CoreMLProto-t.build/Objects-normal/arm64/CoreMLProto-Swift.h /Users/admin/builder/spi-builder-workspace/.derivedData/Build/Intermediates.noindex/CoreMLBuilder.build/Debug-watchos/CoreMLProto-t.build/Objects-normal/arm64_32/CoreMLProto-Swift.h (in target 'CoreMLProto' from project 'CoreMLBuilder')
cd /Users/admin/builder/spi-builder-workspace
builtin-swiftHeaderTool -arch arm64 /Users/admin/builder/spi-builder-workspace/.derivedData/Build/Intermediates.noindex/CoreMLBuilder.build/Debug-watchos/CoreMLProto-t.build/Objects-normal/arm64/CoreMLProto-Swift.h -arch arm64_32 /Users/admin/builder/spi-builder-workspace/.derivedData/Build/Intermediates.noindex/CoreMLBuilder.build/Debug-watchos/CoreMLProto-t.build/Objects-normal/arm64_32/CoreMLProto-Swift.h -o /Users/admin/builder/spi-builder-workspace/.derivedData/Build/Intermediates.noindex/GeneratedModuleMaps-watchos/CoreMLProto-Swift.h
Copy /Users/admin/builder/spi-builder-workspace/.derivedData/Build/Products/Debug-watchos/CoreMLProto.swiftmodule/arm64_32-apple-watchos.swiftdoc /Users/admin/builder/spi-builder-workspace/.derivedData/Build/Intermediates.noindex/CoreMLBuilder.build/Debug-watchos/CoreMLProto-t.build/Objects-normal/arm64_32/CoreMLProto.swiftdoc (in target 'CoreMLProto' from project 'CoreMLBuilder')
cd /Users/admin/builder/spi-builder-workspace
builtin-copy -exclude .DS_Store -exclude CVS -exclude .svn -exclude .git -exclude .hg -resolve-src-symlinks -rename /Users/admin/builder/spi-builder-workspace/.derivedData/Build/Intermediates.noindex/CoreMLBuilder.build/Debug-watchos/CoreMLProto-t.build/Objects-normal/arm64_32/CoreMLProto.swiftdoc /Users/admin/builder/spi-builder-workspace/.derivedData/Build/Products/Debug-watchos/CoreMLProto.swiftmodule/arm64_32-apple-watchos.swiftdoc
Copy /Users/admin/builder/spi-builder-workspace/.derivedData/Build/Products/Debug-watchos/CoreMLProto.swiftmodule/arm64_32-apple-watchos.swiftmodule /Users/admin/builder/spi-builder-workspace/.derivedData/Build/Intermediates.noindex/CoreMLBuilder.build/Debug-watchos/CoreMLProto-t.build/Objects-normal/arm64_32/CoreMLProto.swiftmodule (in target 'CoreMLProto' from project 'CoreMLBuilder')
cd /Users/admin/builder/spi-builder-workspace
builtin-copy -exclude .DS_Store -exclude CVS -exclude .svn -exclude .git -exclude .hg -resolve-src-symlinks -rename /Users/admin/builder/spi-builder-workspace/.derivedData/Build/Intermediates.noindex/CoreMLBuilder.build/Debug-watchos/CoreMLProto-t.build/Objects-normal/arm64_32/CoreMLProto.swiftmodule /Users/admin/builder/spi-builder-workspace/.derivedData/Build/Products/Debug-watchos/CoreMLProto.swiftmodule/arm64_32-apple-watchos.swiftmodule
Copy /Users/admin/builder/spi-builder-workspace/.derivedData/Build/Products/Debug-watchos/CoreMLProto.swiftmodule/Project/arm64_32-apple-watchos.swiftsourceinfo /Users/admin/builder/spi-builder-workspace/.derivedData/Build/Intermediates.noindex/CoreMLBuilder.build/Debug-watchos/CoreMLProto-t.build/Objects-normal/arm64_32/CoreMLProto.swiftsourceinfo (in target 'CoreMLProto' from project 'CoreMLBuilder')
cd /Users/admin/builder/spi-builder-workspace
builtin-copy -exclude .DS_Store -exclude CVS -exclude .svn -exclude .git -exclude .hg -resolve-src-symlinks -rename /Users/admin/builder/spi-builder-workspace/.derivedData/Build/Intermediates.noindex/CoreMLBuilder.build/Debug-watchos/CoreMLProto-t.build/Objects-normal/arm64_32/CoreMLProto.swiftsourceinfo /Users/admin/builder/spi-builder-workspace/.derivedData/Build/Products/Debug-watchos/CoreMLProto.swiftmodule/Project/arm64_32-apple-watchos.swiftsourceinfo
Copy /Users/admin/builder/spi-builder-workspace/.derivedData/Build/Products/Debug-watchos/CoreMLProto.swiftmodule/arm64_32-apple-watchos.abi.json /Users/admin/builder/spi-builder-workspace/.derivedData/Build/Intermediates.noindex/CoreMLBuilder.build/Debug-watchos/CoreMLProto-t.build/Objects-normal/arm64_32/CoreMLProto.abi.json (in target 'CoreMLProto' from project 'CoreMLBuilder')
cd /Users/admin/builder/spi-builder-workspace
builtin-copy -exclude .DS_Store -exclude CVS -exclude .svn -exclude .git -exclude .hg -resolve-src-symlinks -rename /Users/admin/builder/spi-builder-workspace/.derivedData/Build/Intermediates.noindex/CoreMLBuilder.build/Debug-watchos/CoreMLProto-t.build/Objects-normal/arm64_32/CoreMLProto.abi.json /Users/admin/builder/spi-builder-workspace/.derivedData/Build/Products/Debug-watchos/CoreMLProto.swiftmodule/arm64_32-apple-watchos.abi.json
SwiftDriver CoreMLBuilder normal arm64 com.apple.xcode.tools.swift.compiler (in target 'CoreMLBuilder' from project 'CoreMLBuilder')
cd /Users/admin/builder/spi-builder-workspace/.swiftpm/xcode
builtin-SwiftDriver -- /Applications/Xcode-27.0.0-Release.Candidate.app/Contents/Developer/Toolchains/XcodeDefault.xctoolchain/usr/bin/swiftc -parse-as-library -module-name CoreMLBuilder -Onone @/Users/admin/builder/spi-builder-workspace/.derivedData/Build/Intermediates.noindex/CoreMLBuilder.build/Debug-watchos/CoreMLBuilder-t.build/Objects-normal/arm64/CoreMLBuilder.SwiftFileList -DSWIFT_PACKAGE -DDEBUG -DSWIFT_MODULE_RESOURCE_BUNDLE_UNAVAILABLE -DXcode -plugin-path /Applications/Xcode-27.0.0-Release.Candidate.app/Contents/Developer/Toolchains/XcodeDefault.xctoolchain/usr/lib/swift/host/plugins/testing -enable-experimental-feature DebugDescriptionMacro -sdk /Applications/Xcode-27.0.0-Release.Candidate.app/Contents/Developer/Platforms/WatchOS.platform/Developer/SDKs/WatchOS27.0.sdk -target arm64-apple-watchos9.0 -g -module-cache-path /Users/admin/builder/spi-builder-workspace/.derivedData/ModuleCache.noindex -Xfrontend -serialize-debugging-options -profile-coverage-mapping -profile-generate -enable-testing -index-store-path /Users/admin/builder/spi-builder-workspace/.derivedData/Index.noindex/DataStore -Xcc -D_LIBCPP_HARDENING_MODE\=_LIBCPP_HARDENING_MODE_DEBUG -swift-version 5 -I /Users/admin/builder/spi-builder-workspace/.derivedData/Build/Products/Debug-watchos -Isystem /Applications/Xcode-27.0.0-Release.Candidate.app/Contents/Developer/Platforms/WatchOS.platform/Developer/usr/lib -F /Users/admin/builder/spi-builder-workspace/.derivedData/Build/Products/Debug-watchos/PackageFrameworks -F /Users/admin/builder/spi-builder-workspace/.derivedData/Build/Products/Debug-watchos -F /Applications/Xcode-27.0.0-Release.Candidate.app/Contents/Developer/Platforms/WatchOS.platform/Developer/Library/Frameworks -F /Applications/Xcode-27.0.0-Release.Candidate.app/Contents/Developer/Platforms/WatchOS.platform/Developer/SDKs/WatchOS27.0.sdk/Developer/Library/Frameworks -c -j10 -enable-batch-mode -incremental -Xcc -ivfsstatcache -Xcc /Users/admin/builder/spi-builder-workspace/.derivedData/SDKStatCaches.noindex/watchos27.0-24R360-e829b21a6f8c9b70876ba0858053c04477534ef55a1706bf4c1112bbb242f0a2.sdkstatcache -output-file-map /Users/admin/builder/spi-builder-workspace/.derivedData/Build/Intermediates.noindex/CoreMLBuilder.build/Debug-watchos/CoreMLBuilder-t.build/Objects-normal/arm64/CoreMLBuilder-OutputFileMap.json -save-temps -no-color-diagnostics -explicit-module-build -module-cache-path /Users/admin/builder/spi-builder-workspace/.derivedData/Build/Intermediates.noindex/SwiftExplicitPrecompiledModules -clang-scanner-module-cache-path /Users/admin/builder/spi-builder-workspace/.derivedData/ModuleCache.noindex -sdk-module-cache-path /Users/admin/builder/spi-builder-workspace/.derivedData/SDKExplicitPrecompiledModules -emit-dependencies -emit-module -emit-module-path /Users/admin/builder/spi-builder-workspace/.derivedData/Build/Intermediates.noindex/CoreMLBuilder.build/Debug-watchos/CoreMLBuilder-t.build/Objects-normal/arm64/CoreMLBuilder.swiftmodule -serialize-diagnostics -dependency-scan-serialize-diagnostics-path /Users/admin/builder/spi-builder-workspace/.derivedData/Build/Intermediates.noindex/CoreMLBuilder.build/Debug-watchos/CoreMLBuilder-t.build/Objects-normal/arm64/CoreMLBuilder-dependency-scan.dia -validate-clang-modules-once -clang-build-session-file /Users/admin/builder/spi-builder-workspace/.derivedData/ModuleCache.noindex/Session.modulevalidation -Xcc -fmodules-prune-interval\=86400 -Xcc -fmodules-prune-after\=345600 -package-name spi_builder_workspace -emit-const-values -const-gather-protocols-list /Users/admin/builder/spi-builder-workspace/.derivedData/Build/Intermediates.noindex/CoreMLBuilder.build/Debug-watchos/CoreMLBuilder-t.build/Objects-normal/arm64/CoreMLBuilder_const_extract_protocols.json -Xcc -I/Users/admin/builder/spi-builder-workspace/.derivedData/Build/Products/Debug-watchos/include -Xcc -I/Users/admin/builder/spi-builder-workspace/.derivedData/Build/Intermediates.noindex/CoreMLBuilder.build/Debug-watchos/CoreMLBuilder-t.build/DerivedSources-normal/arm64 -Xcc -I/Users/admin/builder/spi-builder-workspace/.derivedData/Build/Intermediates.noindex/CoreMLBuilder.build/Debug-watchos/CoreMLBuilder-t.build/DerivedSources/arm64 -Xcc -I/Users/admin/builder/spi-builder-workspace/.derivedData/Build/Intermediates.noindex/CoreMLBuilder.build/Debug-watchos/CoreMLBuilder-t.build/DerivedSources -Xcc -DSWIFT_PACKAGE -Xcc -DDEBUG\=1 -emit-objc-header -emit-objc-header-path /Users/admin/builder/spi-builder-workspace/.derivedData/Build/Intermediates.noindex/CoreMLBuilder.build/Debug-watchos/CoreMLBuilder-t.build/Objects-normal/arm64/CoreMLBuilder-Swift.h -working-directory /Users/admin/builder/spi-builder-workspace/.swiftpm/xcode -experimental-emit-module-separately -disable-cmo
SwiftDriver CoreMLBuilder normal arm64_32 com.apple.xcode.tools.swift.compiler (in target 'CoreMLBuilder' from project 'CoreMLBuilder')
cd /Users/admin/builder/spi-builder-workspace/.swiftpm/xcode
builtin-SwiftDriver -- /Applications/Xcode-27.0.0-Release.Candidate.app/Contents/Developer/Toolchains/XcodeDefault.xctoolchain/usr/bin/swiftc -parse-as-library -module-name CoreMLBuilder -Onone @/Users/admin/builder/spi-builder-workspace/.derivedData/Build/Intermediates.noindex/CoreMLBuilder.build/Debug-watchos/CoreMLBuilder-t.build/Objects-normal/arm64_32/CoreMLBuilder.SwiftFileList -DSWIFT_PACKAGE -DDEBUG -DSWIFT_MODULE_RESOURCE_BUNDLE_UNAVAILABLE -DXcode -plugin-path /Applications/Xcode-27.0.0-Release.Candidate.app/Contents/Developer/Toolchains/XcodeDefault.xctoolchain/usr/lib/swift/host/plugins/testing -enable-experimental-feature DebugDescriptionMacro -sdk /Applications/Xcode-27.0.0-Release.Candidate.app/Contents/Developer/Platforms/WatchOS.platform/Developer/SDKs/WatchOS27.0.sdk -target arm64_32-apple-watchos9.0 -g -module-cache-path /Users/admin/builder/spi-builder-workspace/.derivedData/ModuleCache.noindex -Xfrontend -serialize-debugging-options -profile-coverage-mapping -profile-generate -enable-testing -index-store-path /Users/admin/builder/spi-builder-workspace/.derivedData/Index.noindex/DataStore -Xcc -D_LIBCPP_HARDENING_MODE\=_LIBCPP_HARDENING_MODE_DEBUG -swift-version 5 -I /Users/admin/builder/spi-builder-workspace/.derivedData/Build/Products/Debug-watchos -Isystem /Applications/Xcode-27.0.0-Release.Candidate.app/Contents/Developer/Platforms/WatchOS.platform/Developer/usr/lib -F /Users/admin/builder/spi-builder-workspace/.derivedData/Build/Products/Debug-watchos/PackageFrameworks -F /Users/admin/builder/spi-builder-workspace/.derivedData/Build/Products/Debug-watchos -F /Applications/Xcode-27.0.0-Release.Candidate.app/Contents/Developer/Platforms/WatchOS.platform/Developer/Library/Frameworks -F /Applications/Xcode-27.0.0-Release.Candidate.app/Contents/Developer/Platforms/WatchOS.platform/Developer/SDKs/WatchOS27.0.sdk/Developer/Library/Frameworks -c -j10 -enable-batch-mode -incremental -Xcc -ivfsstatcache -Xcc /Users/admin/builder/spi-builder-workspace/.derivedData/SDKStatCaches.noindex/watchos27.0-24R360-e829b21a6f8c9b70876ba0858053c04477534ef55a1706bf4c1112bbb242f0a2.sdkstatcache -output-file-map /Users/admin/builder/spi-builder-workspace/.derivedData/Build/Intermediates.noindex/CoreMLBuilder.build/Debug-watchos/CoreMLBuilder-t.build/Objects-normal/arm64_32/CoreMLBuilder-OutputFileMap.json -save-temps -no-color-diagnostics -explicit-module-build -module-cache-path /Users/admin/builder/spi-builder-workspace/.derivedData/Build/Intermediates.noindex/SwiftExplicitPrecompiledModules -clang-scanner-module-cache-path /Users/admin/builder/spi-builder-workspace/.derivedData/ModuleCache.noindex -sdk-module-cache-path /Users/admin/builder/spi-builder-workspace/.derivedData/SDKExplicitPrecompiledModules -emit-dependencies -emit-module -emit-module-path /Users/admin/builder/spi-builder-workspace/.derivedData/Build/Intermediates.noindex/CoreMLBuilder.build/Debug-watchos/CoreMLBuilder-t.build/Objects-normal/arm64_32/CoreMLBuilder.swiftmodule -serialize-diagnostics -dependency-scan-serialize-diagnostics-path /Users/admin/builder/spi-builder-workspace/.derivedData/Build/Intermediates.noindex/CoreMLBuilder.build/Debug-watchos/CoreMLBuilder-t.build/Objects-normal/arm64_32/CoreMLBuilder-dependency-scan.dia -validate-clang-modules-once -clang-build-session-file /Users/admin/builder/spi-builder-workspace/.derivedData/ModuleCache.noindex/Session.modulevalidation -Xcc -fmodules-prune-interval\=86400 -Xcc -fmodules-prune-after\=345600 -package-name spi_builder_workspace -emit-const-values -const-gather-protocols-list /Users/admin/builder/spi-builder-workspace/.derivedData/Build/Intermediates.noindex/CoreMLBuilder.build/Debug-watchos/CoreMLBuilder-t.build/Objects-normal/arm64_32/CoreMLBuilder_const_extract_protocols.json -Xcc -I/Users/admin/builder/spi-builder-workspace/.derivedData/Build/Products/Debug-watchos/include -Xcc -I/Users/admin/builder/spi-builder-workspace/.derivedData/Build/Intermediates.noindex/CoreMLBuilder.build/Debug-watchos/CoreMLBuilder-t.build/DerivedSources-normal/arm64_32 -Xcc -I/Users/admin/builder/spi-builder-workspace/.derivedData/Build/Intermediates.noindex/CoreMLBuilder.build/Debug-watchos/CoreMLBuilder-t.build/DerivedSources/arm64_32 -Xcc -I/Users/admin/builder/spi-builder-workspace/.derivedData/Build/Intermediates.noindex/CoreMLBuilder.build/Debug-watchos/CoreMLBuilder-t.build/DerivedSources -Xcc -DSWIFT_PACKAGE -Xcc -DDEBUG\=1 -emit-objc-header -emit-objc-header-path /Users/admin/builder/spi-builder-workspace/.derivedData/Build/Intermediates.noindex/CoreMLBuilder.build/Debug-watchos/CoreMLBuilder-t.build/Objects-normal/arm64_32/CoreMLBuilder-Swift.h -working-directory /Users/admin/builder/spi-builder-workspace/.swiftpm/xcode -experimental-emit-module-separately -disable-cmo
SwiftExplicitDependencyGeneratePcm arm64 /Users/admin/builder/spi-builder-workspace/.derivedData/SDKExplicitPrecompiledModules/UniformTypeIdentifiers-8L08Q8DQJV8C4AW84YVGFGTRN.pcm
SwiftExplicitDependencyGeneratePcm arm64 /Users/admin/builder/spi-builder-workspace/.derivedData/SDKExplicitPrecompiledModules/CoreGraphics-DWNZ73GEH98SBJXZ7DEXB420K.pcm
SwiftExplicitDependencyGeneratePcm arm64_32 /Users/admin/builder/spi-builder-workspace/.derivedData/SDKExplicitPrecompiledModules/UniformTypeIdentifiers-CJZ3NTHPSBH4XWX5EVOG56UZS.pcm
SwiftExplicitDependencyGeneratePcm arm64_32 /Users/admin/builder/spi-builder-workspace/.derivedData/SDKExplicitPrecompiledModules/CoreGraphics-9FDXYX6BKBUT6TJ2VF819E7T5.pcm
SwiftExplicitDependencyGeneratePcm arm64 /Users/admin/builder/spi-builder-workspace/.derivedData/SDKExplicitPrecompiledModules/ImageIO-208F4GO13XRG67XXLAMH07N4X.pcm
SwiftExplicitDependencyGeneratePcm arm64 /Users/admin/builder/spi-builder-workspace/.derivedData/SDKExplicitPrecompiledModules/CoreVideo-8MRR5MNWUOAW2DBPGUQ8FKK4.pcm
SwiftExplicitDependencyGeneratePcm arm64_32 /Users/admin/builder/spi-builder-workspace/.derivedData/SDKExplicitPrecompiledModules/CoreVideo-2P8HI0403J99LBDPKNFJ5D4DL.pcm
SwiftExplicitDependencyGeneratePcm arm64_32 /Users/admin/builder/spi-builder-workspace/.derivedData/SDKExplicitPrecompiledModules/ImageIO-2Y4S05VUFWLNTRW92S35BUMG8.pcm
SwiftExplicitDependencyGeneratePcm arm64 /Users/admin/builder/spi-builder-workspace/.derivedData/SDKExplicitPrecompiledModules/CoreML-9IMR58NS6CRUNQL5H60RIBDD8.pcm
SwiftExplicitDependencyGeneratePcm arm64_32 /Users/admin/builder/spi-builder-workspace/.derivedData/SDKExplicitPrecompiledModules/CoreML-BTANJPQOKEJF4X1ID6TTJCWEW.pcm
SwiftEmitModule normal arm64 Emitting\ module\ for\ CoreMLBuilder (in target 'CoreMLBuilder' from project 'CoreMLBuilder')
SwiftCompile normal arm64 (in target 'CoreMLBuilder' from project 'CoreMLBuilder')
cd /Users/admin/builder/spi-builder-workspace/.swiftpm/xcode
SwiftCompile normal arm64 Compiling\ Data.swift /Users/admin/builder/spi-builder-workspace/Sources/CoreMLBuilder/Data.swift (in target 'CoreMLBuilder' from project 'CoreMLBuilder')
SwiftCompile normal arm64 /Users/admin/builder/spi-builder-workspace/Sources/CoreMLBuilder/Data.swift (in target 'CoreMLBuilder' from project 'CoreMLBuilder')
cd /Users/admin/builder/spi-builder-workspace/.swiftpm/xcode
builtin-SwiftPerFileCompile Data.swift
SwiftCompile normal arm64 Compiling\ Conv2D.swift /Users/admin/builder/spi-builder-workspace/Sources/CoreMLBuilder/Conv2D.swift (in target 'CoreMLBuilder' from project 'CoreMLBuilder')
/Users/admin/builder/spi-builder-workspace/Sources/CoreMLBuilder/Conv2D.swift:91:21: error: 'init(specification:)' is unavailable in watchOS
89 | let spec = self.spec(asNeuralNetwork: asNeuralNetwork)
90 | let data = try spec.serializedData()
91 | let asset = try MLModelAsset(specification: data)
| `- error: 'init(specification:)' is unavailable in watchOS
92 | let config = MLModelConfiguration()
93 | config.computeUnits = computeUnits
/Applications/Xcode-27.0.0-Release.Candidate.app/Contents/Developer/Platforms/WatchOS.platform/Developer/SDKs/WatchOS27.0.sdk/System/Library/Frameworks/CoreML.framework/Headers/MLModelAsset.h:47:1: note: 'init(specification:)' has been explicitly marked unavailable here
45 | /// - specificationData: Contents of .mlmodel as a data blob.
46 | /// - error: When the model asset creation fails error is populated with the reason for failure.
47 | + (nullable instancetype)modelAssetWithSpecificationData:(NSData *)specificationData
| `- note: 'init(specification:)' has been explicitly marked unavailable here
48 | error:(NSError * _Nullable __autoreleasing *)error API_AVAILABLE(macos(13.0), ios(16.0), tvos(16.0)) API_UNAVAILABLE(watchos) NS_SWIFT_NAME(init(specification:));
49 |
Failed frontend command:
/Applications/Xcode-27.0.0-Release.Candidate.app/Contents/Developer/Toolchains/XcodeDefault.xctoolchain/usr/bin/swift-frontend -frontend -c -primary-file /Users/admin/builder/spi-builder-workspace/Sources/CoreMLBuilder/Conv2D.swift /Users/admin/builder/spi-builder-workspace/Sources/CoreMLBuilder/Data.swift /Users/admin/builder/spi-builder-workspace/Sources/CoreMLBuilder/Linear.swift /Users/admin/builder/spi-builder-workspace/Sources/CoreMLBuilder/Matmul.swift /Users/admin/builder/spi-builder-workspace/Sources/CoreMLBuilder/ProtoHelpers.swift -emit-dependencies-path /Users/admin/builder/spi-builder-workspace/.derivedData/Build/Intermediates.noindex/CoreMLBuilder.build/Debug-watchos/CoreMLBuilder-t.build/Objects-normal/arm64/Conv2D.d -emit-const-values-path /Users/admin/builder/spi-builder-workspace/.derivedData/Build/Intermediates.noindex/CoreMLBuilder.build/Debug-watchos/CoreMLBuilder-t.build/Objects-normal/arm64/Conv2D.swiftconstvalues -emit-reference-dependencies-path /Users/admin/builder/spi-builder-workspace/.derivedData/Build/Intermediates.noindex/CoreMLBuilder.build/Debug-watchos/CoreMLBuilder-t.build/Objects-normal/arm64/Conv2D.swiftdeps -serialize-diagnostics-path /Users/admin/builder/spi-builder-workspace/.derivedData/Build/Intermediates.noindex/CoreMLBuilder.build/Debug-watchos/CoreMLBuilder-t.build/Objects-normal/arm64/Conv2D.dia -target arm64-apple-watchos9.0 -disable-cross-import-overlay-search -load-resolved-plugin /Applications/Xcode-27.0.0-Release.Candidate.app/Contents/Developer/Platforms/WatchOS.platform/Developer/usr/lib/swift/host/plugins/libFoundationMacros.dylib\#/Applications/Xcode-27.0.0-Release.Candidate.app/Contents/Developer/Platforms/WatchOS.platform/Developer/usr/bin/swift-plugin-server\#FoundationMacros -load-resolved-plugin /Applications/Xcode-27.0.0-Release.Candidate.app/Contents/Developer/Platforms/WatchOS.platform/Developer/usr/lib/swift/host/plugins/libObservationMacros.dylib\#/Applications/Xcode-27.0.0-Release.Candidate.app/Contents/Developer/Platforms/WatchOS.platform/Developer/usr/bin/swift-plugin-server\#ObservationMacros -load-resolved-plugin /Applications/Xcode-27.0.0-Release.Candidate.app/Contents/Developer/Platforms/WatchOS.platform/Developer/usr/lib/swift/host/plugins/libSwiftMacros.dylib\#/Applications/Xcode-27.0.0-Release.Candidate.app/Contents/Developer/Platforms/WatchOS.platform/Developer/usr/bin/swift-plugin-server\#SwiftMacros -disable-implicit-swift-modules -Xcc -fno-implicit-modules -Xcc -fno-implicit-module-maps -explicit-swift-module-map-file /Users/admin/builder/spi-builder-workspace/.derivedData/Build/Intermediates.noindex/CoreMLBuilder.build/Debug-watchos/CoreMLBuilder-t.build/Objects-normal/arm64/CoreMLBuilder-dependencies-1.json -Xllvm -aarch64-use-tbi -enable-objc-interop -stack-check -sdk /Applications/Xcode-27.0.0-Release.Candidate.app/Contents/Developer/Platforms/WatchOS.platform/Developer/SDKs/WatchOS27.0.sdk -I /Users/admin/builder/spi-builder-workspace/.derivedData/Build/Products/Debug-watchos -Isystem /Applications/Xcode-27.0.0-Release.Candidate.app/Contents/Developer/Platforms/WatchOS.platform/Developer/usr/lib -F /Users/admin/builder/spi-builder-workspace/.derivedData/Build/Products/Debug-watchos/PackageFrameworks -F /Users/admin/builder/spi-builder-workspace/.derivedData/Build/Products/Debug-watchos -F /Applications/Xcode-27.0.0-Release.Candidate.app/Contents/Developer/Platforms/WatchOS.platform/Developer/Library/Frameworks -F /Applications/Xcode-27.0.0-Release.Candidate.app/Contents/Developer/Platforms/WatchOS.platform/Developer/SDKs/WatchOS27.0.sdk/Developer/Library/Frameworks -module-cache-path /Users/admin/builder/spi-builder-workspace/.derivedData/Build/Intermediates.noindex/SwiftExplicitPrecompiledModules -no-color-diagnostics -Xcc -fno-color-diagnostics -enable-testing -g -debug-info-format\=dwarf -dwarf-version\=4 -profile-generate -profile-coverage-mapping -swift-version 5 -Onone -D SWIFT_PACKAGE -D DEBUG -D SWIFT_MODULE_RESOURCE_BUNDLE_UNAVAILABLE -D Xcode -serialize-debugging-options -enable-experimental-feature DebugDescriptionMacro -empty-abi-descriptor -validate-clang-modules-once -clang-build-session-file /Users/admin/builder/spi-builder-workspace/.derivedData/ModuleCache.noindex/Session.modulevalidation -Xcc -working-directory -Xcc /Users/admin/builder/spi-builder-workspace/.swiftpm/xcode -enable-anonymous-context-mangled-names -file-compilation-dir /Users/admin/builder/spi-builder-workspace/.swiftpm/xcode -Xcc -D_LIBCPP_HARDENING_MODE\=_LIBCPP_HARDENING_MODE_DEBUG -Xcc -ivfsstatcache -Xcc /Users/admin/builder/spi-builder-workspace/.derivedData/SDKStatCaches.noindex/watchos27.0-24R360-e829b21a6f8c9b70876ba0858053c04477534ef55a1706bf4c1112bbb242f0a2.sdkstatcache -Xcc -fmodules-prune-interval\=86400 -Xcc -fmodules-prune-after\=345600 -Xcc -I/Users/admin/builder/spi-builder-workspace/.derivedData/Build/Products/Debug-watchos/include -Xcc -I/Users/admin/builder/spi-builder-workspace/.derivedData/Build/Intermediates.noindex/CoreMLBuilder.build/Debug-watchos/CoreMLBuilder-t.build/DerivedSources-normal/arm64 -Xcc -I/Users/admin/builder/spi-builder-workspace/.derivedData/Build/Intermediates.noindex/CoreMLBuilder.build/Debug-watchos/CoreMLBuilder-t.build/DerivedSources/arm64 -Xcc -I/Users/admin/builder/spi-builder-workspace/.derivedData/Build/Intermediates.noindex/CoreMLBuilder.build/Debug-watchos/CoreMLBuilder-t.build/DerivedSources -Xcc -DSWIFT_PACKAGE -Xcc -DDEBUG\=1 -no-auto-bridging-header-chaining -module-name CoreMLBuilder -package-name spi_builder_workspace -const-gather-protocols-file /Users/admin/builder/spi-builder-workspace/.derivedData/Build/Intermediates.noindex/CoreMLBuilder.build/Debug-watchos/CoreMLBuilder-t.build/Objects-normal/arm64/CoreMLBuilder_const_extract_protocols.json -disable-clang-spi -clang-target arm64-apple-watchos27.0 -target-sdk-version 27.0 -target-sdk-name watchos27.0 -in-process-plugin-server-path /Applications/Xcode-27.0.0-Release.Candidate.app/Contents/Developer/Toolchains/XcodeDefault.xctoolchain/usr/lib/swift/host/libSwiftInProcPluginServer.dylib -parse-as-library -o /Users/admin/builder/spi-builder-workspace/.derivedData/Build/Intermediates.noindex/CoreMLBuilder.build/Debug-watchos/CoreMLBuilder-t.build/Objects-normal/arm64/Conv2D.o -debug-module-path /Users/admin/builder/spi-builder-workspace/.derivedData/Build/Intermediates.noindex/CoreMLBuilder.build/Debug-watchos/CoreMLBuilder-t.build/Objects-normal/arm64/CoreMLBuilder.swiftmodule -index-unit-output-path /CoreMLBuilder.build/Debug-watchos/CoreMLBuilder-t.build/Objects-normal/arm64/Conv2D.o -index-store-path /Users/admin/builder/spi-builder-workspace/.derivedData/Index.noindex/DataStore -index-system-modules
SwiftCompile normal arm64 /Users/admin/builder/spi-builder-workspace/Sources/CoreMLBuilder/Conv2D.swift (in target 'CoreMLBuilder' from project 'CoreMLBuilder')
cd /Users/admin/builder/spi-builder-workspace/.swiftpm/xcode
builtin-SwiftPerFileCompile Conv2D.swift
SwiftCompile normal arm64 Compiling\ Linear.swift /Users/admin/builder/spi-builder-workspace/Sources/CoreMLBuilder/Linear.swift (in target 'CoreMLBuilder' from project 'CoreMLBuilder')
/Users/admin/builder/spi-builder-workspace/Sources/CoreMLBuilder/Linear.swift:45:21: error: 'init(specification:)' is unavailable in watchOS
43 | let spec = self.spec()
44 | let data = try spec.serializedData()
45 | let asset = try MLModelAsset(specification: data)
| `- error: 'init(specification:)' is unavailable in watchOS
46 | return try await MLModel.load(asset: asset, configuration: MLModelConfiguration())
47 | }
/Applications/Xcode-27.0.0-Release.Candidate.app/Contents/Developer/Platforms/WatchOS.platform/Developer/SDKs/WatchOS27.0.sdk/System/Library/Frameworks/CoreML.framework/Headers/MLModelAsset.h:47:1: note: 'init(specification:)' has been explicitly marked unavailable here
45 | /// - specificationData: Contents of .mlmodel as a data blob.
46 | /// - error: When the model asset creation fails error is populated with the reason for failure.
47 | + (nullable instancetype)modelAssetWithSpecificationData:(NSData *)specificationData
| `- note: 'init(specification:)' has been explicitly marked unavailable here
48 | error:(NSError * _Nullable __autoreleasing *)error API_AVAILABLE(macos(13.0), ios(16.0), tvos(16.0)) API_UNAVAILABLE(watchos) NS_SWIFT_NAME(init(specification:));
49 |
Failed frontend command:
/Applications/Xcode-27.0.0-Release.Candidate.app/Contents/Developer/Toolchains/XcodeDefault.xctoolchain/usr/bin/swift-frontend -frontend -c /Users/admin/builder/spi-builder-workspace/Sources/CoreMLBuilder/Conv2D.swift /Users/admin/builder/spi-builder-workspace/Sources/CoreMLBuilder/Data.swift -primary-file /Users/admin/builder/spi-builder-workspace/Sources/CoreMLBuilder/Linear.swift /Users/admin/builder/spi-builder-workspace/Sources/CoreMLBuilder/Matmul.swift /Users/admin/builder/spi-builder-workspace/Sources/CoreMLBuilder/ProtoHelpers.swift -emit-dependencies-path /Users/admin/builder/spi-builder-workspace/.derivedData/Build/Intermediates.noindex/CoreMLBuilder.build/Debug-watchos/CoreMLBuilder-t.build/Objects-normal/arm64/Linear.d -emit-const-values-path /Users/admin/builder/spi-builder-workspace/.derivedData/Build/Intermediates.noindex/CoreMLBuilder.build/Debug-watchos/CoreMLBuilder-t.build/Objects-normal/arm64/Linear.swiftconstvalues -emit-reference-dependencies-path /Users/admin/builder/spi-builder-workspace/.derivedData/Build/Intermediates.noindex/CoreMLBuilder.build/Debug-watchos/CoreMLBuilder-t.build/Objects-normal/arm64/Linear.swiftdeps -serialize-diagnostics-path /Users/admin/builder/spi-builder-workspace/.derivedData/Build/Intermediates.noindex/CoreMLBuilder.build/Debug-watchos/CoreMLBuilder-t.build/Objects-normal/arm64/Linear.dia -target arm64-apple-watchos9.0 -disable-cross-import-overlay-search -load-resolved-plugin /Applications/Xcode-27.0.0-Release.Candidate.app/Contents/Developer/Platforms/WatchOS.platform/Developer/usr/lib/swift/host/plugins/libFoundationMacros.dylib\#/Applications/Xcode-27.0.0-Release.Candidate.app/Contents/Developer/Platforms/WatchOS.platform/Developer/usr/bin/swift-plugin-server\#FoundationMacros -load-resolved-plugin /Applications/Xcode-27.0.0-Release.Candidate.app/Contents/Developer/Platforms/WatchOS.platform/Developer/usr/lib/swift/host/plugins/libObservationMacros.dylib\#/Applications/Xcode-27.0.0-Release.Candidate.app/Contents/Developer/Platforms/WatchOS.platform/Developer/usr/bin/swift-plugin-server\#ObservationMacros -load-resolved-plugin /Applications/Xcode-27.0.0-Release.Candidate.app/Contents/Developer/Platforms/WatchOS.platform/Developer/usr/lib/swift/host/plugins/libSwiftMacros.dylib\#/Applications/Xcode-27.0.0-Release.Candidate.app/Contents/Developer/Platforms/WatchOS.platform/Developer/usr/bin/swift-plugin-server\#SwiftMacros -disable-implicit-swift-modules -Xcc -fno-implicit-modules -Xcc -fno-implicit-module-maps -explicit-swift-module-map-file /Users/admin/builder/spi-builder-workspace/.derivedData/Build/Intermediates.noindex/CoreMLBuilder.build/Debug-watchos/CoreMLBuilder-t.build/Objects-normal/arm64/CoreMLBuilder-dependencies-1.json -Xllvm -aarch64-use-tbi -enable-objc-interop -stack-check -sdk /Applications/Xcode-27.0.0-Release.Candidate.app/Contents/Developer/Platforms/WatchOS.platform/Developer/SDKs/WatchOS27.0.sdk -I /Users/admin/builder/spi-builder-workspace/.derivedData/Build/Products/Debug-watchos -Isystem /Applications/Xcode-27.0.0-Release.Candidate.app/Contents/Developer/Platforms/WatchOS.platform/Developer/usr/lib -F /Users/admin/builder/spi-builder-workspace/.derivedData/Build/Products/Debug-watchos/PackageFrameworks -F /Users/admin/builder/spi-builder-workspace/.derivedData/Build/Products/Debug-watchos -F /Applications/Xcode-27.0.0-Release.Candidate.app/Contents/Developer/Platforms/WatchOS.platform/Developer/Library/Frameworks -F /Applications/Xcode-27.0.0-Release.Candidate.app/Contents/Developer/Platforms/WatchOS.platform/Developer/SDKs/WatchOS27.0.sdk/Developer/Library/Frameworks -module-cache-path /Users/admin/builder/spi-builder-workspace/.derivedData/Build/Intermediates.noindex/SwiftExplicitPrecompiledModules -no-color-diagnostics -Xcc -fno-color-diagnostics -enable-testing -g -debug-info-format\=dwarf -dwarf-version\=4 -profile-generate -profile-coverage-mapping -swift-version 5 -Onone -D SWIFT_PACKAGE -D DEBUG -D SWIFT_MODULE_RESOURCE_BUNDLE_UNAVAILABLE -D Xcode -serialize-debugging-options -enable-experimental-feature DebugDescriptionMacro -empty-abi-descriptor -validate-clang-modules-once -clang-build-session-file /Users/admin/builder/spi-builder-workspace/.derivedData/ModuleCache.noindex/Session.modulevalidation -Xcc -working-directory -Xcc /Users/admin/builder/spi-builder-workspace/.swiftpm/xcode -enable-anonymous-context-mangled-names -file-compilation-dir /Users/admin/builder/spi-builder-workspace/.swiftpm/xcode -Xcc -D_LIBCPP_HARDENING_MODE\=_LIBCPP_HARDENING_MODE_DEBUG -Xcc -ivfsstatcache -Xcc /Users/admin/builder/spi-builder-workspace/.derivedData/SDKStatCaches.noindex/watchos27.0-24R360-e829b21a6f8c9b70876ba0858053c04477534ef55a1706bf4c1112bbb242f0a2.sdkstatcache -Xcc -fmodules-prune-interval\=86400 -Xcc -fmodules-prune-after\=345600 -Xcc -I/Users/admin/builder/spi-builder-workspace/.derivedData/Build/Products/Debug-watchos/include -Xcc -I/Users/admin/builder/spi-builder-workspace/.derivedData/Build/Intermediates.noindex/CoreMLBuilder.build/Debug-watchos/CoreMLBuilder-t.build/DerivedSources-normal/arm64 -Xcc -I/Users/admin/builder/spi-builder-workspace/.derivedData/Build/Intermediates.noindex/CoreMLBuilder.build/Debug-watchos/CoreMLBuilder-t.build/DerivedSources/arm64 -Xcc -I/Users/admin/builder/spi-builder-workspace/.derivedData/Build/Intermediates.noindex/CoreMLBuilder.build/Debug-watchos/CoreMLBuilder-t.build/DerivedSources -Xcc -DSWIFT_PACKAGE -Xcc -DDEBUG\=1 -no-auto-bridging-header-chaining -module-name CoreMLBuilder -package-name spi_builder_workspace -const-gather-protocols-file /Users/admin/builder/spi-builder-workspace/.derivedData/Build/Intermediates.noindex/CoreMLBuilder.build/Debug-watchos/CoreMLBuilder-t.build/Objects-normal/arm64/CoreMLBuilder_const_extract_protocols.json -disable-clang-spi -clang-target arm64-apple-watchos27.0 -target-sdk-version 27.0 -target-sdk-name watchos27.0 -in-process-plugin-server-path /Applications/Xcode-27.0.0-Release.Candidate.app/Contents/Developer/Toolchains/XcodeDefault.xctoolchain/usr/lib/swift/host/libSwiftInProcPluginServer.dylib -parse-as-library -o /Users/admin/builder/spi-builder-workspace/.derivedData/Build/Intermediates.noindex/CoreMLBuilder.build/Debug-watchos/CoreMLBuilder-t.build/Objects-normal/arm64/Linear.o -debug-module-path /Users/admin/builder/spi-builder-workspace/.derivedData/Build/Intermediates.noindex/CoreMLBuilder.build/Debug-watchos/CoreMLBuilder-t.build/Objects-normal/arm64/CoreMLBuilder.swiftmodule -index-unit-output-path /CoreMLBuilder.build/Debug-watchos/CoreMLBuilder-t.build/Objects-normal/arm64/Linear.o -index-store-path /Users/admin/builder/spi-builder-workspace/.derivedData/Index.noindex/DataStore -index-system-modules
SwiftCompile normal arm64 /Users/admin/builder/spi-builder-workspace/Sources/CoreMLBuilder/Linear.swift (in target 'CoreMLBuilder' from project 'CoreMLBuilder')
cd /Users/admin/builder/spi-builder-workspace/.swiftpm/xcode
builtin-SwiftPerFileCompile Linear.swift
SwiftCompile normal arm64 Compiling\ ProtoHelpers.swift /Users/admin/builder/spi-builder-workspace/Sources/CoreMLBuilder/ProtoHelpers.swift (in target 'CoreMLBuilder' from project 'CoreMLBuilder')
SwiftCompile normal arm64 /Users/admin/builder/spi-builder-workspace/Sources/CoreMLBuilder/ProtoHelpers.swift (in target 'CoreMLBuilder' from project 'CoreMLBuilder')
cd /Users/admin/builder/spi-builder-workspace/.swiftpm/xcode
builtin-SwiftPerFileCompile ProtoHelpers.swift
SwiftCompile normal arm64 Compiling\ Matmul.swift /Users/admin/builder/spi-builder-workspace/Sources/CoreMLBuilder/Matmul.swift (in target 'CoreMLBuilder' from project 'CoreMLBuilder')
/Users/admin/builder/spi-builder-workspace/Sources/CoreMLBuilder/Matmul.swift:52:21: error: 'init(specification:)' is unavailable in watchOS
50 | let spec = self.spec()
51 | let data = try spec.serializedData()
52 | let asset = try MLModelAsset(specification: data)
| `- error: 'init(specification:)' is unavailable in watchOS
53 | let config = MLModelConfiguration()
54 | config.computeUnits = computeUnits
/Applications/Xcode-27.0.0-Release.Candidate.app/Contents/Developer/Platforms/WatchOS.platform/Developer/SDKs/WatchOS27.0.sdk/System/Library/Frameworks/CoreML.framework/Headers/MLModelAsset.h:47:1: note: 'init(specification:)' has been explicitly marked unavailable here
45 | /// - specificationData: Contents of .mlmodel as a data blob.
46 | /// - error: When the model asset creation fails error is populated with the reason for failure.
47 | + (nullable instancetype)modelAssetWithSpecificationData:(NSData *)specificationData
| `- note: 'init(specification:)' has been explicitly marked unavailable here
48 | error:(NSError * _Nullable __autoreleasing *)error API_AVAILABLE(macos(13.0), ios(16.0), tvos(16.0)) API_UNAVAILABLE(watchos) NS_SWIFT_NAME(init(specification:));
49 |
SwiftCompile normal arm64 /Users/admin/builder/spi-builder-workspace/Sources/CoreMLBuilder/Matmul.swift (in target 'CoreMLBuilder' from project 'CoreMLBuilder')
cd /Users/admin/builder/spi-builder-workspace/.swiftpm/xcode
builtin-SwiftPerFileCompile Matmul.swift
SwiftEmitModule normal arm64_32 Emitting\ module\ for\ CoreMLBuilder (in target 'CoreMLBuilder' from project 'CoreMLBuilder')
SwiftCompile normal arm64_32 (in target 'CoreMLBuilder' from project 'CoreMLBuilder')
cd /Users/admin/builder/spi-builder-workspace/.swiftpm/xcode
SwiftCompile normal arm64_32 Compiling\ Conv2D.swift /Users/admin/builder/spi-builder-workspace/Sources/CoreMLBuilder/Conv2D.swift (in target 'CoreMLBuilder' from project 'CoreMLBuilder')
/Users/admin/builder/spi-builder-workspace/Sources/CoreMLBuilder/Conv2D.swift:91:21: error: 'init(specification:)' is unavailable in watchOS
89 | let spec = self.spec(asNeuralNetwork: asNeuralNetwork)
90 | let data = try spec.serializedData()
91 | let asset = try MLModelAsset(specification: data)
| `- error: 'init(specification:)' is unavailable in watchOS
92 | let config = MLModelConfiguration()
93 | config.computeUnits = computeUnits
/Applications/Xcode-27.0.0-Release.Candidate.app/Contents/Developer/Platforms/WatchOS.platform/Developer/SDKs/WatchOS27.0.sdk/System/Library/Frameworks/CoreML.framework/Headers/MLModelAsset.h:47:1: note: 'init(specification:)' has been explicitly marked unavailable here
45 | /// - specificationData: Contents of .mlmodel as a data blob.
46 | /// - error: When the model asset creation fails error is populated with the reason for failure.
47 | + (nullable instancetype)modelAssetWithSpecificationData:(NSData *)specificationData
| `- note: 'init(specification:)' has been explicitly marked unavailable here
48 | error:(NSError * _Nullable __autoreleasing *)error API_AVAILABLE(macos(13.0), ios(16.0), tvos(16.0)) API_UNAVAILABLE(watchos) NS_SWIFT_NAME(init(specification:));
49 |
SwiftCompile normal arm64_32 /Users/admin/builder/spi-builder-workspace/Sources/CoreMLBuilder/Conv2D.swift (in target 'CoreMLBuilder' from project 'CoreMLBuilder')
cd /Users/admin/builder/spi-builder-workspace/.swiftpm/xcode
builtin-SwiftPerFileCompile Conv2D.swift
SwiftCompile normal arm64_32 Compiling\ Linear.swift /Users/admin/builder/spi-builder-workspace/Sources/CoreMLBuilder/Linear.swift (in target 'CoreMLBuilder' from project 'CoreMLBuilder')
/Users/admin/builder/spi-builder-workspace/Sources/CoreMLBuilder/Linear.swift:45:21: error: 'init(specification:)' is unavailable in watchOS
43 | let spec = self.spec()
44 | let data = try spec.serializedData()
45 | let asset = try MLModelAsset(specification: data)
| `- error: 'init(specification:)' is unavailable in watchOS
46 | return try await MLModel.load(asset: asset, configuration: MLModelConfiguration())
47 | }
/Applications/Xcode-27.0.0-Release.Candidate.app/Contents/Developer/Platforms/WatchOS.platform/Developer/SDKs/WatchOS27.0.sdk/System/Library/Frameworks/CoreML.framework/Headers/MLModelAsset.h:47:1: note: 'init(specification:)' has been explicitly marked unavailable here
45 | /// - specificationData: Contents of .mlmodel as a data blob.
46 | /// - error: When the model asset creation fails error is populated with the reason for failure.
47 | + (nullable instancetype)modelAssetWithSpecificationData:(NSData *)specificationData
| `- note: 'init(specification:)' has been explicitly marked unavailable here
48 | error:(NSError * _Nullable __autoreleasing *)error API_AVAILABLE(macos(13.0), ios(16.0), tvos(16.0)) API_UNAVAILABLE(watchos) NS_SWIFT_NAME(init(specification:));
49 |
SwiftCompile normal arm64_32 /Users/admin/builder/spi-builder-workspace/Sources/CoreMLBuilder/Linear.swift (in target 'CoreMLBuilder' from project 'CoreMLBuilder')
cd /Users/admin/builder/spi-builder-workspace/.swiftpm/xcode
builtin-SwiftPerFileCompile Linear.swift
SwiftDriverJobDiscovery normal arm64 Emitting module for CoreMLBuilder (in target 'CoreMLBuilder' from project 'CoreMLBuilder')
SwiftCompile normal arm64_32 Compiling\ Matmul.swift /Users/admin/builder/spi-builder-workspace/Sources/CoreMLBuilder/Matmul.swift (in target 'CoreMLBuilder' from project 'CoreMLBuilder')
/Users/admin/builder/spi-builder-workspace/Sources/CoreMLBuilder/Matmul.swift:52:21: error: 'init(specification:)' is unavailable in watchOS
50 | let spec = self.spec()
51 | let data = try spec.serializedData()
52 | let asset = try MLModelAsset(specification: data)
| `- error: 'init(specification:)' is unavailable in watchOS
53 | let config = MLModelConfiguration()
54 | config.computeUnits = computeUnits
/Applications/Xcode-27.0.0-Release.Candidate.app/Contents/Developer/Platforms/WatchOS.platform/Developer/SDKs/WatchOS27.0.sdk/System/Library/Frameworks/CoreML.framework/Headers/MLModelAsset.h:47:1: note: 'init(specification:)' has been explicitly marked unavailable here
45 | /// - specificationData: Contents of .mlmodel as a data blob.
46 | /// - error: When the model asset creation fails error is populated with the reason for failure.
47 | + (nullable instancetype)modelAssetWithSpecificationData:(NSData *)specificationData
| `- note: 'init(specification:)' has been explicitly marked unavailable here
48 | error:(NSError * _Nullable __autoreleasing *)error API_AVAILABLE(macos(13.0), ios(16.0), tvos(16.0)) API_UNAVAILABLE(watchos) NS_SWIFT_NAME(init(specification:));
49 |
SwiftCompile normal arm64_32 /Users/admin/builder/spi-builder-workspace/Sources/CoreMLBuilder/Matmul.swift (in target 'CoreMLBuilder' from project 'CoreMLBuilder')
cd /Users/admin/builder/spi-builder-workspace/.swiftpm/xcode
builtin-SwiftPerFileCompile Matmul.swift
SwiftDriverJobDiscovery normal arm64_32 Emitting module for CoreMLBuilder (in target 'CoreMLBuilder' from project 'CoreMLBuilder')
SwiftDriver\ Compilation\ Requirements CoreMLBuilder normal arm64_32 com.apple.xcode.tools.swift.compiler (in target 'CoreMLBuilder' from project 'CoreMLBuilder')
cd /Users/admin/builder/spi-builder-workspace/.swiftpm/xcode
builtin-Swift-Compilation-Requirements -- /Applications/Xcode-27.0.0-Release.Candidate.app/Contents/Developer/Toolchains/XcodeDefault.xctoolchain/usr/bin/swiftc -parse-as-library -module-name CoreMLBuilder -Onone @/Users/admin/builder/spi-builder-workspace/.derivedData/Build/Intermediates.noindex/CoreMLBuilder.build/Debug-watchos/CoreMLBuilder-t.build/Objects-normal/arm64_32/CoreMLBuilder.SwiftFileList -DSWIFT_PACKAGE -DDEBUG -DSWIFT_MODULE_RESOURCE_BUNDLE_UNAVAILABLE -DXcode -plugin-path /Applications/Xcode-27.0.0-Release.Candidate.app/Contents/Developer/Toolchains/XcodeDefault.xctoolchain/usr/lib/swift/host/plugins/testing -enable-experimental-feature DebugDescriptionMacro -sdk /Applications/Xcode-27.0.0-Release.Candidate.app/Contents/Developer/Platforms/WatchOS.platform/Developer/SDKs/WatchOS27.0.sdk -target arm64_32-apple-watchos9.0 -g -module-cache-path /Users/admin/builder/spi-builder-workspace/.derivedData/ModuleCache.noindex -Xfrontend -serialize-debugging-options -profile-coverage-mapping -profile-generate -enable-testing -index-store-path /Users/admin/builder/spi-builder-workspace/.derivedData/Index.noindex/DataStore -Xcc -D_LIBCPP_HARDENING_MODE\=_LIBCPP_HARDENING_MODE_DEBUG -swift-version 5 -I /Users/admin/builder/spi-builder-workspace/.derivedData/Build/Products/Debug-watchos -Isystem /Applications/Xcode-27.0.0-Release.Candidate.app/Contents/Developer/Platforms/WatchOS.platform/Developer/usr/lib -F /Users/admin/builder/spi-builder-workspace/.derivedData/Build/Products/Debug-watchos/PackageFrameworks -F /Users/admin/builder/spi-builder-workspace/.derivedData/Build/Products/Debug-watchos -F /Applications/Xcode-27.0.0-Release.Candidate.app/Contents/Developer/Platforms/WatchOS.platform/Developer/Library/Frameworks -F /Applications/Xcode-27.0.0-Release.Candidate.app/Contents/Developer/Platforms/WatchOS.platform/Developer/SDKs/WatchOS27.0.sdk/Developer/Library/Frameworks -c -j10 -enable-batch-mode -incremental -Xcc -ivfsstatcache -Xcc /Users/admin/builder/spi-builder-workspace/.derivedData/SDKStatCaches.noindex/watchos27.0-24R360-e829b21a6f8c9b70876ba0858053c04477534ef55a1706bf4c1112bbb242f0a2.sdkstatcache -output-file-map /Users/admin/builder/spi-builder-workspace/.derivedData/Build/Intermediates.noindex/CoreMLBuilder.build/Debug-watchos/CoreMLBuilder-t.build/Objects-normal/arm64_32/CoreMLBuilder-OutputFileMap.json -save-temps -no-color-diagnostics -explicit-module-build -module-cache-path /Users/admin/builder/spi-builder-workspace/.derivedData/Build/Intermediates.noindex/SwiftExplicitPrecompiledModules -clang-scanner-module-cache-path /Users/admin/builder/spi-builder-workspace/.derivedData/ModuleCache.noindex -sdk-module-cache-path /Users/admin/builder/spi-builder-workspace/.derivedData/SDKExplicitPrecompiledModules -emit-dependencies -emit-module -emit-module-path /Users/admin/builder/spi-builder-workspace/.derivedData/Build/Intermediates.noindex/CoreMLBuilder.build/Debug-watchos/CoreMLBuilder-t.build/Objects-normal/arm64_32/CoreMLBuilder.swiftmodule -serialize-diagnostics -dependency-scan-serialize-diagnostics-path /Users/admin/builder/spi-builder-workspace/.derivedData/Build/Intermediates.noindex/CoreMLBuilder.build/Debug-watchos/CoreMLBuilder-t.build/Objects-normal/arm64_32/CoreMLBuilder-dependency-scan.dia -validate-clang-modules-once -clang-build-session-file /Users/admin/builder/spi-builder-workspace/.derivedData/ModuleCache.noindex/Session.modulevalidation -Xcc -fmodules-prune-interval\=86400 -Xcc -fmodules-prune-after\=345600 -package-name spi_builder_workspace -emit-const-values -const-gather-protocols-list /Users/admin/builder/spi-builder-workspace/.derivedData/Build/Intermediates.noindex/CoreMLBuilder.build/Debug-watchos/CoreMLBuilder-t.build/Objects-normal/arm64_32/CoreMLBuilder_const_extract_protocols.json -Xcc -I/Users/admin/builder/spi-builder-workspace/.derivedData/Build/Products/Debug-watchos/include -Xcc -I/Users/admin/builder/spi-builder-workspace/.derivedData/Build/Intermediates.noindex/CoreMLBuilder.build/Debug-watchos/CoreMLBuilder-t.build/DerivedSources-normal/arm64_32 -Xcc -I/Users/admin/builder/spi-builder-workspace/.derivedData/Build/Intermediates.noindex/CoreMLBuilder.build/Debug-watchos/CoreMLBuilder-t.build/DerivedSources/arm64_32 -Xcc -I/Users/admin/builder/spi-builder-workspace/.derivedData/Build/Intermediates.noindex/CoreMLBuilder.build/Debug-watchos/CoreMLBuilder-t.build/DerivedSources -Xcc -DSWIFT_PACKAGE -Xcc -DDEBUG\=1 -emit-objc-header -emit-objc-header-path /Users/admin/builder/spi-builder-workspace/.derivedData/Build/Intermediates.noindex/CoreMLBuilder.build/Debug-watchos/CoreMLBuilder-t.build/Objects-normal/arm64_32/CoreMLBuilder-Swift.h -working-directory /Users/admin/builder/spi-builder-workspace/.swiftpm/xcode -experimental-emit-module-separately -disable-cmo
SwiftDriverJobDiscovery normal arm64 Compiling ProtoHelpers.swift (in target 'CoreMLBuilder' from project 'CoreMLBuilder')
SwiftDriver\ Compilation\ Requirements CoreMLBuilder normal arm64 com.apple.xcode.tools.swift.compiler (in target 'CoreMLBuilder' from project 'CoreMLBuilder')
cd /Users/admin/builder/spi-builder-workspace/.swiftpm/xcode
builtin-Swift-Compilation-Requirements -- /Applications/Xcode-27.0.0-Release.Candidate.app/Contents/Developer/Toolchains/XcodeDefault.xctoolchain/usr/bin/swiftc -parse-as-library -module-name CoreMLBuilder -Onone @/Users/admin/builder/spi-builder-workspace/.derivedData/Build/Intermediates.noindex/CoreMLBuilder.build/Debug-watchos/CoreMLBuilder-t.build/Objects-normal/arm64/CoreMLBuilder.SwiftFileList -DSWIFT_PACKAGE -DDEBUG -DSWIFT_MODULE_RESOURCE_BUNDLE_UNAVAILABLE -DXcode -plugin-path /Applications/Xcode-27.0.0-Release.Candidate.app/Contents/Developer/Toolchains/XcodeDefault.xctoolchain/usr/lib/swift/host/plugins/testing -enable-experimental-feature DebugDescriptionMacro -sdk /Applications/Xcode-27.0.0-Release.Candidate.app/Contents/Developer/Platforms/WatchOS.platform/Developer/SDKs/WatchOS27.0.sdk -target arm64-apple-watchos9.0 -g -module-cache-path /Users/admin/builder/spi-builder-workspace/.derivedData/ModuleCache.noindex -Xfrontend -serialize-debugging-options -profile-coverage-mapping -profile-generate -enable-testing -index-store-path /Users/admin/builder/spi-builder-workspace/.derivedData/Index.noindex/DataStore -Xcc -D_LIBCPP_HARDENING_MODE\=_LIBCPP_HARDENING_MODE_DEBUG -swift-version 5 -I /Users/admin/builder/spi-builder-workspace/.derivedData/Build/Products/Debug-watchos -Isystem /Applications/Xcode-27.0.0-Release.Candidate.app/Contents/Developer/Platforms/WatchOS.platform/Developer/usr/lib -F /Users/admin/builder/spi-builder-workspace/.derivedData/Build/Products/Debug-watchos/PackageFrameworks -F /Users/admin/builder/spi-builder-workspace/.derivedData/Build/Products/Debug-watchos -F /Applications/Xcode-27.0.0-Release.Candidate.app/Contents/Developer/Platforms/WatchOS.platform/Developer/Library/Frameworks -F /Applications/Xcode-27.0.0-Release.Candidate.app/Contents/Developer/Platforms/WatchOS.platform/Developer/SDKs/WatchOS27.0.sdk/Developer/Library/Frameworks -c -j10 -enable-batch-mode -incremental -Xcc -ivfsstatcache -Xcc /Users/admin/builder/spi-builder-workspace/.derivedData/SDKStatCaches.noindex/watchos27.0-24R360-e829b21a6f8c9b70876ba0858053c04477534ef55a1706bf4c1112bbb242f0a2.sdkstatcache -output-file-map /Users/admin/builder/spi-builder-workspace/.derivedData/Build/Intermediates.noindex/CoreMLBuilder.build/Debug-watchos/CoreMLBuilder-t.build/Objects-normal/arm64/CoreMLBuilder-OutputFileMap.json -save-temps -no-color-diagnostics -explicit-module-build -module-cache-path /Users/admin/builder/spi-builder-workspace/.derivedData/Build/Intermediates.noindex/SwiftExplicitPrecompiledModules -clang-scanner-module-cache-path /Users/admin/builder/spi-builder-workspace/.derivedData/ModuleCache.noindex -sdk-module-cache-path /Users/admin/builder/spi-builder-workspace/.derivedData/SDKExplicitPrecompiledModules -emit-dependencies -emit-module -emit-module-path /Users/admin/builder/spi-builder-workspace/.derivedData/Build/Intermediates.noindex/CoreMLBuilder.build/Debug-watchos/CoreMLBuilder-t.build/Objects-normal/arm64/CoreMLBuilder.swiftmodule -serialize-diagnostics -dependency-scan-serialize-diagnostics-path /Users/admin/builder/spi-builder-workspace/.derivedData/Build/Intermediates.noindex/CoreMLBuilder.build/Debug-watchos/CoreMLBuilder-t.build/Objects-normal/arm64/CoreMLBuilder-dependency-scan.dia -validate-clang-modules-once -clang-build-session-file /Users/admin/builder/spi-builder-workspace/.derivedData/ModuleCache.noindex/Session.modulevalidation -Xcc -fmodules-prune-interval\=86400 -Xcc -fmodules-prune-after\=345600 -package-name spi_builder_workspace -emit-const-values -const-gather-protocols-list /Users/admin/builder/spi-builder-workspace/.derivedData/Build/Intermediates.noindex/CoreMLBuilder.build/Debug-watchos/CoreMLBuilder-t.build/Objects-normal/arm64/CoreMLBuilder_const_extract_protocols.json -Xcc -I/Users/admin/builder/spi-builder-workspace/.derivedData/Build/Products/Debug-watchos/include -Xcc -I/Users/admin/builder/spi-builder-workspace/.derivedData/Build/Intermediates.noindex/CoreMLBuilder.build/Debug-watchos/CoreMLBuilder-t.build/DerivedSources-normal/arm64 -Xcc -I/Users/admin/builder/spi-builder-workspace/.derivedData/Build/Intermediates.noindex/CoreMLBuilder.build/Debug-watchos/CoreMLBuilder-t.build/DerivedSources/arm64 -Xcc -I/Users/admin/builder/spi-builder-workspace/.derivedData/Build/Intermediates.noindex/CoreMLBuilder.build/Debug-watchos/CoreMLBuilder-t.build/DerivedSources -Xcc -DSWIFT_PACKAGE -Xcc -DDEBUG\=1 -emit-objc-header -emit-objc-header-path /Users/admin/builder/spi-builder-workspace/.derivedData/Build/Intermediates.noindex/CoreMLBuilder.build/Debug-watchos/CoreMLBuilder-t.build/Objects-normal/arm64/CoreMLBuilder-Swift.h -working-directory /Users/admin/builder/spi-builder-workspace/.swiftpm/xcode -experimental-emit-module-separately -disable-cmo
SwiftCompile normal arm64_32 Compiling\ Data.swift /Users/admin/builder/spi-builder-workspace/Sources/CoreMLBuilder/Data.swift (in target 'CoreMLBuilder' from project 'CoreMLBuilder')
SwiftCompile normal arm64_32 /Users/admin/builder/spi-builder-workspace/Sources/CoreMLBuilder/Data.swift (in target 'CoreMLBuilder' from project 'CoreMLBuilder')
cd /Users/admin/builder/spi-builder-workspace/.swiftpm/xcode
builtin-SwiftPerFileCompile Data.swift
SwiftMergeGeneratedHeaders /Users/admin/builder/spi-builder-workspace/.derivedData/Build/Intermediates.noindex/GeneratedModuleMaps-watchos/CoreMLBuilder-Swift.h /Users/admin/builder/spi-builder-workspace/.derivedData/Build/Intermediates.noindex/CoreMLBuilder.build/Debug-watchos/CoreMLBuilder-t.build/Objects-normal/arm64/CoreMLBuilder-Swift.h /Users/admin/builder/spi-builder-workspace/.derivedData/Build/Intermediates.noindex/CoreMLBuilder.build/Debug-watchos/CoreMLBuilder-t.build/Objects-normal/arm64_32/CoreMLBuilder-Swift.h (in target 'CoreMLBuilder' from project 'CoreMLBuilder')
cd /Users/admin/builder/spi-builder-workspace
builtin-swiftHeaderTool -arch arm64 /Users/admin/builder/spi-builder-workspace/.derivedData/Build/Intermediates.noindex/CoreMLBuilder.build/Debug-watchos/CoreMLBuilder-t.build/Objects-normal/arm64/CoreMLBuilder-Swift.h -arch arm64_32 /Users/admin/builder/spi-builder-workspace/.derivedData/Build/Intermediates.noindex/CoreMLBuilder.build/Debug-watchos/CoreMLBuilder-t.build/Objects-normal/arm64_32/CoreMLBuilder-Swift.h -o /Users/admin/builder/spi-builder-workspace/.derivedData/Build/Intermediates.noindex/GeneratedModuleMaps-watchos/CoreMLBuilder-Swift.h
PruneExplicitPrecompiledModules /Users/admin/builder/spi-builder-workspace/.derivedData/SDKExplicitPrecompiledModules
PruneExplicitPrecompiledModules /Users/admin/builder/spi-builder-workspace/.derivedData/Build/Intermediates.noindex/ExplicitPrecompiledModules
PruneExplicitPrecompiledModules /Users/admin/builder/spi-builder-workspace/.derivedData/Build/Intermediates.noindex/SwiftExplicitPrecompiledModules
2026-09-21 11:29:37.814 xcodebuild[750:4613] [MT] IDERunDestination: Supported platforms for the buildables in the current scheme is empty.
** BUILD FAILED **
The following build commands failed:
SwiftCompile normal arm64 Compiling\ Conv2D.swift /Users/admin/builder/spi-builder-workspace/Sources/CoreMLBuilder/Conv2D.swift (in target 'CoreMLBuilder' from project 'CoreMLBuilder')
SwiftCompile normal arm64 /Users/admin/builder/spi-builder-workspace/Sources/CoreMLBuilder/Conv2D.swift (in target 'CoreMLBuilder' from project 'CoreMLBuilder')
SwiftCompile normal arm64 Compiling\ Linear.swift /Users/admin/builder/spi-builder-workspace/Sources/CoreMLBuilder/Linear.swift (in target 'CoreMLBuilder' from project 'CoreMLBuilder')
SwiftCompile normal arm64 /Users/admin/builder/spi-builder-workspace/Sources/CoreMLBuilder/Linear.swift (in target 'CoreMLBuilder' from project 'CoreMLBuilder')
Building workspace CoreMLBuilder with scheme CoreMLBuilder-Package
(5 failures)
Command line invocation:
/Applications/Xcode-27.0.0-Release.Candidate.app/Contents/Developer/usr/bin/xcodebuild -IDEClonedSourcePackagesDirPathOverride=/Users/admin/builder/spi-builder-workspace/.dependencies -resolvePackageDependencies
Resolve Package Graph
Resolved source packages:
SwiftProtobuf: https://github.com/apple/swift-protobuf @ 1.38.1
CoreMLBuilder: /Users/admin/builder/spi-builder-workspace
swift-argument-parser: https://github.com/apple/swift-argument-parser @ 1.8.2
resolved source packages: SwiftProtobuf, CoreMLBuilder, swift-argument-parser
2026-09-21 11:29:58.528 xcodebuild[1019:6161] [MT] IDERunDestination: Supported platforms for the buildables in the current scheme is empty.
{
"dependencies" : [
{
"identity" : "swift-argument-parser",
"requirement" : {
"range" : [
{
"lower_bound" : "1.3.0",
"upper_bound" : "2.0.0"
}
]
},
"type" : "sourceControl",
"url" : "https://github.com/apple/swift-argument-parser"
},
{
"identity" : "swift-protobuf",
"requirement" : {
"range" : [
{
"lower_bound" : "1.28.2",
"upper_bound" : "2.0.0"
}
]
},
"type" : "sourceControl",
"url" : "https://github.com/apple/swift-protobuf"
}
],
"manifest_display_name" : "CoreMLBuilder",
"name" : "CoreMLBuilder",
"path" : "/Users/admin/builder/spi-builder-workspace",
"platforms" : [
{
"name" : "macos",
"version" : "13.0"
},
{
"name" : "ios",
"version" : "16.0"
}
],
"products" : [
{
"name" : "CoreMLProto",
"targets" : [
"CoreMLProto"
],
"type" : {
"library" : [
"automatic"
]
}
},
{
"name" : "CoreMLBuilder",
"targets" : [
"CoreMLBuilder"
],
"type" : {
"library" : [
"automatic"
]
}
},
{
"name" : "MatrixBench",
"targets" : [
"MatrixBench"
],
"type" : {
"executable" : null
}
},
{
"name" : "BlockANEMatmul",
"targets" : [
"BlockANEMatmul"
],
"type" : {
"executable" : null
}
}
],
"targets" : [
{
"c99name" : "MatrixBench",
"module_type" : "SwiftTarget",
"name" : "MatrixBench",
"path" : "Sources/MatrixBench",
"product_memberships" : [
"MatrixBench"
],
"sources" : [
"Entrypoint.swift"
],
"target_dependencies" : [
"CoreMLBuilder"
],
"type" : "executable"
},
{
"c99name" : "CoreMLProto",
"module_type" : "SwiftTarget",
"name" : "CoreMLProto",
"path" : "Sources/CoreMLProto",
"product_dependencies" : [
"SwiftProtobuf"
],
"product_memberships" : [
"CoreMLProto",
"CoreMLBuilder",
"MatrixBench",
"BlockANEMatmul"
],
"sources" : [
"ArrayFeatureExtractor.pb.swift",
"AudioFeaturePrint.pb.swift",
"BayesianProbitRegressor.pb.swift",
"CategoricalMapping.pb.swift",
"ClassConfidenceThresholding.pb.swift",
"CustomModel.pb.swift",
"DataStructures.pb.swift",
"DictVectorizer.pb.swift",
"FeatureTypes.pb.swift",
"FeatureVectorizer.pb.swift",
"GLMClassifier.pb.swift",
"GLMRegressor.pb.swift",
"Gazetteer.pb.swift",
"Identity.pb.swift",
"Imputer.pb.swift",
"ItemSimilarityRecommender.pb.swift",
"LinkedModel.pb.swift",
"MIL.pb.swift",
"Model.pb.swift",
"NearestNeighbors.pb.swift",
"NeuralNetwork.pb.swift",
"NonMaximumSuppression.pb.swift",
"Normalizer.pb.swift",
"OneHotEncoder.pb.swift",
"Parameters.pb.swift",
"SVM.pb.swift",
"Scaler.pb.swift",
"SoundAnalysisPreprocessing.pb.swift",
"TextClassifier.pb.swift",
"TreeEnsemble.pb.swift",
"VisionFeaturePrint.pb.swift",
"WordEmbedding.pb.swift",
"WordTagger.pb.swift"
],
"type" : "library"
},
{
"c99name" : "CoreMLBuilderTests",
"module_type" : "SwiftTarget",
"name" : "CoreMLBuilderTests",
"path" : "Tests/CoreMLBuilderTests",
"sources" : [
"CoreMLBuilderTests.swift"
],
"target_dependencies" : [
"CoreMLBuilder"
],
"type" : "test"
},
{
"c99name" : "CoreMLBuilder",
"module_type" : "SwiftTarget",
"name" : "CoreMLBuilder",
"path" : "Sources/CoreMLBuilder",
"product_memberships" : [
"CoreMLBuilder",
"MatrixBench",
"BlockANEMatmul"
],
"sources" : [
"Conv2D.swift",
"Data.swift",
"Linear.swift",
"Matmul.swift",
"ProtoHelpers.swift"
],
"target_dependencies" : [
"CoreMLProto"
],
"type" : "library"
},
{
"c99name" : "BlockANEMatmul",
"module_type" : "SwiftTarget",
"name" : "BlockANEMatmul",
"path" : "Sources/BlockANEMatmul",
"product_dependencies" : [
"ArgumentParser"
],
"product_memberships" : [
"BlockANEMatmul"
],
"sources" : [
"Entrypoint.swift"
],
"target_dependencies" : [
"CoreMLBuilder"
],
"type" : "executable"
}
],
"tools_version" : "5.10"
}
{
"workspace" : {
"name" : "CoreMLBuilder",
"schemes" : [
"BlockANEMatmul",
"CoreMLBuilder",
"CoreMLBuilder-Package",
"CoreMLProto",
"MatrixBench"
]
}
}
2026-09-21 11:30:01.787 xcodebuild[1036:6283] [MT] IDERunDestination: Supported platforms for the buildables in the current scheme is empty.
Running build ...
env DEVELOPER_DIR=/Applications/Xcode-27.0.0-Release.Candidate.app xcrun xcodebuild -IDEClonedSourcePackagesDirPathOverride=$PWD/.dependencies -skipMacroValidation -skipPackagePluginValidation -derivedDataPath $PWD/.derivedData build -scheme CoreMLBuilder-Package -destination generic/platform=watchOS
Command line invocation:
/Applications/Xcode-27.0.0-Release.Candidate.app/Contents/Developer/usr/bin/xcodebuild -IDEClonedSourcePackagesDirPathOverride=/Users/admin/builder/spi-builder-workspace/.dependencies -skipMacroValidation -skipPackagePluginValidation -derivedDataPath /Users/admin/builder/spi-builder-workspace/.derivedData build -scheme CoreMLBuilder-Package -destination generic/platform=watchOS
Resolve Package Graph
Resolved source packages:
CoreMLBuilder: /Users/admin/builder/spi-builder-workspace
SwiftProtobuf: https://github.com/apple/swift-protobuf @ 1.38.1
swift-argument-parser: https://github.com/apple/swift-argument-parser @ 1.8.2
ComputePackagePrebuildTargetDependencyGraph
Prepare packages
CreateBuildRequest
SendProjectDescription
CreateBuildOperation
ComputeTargetDependencyGraph
note: Building targets in dependency order
note: Target dependency graph (12 targets)
Target 'BlockANEMatmul-product' in project 'CoreMLBuilder'
➜ Explicit dependency on target 'CoreMLProto' in project 'CoreMLBuilder'
➜ Explicit dependency on target 'CoreMLBuilder' in project 'CoreMLBuilder'
➜ Explicit dependency on target 'SwiftProtobuf-product' in project 'SwiftProtobuf'
➜ Explicit dependency on target 'ArgumentParser-product' in project 'swift-argument-parser'
Target 'ArgumentParser-product' in project 'swift-argument-parser'
➜ Explicit dependency on target 'ArgumentParser' in project 'swift-argument-parser'
➜ Explicit dependency on target 'ArgumentParserToolInfo' in project 'swift-argument-parser'
Target 'ArgumentParser' in project 'swift-argument-parser'
➜ Explicit dependency on target 'ArgumentParserToolInfo' in project 'swift-argument-parser'
Target 'ArgumentParserToolInfo' in project 'swift-argument-parser' (no dependencies)
Target 'MatrixBench-product' in project 'CoreMLBuilder'
➜ Explicit dependency on target 'CoreMLProto' in project 'CoreMLBuilder'
➜ Explicit dependency on target 'CoreMLBuilder' in project 'CoreMLBuilder'
➜ Explicit dependency on target 'SwiftProtobuf-product' in project 'SwiftProtobuf'
Target 'CoreMLBuilder-product' in project 'CoreMLBuilder'
➜ Explicit dependency on target 'CoreMLBuilder' in project 'CoreMLBuilder'
➜ Explicit dependency on target 'CoreMLProto' in project 'CoreMLBuilder'
➜ Explicit dependency on target 'SwiftProtobuf-product' in project 'SwiftProtobuf'
Target 'CoreMLBuilder' in project 'CoreMLBuilder'
➜ Explicit dependency on target 'CoreMLProto' in project 'CoreMLBuilder'
➜ Explicit dependency on target 'SwiftProtobuf-product' in project 'SwiftProtobuf'
Target 'CoreMLProto-product' in project 'CoreMLBuilder'
➜ Explicit dependency on target 'CoreMLProto' in project 'CoreMLBuilder'
➜ Explicit dependency on target 'SwiftProtobuf-product' in project 'SwiftProtobuf'
Target 'CoreMLProto' in project 'CoreMLBuilder'
➜ Explicit dependency on target 'SwiftProtobuf-product' in project 'SwiftProtobuf'
Target 'SwiftProtobuf-product' in project 'SwiftProtobuf'
➜ Explicit dependency on target 'SwiftProtobuf' in project 'SwiftProtobuf'
➜ Explicit dependency on target 'SwiftProtobuf_SwiftProtobuf' in project 'SwiftProtobuf'
Target 'SwiftProtobuf' in project 'SwiftProtobuf'
➜ Explicit dependency on target 'SwiftProtobuf_SwiftProtobuf' in project 'SwiftProtobuf'
Target 'SwiftProtobuf_SwiftProtobuf' in project 'SwiftProtobuf' (no dependencies)
GatherProvisioningInputs
CreateBuildDescription
ClangStatCache /Applications/Xcode-27.0.0-Release.Candidate.app/Contents/Developer/Toolchains/XcodeDefault.xctoolchain/usr/bin/clang-stat-cache /Applications/Xcode-27.0.0-Release.Candidate.app/Contents/Developer/Platforms/WatchOS.platform/Developer/SDKs/WatchOS27.0.sdk /Users/admin/builder/spi-builder-workspace/.derivedData/SDKStatCaches.noindex/watchos27.0-24R360-e829b21a6f8c9b70876ba0858053c04477534ef55a1706bf4c1112bbb242f0a2.sdkstatcache
cd /Users/admin/builder/spi-builder-workspace/.swiftpm/xcode
/Applications/Xcode-27.0.0-Release.Candidate.app/Contents/Developer/Toolchains/XcodeDefault.xctoolchain/usr/bin/clang-stat-cache /Applications/Xcode-27.0.0-Release.Candidate.app/Contents/Developer/Platforms/WatchOS.platform/Developer/SDKs/WatchOS27.0.sdk -o /Users/admin/builder/spi-builder-workspace/.derivedData/SDKStatCaches.noindex/watchos27.0-24R360-e829b21a6f8c9b70876ba0858053c04477534ef55a1706bf4c1112bbb242f0a2.sdkstatcache
SwiftMergeGeneratedHeaders /Users/admin/builder/spi-builder-workspace/.derivedData/Build/Intermediates.noindex/GeneratedModuleMaps-watchos/CoreMLBuilder-Swift.h /Users/admin/builder/spi-builder-workspace/.derivedData/Build/Intermediates.noindex/CoreMLBuilder.build/Debug-watchos/CoreMLBuilder-t.build/Objects-normal/arm64/CoreMLBuilder-Swift.h /Users/admin/builder/spi-builder-workspace/.derivedData/Build/Intermediates.noindex/CoreMLBuilder.build/Debug-watchos/CoreMLBuilder-t.build/Objects-normal/arm64_32/CoreMLBuilder-Swift.h (in target 'CoreMLBuilder' from project 'CoreMLBuilder')
cd /Users/admin/builder/spi-builder-workspace
builtin-swiftHeaderTool -arch arm64 /Users/admin/builder/spi-builder-workspace/.derivedData/Build/Intermediates.noindex/CoreMLBuilder.build/Debug-watchos/CoreMLBuilder-t.build/Objects-normal/arm64/CoreMLBuilder-Swift.h -arch arm64_32 /Users/admin/builder/spi-builder-workspace/.derivedData/Build/Intermediates.noindex/CoreMLBuilder.build/Debug-watchos/CoreMLBuilder-t.build/Objects-normal/arm64_32/CoreMLBuilder-Swift.h -o /Users/admin/builder/spi-builder-workspace/.derivedData/Build/Intermediates.noindex/GeneratedModuleMaps-watchos/CoreMLBuilder-Swift.h
Copy /Users/admin/builder/spi-builder-workspace/.derivedData/Build/Products/Debug-watchos/CoreMLBuilder.swiftmodule/arm64_32-apple-watchos.swiftdoc /Users/admin/builder/spi-builder-workspace/.derivedData/Build/Intermediates.noindex/CoreMLBuilder.build/Debug-watchos/CoreMLBuilder-t.build/Objects-normal/arm64_32/CoreMLBuilder.swiftdoc (in target 'CoreMLBuilder' from project 'CoreMLBuilder')
cd /Users/admin/builder/spi-builder-workspace
builtin-copy -exclude .DS_Store -exclude CVS -exclude .svn -exclude .git -exclude .hg -resolve-src-symlinks -rename /Users/admin/builder/spi-builder-workspace/.derivedData/Build/Intermediates.noindex/CoreMLBuilder.build/Debug-watchos/CoreMLBuilder-t.build/Objects-normal/arm64_32/CoreMLBuilder.swiftdoc /Users/admin/builder/spi-builder-workspace/.derivedData/Build/Products/Debug-watchos/CoreMLBuilder.swiftmodule/arm64_32-apple-watchos.swiftdoc
Copy /Users/admin/builder/spi-builder-workspace/.derivedData/Build/Products/Debug-watchos/CoreMLBuilder.swiftmodule/arm64_32-apple-watchos.swiftmodule /Users/admin/builder/spi-builder-workspace/.derivedData/Build/Intermediates.noindex/CoreMLBuilder.build/Debug-watchos/CoreMLBuilder-t.build/Objects-normal/arm64_32/CoreMLBuilder.swiftmodule (in target 'CoreMLBuilder' from project 'CoreMLBuilder')
cd /Users/admin/builder/spi-builder-workspace
builtin-copy -exclude .DS_Store -exclude CVS -exclude .svn -exclude .git -exclude .hg -resolve-src-symlinks -rename /Users/admin/builder/spi-builder-workspace/.derivedData/Build/Intermediates.noindex/CoreMLBuilder.build/Debug-watchos/CoreMLBuilder-t.build/Objects-normal/arm64_32/CoreMLBuilder.swiftmodule /Users/admin/builder/spi-builder-workspace/.derivedData/Build/Products/Debug-watchos/CoreMLBuilder.swiftmodule/arm64_32-apple-watchos.swiftmodule
Copy /Users/admin/builder/spi-builder-workspace/.derivedData/Build/Products/Debug-watchos/CoreMLBuilder.swiftmodule/arm64_32-apple-watchos.abi.json /Users/admin/builder/spi-builder-workspace/.derivedData/Build/Intermediates.noindex/CoreMLBuilder.build/Debug-watchos/CoreMLBuilder-t.build/Objects-normal/arm64_32/CoreMLBuilder.abi.json (in target 'CoreMLBuilder' from project 'CoreMLBuilder')
cd /Users/admin/builder/spi-builder-workspace
builtin-copy -exclude .DS_Store -exclude CVS -exclude .svn -exclude .git -exclude .hg -resolve-src-symlinks -rename /Users/admin/builder/spi-builder-workspace/.derivedData/Build/Intermediates.noindex/CoreMLBuilder.build/Debug-watchos/CoreMLBuilder-t.build/Objects-normal/arm64_32/CoreMLBuilder.abi.json /Users/admin/builder/spi-builder-workspace/.derivedData/Build/Products/Debug-watchos/CoreMLBuilder.swiftmodule/arm64_32-apple-watchos.abi.json
Copy /Users/admin/builder/spi-builder-workspace/.derivedData/Build/Products/Debug-watchos/CoreMLBuilder.swiftmodule/arm64-apple-watchos.swiftmodule /Users/admin/builder/spi-builder-workspace/.derivedData/Build/Intermediates.noindex/CoreMLBuilder.build/Debug-watchos/CoreMLBuilder-t.build/Objects-normal/arm64/CoreMLBuilder.swiftmodule (in target 'CoreMLBuilder' from project 'CoreMLBuilder')
cd /Users/admin/builder/spi-builder-workspace
builtin-copy -exclude .DS_Store -exclude CVS -exclude .svn -exclude .git -exclude .hg -resolve-src-symlinks -rename /Users/admin/builder/spi-builder-workspace/.derivedData/Build/Intermediates.noindex/CoreMLBuilder.build/Debug-watchos/CoreMLBuilder-t.build/Objects-normal/arm64/CoreMLBuilder.swiftmodule /Users/admin/builder/spi-builder-workspace/.derivedData/Build/Products/Debug-watchos/CoreMLBuilder.swiftmodule/arm64-apple-watchos.swiftmodule
Copy /Users/admin/builder/spi-builder-workspace/.derivedData/Build/Products/Debug-watchos/CoreMLBuilder.swiftmodule/arm64-apple-watchos.swiftdoc /Users/admin/builder/spi-builder-workspace/.derivedData/Build/Intermediates.noindex/CoreMLBuilder.build/Debug-watchos/CoreMLBuilder-t.build/Objects-normal/arm64/CoreMLBuilder.swiftdoc (in target 'CoreMLBuilder' from project 'CoreMLBuilder')
cd /Users/admin/builder/spi-builder-workspace
builtin-copy -exclude .DS_Store -exclude CVS -exclude .svn -exclude .git -exclude .hg -resolve-src-symlinks -rename /Users/admin/builder/spi-builder-workspace/.derivedData/Build/Intermediates.noindex/CoreMLBuilder.build/Debug-watchos/CoreMLBuilder-t.build/Objects-normal/arm64/CoreMLBuilder.swiftdoc /Users/admin/builder/spi-builder-workspace/.derivedData/Build/Products/Debug-watchos/CoreMLBuilder.swiftmodule/arm64-apple-watchos.swiftdoc
SwiftDriver CoreMLProto normal arm64_32 com.apple.xcode.tools.swift.compiler (in target 'CoreMLProto' from project 'CoreMLBuilder')
cd /Users/admin/builder/spi-builder-workspace/.swiftpm/xcode
builtin-SwiftDriver -- /Applications/Xcode-27.0.0-Release.Candidate.app/Contents/Developer/Toolchains/XcodeDefault.xctoolchain/usr/bin/swiftc -parse-as-library -module-name CoreMLProto -Onone @/Users/admin/builder/spi-builder-workspace/.derivedData/Build/Intermediates.noindex/CoreMLBuilder.build/Debug-watchos/CoreMLProto-t.build/Objects-normal/arm64_32/CoreMLProto.SwiftFileList -DSWIFT_PACKAGE -DDEBUG -DSWIFT_MODULE_RESOURCE_BUNDLE_UNAVAILABLE -DXcode -plugin-path /Applications/Xcode-27.0.0-Release.Candidate.app/Contents/Developer/Toolchains/XcodeDefault.xctoolchain/usr/lib/swift/host/plugins/testing -enable-experimental-feature DebugDescriptionMacro -sdk /Applications/Xcode-27.0.0-Release.Candidate.app/Contents/Developer/Platforms/WatchOS.platform/Developer/SDKs/WatchOS27.0.sdk -target arm64_32-apple-watchos9.0 -g -module-cache-path /Users/admin/builder/spi-builder-workspace/.derivedData/ModuleCache.noindex -Xfrontend -serialize-debugging-options -profile-coverage-mapping -profile-generate -enable-testing -index-store-path /Users/admin/builder/spi-builder-workspace/.derivedData/Index.noindex/DataStore -Xcc -D_LIBCPP_HARDENING_MODE\=_LIBCPP_HARDENING_MODE_DEBUG -swift-version 5 -I /Users/admin/builder/spi-builder-workspace/.derivedData/Build/Products/Debug-watchos -Isystem /Applications/Xcode-27.0.0-Release.Candidate.app/Contents/Developer/Platforms/WatchOS.platform/Developer/usr/lib -F /Users/admin/builder/spi-builder-workspace/.derivedData/Build/Products/Debug-watchos/PackageFrameworks -F /Users/admin/builder/spi-builder-workspace/.derivedData/Build/Products/Debug-watchos -F /Applications/Xcode-27.0.0-Release.Candidate.app/Contents/Developer/Platforms/WatchOS.platform/Developer/Library/Frameworks -F /Applications/Xcode-27.0.0-Release.Candidate.app/Contents/Developer/Platforms/WatchOS.platform/Developer/SDKs/WatchOS27.0.sdk/Developer/Library/Frameworks -c -j10 -enable-batch-mode -incremental -Xcc -ivfsstatcache -Xcc /Users/admin/builder/spi-builder-workspace/.derivedData/SDKStatCaches.noindex/watchos27.0-24R360-e829b21a6f8c9b70876ba0858053c04477534ef55a1706bf4c1112bbb242f0a2.sdkstatcache -output-file-map /Users/admin/builder/spi-builder-workspace/.derivedData/Build/Intermediates.noindex/CoreMLBuilder.build/Debug-watchos/CoreMLProto-t.build/Objects-normal/arm64_32/CoreMLProto-OutputFileMap.json -save-temps -no-color-diagnostics -explicit-module-build -module-cache-path /Users/admin/builder/spi-builder-workspace/.derivedData/Build/Intermediates.noindex/SwiftExplicitPrecompiledModules -clang-scanner-module-cache-path /Users/admin/builder/spi-builder-workspace/.derivedData/ModuleCache.noindex -sdk-module-cache-path /Users/admin/builder/spi-builder-workspace/.derivedData/SDKExplicitPrecompiledModules -emit-dependencies -emit-module -emit-module-path /Users/admin/builder/spi-builder-workspace/.derivedData/Build/Intermediates.noindex/CoreMLBuilder.build/Debug-watchos/CoreMLProto-t.build/Objects-normal/arm64_32/CoreMLProto.swiftmodule -serialize-diagnostics -dependency-scan-serialize-diagnostics-path /Users/admin/builder/spi-builder-workspace/.derivedData/Build/Intermediates.noindex/CoreMLBuilder.build/Debug-watchos/CoreMLProto-t.build/Objects-normal/arm64_32/CoreMLProto-dependency-scan.dia -validate-clang-modules-once -clang-build-session-file /Users/admin/builder/spi-builder-workspace/.derivedData/ModuleCache.noindex/Session.modulevalidation -Xcc -fmodules-prune-interval\=86400 -Xcc -fmodules-prune-after\=345600 -package-name spi_builder_workspace -emit-const-values -const-gather-protocols-list /Users/admin/builder/spi-builder-workspace/.derivedData/Build/Intermediates.noindex/CoreMLBuilder.build/Debug-watchos/CoreMLProto-t.build/Objects-normal/arm64_32/CoreMLProto_const_extract_protocols.json -Xcc -I/Users/admin/builder/spi-builder-workspace/.derivedData/Build/Products/Debug-watchos/include -Xcc -I/Users/admin/builder/spi-builder-workspace/.derivedData/Build/Intermediates.noindex/CoreMLBuilder.build/Debug-watchos/CoreMLProto-t.build/DerivedSources-normal/arm64_32 -Xcc -I/Users/admin/builder/spi-builder-workspace/.derivedData/Build/Intermediates.noindex/CoreMLBuilder.build/Debug-watchos/CoreMLProto-t.build/DerivedSources/arm64_32 -Xcc -I/Users/admin/builder/spi-builder-workspace/.derivedData/Build/Intermediates.noindex/CoreMLBuilder.build/Debug-watchos/CoreMLProto-t.build/DerivedSources -Xcc -DSWIFT_PACKAGE -Xcc -DDEBUG\=1 -emit-objc-header -emit-objc-header-path /Users/admin/builder/spi-builder-workspace/.derivedData/Build/Intermediates.noindex/CoreMLBuilder.build/Debug-watchos/CoreMLProto-t.build/Objects-normal/arm64_32/CoreMLProto-Swift.h -working-directory /Users/admin/builder/spi-builder-workspace/.swiftpm/xcode -experimental-emit-module-separately -disable-cmo
Copy /Users/admin/builder/spi-builder-workspace/.derivedData/Build/Products/Debug-watchos/CoreMLBuilder.swiftmodule/arm64-apple-watchos.abi.json /Users/admin/builder/spi-builder-workspace/.derivedData/Build/Intermediates.noindex/CoreMLBuilder.build/Debug-watchos/CoreMLBuilder-t.build/Objects-normal/arm64/CoreMLBuilder.abi.json (in target 'CoreMLBuilder' from project 'CoreMLBuilder')
cd /Users/admin/builder/spi-builder-workspace
builtin-copy -exclude .DS_Store -exclude CVS -exclude .svn -exclude .git -exclude .hg -resolve-src-symlinks -rename /Users/admin/builder/spi-builder-workspace/.derivedData/Build/Intermediates.noindex/CoreMLBuilder.build/Debug-watchos/CoreMLBuilder-t.build/Objects-normal/arm64/CoreMLBuilder.abi.json /Users/admin/builder/spi-builder-workspace/.derivedData/Build/Products/Debug-watchos/CoreMLBuilder.swiftmodule/arm64-apple-watchos.abi.json
SwiftDriver CoreMLProto normal arm64 com.apple.xcode.tools.swift.compiler (in target 'CoreMLProto' from project 'CoreMLBuilder')
cd /Users/admin/builder/spi-builder-workspace/.swiftpm/xcode
builtin-SwiftDriver -- /Applications/Xcode-27.0.0-Release.Candidate.app/Contents/Developer/Toolchains/XcodeDefault.xctoolchain/usr/bin/swiftc -parse-as-library -module-name CoreMLProto -Onone @/Users/admin/builder/spi-builder-workspace/.derivedData/Build/Intermediates.noindex/CoreMLBuilder.build/Debug-watchos/CoreMLProto-t.build/Objects-normal/arm64/CoreMLProto.SwiftFileList -DSWIFT_PACKAGE -DDEBUG -DSWIFT_MODULE_RESOURCE_BUNDLE_UNAVAILABLE -DXcode -plugin-path /Applications/Xcode-27.0.0-Release.Candidate.app/Contents/Developer/Toolchains/XcodeDefault.xctoolchain/usr/lib/swift/host/plugins/testing -enable-experimental-feature DebugDescriptionMacro -sdk /Applications/Xcode-27.0.0-Release.Candidate.app/Contents/Developer/Platforms/WatchOS.platform/Developer/SDKs/WatchOS27.0.sdk -target arm64-apple-watchos9.0 -g -module-cache-path /Users/admin/builder/spi-builder-workspace/.derivedData/ModuleCache.noindex -Xfrontend -serialize-debugging-options -profile-coverage-mapping -profile-generate -enable-testing -index-store-path /Users/admin/builder/spi-builder-workspace/.derivedData/Index.noindex/DataStore -Xcc -D_LIBCPP_HARDENING_MODE\=_LIBCPP_HARDENING_MODE_DEBUG -swift-version 5 -I /Users/admin/builder/spi-builder-workspace/.derivedData/Build/Products/Debug-watchos -Isystem /Applications/Xcode-27.0.0-Release.Candidate.app/Contents/Developer/Platforms/WatchOS.platform/Developer/usr/lib -F /Users/admin/builder/spi-builder-workspace/.derivedData/Build/Products/Debug-watchos/PackageFrameworks -F /Users/admin/builder/spi-builder-workspace/.derivedData/Build/Products/Debug-watchos -F /Applications/Xcode-27.0.0-Release.Candidate.app/Contents/Developer/Platforms/WatchOS.platform/Developer/Library/Frameworks -F /Applications/Xcode-27.0.0-Release.Candidate.app/Contents/Developer/Platforms/WatchOS.platform/Developer/SDKs/WatchOS27.0.sdk/Developer/Library/Frameworks -c -j10 -enable-batch-mode -incremental -Xcc -ivfsstatcache -Xcc /Users/admin/builder/spi-builder-workspace/.derivedData/SDKStatCaches.noindex/watchos27.0-24R360-e829b21a6f8c9b70876ba0858053c04477534ef55a1706bf4c1112bbb242f0a2.sdkstatcache -output-file-map /Users/admin/builder/spi-builder-workspace/.derivedData/Build/Intermediates.noindex/CoreMLBuilder.build/Debug-watchos/CoreMLProto-t.build/Objects-normal/arm64/CoreMLProto-OutputFileMap.json -save-temps -no-color-diagnostics -explicit-module-build -module-cache-path /Users/admin/builder/spi-builder-workspace/.derivedData/Build/Intermediates.noindex/SwiftExplicitPrecompiledModules -clang-scanner-module-cache-path /Users/admin/builder/spi-builder-workspace/.derivedData/ModuleCache.noindex -sdk-module-cache-path /Users/admin/builder/spi-builder-workspace/.derivedData/SDKExplicitPrecompiledModules -emit-dependencies -emit-module -emit-module-path /Users/admin/builder/spi-builder-workspace/.derivedData/Build/Intermediates.noindex/CoreMLBuilder.build/Debug-watchos/CoreMLProto-t.build/Objects-normal/arm64/CoreMLProto.swiftmodule -serialize-diagnostics -dependency-scan-serialize-diagnostics-path /Users/admin/builder/spi-builder-workspace/.derivedData/Build/Intermediates.noindex/CoreMLBuilder.build/Debug-watchos/CoreMLProto-t.build/Objects-normal/arm64/CoreMLProto-dependency-scan.dia -validate-clang-modules-once -clang-build-session-file /Users/admin/builder/spi-builder-workspace/.derivedData/ModuleCache.noindex/Session.modulevalidation -Xcc -fmodules-prune-interval\=86400 -Xcc -fmodules-prune-after\=345600 -package-name spi_builder_workspace -emit-const-values -const-gather-protocols-list /Users/admin/builder/spi-builder-workspace/.derivedData/Build/Intermediates.noindex/CoreMLBuilder.build/Debug-watchos/CoreMLProto-t.build/Objects-normal/arm64/CoreMLProto_const_extract_protocols.json -Xcc -I/Users/admin/builder/spi-builder-workspace/.derivedData/Build/Products/Debug-watchos/include -Xcc -I/Users/admin/builder/spi-builder-workspace/.derivedData/Build/Intermediates.noindex/CoreMLBuilder.build/Debug-watchos/CoreMLProto-t.build/DerivedSources-normal/arm64 -Xcc -I/Users/admin/builder/spi-builder-workspace/.derivedData/Build/Intermediates.noindex/CoreMLBuilder.build/Debug-watchos/CoreMLProto-t.build/DerivedSources/arm64 -Xcc -I/Users/admin/builder/spi-builder-workspace/.derivedData/Build/Intermediates.noindex/CoreMLBuilder.build/Debug-watchos/CoreMLProto-t.build/DerivedSources -Xcc -DSWIFT_PACKAGE -Xcc -DDEBUG\=1 -emit-objc-header -emit-objc-header-path /Users/admin/builder/spi-builder-workspace/.derivedData/Build/Intermediates.noindex/CoreMLBuilder.build/Debug-watchos/CoreMLProto-t.build/Objects-normal/arm64/CoreMLProto-Swift.h -working-directory /Users/admin/builder/spi-builder-workspace/.swiftpm/xcode -experimental-emit-module-separately -disable-cmo
Copy /Users/admin/builder/spi-builder-workspace/.derivedData/Build/Products/Debug-watchos/CoreMLBuilder.swiftmodule/Project/arm64_32-apple-watchos.swiftsourceinfo /Users/admin/builder/spi-builder-workspace/.derivedData/Build/Intermediates.noindex/CoreMLBuilder.build/Debug-watchos/CoreMLBuilder-t.build/Objects-normal/arm64_32/CoreMLBuilder.swiftsourceinfo (in target 'CoreMLBuilder' from project 'CoreMLBuilder')
cd /Users/admin/builder/spi-builder-workspace
builtin-copy -exclude .DS_Store -exclude CVS -exclude .svn -exclude .git -exclude .hg -resolve-src-symlinks -rename /Users/admin/builder/spi-builder-workspace/.derivedData/Build/Intermediates.noindex/CoreMLBuilder.build/Debug-watchos/CoreMLBuilder-t.build/Objects-normal/arm64_32/CoreMLBuilder.swiftsourceinfo /Users/admin/builder/spi-builder-workspace/.derivedData/Build/Products/Debug-watchos/CoreMLBuilder.swiftmodule/Project/arm64_32-apple-watchos.swiftsourceinfo
Copy /Users/admin/builder/spi-builder-workspace/.derivedData/Build/Products/Debug-watchos/CoreMLBuilder.swiftmodule/Project/arm64-apple-watchos.swiftsourceinfo /Users/admin/builder/spi-builder-workspace/.derivedData/Build/Intermediates.noindex/CoreMLBuilder.build/Debug-watchos/CoreMLBuilder-t.build/Objects-normal/arm64/CoreMLBuilder.swiftsourceinfo (in target 'CoreMLBuilder' from project 'CoreMLBuilder')
cd /Users/admin/builder/spi-builder-workspace
builtin-copy -exclude .DS_Store -exclude CVS -exclude .svn -exclude .git -exclude .hg -resolve-src-symlinks -rename /Users/admin/builder/spi-builder-workspace/.derivedData/Build/Intermediates.noindex/CoreMLBuilder.build/Debug-watchos/CoreMLBuilder-t.build/Objects-normal/arm64/CoreMLBuilder.swiftsourceinfo /Users/admin/builder/spi-builder-workspace/.derivedData/Build/Products/Debug-watchos/CoreMLBuilder.swiftmodule/Project/arm64-apple-watchos.swiftsourceinfo
SwiftDriver CoreMLBuilder normal arm64 com.apple.xcode.tools.swift.compiler (in target 'CoreMLBuilder' from project 'CoreMLBuilder')
cd /Users/admin/builder/spi-builder-workspace/.swiftpm/xcode
builtin-SwiftDriver -- /Applications/Xcode-27.0.0-Release.Candidate.app/Contents/Developer/Toolchains/XcodeDefault.xctoolchain/usr/bin/swiftc -parse-as-library -module-name CoreMLBuilder -Onone @/Users/admin/builder/spi-builder-workspace/.derivedData/Build/Intermediates.noindex/CoreMLBuilder.build/Debug-watchos/CoreMLBuilder-t.build/Objects-normal/arm64/CoreMLBuilder.SwiftFileList -DSWIFT_PACKAGE -DDEBUG -DSWIFT_MODULE_RESOURCE_BUNDLE_UNAVAILABLE -DXcode -plugin-path /Applications/Xcode-27.0.0-Release.Candidate.app/Contents/Developer/Toolchains/XcodeDefault.xctoolchain/usr/lib/swift/host/plugins/testing -enable-experimental-feature DebugDescriptionMacro -sdk /Applications/Xcode-27.0.0-Release.Candidate.app/Contents/Developer/Platforms/WatchOS.platform/Developer/SDKs/WatchOS27.0.sdk -target arm64-apple-watchos9.0 -g -module-cache-path /Users/admin/builder/spi-builder-workspace/.derivedData/ModuleCache.noindex -Xfrontend -serialize-debugging-options -profile-coverage-mapping -profile-generate -enable-testing -index-store-path /Users/admin/builder/spi-builder-workspace/.derivedData/Index.noindex/DataStore -Xcc -D_LIBCPP_HARDENING_MODE\=_LIBCPP_HARDENING_MODE_DEBUG -swift-version 5 -I /Users/admin/builder/spi-builder-workspace/.derivedData/Build/Products/Debug-watchos -Isystem /Applications/Xcode-27.0.0-Release.Candidate.app/Contents/Developer/Platforms/WatchOS.platform/Developer/usr/lib -F /Users/admin/builder/spi-builder-workspace/.derivedData/Build/Products/Debug-watchos/PackageFrameworks -F /Users/admin/builder/spi-builder-workspace/.derivedData/Build/Products/Debug-watchos -F /Applications/Xcode-27.0.0-Release.Candidate.app/Contents/Developer/Platforms/WatchOS.platform/Developer/Library/Frameworks -F /Applications/Xcode-27.0.0-Release.Candidate.app/Contents/Developer/Platforms/WatchOS.platform/Developer/SDKs/WatchOS27.0.sdk/Developer/Library/Frameworks -c -j10 -enable-batch-mode -incremental -Xcc -ivfsstatcache -Xcc /Users/admin/builder/spi-builder-workspace/.derivedData/SDKStatCaches.noindex/watchos27.0-24R360-e829b21a6f8c9b70876ba0858053c04477534ef55a1706bf4c1112bbb242f0a2.sdkstatcache -output-file-map /Users/admin/builder/spi-builder-workspace/.derivedData/Build/Intermediates.noindex/CoreMLBuilder.build/Debug-watchos/CoreMLBuilder-t.build/Objects-normal/arm64/CoreMLBuilder-OutputFileMap.json -save-temps -no-color-diagnostics -explicit-module-build -module-cache-path /Users/admin/builder/spi-builder-workspace/.derivedData/Build/Intermediates.noindex/SwiftExplicitPrecompiledModules -clang-scanner-module-cache-path /Users/admin/builder/spi-builder-workspace/.derivedData/ModuleCache.noindex -sdk-module-cache-path /Users/admin/builder/spi-builder-workspace/.derivedData/SDKExplicitPrecompiledModules -emit-dependencies -emit-module -emit-module-path /Users/admin/builder/spi-builder-workspace/.derivedData/Build/Intermediates.noindex/CoreMLBuilder.build/Debug-watchos/CoreMLBuilder-t.build/Objects-normal/arm64/CoreMLBuilder.swiftmodule -serialize-diagnostics -dependency-scan-serialize-diagnostics-path /Users/admin/builder/spi-builder-workspace/.derivedData/Build/Intermediates.noindex/CoreMLBuilder.build/Debug-watchos/CoreMLBuilder-t.build/Objects-normal/arm64/CoreMLBuilder-dependency-scan.dia -validate-clang-modules-once -clang-build-session-file /Users/admin/builder/spi-builder-workspace/.derivedData/ModuleCache.noindex/Session.modulevalidation -Xcc -fmodules-prune-interval\=86400 -Xcc -fmodules-prune-after\=345600 -package-name spi_builder_workspace -emit-const-values -const-gather-protocols-list /Users/admin/builder/spi-builder-workspace/.derivedData/Build/Intermediates.noindex/CoreMLBuilder.build/Debug-watchos/CoreMLBuilder-t.build/Objects-normal/arm64/CoreMLBuilder_const_extract_protocols.json -Xcc -I/Users/admin/builder/spi-builder-workspace/.derivedData/Build/Products/Debug-watchos/include -Xcc -I/Users/admin/builder/spi-builder-workspace/.derivedData/Build/Intermediates.noindex/CoreMLBuilder.build/Debug-watchos/CoreMLBuilder-t.build/DerivedSources-normal/arm64 -Xcc -I/Users/admin/builder/spi-builder-workspace/.derivedData/Build/Intermediates.noindex/CoreMLBuilder.build/Debug-watchos/CoreMLBuilder-t.build/DerivedSources/arm64 -Xcc -I/Users/admin/builder/spi-builder-workspace/.derivedData/Build/Intermediates.noindex/CoreMLBuilder.build/Debug-watchos/CoreMLBuilder-t.build/DerivedSources -Xcc -DSWIFT_PACKAGE -Xcc -DDEBUG\=1 -emit-objc-header -emit-objc-header-path /Users/admin/builder/spi-builder-workspace/.derivedData/Build/Intermediates.noindex/CoreMLBuilder.build/Debug-watchos/CoreMLBuilder-t.build/Objects-normal/arm64/CoreMLBuilder-Swift.h -working-directory /Users/admin/builder/spi-builder-workspace/.swiftpm/xcode -experimental-emit-module-separately -disable-cmo
SwiftDriver CoreMLBuilder normal arm64_32 com.apple.xcode.tools.swift.compiler (in target 'CoreMLBuilder' from project 'CoreMLBuilder')
cd /Users/admin/builder/spi-builder-workspace/.swiftpm/xcode
builtin-SwiftDriver -- /Applications/Xcode-27.0.0-Release.Candidate.app/Contents/Developer/Toolchains/XcodeDefault.xctoolchain/usr/bin/swiftc -parse-as-library -module-name CoreMLBuilder -Onone @/Users/admin/builder/spi-builder-workspace/.derivedData/Build/Intermediates.noindex/CoreMLBuilder.build/Debug-watchos/CoreMLBuilder-t.build/Objects-normal/arm64_32/CoreMLBuilder.SwiftFileList -DSWIFT_PACKAGE -DDEBUG -DSWIFT_MODULE_RESOURCE_BUNDLE_UNAVAILABLE -DXcode -plugin-path /Applications/Xcode-27.0.0-Release.Candidate.app/Contents/Developer/Toolchains/XcodeDefault.xctoolchain/usr/lib/swift/host/plugins/testing -enable-experimental-feature DebugDescriptionMacro -sdk /Applications/Xcode-27.0.0-Release.Candidate.app/Contents/Developer/Platforms/WatchOS.platform/Developer/SDKs/WatchOS27.0.sdk -target arm64_32-apple-watchos9.0 -g -module-cache-path /Users/admin/builder/spi-builder-workspace/.derivedData/ModuleCache.noindex -Xfrontend -serialize-debugging-options -profile-coverage-mapping -profile-generate -enable-testing -index-store-path /Users/admin/builder/spi-builder-workspace/.derivedData/Index.noindex/DataStore -Xcc -D_LIBCPP_HARDENING_MODE\=_LIBCPP_HARDENING_MODE_DEBUG -swift-version 5 -I /Users/admin/builder/spi-builder-workspace/.derivedData/Build/Products/Debug-watchos -Isystem /Applications/Xcode-27.0.0-Release.Candidate.app/Contents/Developer/Platforms/WatchOS.platform/Developer/usr/lib -F /Users/admin/builder/spi-builder-workspace/.derivedData/Build/Products/Debug-watchos/PackageFrameworks -F /Users/admin/builder/spi-builder-workspace/.derivedData/Build/Products/Debug-watchos -F /Applications/Xcode-27.0.0-Release.Candidate.app/Contents/Developer/Platforms/WatchOS.platform/Developer/Library/Frameworks -F /Applications/Xcode-27.0.0-Release.Candidate.app/Contents/Developer/Platforms/WatchOS.platform/Developer/SDKs/WatchOS27.0.sdk/Developer/Library/Frameworks -c -j10 -enable-batch-mode -incremental -Xcc -ivfsstatcache -Xcc /Users/admin/builder/spi-builder-workspace/.derivedData/SDKStatCaches.noindex/watchos27.0-24R360-e829b21a6f8c9b70876ba0858053c04477534ef55a1706bf4c1112bbb242f0a2.sdkstatcache -output-file-map /Users/admin/builder/spi-builder-workspace/.derivedData/Build/Intermediates.noindex/CoreMLBuilder.build/Debug-watchos/CoreMLBuilder-t.build/Objects-normal/arm64_32/CoreMLBuilder-OutputFileMap.json -save-temps -no-color-diagnostics -explicit-module-build -module-cache-path /Users/admin/builder/spi-builder-workspace/.derivedData/Build/Intermediates.noindex/SwiftExplicitPrecompiledModules -clang-scanner-module-cache-path /Users/admin/builder/spi-builder-workspace/.derivedData/ModuleCache.noindex -sdk-module-cache-path /Users/admin/builder/spi-builder-workspace/.derivedData/SDKExplicitPrecompiledModules -emit-dependencies -emit-module -emit-module-path /Users/admin/builder/spi-builder-workspace/.derivedData/Build/Intermediates.noindex/CoreMLBuilder.build/Debug-watchos/CoreMLBuilder-t.build/Objects-normal/arm64_32/CoreMLBuilder.swiftmodule -serialize-diagnostics -dependency-scan-serialize-diagnostics-path /Users/admin/builder/spi-builder-workspace/.derivedData/Build/Intermediates.noindex/CoreMLBuilder.build/Debug-watchos/CoreMLBuilder-t.build/Objects-normal/arm64_32/CoreMLBuilder-dependency-scan.dia -validate-clang-modules-once -clang-build-session-file /Users/admin/builder/spi-builder-workspace/.derivedData/ModuleCache.noindex/Session.modulevalidation -Xcc -fmodules-prune-interval\=86400 -Xcc -fmodules-prune-after\=345600 -package-name spi_builder_workspace -emit-const-values -const-gather-protocols-list /Users/admin/builder/spi-builder-workspace/.derivedData/Build/Intermediates.noindex/CoreMLBuilder.build/Debug-watchos/CoreMLBuilder-t.build/Objects-normal/arm64_32/CoreMLBuilder_const_extract_protocols.json -Xcc -I/Users/admin/builder/spi-builder-workspace/.derivedData/Build/Products/Debug-watchos/include -Xcc -I/Users/admin/builder/spi-builder-workspace/.derivedData/Build/Intermediates.noindex/CoreMLBuilder.build/Debug-watchos/CoreMLBuilder-t.build/DerivedSources-normal/arm64_32 -Xcc -I/Users/admin/builder/spi-builder-workspace/.derivedData/Build/Intermediates.noindex/CoreMLBuilder.build/Debug-watchos/CoreMLBuilder-t.build/DerivedSources/arm64_32 -Xcc -I/Users/admin/builder/spi-builder-workspace/.derivedData/Build/Intermediates.noindex/CoreMLBuilder.build/Debug-watchos/CoreMLBuilder-t.build/DerivedSources -Xcc -DSWIFT_PACKAGE -Xcc -DDEBUG\=1 -emit-objc-header -emit-objc-header-path /Users/admin/builder/spi-builder-workspace/.derivedData/Build/Intermediates.noindex/CoreMLBuilder.build/Debug-watchos/CoreMLBuilder-t.build/Objects-normal/arm64_32/CoreMLBuilder-Swift.h -working-directory /Users/admin/builder/spi-builder-workspace/.swiftpm/xcode -experimental-emit-module-separately -disable-cmo
SwiftDriver MatrixBench normal arm64_32 com.apple.xcode.tools.swift.compiler (in target 'MatrixBench-product' from project 'CoreMLBuilder')
cd /Users/admin/builder/spi-builder-workspace/.swiftpm/xcode
builtin-SwiftDriver -- /Applications/Xcode-27.0.0-Release.Candidate.app/Contents/Developer/Toolchains/XcodeDefault.xctoolchain/usr/bin/swiftc -parse-as-library -module-name MatrixBench -Onone @/Users/admin/builder/spi-builder-workspace/.derivedData/Build/Intermediates.noindex/CoreMLBuilder.build/Debug-watchos/MatrixBench-p.build/Objects-normal/arm64_32/MatrixBench.SwiftFileList -DSWIFT_PACKAGE -DDEBUG -DXcode -plugin-path /Applications/Xcode-27.0.0-Release.Candidate.app/Contents/Developer/Toolchains/XcodeDefault.xctoolchain/usr/lib/swift/host/plugins/testing -enable-experimental-feature DebugDescriptionMacro -sdk /Applications/Xcode-27.0.0-Release.Candidate.app/Contents/Developer/Platforms/WatchOS.platform/Developer/SDKs/WatchOS27.0.sdk -target arm64_32-apple-watchos9.0 -g -module-cache-path /Users/admin/builder/spi-builder-workspace/.derivedData/ModuleCache.noindex -Xfrontend -serialize-debugging-options -profile-coverage-mapping -profile-generate -enable-testing -index-store-path /Users/admin/builder/spi-builder-workspace/.derivedData/Index.noindex/DataStore -Xcc -D_LIBCPP_HARDENING_MODE\=_LIBCPP_HARDENING_MODE_DEBUG -swift-version 5 -I /Users/admin/builder/spi-builder-workspace/.derivedData/Build/Products/Debug-watchos -Isystem /Applications/Xcode-27.0.0-Release.Candidate.app/Contents/Developer/Platforms/WatchOS.platform/Developer/usr/lib -F /Users/admin/builder/spi-builder-workspace/.derivedData/Build/Products/Debug-watchos/PackageFrameworks -F /Users/admin/builder/spi-builder-workspace/.derivedData/Build/Products/Debug-watchos -F /Applications/Xcode-27.0.0-Release.Candidate.app/Contents/Developer/Platforms/WatchOS.platform/Developer/Library/Frameworks -F /Applications/Xcode-27.0.0-Release.Candidate.app/Contents/Developer/Platforms/WatchOS.platform/Developer/SDKs/WatchOS27.0.sdk/Developer/Library/Frameworks -c -j10 -enable-batch-mode -incremental -Xcc -ivfsstatcache -Xcc /Users/admin/builder/spi-builder-workspace/.derivedData/SDKStatCaches.noindex/watchos27.0-24R360-e829b21a6f8c9b70876ba0858053c04477534ef55a1706bf4c1112bbb242f0a2.sdkstatcache -output-file-map /Users/admin/builder/spi-builder-workspace/.derivedData/Build/Intermediates.noindex/CoreMLBuilder.build/Debug-watchos/MatrixBench-p.build/Objects-normal/arm64_32/MatrixBench-OutputFileMap.json -save-temps -no-color-diagnostics -explicit-module-build -module-cache-path /Users/admin/builder/spi-builder-workspace/.derivedData/Build/Intermediates.noindex/SwiftExplicitPrecompiledModules -clang-scanner-module-cache-path /Users/admin/builder/spi-builder-workspace/.derivedData/ModuleCache.noindex -sdk-module-cache-path /Users/admin/builder/spi-builder-workspace/.derivedData/SDKExplicitPrecompiledModules -emit-dependencies -emit-module -emit-module-path /Users/admin/builder/spi-builder-workspace/.derivedData/Build/Intermediates.noindex/CoreMLBuilder.build/Debug-watchos/MatrixBench-p.build/Objects-normal/arm64_32/MatrixBench.swiftmodule -serialize-diagnostics -dependency-scan-serialize-diagnostics-path /Users/admin/builder/spi-builder-workspace/.derivedData/Build/Intermediates.noindex/CoreMLBuilder.build/Debug-watchos/MatrixBench-p.build/Objects-normal/arm64_32/MatrixBench-dependency-scan.dia -validate-clang-modules-once -clang-build-session-file /Users/admin/builder/spi-builder-workspace/.derivedData/ModuleCache.noindex/Session.modulevalidation -Xcc -fmodules-prune-interval\=86400 -Xcc -fmodules-prune-after\=345600 -package-name spi_builder_workspace -emit-const-values -const-gather-protocols-list /Users/admin/builder/spi-builder-workspace/.derivedData/Build/Intermediates.noindex/CoreMLBuilder.build/Debug-watchos/MatrixBench-p.build/Objects-normal/arm64_32/MatrixBench_const_extract_protocols.json -Xcc -I/Users/admin/builder/spi-builder-workspace/.derivedData/Build/Products/Debug-watchos/include -Xcc -I/Users/admin/builder/spi-builder-workspace/.derivedData/Build/Intermediates.noindex/CoreMLBuilder.build/Debug-watchos/MatrixBench-p.build/DerivedSources-normal/arm64_32 -Xcc -I/Users/admin/builder/spi-builder-workspace/.derivedData/Build/Intermediates.noindex/CoreMLBuilder.build/Debug-watchos/MatrixBench-p.build/DerivedSources/arm64_32 -Xcc -I/Users/admin/builder/spi-builder-workspace/.derivedData/Build/Intermediates.noindex/CoreMLBuilder.build/Debug-watchos/MatrixBench-p.build/DerivedSources -Xcc -DSWIFT_PACKAGE -Xcc -DDEBUG\=1 -working-directory /Users/admin/builder/spi-builder-workspace/.swiftpm/xcode -experimental-emit-module-separately -disable-cmo
SwiftDriver MatrixBench normal arm64 com.apple.xcode.tools.swift.compiler (in target 'MatrixBench-product' from project 'CoreMLBuilder')
cd /Users/admin/builder/spi-builder-workspace/.swiftpm/xcode
builtin-SwiftDriver -- /Applications/Xcode-27.0.0-Release.Candidate.app/Contents/Developer/Toolchains/XcodeDefault.xctoolchain/usr/bin/swiftc -parse-as-library -module-name MatrixBench -Onone @/Users/admin/builder/spi-builder-workspace/.derivedData/Build/Intermediates.noindex/CoreMLBuilder.build/Debug-watchos/MatrixBench-p.build/Objects-normal/arm64/MatrixBench.SwiftFileList -DSWIFT_PACKAGE -DDEBUG -DXcode -plugin-path /Applications/Xcode-27.0.0-Release.Candidate.app/Contents/Developer/Toolchains/XcodeDefault.xctoolchain/usr/lib/swift/host/plugins/testing -enable-experimental-feature DebugDescriptionMacro -sdk /Applications/Xcode-27.0.0-Release.Candidate.app/Contents/Developer/Platforms/WatchOS.platform/Developer/SDKs/WatchOS27.0.sdk -target arm64-apple-watchos9.0 -g -module-cache-path /Users/admin/builder/spi-builder-workspace/.derivedData/ModuleCache.noindex -Xfrontend -serialize-debugging-options -profile-coverage-mapping -profile-generate -enable-testing -index-store-path /Users/admin/builder/spi-builder-workspace/.derivedData/Index.noindex/DataStore -Xcc -D_LIBCPP_HARDENING_MODE\=_LIBCPP_HARDENING_MODE_DEBUG -swift-version 5 -I /Users/admin/builder/spi-builder-workspace/.derivedData/Build/Products/Debug-watchos -Isystem /Applications/Xcode-27.0.0-Release.Candidate.app/Contents/Developer/Platforms/WatchOS.platform/Developer/usr/lib -F /Users/admin/builder/spi-builder-workspace/.derivedData/Build/Products/Debug-watchos/PackageFrameworks -F /Users/admin/builder/spi-builder-workspace/.derivedData/Build/Products/Debug-watchos -F /Applications/Xcode-27.0.0-Release.Candidate.app/Contents/Developer/Platforms/WatchOS.platform/Developer/Library/Frameworks -F /Applications/Xcode-27.0.0-Release.Candidate.app/Contents/Developer/Platforms/WatchOS.platform/Developer/SDKs/WatchOS27.0.sdk/Developer/Library/Frameworks -c -j10 -enable-batch-mode -incremental -Xcc -ivfsstatcache -Xcc /Users/admin/builder/spi-builder-workspace/.derivedData/SDKStatCaches.noindex/watchos27.0-24R360-e829b21a6f8c9b70876ba0858053c04477534ef55a1706bf4c1112bbb242f0a2.sdkstatcache -output-file-map /Users/admin/builder/spi-builder-workspace/.derivedData/Build/Intermediates.noindex/CoreMLBuilder.build/Debug-watchos/MatrixBench-p.build/Objects-normal/arm64/MatrixBench-OutputFileMap.json -save-temps -no-color-diagnostics -explicit-module-build -module-cache-path /Users/admin/builder/spi-builder-workspace/.derivedData/Build/Intermediates.noindex/SwiftExplicitPrecompiledModules -clang-scanner-module-cache-path /Users/admin/builder/spi-builder-workspace/.derivedData/ModuleCache.noindex -sdk-module-cache-path /Users/admin/builder/spi-builder-workspace/.derivedData/SDKExplicitPrecompiledModules -emit-dependencies -emit-module -emit-module-path /Users/admin/builder/spi-builder-workspace/.derivedData/Build/Intermediates.noindex/CoreMLBuilder.build/Debug-watchos/MatrixBench-p.build/Objects-normal/arm64/MatrixBench.swiftmodule -serialize-diagnostics -dependency-scan-serialize-diagnostics-path /Users/admin/builder/spi-builder-workspace/.derivedData/Build/Intermediates.noindex/CoreMLBuilder.build/Debug-watchos/MatrixBench-p.build/Objects-normal/arm64/MatrixBench-dependency-scan.dia -validate-clang-modules-once -clang-build-session-file /Users/admin/builder/spi-builder-workspace/.derivedData/ModuleCache.noindex/Session.modulevalidation -Xcc -fmodules-prune-interval\=86400 -Xcc -fmodules-prune-after\=345600 -package-name spi_builder_workspace -emit-const-values -const-gather-protocols-list /Users/admin/builder/spi-builder-workspace/.derivedData/Build/Intermediates.noindex/CoreMLBuilder.build/Debug-watchos/MatrixBench-p.build/Objects-normal/arm64/MatrixBench_const_extract_protocols.json -Xcc -I/Users/admin/builder/spi-builder-workspace/.derivedData/Build/Products/Debug-watchos/include -Xcc -I/Users/admin/builder/spi-builder-workspace/.derivedData/Build/Intermediates.noindex/CoreMLBuilder.build/Debug-watchos/MatrixBench-p.build/DerivedSources-normal/arm64 -Xcc -I/Users/admin/builder/spi-builder-workspace/.derivedData/Build/Intermediates.noindex/CoreMLBuilder.build/Debug-watchos/MatrixBench-p.build/DerivedSources/arm64 -Xcc -I/Users/admin/builder/spi-builder-workspace/.derivedData/Build/Intermediates.noindex/CoreMLBuilder.build/Debug-watchos/MatrixBench-p.build/DerivedSources -Xcc -DSWIFT_PACKAGE -Xcc -DDEBUG\=1 -working-directory /Users/admin/builder/spi-builder-workspace/.swiftpm/xcode -experimental-emit-module-separately -disable-cmo
SwiftDriver BlockANEMatmul normal arm64 com.apple.xcode.tools.swift.compiler (in target 'BlockANEMatmul-product' from project 'CoreMLBuilder')
cd /Users/admin/builder/spi-builder-workspace/.swiftpm/xcode
builtin-SwiftDriver -- /Applications/Xcode-27.0.0-Release.Candidate.app/Contents/Developer/Toolchains/XcodeDefault.xctoolchain/usr/bin/swiftc -parse-as-library -module-name BlockANEMatmul -Onone @/Users/admin/builder/spi-builder-workspace/.derivedData/Build/Intermediates.noindex/CoreMLBuilder.build/Debug-watchos/BlockANEMatmul-p.build/Objects-normal/arm64/BlockANEMatmul.SwiftFileList -DSWIFT_PACKAGE -DDEBUG -DXcode -plugin-path /Applications/Xcode-27.0.0-Release.Candidate.app/Contents/Developer/Toolchains/XcodeDefault.xctoolchain/usr/lib/swift/host/plugins/testing -enable-experimental-feature DebugDescriptionMacro -sdk /Applications/Xcode-27.0.0-Release.Candidate.app/Contents/Developer/Platforms/WatchOS.platform/Developer/SDKs/WatchOS27.0.sdk -target arm64-apple-watchos9.0 -g -module-cache-path /Users/admin/builder/spi-builder-workspace/.derivedData/ModuleCache.noindex -Xfrontend -serialize-debugging-options -profile-coverage-mapping -profile-generate -enable-testing -index-store-path /Users/admin/builder/spi-builder-workspace/.derivedData/Index.noindex/DataStore -Xcc -D_LIBCPP_HARDENING_MODE\=_LIBCPP_HARDENING_MODE_DEBUG -swift-version 5 -I /Users/admin/builder/spi-builder-workspace/.derivedData/Build/Products/Debug-watchos -Isystem /Applications/Xcode-27.0.0-Release.Candidate.app/Contents/Developer/Platforms/WatchOS.platform/Developer/usr/lib -F /Users/admin/builder/spi-builder-workspace/.derivedData/Build/Products/Debug-watchos/PackageFrameworks -F /Users/admin/builder/spi-builder-workspace/.derivedData/Build/Products/Debug-watchos -F /Applications/Xcode-27.0.0-Release.Candidate.app/Contents/Developer/Platforms/WatchOS.platform/Developer/Library/Frameworks -F /Applications/Xcode-27.0.0-Release.Candidate.app/Contents/Developer/Platforms/WatchOS.platform/Developer/SDKs/WatchOS27.0.sdk/Developer/Library/Frameworks -c -j10 -enable-batch-mode -incremental -Xcc -ivfsstatcache -Xcc /Users/admin/builder/spi-builder-workspace/.derivedData/SDKStatCaches.noindex/watchos27.0-24R360-e829b21a6f8c9b70876ba0858053c04477534ef55a1706bf4c1112bbb242f0a2.sdkstatcache -output-file-map /Users/admin/builder/spi-builder-workspace/.derivedData/Build/Intermediates.noindex/CoreMLBuilder.build/Debug-watchos/BlockANEMatmul-p.build/Objects-normal/arm64/BlockANEMatmul-OutputFileMap.json -save-temps -no-color-diagnostics -explicit-module-build -module-cache-path /Users/admin/builder/spi-builder-workspace/.derivedData/Build/Intermediates.noindex/SwiftExplicitPrecompiledModules -clang-scanner-module-cache-path /Users/admin/builder/spi-builder-workspace/.derivedData/ModuleCache.noindex -sdk-module-cache-path /Users/admin/builder/spi-builder-workspace/.derivedData/SDKExplicitPrecompiledModules -emit-dependencies -emit-module -emit-module-path /Users/admin/builder/spi-builder-workspace/.derivedData/Build/Intermediates.noindex/CoreMLBuilder.build/Debug-watchos/BlockANEMatmul-p.build/Objects-normal/arm64/BlockANEMatmul.swiftmodule -serialize-diagnostics -dependency-scan-serialize-diagnostics-path /Users/admin/builder/spi-builder-workspace/.derivedData/Build/Intermediates.noindex/CoreMLBuilder.build/Debug-watchos/BlockANEMatmul-p.build/Objects-normal/arm64/BlockANEMatmul-dependency-scan.dia -validate-clang-modules-once -clang-build-session-file /Users/admin/builder/spi-builder-workspace/.derivedData/ModuleCache.noindex/Session.modulevalidation -Xcc -fmodules-prune-interval\=86400 -Xcc -fmodules-prune-after\=345600 -package-name spi_builder_workspace -emit-const-values -const-gather-protocols-list /Users/admin/builder/spi-builder-workspace/.derivedData/Build/Intermediates.noindex/CoreMLBuilder.build/Debug-watchos/BlockANEMatmul-p.build/Objects-normal/arm64/BlockANEMatmul_const_extract_protocols.json -Xcc -I/Users/admin/builder/spi-builder-workspace/.derivedData/Build/Products/Debug-watchos/include -Xcc -I/Users/admin/builder/spi-builder-workspace/.derivedData/Build/Intermediates.noindex/CoreMLBuilder.build/Debug-watchos/BlockANEMatmul-p.build/DerivedSources-normal/arm64 -Xcc -I/Users/admin/builder/spi-builder-workspace/.derivedData/Build/Intermediates.noindex/CoreMLBuilder.build/Debug-watchos/BlockANEMatmul-p.build/DerivedSources/arm64 -Xcc -I/Users/admin/builder/spi-builder-workspace/.derivedData/Build/Intermediates.noindex/CoreMLBuilder.build/Debug-watchos/BlockANEMatmul-p.build/DerivedSources -Xcc -DSWIFT_PACKAGE -Xcc -DDEBUG\=1 -working-directory /Users/admin/builder/spi-builder-workspace/.swiftpm/xcode -experimental-emit-module-separately -disable-cmo
SwiftDriver BlockANEMatmul normal arm64_32 com.apple.xcode.tools.swift.compiler (in target 'BlockANEMatmul-product' from project 'CoreMLBuilder')
cd /Users/admin/builder/spi-builder-workspace/.swiftpm/xcode
builtin-SwiftDriver -- /Applications/Xcode-27.0.0-Release.Candidate.app/Contents/Developer/Toolchains/XcodeDefault.xctoolchain/usr/bin/swiftc -parse-as-library -module-name BlockANEMatmul -Onone @/Users/admin/builder/spi-builder-workspace/.derivedData/Build/Intermediates.noindex/CoreMLBuilder.build/Debug-watchos/BlockANEMatmul-p.build/Objects-normal/arm64_32/BlockANEMatmul.SwiftFileList -DSWIFT_PACKAGE -DDEBUG -DXcode -plugin-path /Applications/Xcode-27.0.0-Release.Candidate.app/Contents/Developer/Toolchains/XcodeDefault.xctoolchain/usr/lib/swift/host/plugins/testing -enable-experimental-feature DebugDescriptionMacro -sdk /Applications/Xcode-27.0.0-Release.Candidate.app/Contents/Developer/Platforms/WatchOS.platform/Developer/SDKs/WatchOS27.0.sdk -target arm64_32-apple-watchos9.0 -g -module-cache-path /Users/admin/builder/spi-builder-workspace/.derivedData/ModuleCache.noindex -Xfrontend -serialize-debugging-options -profile-coverage-mapping -profile-generate -enable-testing -index-store-path /Users/admin/builder/spi-builder-workspace/.derivedData/Index.noindex/DataStore -Xcc -D_LIBCPP_HARDENING_MODE\=_LIBCPP_HARDENING_MODE_DEBUG -swift-version 5 -I /Users/admin/builder/spi-builder-workspace/.derivedData/Build/Products/Debug-watchos -Isystem /Applications/Xcode-27.0.0-Release.Candidate.app/Contents/Developer/Platforms/WatchOS.platform/Developer/usr/lib -F /Users/admin/builder/spi-builder-workspace/.derivedData/Build/Products/Debug-watchos/PackageFrameworks -F /Users/admin/builder/spi-builder-workspace/.derivedData/Build/Products/Debug-watchos -F /Applications/Xcode-27.0.0-Release.Candidate.app/Contents/Developer/Platforms/WatchOS.platform/Developer/Library/Frameworks -F /Applications/Xcode-27.0.0-Release.Candidate.app/Contents/Developer/Platforms/WatchOS.platform/Developer/SDKs/WatchOS27.0.sdk/Developer/Library/Frameworks -c -j10 -enable-batch-mode -incremental -Xcc -ivfsstatcache -Xcc /Users/admin/builder/spi-builder-workspace/.derivedData/SDKStatCaches.noindex/watchos27.0-24R360-e829b21a6f8c9b70876ba0858053c04477534ef55a1706bf4c1112bbb242f0a2.sdkstatcache -output-file-map /Users/admin/builder/spi-builder-workspace/.derivedData/Build/Intermediates.noindex/CoreMLBuilder.build/Debug-watchos/BlockANEMatmul-p.build/Objects-normal/arm64_32/BlockANEMatmul-OutputFileMap.json -save-temps -no-color-diagnostics -explicit-module-build -module-cache-path /Users/admin/builder/spi-builder-workspace/.derivedData/Build/Intermediates.noindex/SwiftExplicitPrecompiledModules -clang-scanner-module-cache-path /Users/admin/builder/spi-builder-workspace/.derivedData/ModuleCache.noindex -sdk-module-cache-path /Users/admin/builder/spi-builder-workspace/.derivedData/SDKExplicitPrecompiledModules -emit-dependencies -emit-module -emit-module-path /Users/admin/builder/spi-builder-workspace/.derivedData/Build/Intermediates.noindex/CoreMLBuilder.build/Debug-watchos/BlockANEMatmul-p.build/Objects-normal/arm64_32/BlockANEMatmul.swiftmodule -serialize-diagnostics -dependency-scan-serialize-diagnostics-path /Users/admin/builder/spi-builder-workspace/.derivedData/Build/Intermediates.noindex/CoreMLBuilder.build/Debug-watchos/BlockANEMatmul-p.build/Objects-normal/arm64_32/BlockANEMatmul-dependency-scan.dia -validate-clang-modules-once -clang-build-session-file /Users/admin/builder/spi-builder-workspace/.derivedData/ModuleCache.noindex/Session.modulevalidation -Xcc -fmodules-prune-interval\=86400 -Xcc -fmodules-prune-after\=345600 -package-name spi_builder_workspace -emit-const-values -const-gather-protocols-list /Users/admin/builder/spi-builder-workspace/.derivedData/Build/Intermediates.noindex/CoreMLBuilder.build/Debug-watchos/BlockANEMatmul-p.build/Objects-normal/arm64_32/BlockANEMatmul_const_extract_protocols.json -Xcc -I/Users/admin/builder/spi-builder-workspace/.derivedData/Build/Products/Debug-watchos/include -Xcc -I/Users/admin/builder/spi-builder-workspace/.derivedData/Build/Intermediates.noindex/CoreMLBuilder.build/Debug-watchos/BlockANEMatmul-p.build/DerivedSources-normal/arm64_32 -Xcc -I/Users/admin/builder/spi-builder-workspace/.derivedData/Build/Intermediates.noindex/CoreMLBuilder.build/Debug-watchos/BlockANEMatmul-p.build/DerivedSources/arm64_32 -Xcc -I/Users/admin/builder/spi-builder-workspace/.derivedData/Build/Intermediates.noindex/CoreMLBuilder.build/Debug-watchos/BlockANEMatmul-p.build/DerivedSources -Xcc -DSWIFT_PACKAGE -Xcc -DDEBUG\=1 -working-directory /Users/admin/builder/spi-builder-workspace/.swiftpm/xcode -experimental-emit-module-separately -disable-cmo
SwiftEmitModule normal arm64_32 Emitting\ module\ for\ CoreMLBuilder (in target 'CoreMLBuilder' from project 'CoreMLBuilder')
SwiftCompile normal arm64_32 (in target 'CoreMLBuilder' from project 'CoreMLBuilder')
cd /Users/admin/builder/spi-builder-workspace/.swiftpm/xcode
SwiftCompile normal arm64_32 Compiling\ Data.swift /Users/admin/builder/spi-builder-workspace/Sources/CoreMLBuilder/Data.swift (in target 'CoreMLBuilder' from project 'CoreMLBuilder')
SwiftCompile normal arm64_32 /Users/admin/builder/spi-builder-workspace/Sources/CoreMLBuilder/Data.swift (in target 'CoreMLBuilder' from project 'CoreMLBuilder')
cd /Users/admin/builder/spi-builder-workspace/.swiftpm/xcode
builtin-SwiftPerFileCompile Data.swift
SwiftCompile normal arm64_32 Compiling\ Matmul.swift /Users/admin/builder/spi-builder-workspace/Sources/CoreMLBuilder/Matmul.swift (in target 'CoreMLBuilder' from project 'CoreMLBuilder')
/Users/admin/builder/spi-builder-workspace/Sources/CoreMLBuilder/Matmul.swift:52:21: error: 'init(specification:)' is unavailable in watchOS
50 | let spec = self.spec()
51 | let data = try spec.serializedData()
52 | let asset = try MLModelAsset(specification: data)
| `- error: 'init(specification:)' is unavailable in watchOS
53 | let config = MLModelConfiguration()
54 | config.computeUnits = computeUnits
/Applications/Xcode-27.0.0-Release.Candidate.app/Contents/Developer/Platforms/WatchOS.platform/Developer/SDKs/WatchOS27.0.sdk/System/Library/Frameworks/CoreML.framework/Headers/MLModelAsset.h:47:1: note: 'init(specification:)' has been explicitly marked unavailable here
45 | /// - specificationData: Contents of .mlmodel as a data blob.
46 | /// - error: When the model asset creation fails error is populated with the reason for failure.
47 | + (nullable instancetype)modelAssetWithSpecificationData:(NSData *)specificationData
| `- note: 'init(specification:)' has been explicitly marked unavailable here
48 | error:(NSError * _Nullable __autoreleasing *)error API_AVAILABLE(macos(13.0), ios(16.0), tvos(16.0)) API_UNAVAILABLE(watchos) NS_SWIFT_NAME(init(specification:));
49 |
Failed frontend command:
/Applications/Xcode-27.0.0-Release.Candidate.app/Contents/Developer/Toolchains/XcodeDefault.xctoolchain/usr/bin/swift-frontend -frontend -c /Users/admin/builder/spi-builder-workspace/Sources/CoreMLBuilder/Conv2D.swift /Users/admin/builder/spi-builder-workspace/Sources/CoreMLBuilder/Data.swift /Users/admin/builder/spi-builder-workspace/Sources/CoreMLBuilder/Linear.swift -primary-file /Users/admin/builder/spi-builder-workspace/Sources/CoreMLBuilder/Matmul.swift /Users/admin/builder/spi-builder-workspace/Sources/CoreMLBuilder/ProtoHelpers.swift -emit-dependencies-path /Users/admin/builder/spi-builder-workspace/.derivedData/Build/Intermediates.noindex/CoreMLBuilder.build/Debug-watchos/CoreMLBuilder-t.build/Objects-normal/arm64_32/Matmul.d -emit-const-values-path /Users/admin/builder/spi-builder-workspace/.derivedData/Build/Intermediates.noindex/CoreMLBuilder.build/Debug-watchos/CoreMLBuilder-t.build/Objects-normal/arm64_32/Matmul.swiftconstvalues -emit-reference-dependencies-path /Users/admin/builder/spi-builder-workspace/.derivedData/Build/Intermediates.noindex/CoreMLBuilder.build/Debug-watchos/CoreMLBuilder-t.build/Objects-normal/arm64_32/Matmul.swiftdeps -serialize-diagnostics-path /Users/admin/builder/spi-builder-workspace/.derivedData/Build/Intermediates.noindex/CoreMLBuilder.build/Debug-watchos/CoreMLBuilder-t.build/Objects-normal/arm64_32/Matmul.dia -target arm64_32-apple-watchos9.0 -disable-cross-import-overlay-search -load-resolved-plugin /Applications/Xcode-27.0.0-Release.Candidate.app/Contents/Developer/Platforms/WatchOS.platform/Developer/usr/lib/swift/host/plugins/libFoundationMacros.dylib\#/Applications/Xcode-27.0.0-Release.Candidate.app/Contents/Developer/Platforms/WatchOS.platform/Developer/usr/bin/swift-plugin-server\#FoundationMacros -load-resolved-plugin /Applications/Xcode-27.0.0-Release.Candidate.app/Contents/Developer/Platforms/WatchOS.platform/Developer/usr/lib/swift/host/plugins/libObservationMacros.dylib\#/Applications/Xcode-27.0.0-Release.Candidate.app/Contents/Developer/Platforms/WatchOS.platform/Developer/usr/bin/swift-plugin-server\#ObservationMacros -load-resolved-plugin /Applications/Xcode-27.0.0-Release.Candidate.app/Contents/Developer/Platforms/WatchOS.platform/Developer/usr/lib/swift/host/plugins/libSwiftMacros.dylib\#/Applications/Xcode-27.0.0-Release.Candidate.app/Contents/Developer/Platforms/WatchOS.platform/Developer/usr/bin/swift-plugin-server\#SwiftMacros -disable-implicit-swift-modules -Xcc -fno-implicit-modules -Xcc -fno-implicit-module-maps -explicit-swift-module-map-file /Users/admin/builder/spi-builder-workspace/.derivedData/Build/Intermediates.noindex/CoreMLBuilder.build/Debug-watchos/CoreMLBuilder-t.build/Objects-normal/arm64_32/CoreMLBuilder-dependencies-1.json -enable-objc-interop -sdk /Applications/Xcode-27.0.0-Release.Candidate.app/Contents/Developer/Platforms/WatchOS.platform/Developer/SDKs/WatchOS27.0.sdk -I /Users/admin/builder/spi-builder-workspace/.derivedData/Build/Products/Debug-watchos -Isystem /Applications/Xcode-27.0.0-Release.Candidate.app/Contents/Developer/Platforms/WatchOS.platform/Developer/usr/lib -F /Users/admin/builder/spi-builder-workspace/.derivedData/Build/Products/Debug-watchos/PackageFrameworks -F /Users/admin/builder/spi-builder-workspace/.derivedData/Build/Products/Debug-watchos -F /Applications/Xcode-27.0.0-Release.Candidate.app/Contents/Developer/Platforms/WatchOS.platform/Developer/Library/Frameworks -F /Applications/Xcode-27.0.0-Release.Candidate.app/Contents/Developer/Platforms/WatchOS.platform/Developer/SDKs/WatchOS27.0.sdk/Developer/Library/Frameworks -module-cache-path /Users/admin/builder/spi-builder-workspace/.derivedData/Build/Intermediates.noindex/SwiftExplicitPrecompiledModules -no-color-diagnostics -Xcc -fno-color-diagnostics -enable-testing -g -debug-info-format\=dwarf -dwarf-version\=4 -profile-generate -profile-coverage-mapping -swift-version 5 -Onone -D SWIFT_PACKAGE -D DEBUG -D SWIFT_MODULE_RESOURCE_BUNDLE_UNAVAILABLE -D Xcode -serialize-debugging-options -enable-experimental-feature DebugDescriptionMacro -empty-abi-descriptor -validate-clang-modules-once -clang-build-session-file /Users/admin/builder/spi-builder-workspace/.derivedData/ModuleCache.noindex/Session.modulevalidation -Xcc -working-directory -Xcc /Users/admin/builder/spi-builder-workspace/.swiftpm/xcode -enable-anonymous-context-mangled-names -file-compilation-dir /Users/admin/builder/spi-builder-workspace/.swiftpm/xcode -Xcc -D_LIBCPP_HARDENING_MODE\=_LIBCPP_HARDENING_MODE_DEBUG -Xcc -ivfsstatcache -Xcc /Users/admin/builder/spi-builder-workspace/.derivedData/SDKStatCaches.noindex/watchos27.0-24R360-e829b21a6f8c9b70876ba0858053c04477534ef55a1706bf4c1112bbb242f0a2.sdkstatcache -Xcc -fmodules-prune-interval\=86400 -Xcc -fmodules-prune-after\=345600 -Xcc -I/Users/admin/builder/spi-builder-workspace/.derivedData/Build/Products/Debug-watchos/include -Xcc -I/Users/admin/builder/spi-builder-workspace/.derivedData/Build/Intermediates.noindex/CoreMLBuilder.build/Debug-watchos/CoreMLBuilder-t.build/DerivedSources-normal/arm64_32 -Xcc -I/Users/admin/builder/spi-builder-workspace/.derivedData/Build/Intermediates.noindex/CoreMLBuilder.build/Debug-watchos/CoreMLBuilder-t.build/DerivedSources/arm64_32 -Xcc -I/Users/admin/builder/spi-builder-workspace/.derivedData/Build/Intermediates.noindex/CoreMLBuilder.build/Debug-watchos/CoreMLBuilder-t.build/DerivedSources -Xcc -DSWIFT_PACKAGE -Xcc -DDEBUG\=1 -no-auto-bridging-header-chaining -module-name CoreMLBuilder -package-name spi_builder_workspace -const-gather-protocols-file /Users/admin/builder/spi-builder-workspace/.derivedData/Build/Intermediates.noindex/CoreMLBuilder.build/Debug-watchos/CoreMLBuilder-t.build/Objects-normal/arm64_32/CoreMLBuilder_const_extract_protocols.json -disable-clang-spi -clang-target arm64_32-apple-watchos27.0 -target-sdk-version 27.0 -target-sdk-name watchos27.0 -in-process-plugin-server-path /Applications/Xcode-27.0.0-Release.Candidate.app/Contents/Developer/Toolchains/XcodeDefault.xctoolchain/usr/lib/swift/host/libSwiftInProcPluginServer.dylib -parse-as-library -o /Users/admin/builder/spi-builder-workspace/.derivedData/Build/Intermediates.noindex/CoreMLBuilder.build/Debug-watchos/CoreMLBuilder-t.build/Objects-normal/arm64_32/Matmul.o -debug-module-path /Users/admin/builder/spi-builder-workspace/.derivedData/Build/Intermediates.noindex/CoreMLBuilder.build/Debug-watchos/CoreMLBuilder-t.build/Objects-normal/arm64_32/CoreMLBuilder.swiftmodule -index-unit-output-path /CoreMLBuilder.build/Debug-watchos/CoreMLBuilder-t.build/Objects-normal/arm64_32/Matmul.o -index-store-path /Users/admin/builder/spi-builder-workspace/.derivedData/Index.noindex/DataStore -index-system-modules
SwiftCompile normal arm64_32 /Users/admin/builder/spi-builder-workspace/Sources/CoreMLBuilder/Matmul.swift (in target 'CoreMLBuilder' from project 'CoreMLBuilder')
cd /Users/admin/builder/spi-builder-workspace/.swiftpm/xcode
builtin-SwiftPerFileCompile Matmul.swift
SwiftCompile normal arm64_32 Compiling\ Conv2D.swift /Users/admin/builder/spi-builder-workspace/Sources/CoreMLBuilder/Conv2D.swift (in target 'CoreMLBuilder' from project 'CoreMLBuilder')
SwiftCompile normal arm64_32 /Users/admin/builder/spi-builder-workspace/Sources/CoreMLBuilder/Conv2D.swift (in target 'CoreMLBuilder' from project 'CoreMLBuilder')
cd /Users/admin/builder/spi-builder-workspace/.swiftpm/xcode
builtin-SwiftPerFileCompile Conv2D.swift
PruneExplicitPrecompiledModules /Users/admin/builder/spi-builder-workspace/.derivedData/SDKExplicitPrecompiledModules
PruneExplicitPrecompiledModules /Users/admin/builder/spi-builder-workspace/.derivedData/Build/Intermediates.noindex/ExplicitPrecompiledModules
PruneExplicitPrecompiledModules /Users/admin/builder/spi-builder-workspace/.derivedData/Build/Intermediates.noindex/SwiftExplicitPrecompiledModules
2026-09-21 11:30:04.631 xcodebuild[1047:6366] [MT] IDERunDestination: Supported platforms for the buildables in the current scheme is empty.
** BUILD FAILED **
The following build commands failed:
SwiftCompile normal arm64_32 Compiling\ Matmul.swift /Users/admin/builder/spi-builder-workspace/Sources/CoreMLBuilder/Matmul.swift (in target 'CoreMLBuilder' from project 'CoreMLBuilder')
SwiftCompile normal arm64_32 /Users/admin/builder/spi-builder-workspace/Sources/CoreMLBuilder/Matmul.swift (in target 'CoreMLBuilder' from project 'CoreMLBuilder')
Building workspace CoreMLBuilder with scheme CoreMLBuilder-Package
(3 failures)
BUILD FAILURE 6.4 watchOS