Build Information
Failed to build MoneyKit, reference 1.11.3 (7a956a), with Swift 6.4 for watchOS using Xcode 27.0 on 10 Oct 2026 15:27:32 UTC.
Build Command
env DEVELOPER_DIR=/Applications/Xcode-27.0.0-Release.Candidate.app xcrun xcodebuild -IDEClonedSourcePackagesDirPathOverride=$PWD/.dependencies -skipMacroValidation -skipPackagePluginValidation -derivedDataPath $PWD/.derivedData build -scheme MoneyKit -destination generic/platform=watchOSBuild Log
========================================
RunAll
========================================
Builder version: 5.1.1
Interrupt handler set up.
========================================
Checkout
========================================
Clone URL: https://github.com/moneykit/moneykit-ios.git
Reference: 1.11.3
Initialized empty Git repository in /Users/admin/builder/spi-builder-workspace/.git/
From https://github.com/moneykit/moneykit-ios
* tag 1.11.3 -> FETCH_HEAD
HEAD is now at 7a956a7 Release 1.11.3 (#81)
Cloned https://github.com/moneykit/moneykit-ios.git
Revision (git rev-parse @):
7a956a7c2df2ab20f7ba51d113919b145423d953
SPI manifest file found: $PWD/.spi.yml
SUCCESS checkout https://github.com/moneykit/moneykit-ios.git at 1.11.3
========================================
Build
========================================
Selected platform: watchOS
Swift version: 6.4
Building package at path: $PWD
https://github.com/moneykit/moneykit-ios.git
Command line invocation:
/Applications/Xcode-27.0.0.app/Contents/Developer/usr/bin/xcodebuild -IDEClonedSourcePackagesDirPathOverride=/Users/admin/builder/spi-builder-workspace/.dependencies -resolvePackageDependencies
Resolve Package Graph
Resolve Package Graph
Resolved source packages:
MoneyKit: /Users/admin/builder/spi-builder-workspace
resolved source packages: MoneyKit
2026-10-10 11:26:48.390 xcodebuild[528:3043] [MT] IDERunDestination: Supported platforms for the buildables in the current scheme is empty.
{
"dependencies" : [
],
"manifest_display_name" : "MoneyKit",
"name" : "MoneyKit",
"path" : "/Users/admin/builder/spi-builder-workspace",
"platforms" : [
{
"name" : "ios",
"version" : "13.0"
}
],
"products" : [
{
"name" : "MoneyKit",
"targets" : [
"MoneyKit"
],
"type" : {
"library" : [
"automatic"
]
}
}
],
"targets" : [
{
"c99name" : "MoneyKit",
"module_type" : "BinaryTarget",
"name" : "MoneyKit",
"path" : "MoneyKit.xcframework",
"product_memberships" : [
"MoneyKit"
],
"sources" : [
],
"type" : "binary"
}
],
"tools_version" : "5.5"
}
{
"workspace" : {
"name" : "MoneyKit",
"schemes" : [
"MoneyKit"
]
}
}
2026-10-10 11:27:26.245 xcodebuild[661:4251] [MT] IDERunDestination: Supported platforms for the buildables in the current scheme is empty.
Running build ...
env DEVELOPER_DIR=/Applications/Xcode-27.0.0-Release.Candidate.app xcrun xcodebuild -IDEClonedSourcePackagesDirPathOverride=$PWD/.dependencies -skipMacroValidation -skipPackagePluginValidation -derivedDataPath $PWD/.derivedData build -scheme MoneyKit -destination generic/platform=watchOS
Command line invocation:
/Applications/Xcode-27.0.0.app/Contents/Developer/usr/bin/xcodebuild -IDEClonedSourcePackagesDirPathOverride=/Users/admin/builder/spi-builder-workspace/.dependencies -skipMacroValidation -skipPackagePluginValidation -derivedDataPath /Users/admin/builder/spi-builder-workspace/.derivedData build -scheme MoneyKit -destination generic/platform=watchOS
Resolve Package Graph
Resolved source packages:
MoneyKit: /Users/admin/builder/spi-builder-workspace
ComputePackagePrebuildTargetDependencyGraph
Prepare packages
CreateBuildRequest
SendProjectDescription
CreateBuildOperation
ComputeTargetDependencyGraph
note: Building targets in dependency order
note: Target dependency graph (1 target)
Target 'MoneyKit-product' in project 'MoneyKit' (no dependencies)
GatherProvisioningInputs
CreateBuildDescription
ExecuteExternalTool /Applications/Xcode-27.0.0.app/Contents/Developer/Toolchains/XcodeDefault.xctoolchain/usr/bin/clang -v -E -dM -isysroot /Applications/Xcode-27.0.0.app/Contents/Developer/Platforms/WatchOS.platform/Developer/SDKs/WatchOS27.0.sdk -x c -c /dev/null
Build description signature: 33a80e2d4cbacf20edd962455c13a743
Build description path: /Users/admin/builder/spi-builder-workspace/.derivedData/Build/Intermediates.noindex/XCBuildData/33a80e2d4cbacf20edd962455c13a743.xcbuilddata
/Users/admin/builder/spi-builder-workspace/MoneyKit.xcframework:1:1: error: While building for watchOS, no library for this platform was found in '/Users/admin/builder/spi-builder-workspace/MoneyKit.xcframework'. (in target 'MoneyKit-product' from project 'MoneyKit')
2026-10-10 11:27:27.887 xcodebuild[662:4298] [MT] IDERunDestination: Supported platforms for the buildables in the current scheme is empty.
** BUILD FAILED **
The following build commands failed:
Building workspace MoneyKit with scheme MoneyKit
(1 failure)
Command line invocation:
/Applications/Xcode-27.0.0.app/Contents/Developer/usr/bin/xcodebuild -IDEClonedSourcePackagesDirPathOverride=/Users/admin/builder/spi-builder-workspace/.dependencies -resolvePackageDependencies
Resolve Package Graph
Resolved source packages:
MoneyKit: /Users/admin/builder/spi-builder-workspace
resolved source packages: MoneyKit
2026-10-10 11:27:29.716 xcodebuild[674:4394] [MT] IDERunDestination: Supported platforms for the buildables in the current scheme is empty.
{
"dependencies" : [
],
"manifest_display_name" : "MoneyKit",
"name" : "MoneyKit",
"path" : "/Users/admin/builder/spi-builder-workspace",
"platforms" : [
{
"name" : "ios",
"version" : "13.0"
}
],
"products" : [
{
"name" : "MoneyKit",
"targets" : [
"MoneyKit"
],
"type" : {
"library" : [
"automatic"
]
}
}
],
"targets" : [
{
"c99name" : "MoneyKit",
"module_type" : "BinaryTarget",
"name" : "MoneyKit",
"path" : "MoneyKit.xcframework",
"product_memberships" : [
"MoneyKit"
],
"sources" : [
],
"type" : "binary"
}
],
"tools_version" : "5.5"
}
{
"workspace" : {
"name" : "MoneyKit",
"schemes" : [
"MoneyKit"
]
}
}
2026-10-10 11:27:30.938 xcodebuild[682:4464] [MT] IDERunDestination: Supported platforms for the buildables in the current scheme is empty.
Running build ...
env DEVELOPER_DIR=/Applications/Xcode-27.0.0-Release.Candidate.app xcrun xcodebuild -IDEClonedSourcePackagesDirPathOverride=$PWD/.dependencies -skipMacroValidation -skipPackagePluginValidation -derivedDataPath $PWD/.derivedData build -scheme MoneyKit -destination generic/platform=watchOS
Command line invocation:
/Applications/Xcode-27.0.0.app/Contents/Developer/usr/bin/xcodebuild -IDEClonedSourcePackagesDirPathOverride=/Users/admin/builder/spi-builder-workspace/.dependencies -skipMacroValidation -skipPackagePluginValidation -derivedDataPath /Users/admin/builder/spi-builder-workspace/.derivedData build -scheme MoneyKit -destination generic/platform=watchOS
Resolve Package Graph
Resolved source packages:
MoneyKit: /Users/admin/builder/spi-builder-workspace
ComputePackagePrebuildTargetDependencyGraph
Prepare packages
CreateBuildRequest
SendProjectDescription
CreateBuildOperation
ComputeTargetDependencyGraph
note: Building targets in dependency order
note: Target dependency graph (1 target)
Target 'MoneyKit-product' in project 'MoneyKit' (no dependencies)
GatherProvisioningInputs
CreateBuildDescription
/Users/admin/builder/spi-builder-workspace/MoneyKit.xcframework:1:1: error: While building for watchOS, no library for this platform was found in '/Users/admin/builder/spi-builder-workspace/MoneyKit.xcframework'. (in target 'MoneyKit-product' from project 'MoneyKit')
2026-10-10 11:27:31.863 xcodebuild[683:4491] [MT] IDERunDestination: Supported platforms for the buildables in the current scheme is empty.
** BUILD FAILED **
The following build commands failed:
Building workspace MoneyKit with scheme MoneyKit
(1 failure)
BUILD FAILURE 6.4 watchOS