The Swift Package Index logo.Swift Package Index

Build Information

Failed to build Descriptors, reference main (2e2ae5), with Swift 6.4 for macOS (Xcode) using Xcode 27.0 on 21 Sep 2026 09:04:18 UTC.

Build Command

env DEVELOPER_DIR=/Applications/Xcode-27.0.0-Release.Candidate.app xcrun xcodebuild -IDEClonedSourcePackagesDirPathOverride=$PWD/.dependencies -skipMacroValidation -skipPackagePluginValidation -derivedDataPath $PWD/.derivedData build -scheme Descriptors -destination platform=macOS,arch=arm64

Build Log

========================================
RunAll
========================================
Builder version: 5.1.0
Interrupt handler set up.
========================================
Checkout
========================================
Clone URL: https://github.com/FluidGroup/Descriptors.git
Reference: main
Initialized empty Git repository in /Users/admin/builder/spi-builder-workspace/.git/
From https://github.com/FluidGroup/Descriptors
 * branch            main       -> FETCH_HEAD
 * [new branch]      main       -> origin/main
HEAD is now at 2e2ae59 Add revered() (#3)
Cloned https://github.com/FluidGroup/Descriptors.git
Revision (git rev-parse @):
2e2ae59ff83365697963e9c7e8c259b0bdc5859e
SUCCESS checkout https://github.com/FluidGroup/Descriptors.git at main
========================================
Build
========================================
Selected platform:         macosXcodebuild
Swift version:             6.4
Building package at path:  $PWD
https://github.com/FluidGroup/Descriptors.git
Command line invocation:
    /Applications/Xcode-27.0.0-Release.Candidate.app/Contents/Developer/usr/bin/xcodebuild -IDEClonedSourcePackagesDirPathOverride=/Users/admin/builder/spi-builder-workspace/.dependencies -resolvePackageDependencies
Resolve Package Graph
Resolve Package Graph
Resolved source packages:
  Descriptors: /Users/admin/builder/spi-builder-workspace
resolved source packages: Descriptors
2026-09-21 05:03:36.927 xcodebuild[563:3078] [MT] IDERunDestination: Supported platforms for the buildables in the current scheme is empty.
{
  "dependencies" : [
  ],
  "manifest_display_name" : "Descriptors",
  "name" : "Descriptors",
  "path" : "/Users/admin/builder/spi-builder-workspace",
  "platforms" : [
    {
      "name" : "ios",
      "version" : "10.0"
    }
  ],
  "products" : [
    {
      "name" : "Descriptors",
      "targets" : [
        "Descriptors"
      ],
      "type" : {
        "library" : [
          "automatic"
        ]
      }
    }
  ],
  "targets" : [
    {
      "c99name" : "DescriptorsTests",
      "module_type" : "SwiftTarget",
      "name" : "DescriptorsTests",
      "path" : "Tests/DescriptorsTests",
      "sources" : [
        "DescriptorsTests.swift"
      ],
      "target_dependencies" : [
        "Descriptors"
      ],
      "type" : "test"
    },
    {
      "c99name" : "Descriptors",
      "module_type" : "SwiftTarget",
      "name" : "Descriptors",
      "path" : "Sources/Descriptors",
      "product_memberships" : [
        "Descriptors"
      ],
      "sources" : [
        "HapticsDescriptor.swift",
        "HighlightAnimationDescriptor.swift",
        "LinearGradientDescriptor.swift",
        "LinearGradientDrawer.swift",
        "ShapeDisplaying.swift"
      ],
      "type" : "library"
    }
  ],
  "tools_version" : "6.0"
}
warning: 'spi-builder-workspace': /Users/admin/builder/spi-builder-workspace/Package.swift:8:21: warning: 'v10' is deprecated: iOS 15.0 is the oldest supported version [#DeprecatedDeclaration]
 6 | let package = Package(
 7 |   name: "Descriptors",
 8 |   platforms: [.iOS(.v10)],
   |                     `- warning: 'v10' is deprecated: iOS 15.0 is the oldest supported version [#DeprecatedDeclaration]
 9 |   products: [
10 |     // Products define the executables and libraries a package produces, and make them visible to other packages.
[#DeprecatedDeclaration]: <https://docs.swift.org/compiler/documentation/diagnostics/deprecated-declaration>
{
  "workspace" : {
    "name" : "Descriptors",
    "schemes" : [
      "Descriptors"
    ]
  }
}
2026-09-21 05:04:09.482 xcodebuild[660:3879] [MT] IDERunDestination: Supported platforms for the buildables in the current scheme is empty.
Running build ...
env DEVELOPER_DIR=/Applications/Xcode-27.0.0-Release.Candidate.app xcrun xcodebuild -IDEClonedSourcePackagesDirPathOverride=$PWD/.dependencies -skipMacroValidation -skipPackagePluginValidation -derivedDataPath $PWD/.derivedData build -scheme Descriptors -destination platform=macOS,arch=arm64
Command line invocation:
    /Applications/Xcode-27.0.0-Release.Candidate.app/Contents/Developer/usr/bin/xcodebuild -IDEClonedSourcePackagesDirPathOverride=/Users/admin/builder/spi-builder-workspace/.dependencies -skipMacroValidation -skipPackagePluginValidation -derivedDataPath /Users/admin/builder/spi-builder-workspace/.derivedData build -scheme Descriptors -destination platform=macOS,arch=arm64
Resolve Package Graph
Resolved source packages:
  Descriptors: /Users/admin/builder/spi-builder-workspace
ComputePackagePrebuildTargetDependencyGraph
Prepare packages
CreateBuildRequest
SendProjectDescription
CreateBuildOperation
ComputeTargetDependencyGraph
note: Building targets in dependency order
note: Target dependency graph (2 targets)
    Target 'Descriptors-product' in project 'Descriptors'
        ➜ Explicit dependency on target 'Descriptors' in project 'Descriptors'
    Target 'Descriptors' in project 'Descriptors' (no dependencies)
GatherProvisioningInputs
CreateBuildDescription
ExecuteExternalTool /Applications/Xcode-27.0.0-Release.Candidate.app/Contents/Developer/Toolchains/XcodeDefault.xctoolchain/usr/bin/clang -v -E -dM -isysroot /Applications/Xcode-27.0.0-Release.Candidate.app/Contents/Developer/Platforms/MacOSX.platform/Developer/SDKs/MacOSX27.0.sdk -x c -c /dev/null
ExecuteExternalTool /Applications/Xcode-27.0.0-Release.Candidate.app/Contents/Developer/Toolchains/XcodeDefault.xctoolchain/usr/bin/swiftc --version
ExecuteExternalTool /Applications/Xcode-27.0.0-Release.Candidate.app/Contents/Developer/Toolchains/XcodeDefault.xctoolchain/usr/bin/ld -version_details
Build description signature: f9f03fd2442f3ffe896a09a1fc5cae78
Build description path: /Users/admin/builder/spi-builder-workspace/.derivedData/Build/Intermediates.noindex/XCBuildData/f9f03fd2442f3ffe896a09a1fc5cae78.xcbuilddata
CreateBuildDirectory /Users/admin/builder/spi-builder-workspace/.derivedData/SDKExplicitPrecompiledModules
    cd /Users/admin/builder/spi-builder-workspace/.swiftpm/xcode
    builtin-create-build-directory /Users/admin/builder/spi-builder-workspace/.derivedData/SDKExplicitPrecompiledModules
CreateBuildDirectory /Users/admin/builder/spi-builder-workspace/.derivedData/ModuleCache.noindex
    cd /Users/admin/builder/spi-builder-workspace/.swiftpm/xcode
    builtin-create-build-directory /Users/admin/builder/spi-builder-workspace/.derivedData/ModuleCache.noindex
CreateBuildDirectory /Users/admin/builder/spi-builder-workspace/.derivedData/CompilationCache.noindex
    cd /Users/admin/builder/spi-builder-workspace/.swiftpm/xcode
    builtin-create-build-directory /Users/admin/builder/spi-builder-workspace/.derivedData/CompilationCache.noindex
CreateBuildDirectory /Users/admin/builder/spi-builder-workspace/.derivedData/Build/Intermediates.noindex
    cd /Users/admin/builder/spi-builder-workspace/.swiftpm/xcode
    builtin-create-build-directory /Users/admin/builder/spi-builder-workspace/.derivedData/Build/Intermediates.noindex
CreateBuildDirectory /Users/admin/builder/spi-builder-workspace/.derivedData/Build/Products
    cd /Users/admin/builder/spi-builder-workspace/.swiftpm/xcode
    builtin-create-build-directory /Users/admin/builder/spi-builder-workspace/.derivedData/Build/Products
ClangStatCache /Applications/Xcode-27.0.0-Release.Candidate.app/Contents/Developer/Toolchains/XcodeDefault.xctoolchain/usr/bin/clang-stat-cache /Applications/Xcode-27.0.0-Release.Candidate.app/Contents/Developer/Platforms/MacOSX.platform/Developer/SDKs/MacOSX27.0.sdk /Users/admin/builder/spi-builder-workspace/.derivedData/SDKStatCaches.noindex/macosx27.0-26A425-e829b21a6f8c9b70876ba0858053c0446a22442a12e9d48fe1a705f55a1adfc4.sdkstatcache
    cd /Users/admin/builder/spi-builder-workspace/.swiftpm/xcode
    /Applications/Xcode-27.0.0-Release.Candidate.app/Contents/Developer/Toolchains/XcodeDefault.xctoolchain/usr/bin/clang-stat-cache /Applications/Xcode-27.0.0-Release.Candidate.app/Contents/Developer/Platforms/MacOSX.platform/Developer/SDKs/MacOSX27.0.sdk -o /Users/admin/builder/spi-builder-workspace/.derivedData/SDKStatCaches.noindex/macosx27.0-26A425-e829b21a6f8c9b70876ba0858053c0446a22442a12e9d48fe1a705f55a1adfc4.sdkstatcache
CreateBuildDirectory /Users/admin/builder/spi-builder-workspace/.derivedData/Build/Intermediates.noindex/SwiftExplicitPrecompiledModules
    cd /Users/admin/builder/spi-builder-workspace/.swiftpm/xcode
    builtin-create-build-directory /Users/admin/builder/spi-builder-workspace/.derivedData/Build/Intermediates.noindex/SwiftExplicitPrecompiledModules
CreateBuildDirectory /Users/admin/builder/spi-builder-workspace/.derivedData/Build/Intermediates.noindex/PrecompiledHeaders
    cd /Users/admin/builder/spi-builder-workspace/.swiftpm/xcode
    builtin-create-build-directory /Users/admin/builder/spi-builder-workspace/.derivedData/Build/Intermediates.noindex/PrecompiledHeaders
CreateBuildDirectory /Users/admin/builder/spi-builder-workspace/.derivedData/Build/Products/Debug
    cd /Users/admin/builder/spi-builder-workspace/.swiftpm/xcode
    builtin-create-build-directory /Users/admin/builder/spi-builder-workspace/.derivedData/Build/Products/Debug
CreateBuildDirectory /Users/admin/builder/spi-builder-workspace/.derivedData/Build/Intermediates.noindex/ExplicitPrecompiledModules
    cd /Users/admin/builder/spi-builder-workspace/.swiftpm/xcode
    builtin-create-build-directory /Users/admin/builder/spi-builder-workspace/.derivedData/Build/Intermediates.noindex/ExplicitPrecompiledModules
CreateBuildDirectory /Users/admin/builder/spi-builder-workspace/.derivedData/Build/Intermediates.noindex/EagerLinkingTBDs/Debug
    cd /Users/admin/builder/spi-builder-workspace/.swiftpm/xcode
    builtin-create-build-directory /Users/admin/builder/spi-builder-workspace/.derivedData/Build/Intermediates.noindex/EagerLinkingTBDs/Debug
CreateBuildDirectory /Users/admin/builder/spi-builder-workspace/.derivedData/Build/Products/Debug/PackageFrameworks
    cd /Users/admin/builder/spi-builder-workspace/.swiftpm/xcode
    builtin-create-build-directory /Users/admin/builder/spi-builder-workspace/.derivedData/Build/Products/Debug/PackageFrameworks
WriteAuxiliaryFile /Users/admin/builder/spi-builder-workspace/.derivedData/Build/Intermediates.noindex/Descriptors.build/Debug/Descriptors-t.build/Descriptors.DependencyMetadataFileList (in target 'Descriptors' from project 'Descriptors')
    cd /Users/admin/builder/spi-builder-workspace
    write-file /Users/admin/builder/spi-builder-workspace/.derivedData/Build/Intermediates.noindex/Descriptors.build/Debug/Descriptors-t.build/Descriptors.DependencyMetadataFileList
WriteAuxiliaryFile /Users/admin/builder/spi-builder-workspace/.derivedData/Build/Intermediates.noindex/Descriptors.build/Debug/Descriptors-t.build/Descriptors.DependencyStaticMetadataFileList (in target 'Descriptors' from project 'Descriptors')
    cd /Users/admin/builder/spi-builder-workspace
    write-file /Users/admin/builder/spi-builder-workspace/.derivedData/Build/Intermediates.noindex/Descriptors.build/Debug/Descriptors-t.build/Descriptors.DependencyStaticMetadataFileList
WriteAuxiliaryFile /Users/admin/builder/spi-builder-workspace/.derivedData/Build/Intermediates.noindex/Descriptors.build/Debug/Descriptors-t.build/Descriptors.modulemap (in target 'Descriptors' from project 'Descriptors')
    cd /Users/admin/builder/spi-builder-workspace
    write-file /Users/admin/builder/spi-builder-workspace/.derivedData/Build/Intermediates.noindex/Descriptors.build/Debug/Descriptors-t.build/Descriptors.modulemap
WriteAuxiliaryFile /Users/admin/builder/spi-builder-workspace/.derivedData/Build/Intermediates.noindex/Descriptors.build/Debug/Descriptors-t.build/Objects-normal/arm64/Descriptors.SwiftFileList (in target 'Descriptors' from project 'Descriptors')
    cd /Users/admin/builder/spi-builder-workspace
    write-file /Users/admin/builder/spi-builder-workspace/.derivedData/Build/Intermediates.noindex/Descriptors.build/Debug/Descriptors-t.build/Objects-normal/arm64/Descriptors.SwiftFileList
WriteAuxiliaryFile /Users/admin/builder/spi-builder-workspace/.derivedData/Build/Intermediates.noindex/Descriptors.build/Debug/Descriptors-t.build/Objects-normal/arm64/Descriptors.SwiftConstValuesFileList (in target 'Descriptors' from project 'Descriptors')
    cd /Users/admin/builder/spi-builder-workspace
    write-file /Users/admin/builder/spi-builder-workspace/.derivedData/Build/Intermediates.noindex/Descriptors.build/Debug/Descriptors-t.build/Objects-normal/arm64/Descriptors.SwiftConstValuesFileList
WriteAuxiliaryFile /Users/admin/builder/spi-builder-workspace/.derivedData/Build/Intermediates.noindex/Descriptors.build/Debug/Descriptors-t.build/Objects-normal/arm64/Descriptors_const_extract_protocols.json (in target 'Descriptors' from project 'Descriptors')
    cd /Users/admin/builder/spi-builder-workspace
    write-file /Users/admin/builder/spi-builder-workspace/.derivedData/Build/Intermediates.noindex/Descriptors.build/Debug/Descriptors-t.build/Objects-normal/arm64/Descriptors_const_extract_protocols.json
WriteAuxiliaryFile /Users/admin/builder/spi-builder-workspace/.derivedData/Build/Intermediates.noindex/Descriptors.build/Debug/Descriptors-t.build/Objects-normal/arm64/Descriptors.LinkFileList (in target 'Descriptors' from project 'Descriptors')
    cd /Users/admin/builder/spi-builder-workspace
    write-file /Users/admin/builder/spi-builder-workspace/.derivedData/Build/Intermediates.noindex/Descriptors.build/Debug/Descriptors-t.build/Objects-normal/arm64/Descriptors.LinkFileList
WriteAuxiliaryFile /Users/admin/builder/spi-builder-workspace/.derivedData/Build/Intermediates.noindex/Descriptors.build/Debug/Descriptors-t.build/Objects-normal/arm64/Descriptors-OutputFileMap.json (in target 'Descriptors' from project 'Descriptors')
    cd /Users/admin/builder/spi-builder-workspace
    write-file /Users/admin/builder/spi-builder-workspace/.derivedData/Build/Intermediates.noindex/Descriptors.build/Debug/Descriptors-t.build/Objects-normal/arm64/Descriptors-OutputFileMap.json
Copy /Users/admin/builder/spi-builder-workspace/.derivedData/Build/Intermediates.noindex/GeneratedModuleMaps/Descriptors.modulemap /Users/admin/builder/spi-builder-workspace/.derivedData/Build/Intermediates.noindex/Descriptors.build/Debug/Descriptors-t.build/Descriptors.modulemap (in target 'Descriptors' from project 'Descriptors')
    cd /Users/admin/builder/spi-builder-workspace
    builtin-copy -exclude .DS_Store -exclude CVS -exclude .svn -exclude .git -exclude .hg -resolve-src-symlinks /Users/admin/builder/spi-builder-workspace/.derivedData/Build/Intermediates.noindex/Descriptors.build/Debug/Descriptors-t.build/Descriptors.modulemap /Users/admin/builder/spi-builder-workspace/.derivedData/Build/Intermediates.noindex/GeneratedModuleMaps
SwiftDriver Descriptors normal arm64 com.apple.xcode.tools.swift.compiler (in target 'Descriptors' from project 'Descriptors')
    cd /Users/admin/builder/spi-builder-workspace/.swiftpm/xcode
    builtin-SwiftDriver -- /Applications/Xcode-27.0.0-Release.Candidate.app/Contents/Developer/Toolchains/XcodeDefault.xctoolchain/usr/bin/swiftc -parse-as-library -module-name Descriptors -Onone @/Users/admin/builder/spi-builder-workspace/.derivedData/Build/Intermediates.noindex/Descriptors.build/Debug/Descriptors-t.build/Objects-normal/arm64/Descriptors.SwiftFileList -DSWIFT_PACKAGE -DDEBUG -DSWIFT_MODULE_RESOURCE_BUNDLE_UNAVAILABLE -DXcode -plugin-path /Applications/Xcode-27.0.0-Release.Candidate.app/Contents/Developer/Toolchains/XcodeDefault.xctoolchain/usr/lib/swift/host/plugins/testing -enable-experimental-feature DebugDescriptionMacro -sdk /Applications/Xcode-27.0.0-Release.Candidate.app/Contents/Developer/Platforms/MacOSX.platform/Developer/SDKs/MacOSX27.0.sdk -target arm64-apple-macos12.0 -g -module-cache-path /Users/admin/builder/spi-builder-workspace/.derivedData/ModuleCache.noindex -Xfrontend -serialize-debugging-options -profile-coverage-mapping -profile-generate -enable-testing -index-store-path /Users/admin/builder/spi-builder-workspace/.derivedData/Index.noindex/DataStore -Xcc -D_LIBCPP_HARDENING_MODE\=_LIBCPP_HARDENING_MODE_DEBUG -swift-version 6 -I /Users/admin/builder/spi-builder-workspace/.derivedData/Build/Products/Debug -Isystem /Applications/Xcode-27.0.0-Release.Candidate.app/Contents/Developer/Platforms/MacOSX.platform/Developer/usr/lib -F /Users/admin/builder/spi-builder-workspace/.derivedData/Build/Products/Debug -F /Applications/Xcode-27.0.0-Release.Candidate.app/Contents/Developer/Platforms/MacOSX.platform/Developer/Library/Frameworks -c -j10 -enable-batch-mode -incremental -Xcc -ivfsstatcache -Xcc /Users/admin/builder/spi-builder-workspace/.derivedData/SDKStatCaches.noindex/macosx27.0-26A425-e829b21a6f8c9b70876ba0858053c0446a22442a12e9d48fe1a705f55a1adfc4.sdkstatcache -output-file-map /Users/admin/builder/spi-builder-workspace/.derivedData/Build/Intermediates.noindex/Descriptors.build/Debug/Descriptors-t.build/Objects-normal/arm64/Descriptors-OutputFileMap.json -save-temps -no-color-diagnostics -explicit-module-build -module-cache-path /Users/admin/builder/spi-builder-workspace/.derivedData/Build/Intermediates.noindex/SwiftExplicitPrecompiledModules -clang-scanner-module-cache-path /Users/admin/builder/spi-builder-workspace/.derivedData/ModuleCache.noindex -sdk-module-cache-path /Users/admin/builder/spi-builder-workspace/.derivedData/SDKExplicitPrecompiledModules -emit-dependencies -emit-module -emit-module-path /Users/admin/builder/spi-builder-workspace/.derivedData/Build/Intermediates.noindex/Descriptors.build/Debug/Descriptors-t.build/Objects-normal/arm64/Descriptors.swiftmodule -serialize-diagnostics -dependency-scan-serialize-diagnostics-path /Users/admin/builder/spi-builder-workspace/.derivedData/Build/Intermediates.noindex/Descriptors.build/Debug/Descriptors-t.build/Objects-normal/arm64/Descriptors-dependency-scan.dia -validate-clang-modules-once -clang-build-session-file /Users/admin/builder/spi-builder-workspace/.derivedData/ModuleCache.noindex/Session.modulevalidation -Xcc -fmodules-prune-interval\=86400 -Xcc -fmodules-prune-after\=345600 -package-name spi_builder_workspace -emit-const-values -const-gather-protocols-list /Users/admin/builder/spi-builder-workspace/.derivedData/Build/Intermediates.noindex/Descriptors.build/Debug/Descriptors-t.build/Objects-normal/arm64/Descriptors_const_extract_protocols.json -Xcc -I/Users/admin/builder/spi-builder-workspace/.derivedData/Build/Products/Debug/include -Xcc -I/Users/admin/builder/spi-builder-workspace/.derivedData/Build/Intermediates.noindex/Descriptors.build/Debug/Descriptors-t.build/DerivedSources-normal/arm64 -Xcc -I/Users/admin/builder/spi-builder-workspace/.derivedData/Build/Intermediates.noindex/Descriptors.build/Debug/Descriptors-t.build/DerivedSources/arm64 -Xcc -I/Users/admin/builder/spi-builder-workspace/.derivedData/Build/Intermediates.noindex/Descriptors.build/Debug/Descriptors-t.build/DerivedSources -Xcc -DSWIFT_PACKAGE -Xcc -DDEBUG\=1 -emit-objc-header -emit-objc-header-path /Users/admin/builder/spi-builder-workspace/.derivedData/Build/Intermediates.noindex/Descriptors.build/Debug/Descriptors-t.build/Objects-normal/arm64/Descriptors-Swift.h -working-directory /Users/admin/builder/spi-builder-workspace/.swiftpm/xcode -experimental-emit-module-separately -disable-cmo
/Users/admin/builder/spi-builder-workspace/Sources/Descriptors/HapticsDescriptor.swift:22:8: error: Unable to resolve module dependency: 'UIKit' (in target 'Descriptors' from project 'Descriptors')
    note: A dependency of main module 'Descriptors'
    /Users/admin/builder/spi-builder-workspace/Sources/Descriptors/HighlightAnimationDescriptor.swift:22:8: note: Also imported here
    /Users/admin/builder/spi-builder-workspace/Sources/Descriptors/LinearGradientDescriptor.swift:1:8: note: Also imported here
    /Users/admin/builder/spi-builder-workspace/Sources/Descriptors/LinearGradientDrawer.swift:2:8: note: Also imported here
    /Users/admin/builder/spi-builder-workspace/Sources/Descriptors/ShapeDisplaying.swift:2:8: note: Also imported here
/Users/admin/builder/spi-builder-workspace/Sources/Descriptors/HapticsDescriptor.swift:22:8: note: A dependency of main module 'Descriptors'
import UIKit
       ^ (in target 'Descriptors' from project 'Descriptors')
/Users/admin/builder/spi-builder-workspace/Sources/Descriptors/HighlightAnimationDescriptor.swift:22:8: note: Also imported here
import UIKit
       ^ (in target 'Descriptors' from project 'Descriptors')
/Users/admin/builder/spi-builder-workspace/Sources/Descriptors/LinearGradientDescriptor.swift:1:8: note: Also imported here
import UIKit
       ^ (in target 'Descriptors' from project 'Descriptors')
/Users/admin/builder/spi-builder-workspace/Sources/Descriptors/LinearGradientDrawer.swift:2:8: note: Also imported here
import UIKit
       ^ (in target 'Descriptors' from project 'Descriptors')
/Users/admin/builder/spi-builder-workspace/Sources/Descriptors/ShapeDisplaying.swift:2:8: note: Also imported here
import UIKit
       ^ (in target 'Descriptors' from project 'Descriptors')
PruneExplicitPrecompiledModules /Users/admin/builder/spi-builder-workspace/.derivedData/Build/Intermediates.noindex/ExplicitPrecompiledModules
PruneExplicitPrecompiledModules /Users/admin/builder/spi-builder-workspace/.derivedData/Build/Intermediates.noindex/SwiftExplicitPrecompiledModules
PruneExplicitPrecompiledModules /Users/admin/builder/spi-builder-workspace/.derivedData/SDKExplicitPrecompiledModules
2026-09-21 05:04:11.023 xcodebuild[661:3926] [MT] IDERunDestination: Supported platforms for the buildables in the current scheme is empty.
--- xcodebuild: WARNING: Using the first of multiple matching destinations:
{ platform:macOS, arch:arm64, id:23f896eb350d2ba7292230bfbaa5a32325e3fcc6, name:My Mac }
{ platform:macOS, arch:arm64, variant:Mac Catalyst, id:23f896eb350d2ba7292230bfbaa5a32325e3fcc6, name:My Mac }
{ platform:macOS, arch:arm64, variant:DriverKit, id:23f896eb350d2ba7292230bfbaa5a32325e3fcc6, name:My Mac }
{ platform:macOS, arch:arm64, variant:Designed for [iPad,iPhone], id:23f896eb350d2ba7292230bfbaa5a32325e3fcc6, name:My Mac }
** BUILD FAILED **
The following build commands failed:
	SwiftDriver Descriptors normal arm64 com.apple.xcode.tools.swift.compiler (in target 'Descriptors' from project 'Descriptors')
	Building workspace Descriptors with scheme Descriptors
(2 failures)
Command line invocation:
    /Applications/Xcode-27.0.0-Release.Candidate.app/Contents/Developer/usr/bin/xcodebuild -IDEClonedSourcePackagesDirPathOverride=/Users/admin/builder/spi-builder-workspace/.dependencies -resolvePackageDependencies
Resolve Package Graph
Resolved source packages:
  Descriptors: /Users/admin/builder/spi-builder-workspace
resolved source packages: Descriptors
2026-09-21 05:04:15.376 xcodebuild[700:4241] [MT] IDERunDestination: Supported platforms for the buildables in the current scheme is empty.
{
  "dependencies" : [
  ],
  "manifest_display_name" : "Descriptors",
  "name" : "Descriptors",
  "path" : "/Users/admin/builder/spi-builder-workspace",
  "platforms" : [
    {
      "name" : "ios",
      "version" : "10.0"
    }
  ],
  "products" : [
    {
      "name" : "Descriptors",
      "targets" : [
        "Descriptors"
      ],
      "type" : {
        "library" : [
          "automatic"
        ]
      }
    }
  ],
  "targets" : [
    {
      "c99name" : "DescriptorsTests",
      "module_type" : "SwiftTarget",
      "name" : "DescriptorsTests",
      "path" : "Tests/DescriptorsTests",
      "sources" : [
        "DescriptorsTests.swift"
      ],
      "target_dependencies" : [
        "Descriptors"
      ],
      "type" : "test"
    },
    {
      "c99name" : "Descriptors",
      "module_type" : "SwiftTarget",
      "name" : "Descriptors",
      "path" : "Sources/Descriptors",
      "product_memberships" : [
        "Descriptors"
      ],
      "sources" : [
        "HapticsDescriptor.swift",
        "HighlightAnimationDescriptor.swift",
        "LinearGradientDescriptor.swift",
        "LinearGradientDrawer.swift",
        "ShapeDisplaying.swift"
      ],
      "type" : "library"
    }
  ],
  "tools_version" : "6.0"
}
{
  "workspace" : {
    "name" : "Descriptors",
    "schemes" : [
      "Descriptors"
    ]
  }
}
2026-09-21 05:04:16.586 xcodebuild[709:4310] [MT] IDERunDestination: Supported platforms for the buildables in the current scheme is empty.
Running build ...
env DEVELOPER_DIR=/Applications/Xcode-27.0.0-Release.Candidate.app xcrun xcodebuild -IDEClonedSourcePackagesDirPathOverride=$PWD/.dependencies -skipMacroValidation -skipPackagePluginValidation -derivedDataPath $PWD/.derivedData build -scheme Descriptors -destination platform=macOS,arch=arm64
Command line invocation:
    /Applications/Xcode-27.0.0-Release.Candidate.app/Contents/Developer/usr/bin/xcodebuild -IDEClonedSourcePackagesDirPathOverride=/Users/admin/builder/spi-builder-workspace/.dependencies -skipMacroValidation -skipPackagePluginValidation -derivedDataPath /Users/admin/builder/spi-builder-workspace/.derivedData build -scheme Descriptors -destination platform=macOS,arch=arm64
Resolve Package Graph
Resolved source packages:
  Descriptors: /Users/admin/builder/spi-builder-workspace
ComputePackagePrebuildTargetDependencyGraph
Prepare packages
CreateBuildRequest
SendProjectDescription
CreateBuildOperation
ComputeTargetDependencyGraph
note: Building targets in dependency order
note: Target dependency graph (2 targets)
    Target 'Descriptors-product' in project 'Descriptors'
        ➜ Explicit dependency on target 'Descriptors' in project 'Descriptors'
    Target 'Descriptors' in project 'Descriptors' (no dependencies)
GatherProvisioningInputs
CreateBuildDescription
ClangStatCache /Applications/Xcode-27.0.0-Release.Candidate.app/Contents/Developer/Toolchains/XcodeDefault.xctoolchain/usr/bin/clang-stat-cache /Applications/Xcode-27.0.0-Release.Candidate.app/Contents/Developer/Platforms/MacOSX.platform/Developer/SDKs/MacOSX27.0.sdk /Users/admin/builder/spi-builder-workspace/.derivedData/SDKStatCaches.noindex/macosx27.0-26A425-e829b21a6f8c9b70876ba0858053c0446a22442a12e9d48fe1a705f55a1adfc4.sdkstatcache
    cd /Users/admin/builder/spi-builder-workspace/.swiftpm/xcode
    /Applications/Xcode-27.0.0-Release.Candidate.app/Contents/Developer/Toolchains/XcodeDefault.xctoolchain/usr/bin/clang-stat-cache /Applications/Xcode-27.0.0-Release.Candidate.app/Contents/Developer/Platforms/MacOSX.platform/Developer/SDKs/MacOSX27.0.sdk -o /Users/admin/builder/spi-builder-workspace/.derivedData/SDKStatCaches.noindex/macosx27.0-26A425-e829b21a6f8c9b70876ba0858053c0446a22442a12e9d48fe1a705f55a1adfc4.sdkstatcache
SwiftDriver Descriptors normal arm64 com.apple.xcode.tools.swift.compiler (in target 'Descriptors' from project 'Descriptors')
    cd /Users/admin/builder/spi-builder-workspace/.swiftpm/xcode
    builtin-SwiftDriver -- /Applications/Xcode-27.0.0-Release.Candidate.app/Contents/Developer/Toolchains/XcodeDefault.xctoolchain/usr/bin/swiftc -parse-as-library -module-name Descriptors -Onone @/Users/admin/builder/spi-builder-workspace/.derivedData/Build/Intermediates.noindex/Descriptors.build/Debug/Descriptors-t.build/Objects-normal/arm64/Descriptors.SwiftFileList -DSWIFT_PACKAGE -DDEBUG -DSWIFT_MODULE_RESOURCE_BUNDLE_UNAVAILABLE -DXcode -plugin-path /Applications/Xcode-27.0.0-Release.Candidate.app/Contents/Developer/Toolchains/XcodeDefault.xctoolchain/usr/lib/swift/host/plugins/testing -enable-experimental-feature DebugDescriptionMacro -sdk /Applications/Xcode-27.0.0-Release.Candidate.app/Contents/Developer/Platforms/MacOSX.platform/Developer/SDKs/MacOSX27.0.sdk -target arm64-apple-macos12.0 -g -module-cache-path /Users/admin/builder/spi-builder-workspace/.derivedData/ModuleCache.noindex -Xfrontend -serialize-debugging-options -profile-coverage-mapping -profile-generate -enable-testing -index-store-path /Users/admin/builder/spi-builder-workspace/.derivedData/Index.noindex/DataStore -Xcc -D_LIBCPP_HARDENING_MODE\=_LIBCPP_HARDENING_MODE_DEBUG -swift-version 6 -I /Users/admin/builder/spi-builder-workspace/.derivedData/Build/Products/Debug -Isystem /Applications/Xcode-27.0.0-Release.Candidate.app/Contents/Developer/Platforms/MacOSX.platform/Developer/usr/lib -F /Users/admin/builder/spi-builder-workspace/.derivedData/Build/Products/Debug -F /Applications/Xcode-27.0.0-Release.Candidate.app/Contents/Developer/Platforms/MacOSX.platform/Developer/Library/Frameworks -c -j10 -enable-batch-mode -incremental -Xcc -ivfsstatcache -Xcc /Users/admin/builder/spi-builder-workspace/.derivedData/SDKStatCaches.noindex/macosx27.0-26A425-e829b21a6f8c9b70876ba0858053c0446a22442a12e9d48fe1a705f55a1adfc4.sdkstatcache -output-file-map /Users/admin/builder/spi-builder-workspace/.derivedData/Build/Intermediates.noindex/Descriptors.build/Debug/Descriptors-t.build/Objects-normal/arm64/Descriptors-OutputFileMap.json -save-temps -no-color-diagnostics -explicit-module-build -module-cache-path /Users/admin/builder/spi-builder-workspace/.derivedData/Build/Intermediates.noindex/SwiftExplicitPrecompiledModules -clang-scanner-module-cache-path /Users/admin/builder/spi-builder-workspace/.derivedData/ModuleCache.noindex -sdk-module-cache-path /Users/admin/builder/spi-builder-workspace/.derivedData/SDKExplicitPrecompiledModules -emit-dependencies -emit-module -emit-module-path /Users/admin/builder/spi-builder-workspace/.derivedData/Build/Intermediates.noindex/Descriptors.build/Debug/Descriptors-t.build/Objects-normal/arm64/Descriptors.swiftmodule -serialize-diagnostics -dependency-scan-serialize-diagnostics-path /Users/admin/builder/spi-builder-workspace/.derivedData/Build/Intermediates.noindex/Descriptors.build/Debug/Descriptors-t.build/Objects-normal/arm64/Descriptors-dependency-scan.dia -validate-clang-modules-once -clang-build-session-file /Users/admin/builder/spi-builder-workspace/.derivedData/ModuleCache.noindex/Session.modulevalidation -Xcc -fmodules-prune-interval\=86400 -Xcc -fmodules-prune-after\=345600 -package-name spi_builder_workspace -emit-const-values -const-gather-protocols-list /Users/admin/builder/spi-builder-workspace/.derivedData/Build/Intermediates.noindex/Descriptors.build/Debug/Descriptors-t.build/Objects-normal/arm64/Descriptors_const_extract_protocols.json -Xcc -I/Users/admin/builder/spi-builder-workspace/.derivedData/Build/Products/Debug/include -Xcc -I/Users/admin/builder/spi-builder-workspace/.derivedData/Build/Intermediates.noindex/Descriptors.build/Debug/Descriptors-t.build/DerivedSources-normal/arm64 -Xcc -I/Users/admin/builder/spi-builder-workspace/.derivedData/Build/Intermediates.noindex/Descriptors.build/Debug/Descriptors-t.build/DerivedSources/arm64 -Xcc -I/Users/admin/builder/spi-builder-workspace/.derivedData/Build/Intermediates.noindex/Descriptors.build/Debug/Descriptors-t.build/DerivedSources -Xcc -DSWIFT_PACKAGE -Xcc -DDEBUG\=1 -emit-objc-header -emit-objc-header-path /Users/admin/builder/spi-builder-workspace/.derivedData/Build/Intermediates.noindex/Descriptors.build/Debug/Descriptors-t.build/Objects-normal/arm64/Descriptors-Swift.h -working-directory /Users/admin/builder/spi-builder-workspace/.swiftpm/xcode -experimental-emit-module-separately -disable-cmo
/Users/admin/builder/spi-builder-workspace/Sources/Descriptors/HapticsDescriptor.swift:22:8: error: Unable to resolve module dependency: 'UIKit' (in target 'Descriptors' from project 'Descriptors')
    note: A dependency of main module 'Descriptors'
    /Users/admin/builder/spi-builder-workspace/Sources/Descriptors/HighlightAnimationDescriptor.swift:22:8: note: Also imported here
    /Users/admin/builder/spi-builder-workspace/Sources/Descriptors/LinearGradientDescriptor.swift:1:8: note: Also imported here
    /Users/admin/builder/spi-builder-workspace/Sources/Descriptors/LinearGradientDrawer.swift:2:8: note: Also imported here
    /Users/admin/builder/spi-builder-workspace/Sources/Descriptors/ShapeDisplaying.swift:2:8: note: Also imported here
/Users/admin/builder/spi-builder-workspace/Sources/Descriptors/HapticsDescriptor.swift:22:8: note: A dependency of main module 'Descriptors'
import UIKit
       ^ (in target 'Descriptors' from project 'Descriptors')
/Users/admin/builder/spi-builder-workspace/Sources/Descriptors/HighlightAnimationDescriptor.swift:22:8: note: Also imported here
import UIKit
       ^ (in target 'Descriptors' from project 'Descriptors')
/Users/admin/builder/spi-builder-workspace/Sources/Descriptors/LinearGradientDescriptor.swift:1:8: note: Also imported here
import UIKit
       ^ (in target 'Descriptors' from project 'Descriptors')
/Users/admin/builder/spi-builder-workspace/Sources/Descriptors/LinearGradientDrawer.swift:2:8: note: Also imported here
import UIKit
       ^ (in target 'Descriptors' from project 'Descriptors')
/Users/admin/builder/spi-builder-workspace/Sources/Descriptors/ShapeDisplaying.swift:2:8: note: Also imported here
import UIKit
       ^ (in target 'Descriptors' from project 'Descriptors')
PruneExplicitPrecompiledModules /Users/admin/builder/spi-builder-workspace/.derivedData/SDKExplicitPrecompiledModules
PruneExplicitPrecompiledModules /Users/admin/builder/spi-builder-workspace/.derivedData/Build/Intermediates.noindex/ExplicitPrecompiledModules
PruneExplicitPrecompiledModules /Users/admin/builder/spi-builder-workspace/.derivedData/Build/Intermediates.noindex/SwiftExplicitPrecompiledModules
2026-09-21 05:04:17.555 xcodebuild[710:4334] [MT] IDERunDestination: Supported platforms for the buildables in the current scheme is empty.
--- xcodebuild: WARNING: Using the first of multiple matching destinations:
{ platform:macOS, arch:arm64, id:23f896eb350d2ba7292230bfbaa5a32325e3fcc6, name:My Mac }
{ platform:macOS, arch:arm64, variant:Mac Catalyst, id:23f896eb350d2ba7292230bfbaa5a32325e3fcc6, name:My Mac }
{ platform:macOS, arch:arm64, variant:DriverKit, id:23f896eb350d2ba7292230bfbaa5a32325e3fcc6, name:My Mac }
{ platform:macOS, arch:arm64, variant:Designed for [iPad,iPhone], id:23f896eb350d2ba7292230bfbaa5a32325e3fcc6, name:My Mac }
** BUILD FAILED **
The following build commands failed:
	SwiftDriver Descriptors normal arm64 com.apple.xcode.tools.swift.compiler (in target 'Descriptors' from project 'Descriptors')
	Building workspace Descriptors with scheme Descriptors
(2 failures)
BUILD FAILURE 6.4 macosXcodebuild