The Swift Package Index logo.Swift Package Index

Build Information

Failed to build FilRepSwift, reference 1.0.0 (cc1a96), with Swift 6.4 for Linux on 18 Sep 2026 04:12:28 UTC.

Build Command

bash -c docker run --pull=always --rm -v "checkouts-54344844-0":/host -w "$PWD" -e JAVA_HOME="/root/.sdkman/candidates/java/current" -e SPI_BUILD="1" -e SPI_PROCESSING="1" registry.gitlab.com/saguaro1/spi-images:basic-6.4-latest swift build --triple x86_64-unknown-linux-gnu 2>&1

Build Log

========================================
RunAll
========================================
Builder version: 5.1.0
Interrupt handler set up.
========================================
Checkout
========================================
Clone URL: https://github.com/chrisvander/FilRepSwift.git
Reference: 1.0.0
Initialized empty Git repository in /host/spi-builder-workspace/.git/
hint: Using 'master' as the name for the initial branch. This default branch name
hint: is subject to change. To configure the initial branch name to use in all
hint: of your new repositories, which will suppress this warning, call:
hint:
hint: 	git config --global init.defaultBranch <name>
hint:
hint: Names commonly chosen instead of 'master' are 'main', 'trunk' and
hint: 'development'. The just-created branch can be renamed via this command:
hint:
hint: 	git branch -m <name>
From https://github.com/chrisvander/FilRepSwift
 * tag               1.0.0      -> FETCH_HEAD
HEAD is now at cc1a96b Merge remote-tracking branch 'refs/remotes/origin/main'
Cloned https://github.com/chrisvander/FilRepSwift.git
Revision (git rev-parse @):
cc1a96b171228897bcc165197652ad62f2453bb1
SUCCESS checkout https://github.com/chrisvander/FilRepSwift.git at 1.0.0
========================================
Build
========================================
Selected platform:         linux
Swift version:             6.4
Building package at path:  $PWD
https://github.com/chrisvander/FilRepSwift.git
Running build ...
bash -c docker run --pull=always --rm -v "checkouts-54344844-0":/host -w "$PWD" -e JAVA_HOME="/root/.sdkman/candidates/java/current" -e SPI_BUILD="1" -e SPI_PROCESSING="1" registry.gitlab.com/saguaro1/spi-images:basic-6.4-latest swift build --triple x86_64-unknown-linux-gnu 2>&1
basic-6.4-latest: Pulling from saguaro1/spi-images
Digest: sha256:c77fcce225e223ac0fafed844619173fc6de8d62dd560eeb28db3182af6a282b
Status: Image is up to date for registry.gitlab.com/saguaro1/spi-images:basic-6.4-latest
Building for debugging...
[Planning deferred tasks]
[22 / 30] FilRepSwift
error: SwiftCompile normal x86_64 /host/spi-builder-workspace/Sources/FilRepSwift/FilRepSwift.swift failed with a nonzero exit code. Command line:     cd /host
    builtin-SwiftPerFileCompile FilRepSwift.swift
/host/spi-builder-workspace/Sources/FilRepSwift/FilRepSwift.swift:57:31: error: type 'URLSession' (aka 'AnyObject') has no member 'shared'
 55 |     ) -> Void {
 56 |         let url = self.createURL(offset, limit, sortBy, order, search, region)
 57 |         let task = URLSession.shared.dataTask(with: url) { data, response, error in
    |                               `- error: type 'URLSession' (aka 'AnyObject') has no member 'shared'
 58 |             if (error != nil) {
 59 |                 completion(Result.failure(error!))
/host/spi-builder-workspace/Sources/FilRepSwift/FilRepSwift.swift:82:46: error: type 'URLSession' (aka 'AnyObject') has no member 'shared'
 80 |     ) async throws -> [Miner] {
 81 |         let url = self.createURL(offset, limit, sortBy, order, search, region)
 82 |         let (data, _) = try await URLSession.shared.data(from: url)
    |                                              `- error: type 'URLSession' (aka 'AnyObject') has no member 'shared'
 83 |         let filRepResponse = try self.getJSONDecoder().decode(FilRepResponse.self, from: data)
 84 |         return filRepResponse.miners
Failed frontend command:
/usr/bin/swift-frontend -frontend -c -primary-file /host/spi-builder-workspace/Sources/FilRepSwift/FilRepSwift.swift /host/spi-builder-workspace/Sources/FilRepSwift/Miner.swift -emit-dependencies-path /host/spi-builder-workspace/.build/out/Intermediates.noindex/FilRepSwift.build/Debug-linux-x86_64/FilRepSwift-t.build/Objects-normal/x86_64/FilRepSwift.d -emit-const-values-path /host/spi-builder-workspace/.build/out/Intermediates.noindex/FilRepSwift.build/Debug-linux-x86_64/FilRepSwift-t.build/Objects-normal/x86_64/FilRepSwift.swiftconstvalues -emit-reference-dependencies-path /host/spi-builder-workspace/.build/out/Intermediates.noindex/FilRepSwift.build/Debug-linux-x86_64/FilRepSwift-t.build/Objects-normal/x86_64/FilRepSwift.swiftdeps -serialize-diagnostics-path /host/spi-builder-workspace/.build/out/Intermediates.noindex/FilRepSwift.build/Debug-linux-x86_64/FilRepSwift-t.build/Objects-normal/x86_64/FilRepSwift.dia -target x86_64-unknown-linux-gnu -disable-objc-interop -I /host/spi-builder-workspace/.build/out/Products/Debug-linux-x86_64 -module-cache-path /host/spi-builder-workspace/.build/out/ModuleCache.noindex -color-diagnostics -Xcc -fcolor-diagnostics -enable-testing -g -debug-info-format\=dwarf -dwarf-version\=4 -swift-version 5 -Onone -D SWIFT_PACKAGE -D DEBUG -D SWIFT_MODULE_RESOURCE_BUNDLE_UNAVAILABLE -D Xcode -serialize-debugging-options -enable-experimental-feature DebugDescriptionMacro -empty-abi-descriptor -external-plugin-path /usr/lib/swift/host/plugins/testing\#/usr/bin/swift-plugin-server -validate-clang-modules-once -clang-build-session-file /host/spi-builder-workspace/.build/out/ModuleCache.noindex/Session.modulevalidation -Xcc -working-directory -Xcc /host -enable-anonymous-context-mangled-names -file-compilation-dir /host -Xcc -fno-omit-frame-pointer -Xcc -D_LIBCPP_HARDENING_MODE\=_LIBCPP_HARDENING_MODE_DEBUG -Xcc -fmodules-prune-interval\=86400 -Xcc -fmodules-prune-after\=345600 -Xcc -I/host/spi-builder-workspace/.build/out/Products/Debug-linux-x86_64/include -Xcc -I/host/spi-builder-workspace/.build/out/Intermediates.noindex/FilRepSwift.build/Debug-linux-x86_64/FilRepSwift-t.build/DerivedSources-normal/x86_64 -Xcc -I/host/spi-builder-workspace/.build/out/Intermediates.noindex/FilRepSwift.build/Debug-linux-x86_64/FilRepSwift-t.build/DerivedSources/x86_64 -Xcc -I/host/spi-builder-workspace/.build/out/Intermediates.noindex/FilRepSwift.build/Debug-linux-x86_64/FilRepSwift-t.build/DerivedSources -Xcc -DSWIFT_PACKAGE -Xcc -DDEBUG\=1 -no-auto-bridging-header-chaining -module-name FilRepSwift -const-gather-protocols-file /host/spi-builder-workspace/.build/out/Intermediates.noindex/FilRepSwift.build/Debug-linux-x86_64/FilRepSwift-t.build/Objects-normal/x86_64/FilRepSwift_const_extract_protocols.json -in-process-plugin-server-path /usr/lib/swift/host/libSwiftInProcPluginServer.so -plugin-path /usr/lib/swift/host/plugins -plugin-path /usr/local/lib/swift/host/plugins -parse-as-library -o /host/spi-builder-workspace/.build/out/Intermediates.noindex/FilRepSwift.build/Debug-linux-x86_64/FilRepSwift-t.build/Objects-normal/x86_64/FilRepSwift.o -index-unit-output-path /FilRepSwift.build/Debug-linux-x86_64/FilRepSwift-t.build/Objects-normal/x86_64/FilRepSwift.o -index-store-path /host/spi-builder-workspace/.build/out -index-system-modules
error: Build failed
BUILD FAILURE 6.4 linux