Build Information
Failed to build Fractions, reference main (93d75e), with Swift 6.2 for Android on 1 Oct 2026 01:23:49 UTC.
Build Command
bash -c docker run --pull=always --rm -v "checkouts-54344843-1":/host -w "$PWD" -e JAVA_HOME="/root/.sdkman/candidates/java/current" -e SPI_BUILD="1" -e SPI_PROCESSING="1" registry.gitlab.com/saguaro1/spi-images:android-6.2-latest swift build --swift-sdk aarch64-unknown-linux-android28 2>&1Build Log
========================================
RunAll
========================================
Builder version: 5.1.1
Interrupt handler set up.
========================================
Checkout
========================================
Clone URL: https://github.com/SintraWorks/fraction.git
Reference: main
Initialized empty Git repository in /host/spi-builder-workspace/.git/
hint: Using 'master' as the name for the initial branch. This default branch name
hint: is subject to change. To configure the initial branch name to use in all
hint: of your new repositories, which will suppress this warning, call:
hint:
hint: git config --global init.defaultBranch <name>
hint:
hint: Names commonly chosen instead of 'master' are 'main', 'trunk' and
hint: 'development'. The just-created branch can be renamed via this command:
hint:
hint: git branch -m <name>
From https://github.com/SintraWorks/fraction
* branch main -> FETCH_HEAD
* [new branch] main -> origin/main
HEAD is now at 93d75eb Merge branch 'release-1.3.0'
Cloned https://github.com/SintraWorks/fraction.git
Revision (git rev-parse @):
93d75eb08895e680937ca7937a762976b47cf9bd
SUCCESS checkout https://github.com/SintraWorks/fraction.git at main
========================================
Build
========================================
Selected platform: android
Swift version: 6.2
Building package at path: $PWD
https://github.com/SintraWorks/fraction.git
Running build ...
bash -c docker run --pull=always --rm -v "checkouts-54344843-1":/host -w "$PWD" -e JAVA_HOME="/root/.sdkman/candidates/java/current" -e SPI_BUILD="1" -e SPI_PROCESSING="1" registry.gitlab.com/saguaro1/spi-images:android-6.2-latest swift build --swift-sdk aarch64-unknown-linux-android28 2>&1
android-6.2-latest: Pulling from saguaro1/spi-images
Digest: sha256:f47b2a33897778fb58ca39c1139e193fa7f391fa362fe0d23c00db9747030994
Status: Image is up to date for registry.gitlab.com/saguaro1/spi-images:android-6.2-latest
Building for debugging...
[0/7] Write sources
[2/7] Write swift-version--11D90AFD9DD3AB2.txt
[4/11] Compiling Fractions Fraction+ExactArithmetic.swift
[5/11] Emitting module Fractions
[6/11] Compiling Fractions Fraction+Conformances.swift
[7/11] Compiling Fractions Fraction.swift
[8/12] Wrapping AST for Fractions for debugging
error: emit-module command failed with exit code 1 (use -v to see invocation)
[10/14] Emitting module FractionsBenchmarks
/host/spi-builder-workspace/Sources/FractionsBenchmarks/main.swift:27:8: error: no such module 'Glibc'
25 | import Darwin
26 | #else
27 | import Glibc
| `- error: no such module 'Glibc'
28 | #endif
29 |
[11/14] Compiling FractionsBenchmarks main.swift
/host/spi-builder-workspace/Sources/FractionsBenchmarks/main.swift:27:8: error: no such module 'Glibc'
25 | import Darwin
26 | #else
27 | import Glibc
| `- error: no such module 'Glibc'
28 | #endif
29 |
BUILD FAILURE 6.2 android