Build Information
Failed to build GoogleCloudAlloyDBV1, reference main (f67792), with Swift 6.2 for Android on 11 Oct 2026 01:34:10 UTC.
Build Command
bash -c docker run --pull=always --rm -v "checkouts-54344847-2":/host -w "$PWD" -e JAVA_HOME="/root/.sdkman/candidates/java/current" -e SPI_BUILD="1" -e SPI_PROCESSING="1" registry.gitlab.com/saguaro1/spi-images:android-6.2-latest swift build --swift-sdk aarch64-unknown-linux-android28 2>&1Build Log
========================================
RunAll
========================================
Builder version: 5.1.1
Interrupt handler set up.
========================================
Checkout
========================================
Clone URL: https://github.com/googleapis/swift-google-cloud-alloydb-v1.git
Reference: main
Initialized empty Git repository in /host/spi-builder-workspace/.git/
hint: Using 'master' as the name for the initial branch. This default branch name
hint: is subject to change. To configure the initial branch name to use in all
hint: of your new repositories, which will suppress this warning, call:
hint:
hint: git config --global init.defaultBranch <name>
hint:
hint: Names commonly chosen instead of 'master' are 'main', 'trunk' and
hint: 'development'. The just-created branch can be renamed via this command:
hint:
hint: git branch -m <name>
From https://github.com/googleapis/swift-google-cloud-alloydb-v1
* branch main -> FETCH_HEAD
* [new branch] main -> origin/main
HEAD is now at f67792d chore: release circa 2026-10-07 (#1382)
Cloned https://github.com/googleapis/swift-google-cloud-alloydb-v1.git
Revision (git rev-parse @):
f67792d4211a8c29973b3b47c2e455aa4f28bf54
SPI manifest file found: $PWD/.spi.yml
SUCCESS checkout https://github.com/googleapis/swift-google-cloud-alloydb-v1.git at main
========================================
Build
========================================
Selected platform: android
Swift version: 6.2
Building package at path: $PWD
https://github.com/googleapis/swift-google-cloud-alloydb-v1.git
Running build ...
bash -c docker run --pull=always --rm -v "checkouts-54344847-2":/host -w "$PWD" -e JAVA_HOME="/root/.sdkman/candidates/java/current" -e SPI_BUILD="1" -e SPI_PROCESSING="1" registry.gitlab.com/saguaro1/spi-images:android-6.2-latest swift build --swift-sdk aarch64-unknown-linux-android28 2>&1
android-6.2-latest: Pulling from saguaro1/spi-images
Digest: sha256:a839c9ce201f1dacc8eb056626ec7ab0a1c6d53d7b77c83feda395f4507c51be
Status: Image is up to date for registry.gitlab.com/saguaro1/spi-images:android-6.2-latest
Fetching https://github.com/googleapis/swift-google-longrunning
Fetching https://github.com/apple/swift-log
Fetching https://github.com/googleapis/swift-google-rpc
Fetching https://github.com/googleapis/swift-google-gax
Fetching https://github.com/googleapis/swift-google-type
Fetching https://github.com/googleapis/swift-google-wkt
[1/619] Fetching swift-google-longrunning
[620/2367] Fetching swift-google-longrunning, swift-google-gax
[673/10624] Fetching swift-google-longrunning, swift-google-gax, swift-log
[674/11061] Fetching swift-google-longrunning, swift-google-gax, swift-log, swift-google-type
[2412/12084] Fetching swift-google-longrunning, swift-google-gax, swift-log, swift-google-type, swift-google-wkt
[3311/12506] Fetching swift-google-longrunning, swift-google-gax, swift-log, swift-google-type, swift-google-wkt, swift-google-rpc
Fetched https://github.com/googleapis/swift-google-type from cache (0.58s)
[6868/12069] Fetching swift-google-longrunning, swift-google-gax, swift-log, swift-google-wkt, swift-google-rpc
Fetched https://github.com/googleapis/swift-google-gax from cache (0.59s)
[5202/10321] Fetching swift-google-longrunning, swift-log, swift-google-wkt, swift-google-rpc
Fetched https://github.com/googleapis/swift-google-rpc from cache (0.59s)
[4945/9899] Fetching swift-google-longrunning, swift-log, swift-google-wkt
Fetched https://github.com/googleapis/swift-google-wkt from cache (0.60s)
[4005/8876] Fetching swift-google-longrunning, swift-log
Fetching https://github.com/googleapis/swift-google-auth
Fetching https://github.com/googleapis/swift-google-cloud-location
Fetched https://github.com/googleapis/swift-google-longrunning from cache (0.86s)
Fetched https://github.com/apple/swift-log from cache (0.86s)
[1/552] Fetching swift-google-cloud-location
[493/1575] Fetching swift-google-cloud-location, swift-google-auth
Fetched https://github.com/googleapis/swift-google-cloud-location from cache (0.47s)
[461/1023] Fetching swift-google-auth
Fetched https://github.com/googleapis/swift-google-auth from cache (0.52s)
Computing version for https://github.com/googleapis/swift-google-wkt
Computed https://github.com/googleapis/swift-google-wkt at 0.5.0 (1.47s)
Fetching https://github.com/swift-extras/swift-extras-base64
[1/954] Fetching swift-extras-base64
Fetched https://github.com/swift-extras/swift-extras-base64 from cache (0.47s)
Computing version for https://github.com/googleapis/swift-google-type
Computed https://github.com/googleapis/swift-google-type at 0.5.0 (0.91s)
Computing version for https://github.com/googleapis/swift-google-rpc
Computed https://github.com/googleapis/swift-google-rpc at 0.5.0 (0.37s)
Computing version for https://github.com/googleapis/swift-google-longrunning
Computed https://github.com/googleapis/swift-google-longrunning at 0.5.0 (0.37s)
Computing version for https://github.com/googleapis/swift-google-gax
Computed https://github.com/googleapis/swift-google-gax at 0.5.0 (0.42s)
Fetching https://github.com/swift-server/async-http-client.git
Fetching https://github.com/apple/swift-nio
[1/16464] Fetching async-http-client
[16465/102838] Fetching async-http-client, swift-nio
Fetched https://github.com/swift-server/async-http-client.git from cache (5.68s)
Fetched https://github.com/apple/swift-nio from cache (5.74s)
Computing version for https://github.com/googleapis/swift-google-cloud-location
Computed https://github.com/googleapis/swift-google-cloud-location at 0.5.0 (6.10s)
Computing version for https://github.com/googleapis/swift-google-auth
Computed https://github.com/googleapis/swift-google-auth at 0.5.0 (0.41s)
Fetching https://github.com/apple/swift-system.git
Fetching https://github.com/vapor/jwt-kit.git
[1/10254] Fetching jwt-kit
Fetched https://github.com/vapor/jwt-kit.git from cache (1.21s)
[1/7241] Fetching swift-system
Fetched https://github.com/apple/swift-system.git from cache (1.51s)
Computing version for https://github.com/swift-extras/swift-extras-base64
Computed https://github.com/swift-extras/swift-extras-base64 at 1.2.0 (1.80s)
Computing version for https://github.com/swift-server/async-http-client.git
Computed https://github.com/swift-server/async-http-client.git at 1.36.2 (0.39s)
Fetching https://github.com/apple/swift-nio-http2.git
Fetching https://github.com/apple/swift-configuration.git
Fetching https://github.com/apple/swift-service-context.git
Fetching https://github.com/apple/swift-distributed-tracing.git
[15/1500] Fetching swift-service-context
[286/5428] Fetching swift-service-context, swift-configuration
[2248/11979] Fetching swift-service-context, swift-configuration, swift-distributed-tracing
[11980/24273] Fetching swift-service-context, swift-configuration, swift-distributed-tracing, swift-nio-http2
Fetching https://github.com/apple/swift-algorithms.git
Fetched https://github.com/apple/swift-configuration.git from cache (0.77s)
Fetched https://github.com/apple/swift-service-context.git from cache (0.77s)
Fetched https://github.com/apple/swift-distributed-tracing.git from cache (0.77s)
[2459/12294] Fetching swift-nio-http2
Fetching https://github.com/apple/swift-atomics.git
Fetching https://github.com/apple/swift-nio-ssl.git
[12295/18458] Fetching swift-nio-http2, swift-algorithms
[12604/20347] Fetching swift-nio-http2, swift-algorithms, swift-atomics
[12798/37208] Fetching swift-nio-http2, swift-algorithms, swift-atomics, swift-nio-ssl
Fetching https://github.com/apple/swift-nio-transport-services.git
Fetched https://github.com/apple/swift-algorithms.git from cache (0.84s)
[15532/31044] Fetching swift-nio-http2, swift-atomics, swift-nio-ssl
Fetching https://github.com/apple/swift-nio-extras.git
Fetched https://github.com/apple/swift-nio-http2.git from cache (2.13s)
[12175/18750] Fetching swift-atomics, swift-nio-ssl
[18751/21617] Fetching swift-atomics, swift-nio-ssl, swift-nio-transport-services
Fetched https://github.com/apple/swift-nio-transport-services.git from cache (0.87s)
[1/6703] Fetching swift-nio-extras
Fetched https://github.com/apple/swift-nio-extras.git from cache (0.76s)
Fetched https://github.com/apple/swift-atomics.git from cache (2.56s)
Fetched https://github.com/apple/swift-nio-ssl.git from cache (2.57s)
Computing version for https://github.com/apple/swift-service-context.git
Computed https://github.com/apple/swift-service-context.git at 1.3.0 (3.73s)
Computing version for https://github.com/apple/swift-algorithms.git
Computed https://github.com/apple/swift-algorithms.git at 1.2.1 (1.66s)
Fetching https://github.com/apple/swift-numerics.git
[1/6728] Fetching swift-numerics
Fetched https://github.com/apple/swift-numerics.git from cache (1.03s)
Computing version for https://github.com/apple/swift-log
Computed https://github.com/apple/swift-log at 1.16.1 (1.44s)
Computing version for https://github.com/apple/swift-distributed-tracing.git
Computed https://github.com/apple/swift-distributed-tracing.git at 1.5.0 (0.27s)
Computing version for https://github.com/apple/swift-atomics.git
Computed https://github.com/apple/swift-atomics.git at 1.3.1 (0.37s)
Computing version for https://github.com/apple/swift-numerics.git
Computed https://github.com/apple/swift-numerics.git at 1.1.1 (0.27s)
Computing version for https://github.com/apple/swift-nio
Computed https://github.com/apple/swift-nio at 2.104.0 (0.66s)
Fetching https://github.com/apple/swift-collections.git
[1/28703] Fetching swift-collections
Fetched https://github.com/apple/swift-collections.git from cache (1.77s)
Computing version for https://github.com/apple/swift-configuration.git
Computed https://github.com/apple/swift-configuration.git at 1.2.2 (3.20s)
Fetching https://github.com/swift-server/swift-service-lifecycle
[1/2867] Fetching swift-service-lifecycle
Fetched https://github.com/swift-server/swift-service-lifecycle from cache (0.73s)
Computing version for https://github.com/apple/swift-nio-transport-services.git
Computed https://github.com/apple/swift-nio-transport-services.git at 1.28.0 (1.13s)
Computing version for https://github.com/swift-server/swift-service-lifecycle
Computed https://github.com/swift-server/swift-service-lifecycle at 2.12.1 (0.36s)
Fetching https://github.com/apple/swift-async-algorithms.git
[1/6820] Fetching swift-async-algorithms
Fetched https://github.com/apple/swift-async-algorithms.git from cache (0.73s)
Computing version for https://github.com/apple/swift-async-algorithms.git
Computed https://github.com/apple/swift-async-algorithms.git at 1.1.7 (1.26s)
Computing version for https://github.com/apple/swift-collections.git
Computed https://github.com/apple/swift-collections.git at 1.7.2 (0.58s)
Computing version for https://github.com/apple/swift-nio-http2.git
Computed https://github.com/apple/swift-nio-http2.git at 1.46.0 (0.42s)
Computing version for https://github.com/vapor/jwt-kit.git
Computed https://github.com/vapor/jwt-kit.git at 5.7.1 (0.41s)
Fetching https://github.com/apple/swift-crypto.git
Fetching https://github.com/apple/swift-certificates.git
[1/18629] Fetching swift-crypto
[933/26238] Fetching swift-crypto, swift-certificates
Fetched https://github.com/apple/swift-certificates.git from cache (1.88s)
Fetched https://github.com/apple/swift-crypto.git from cache (1.92s)
Computing version for https://github.com/apple/swift-crypto.git
Computed https://github.com/apple/swift-crypto.git at 4.5.2 (3.01s)
Fetching https://github.com/apple/swift-asn1.git
[21/2009] Fetching swift-asn1
Fetched https://github.com/apple/swift-asn1.git from cache (0.54s)
Computing version for https://github.com/apple/swift-asn1.git
Computed https://github.com/apple/swift-asn1.git at 1.7.3 (0.92s)
Computing version for https://github.com/apple/swift-certificates.git
Computed https://github.com/apple/swift-certificates.git at 1.21.0 (0.44s)
Computing version for https://github.com/apple/swift-nio-ssl.git
Computed https://github.com/apple/swift-nio-ssl.git at 2.37.5 (0.44s)
Computing version for https://github.com/apple/swift-system.git
Computed https://github.com/apple/swift-system.git at 1.8.1 (0.45s)
Computing version for https://github.com/apple/swift-nio-extras.git
Computed https://github.com/apple/swift-nio-extras.git at 1.35.1 (0.55s)
Fetching https://github.com/apple/swift-http-types.git
Fetching https://github.com/apple/swift-http-structured-headers.git
[20/1939] Fetching swift-http-types
[1940/3192] Fetching swift-http-types, swift-http-structured-headers
Fetched https://github.com/apple/swift-http-types.git from cache (0.52s)
Fetched https://github.com/apple/swift-http-structured-headers.git from cache (0.52s)
Computing version for https://github.com/apple/swift-http-structured-headers.git
Computed https://github.com/apple/swift-http-structured-headers.git at 1.7.0 (0.91s)
Computing version for https://github.com/apple/swift-http-types.git
Computed https://github.com/apple/swift-http-types.git at 1.8.0 (0.32s)
Creating working copy for https://github.com/apple/swift-async-algorithms.git
Working copy of https://github.com/apple/swift-async-algorithms.git resolved at 1.1.7
Creating working copy for https://github.com/googleapis/swift-google-wkt
Working copy of https://github.com/googleapis/swift-google-wkt resolved at 0.5.0
Creating working copy for https://github.com/googleapis/swift-google-cloud-location
Working copy of https://github.com/googleapis/swift-google-cloud-location resolved at 0.5.0
Creating working copy for https://github.com/apple/swift-crypto.git
Working copy of https://github.com/apple/swift-crypto.git resolved at 4.5.2
Creating working copy for https://github.com/apple/swift-nio-transport-services.git
Working copy of https://github.com/apple/swift-nio-transport-services.git resolved at 1.28.0
Creating working copy for https://github.com/apple/swift-system.git
Working copy of https://github.com/apple/swift-system.git resolved at 1.8.1
Creating working copy for https://github.com/apple/swift-nio
Working copy of https://github.com/apple/swift-nio resolved at 2.104.0
Creating working copy for https://github.com/apple/swift-nio-extras.git
Working copy of https://github.com/apple/swift-nio-extras.git resolved at 1.35.1
Creating working copy for https://github.com/apple/swift-service-context.git
Working copy of https://github.com/apple/swift-service-context.git resolved at 1.3.0
Creating working copy for https://github.com/apple/swift-nio-ssl.git
Working copy of https://github.com/apple/swift-nio-ssl.git resolved at 2.37.5
Creating working copy for https://github.com/googleapis/swift-google-rpc
Working copy of https://github.com/googleapis/swift-google-rpc resolved at 0.5.0
Creating working copy for https://github.com/vapor/jwt-kit.git
Working copy of https://github.com/vapor/jwt-kit.git resolved at 5.7.1
Creating working copy for https://github.com/apple/swift-http-structured-headers.git
Working copy of https://github.com/apple/swift-http-structured-headers.git resolved at 1.7.0
Creating working copy for https://github.com/apple/swift-algorithms.git
Working copy of https://github.com/apple/swift-algorithms.git resolved at 1.2.1
Creating working copy for https://github.com/apple/swift-certificates.git
Working copy of https://github.com/apple/swift-certificates.git resolved at 1.21.0
Creating working copy for https://github.com/apple/swift-configuration.git
Working copy of https://github.com/apple/swift-configuration.git resolved at 1.2.2
Creating working copy for https://github.com/googleapis/swift-google-gax
Working copy of https://github.com/googleapis/swift-google-gax resolved at 0.5.0
Creating working copy for https://github.com/googleapis/swift-google-auth
Working copy of https://github.com/googleapis/swift-google-auth resolved at 0.5.0
Creating working copy for https://github.com/apple/swift-collections.git
Working copy of https://github.com/apple/swift-collections.git resolved at 1.7.2
Creating working copy for https://github.com/apple/swift-log
Working copy of https://github.com/apple/swift-log resolved at 1.16.1
Creating working copy for https://github.com/apple/swift-distributed-tracing.git
Working copy of https://github.com/apple/swift-distributed-tracing.git resolved at 1.5.0
Creating working copy for https://github.com/swift-extras/swift-extras-base64
Working copy of https://github.com/swift-extras/swift-extras-base64 resolved at 1.2.0
Creating working copy for https://github.com/swift-server/swift-service-lifecycle
Working copy of https://github.com/swift-server/swift-service-lifecycle resolved at 2.12.1
Creating working copy for https://github.com/apple/swift-http-types.git
Working copy of https://github.com/apple/swift-http-types.git resolved at 1.8.0
Creating working copy for https://github.com/apple/swift-numerics.git
Working copy of https://github.com/apple/swift-numerics.git resolved at 1.1.1
Creating working copy for https://github.com/apple/swift-atomics.git
Working copy of https://github.com/apple/swift-atomics.git resolved at 1.3.1
Creating working copy for https://github.com/apple/swift-asn1.git
Working copy of https://github.com/apple/swift-asn1.git resolved at 1.7.3
Creating working copy for https://github.com/googleapis/swift-google-type
Working copy of https://github.com/googleapis/swift-google-type resolved at 0.5.0
Creating working copy for https://github.com/swift-server/async-http-client.git
Working copy of https://github.com/swift-server/async-http-client.git resolved at 1.36.2
Creating working copy for https://github.com/apple/swift-nio-http2.git
Working copy of https://github.com/apple/swift-nio-http2.git resolved at 1.46.0
Creating working copy for https://github.com/googleapis/swift-google-longrunning
Working copy of https://github.com/googleapis/swift-google-longrunning resolved at 0.5.0
Building for debugging...
[0/1092] Compiling aes.cc
[1/1092] Compiling a_octet.cc
[2/1092] Compiling _NumericsShims _NumericsShims.c
[3/1092] Write sources
[7/1092] Compiling _AtomicsShims.c
[7/1092] Write sources
[47/1092] Write swift-version--11D90AFD9DD3AB2.txt
[48/1092] Compiling CXKCPShims shims.c
[49/1092] Compiling SimpleFIPS202.c
[50/1098] Compiling a_strnid.cc
[51/1098] Compiling asn1_lib.cc
[52/1098] Compiling a_time.cc
[53/1098] Compiling a_bitstr.cc
[54/1107] Compiling a_type.cc
[55/1107] Compiling a_utctm.cc
[57/1170] Emitting module ServiceContextModule
[58/1170] Compiling InternalCollectionsUtilities FixedWidthInteger+roundUpToPowerOfTwo.swift
[59/1170] Compiling InternalCollectionsUtilities Integer rank.swift
[60/1170] Compiling InternalCollectionsUtilities UInt+first and last set bit.swift
[61/1170] Compiling InternalCollectionsUtilities UInt+reversed.swift
[62/1173] Compiling InternalCollectionsUtilities UnsafeRawBufferPointer+Extras.swift
[63/1173] Compiling InternalCollectionsUtilities _SortedCollection.swift
[64/1173] Compiling InternalCollectionsUtilities _UniqueCollection.swift
[65/1173] Compiling InternalCollectionsUtilities BorrowingIteratorProtocol+Equality.swift
[66/1173] Compiling InternalCollectionsUtilities BorrowingIteratorProtocol+Extras.swift
[67/1173] Compiling InternalCollectionsUtilities Debugging.swift
[68/1173] Compiling InternalCollectionsUtilities Descriptions.swift
[69/1173] Emitting module InternalCollectionsUtilities
[70/1173] Compiling ServiceContextModule ServiceContextKey.swift
[71/1173] Emitting module _NIOBase64
[72/1173] Compiling _NIOBase64 Base64.swift
[73/1174] Compiling InternalCollectionsUtilities MutableSpan+Extras.swift
[74/1174] Compiling InternalCollectionsUtilities OutputSpan+Extras.swift
[76/1176] Compiling ServiceContextModule ServiceContext.swift
[77/1177] Compiling InternalCollectionsUtilities RandomAccessCollection+Offsets.swift
[78/1177] Compiling InternalCollectionsUtilities Span+Extras.swift
[79/1177] Compiling RealModule Float80+Real.swift
[82/1178] Emitting module RealModule
[83/1178] Compiling InternalCollectionsUtilities UnsafeMutablePointer+Extras.swift
[84/1178] Compiling InternalCollectionsUtilities UnsafeMutableRawBufferPointer+Extras.swift
[85/1178] Compiling InternalCollectionsUtilities UnsafePointer+Extras.swift
[90/1178] Compiling InternalCollectionsUtilities _UnsafeBitSet+_Word.swift
[91/1178] Compiling InternalCollectionsUtilities _UnsafeBitSet.swift
[92/1178] Compiling InternalCollectionsUtilities UnsafeBufferPointer+Extras.swift
[93/1178] Compiling InternalCollectionsUtilities UnsafeMutableBufferPointer+Extras.swift
[103/1178] Compiling SwiftASN1 DER.swift
[104/1178] Compiling SwiftASN1 Errors.swift
[105/1178] Compiling InternalCollectionsUtilities LifetimeOverride.swift
[106/1178] Compiling InternalCollectionsUtilities MutableRef.swift
[107/1178] Compiling InternalCollectionsUtilities Strideable+LimitHelpers.swift
[108/1178] Compiling InternalCollectionsUtilities String+Padding.swift
[109/1178] Compiling InternalCollectionsUtilities TemporaryAllocation.swift
[110/1178] Compiling InternalCollectionsUtilities _UnsafeBitSet+Index.swift
[111/1179] Compiling RealModule RelaxedArithmetic.swift
[111/1180] Wrapping AST for _NIOBase64 for debugging
[113/1182] Compiling Logging LoggingSystem.swift
[116/1185] Compiling _CertificateInternals _TinyArray.swift
[118/1185] Emitting module _CertificateInternals
[121/1186] Compiling RealModule Real.swift
[122/1186] Compiling RealModule Float16+Real.swift
[123/1186] Compiling RealModule RealFunctions.swift
[125/1187] Compiling _NIODataStructures PriorityQueue.swift
[126/1187] Compiling _NIODataStructures _TinyArray.swift
[127/1187] Compiling Logging Logger+Attributes.swift
[130/1187] Wrapping AST for ServiceContextModule for debugging
[132/1193] Emitting module _NIODataStructures
[133/1193] Compiling _NIODataStructures Heap.swift
[133/1195] Wrapping AST for _CertificateInternals for debugging
[135/1198] Wrapping AST for RealModule for debugging
[137/1198] Emitting module SpanPreview
[137/1198] Wrapping AST for InternalCollectionsUtilities for debugging
[138/1198] Compiling KeccakSponge.c
[140/1198] Compiling SpanPreview MutableSpan+InputSpanHelpers.swift
[141/1198] Compiling SpanPreview InputSpan.swift
[142/1198] Compiling SpanPreview OutputSpan+InputSpanHelpers.swift
[143/1199] Compiling Instrumentation NoOpInstrument.swift
[143/1199] Compiling KeccakHash.c
[145/1199] Wrapping AST for _NIODataStructures for debugging
[147/1199] Compiling Instrumentation MultiplexInstrument.swift
[148/1199] Compiling Logging Logger+With.swift
[149/1199] Compiling Logging Logger.swift
[149/1199] Compiling CNIOWindows shim.c
[150/1199] Compiling CNIOWindows WSAStartup.c
[151/1199] Compiling CSystem shims.c
[152/1199] Compiling CNIOWASI CNIOWASI.c
[153/1199] Wrapping AST for SpanPreview for debugging
[154/1241] Compiling CNIOPosix event_loop_id.c
[155/1241] Compiling CNIOOpenBSD shim.c
[156/1278] Compiling CNIOLinux shim.c
[157/1278] Compiling CNIOLinux liburing_shims.c
[158/1278] Compiling KeccakP-1600-opt64.c
[160/1278] Emitting module SwiftASN1
[160/1278] Compiling CNIOLLHTTP c_nio_http.c
[162/1278] Compiling SystemPackage MachPort.swift
[163/1278] Compiling SystemPackage PlatformString.swift
[164/1278] Compiling SystemPackage Backcompat.swift
[165/1278] Compiling SystemPackage CInterop.swift
[166/1278] Compiling SystemPackage Constants.swift
[167/1278] Compiling SystemPackage Exports.swift
[168/1278] Compiling DequeModule UniqueDeque+Initializers.swift
[169/1278] Compiling DequeModule UniqueDeque+Insertions.swift
[170/1278] Compiling DequeModule UniqueDeque+Iterable.swift
[171/1278] Compiling DequeModule UniqueDeque+Prepend.swift
[172/1278] Compiling DequeModule UniqueDeque+Removals.swift
[173/1283] Compiling SystemPackage Errno.swift
[174/1283] Compiling SystemPackage ErrnoWindows.swift
[175/1283] Compiling SystemPackage FileDescriptor.swift
[176/1283] Compiling SystemPackage FileHelpers.swift
[177/1283] Compiling SystemPackage FileOperations.swift
[178/1283] Compiling SystemPackage FilePath.swift
[178/1283] Compiling CNIOLLHTTP c_nio_api.c
[179/1283] Compiling CNIOLLHTTP c_nio_llhttp.c
[180/1283] Compiling CNIOFreeBSD shim.c
[182/1283] Compiling SystemPackage FileFlags.swift
[183/1283] Compiling SystemPackage FileMode.swift
[183/1283] Compiling CNIOExtrasZlib zutil.c
[184/1283] Compiling CNIOExtrasZlib inftrees.c
[185/1283] Compiling CNIOExtrasZlib trees.c
[186/1283] Compiling CNIOExtrasZlib inflate.c
[187/1283] Compiling CNIOExtrasZlib inffast.c
[189/1283] Compiling SystemPackage Mocking.swift
[190/1283] Compiling SystemPackage IOCompletion.swift
[191/1283] Compiling SystemPackage IORequest.swift
[192/1283] Compiling SystemPackage IORing+Util.swift
[193/1283] Compiling SystemPackage IORing.swift
[194/1283] Compiling SystemPackage RawIORequest.swift
[194/1283] Compiling CNIOExtrasZlib crc32.c
[195/1283] Compiling CNIOExtrasZlib deflate.c
[196/1283] Compiling CNIOExtrasZlib adler32.c
[197/1283] Compiling CNIODarwin shim.c
[198/1283] Compiling fiat_p256_adx_sqr.S
[199/1283] Compiling fiat_p256_adx_mul.S
[200/1283] Compiling fiat_curve25519_adx_square.S
[202/1283] Compiling SystemPackage FilePathComponents.swift
[203/1283] Compiling SystemPackage FilePathParsing.swift
[204/1283] Compiling SystemPackage FilePathString.swift
[205/1283] Compiling SystemPackage FilePathSyntax.swift
[208/1283] Compiling SystemPackage FileType.swift
[209/1283] Compiling SystemPackage Identifiers.swift
[210/1283] Compiling SystemPackage Stat.swift
[211/1283] Compiling SystemPackage RawBuffer.swift
[212/1283] Compiling SystemPackage Syscalls.swift
[213/1283] Compiling SystemPackage WindowsSyscallAdapters.swift
[213/1283] Compiling fiat_curve25519_adx_mul.S
[215/1283] Emitting module Logging
[216/1283] Emitting module Instrumentation
[217/1283] Compiling Instrumentation Locks.swift
[218/1283] Compiling Instrumentation InstrumentationSystem.swift
[223/1283] Compiling Instrumentation Instrument.swift
[228/1284] Compiling CNIOBoringSSLShims shims.c
[246/1289] Compiling Logging MetadataProvider.swift
[252/1291] Compiling SystemPackage FilePathTemp.swift
[253/1291] Compiling SystemPackage FilePathTempPosix.swift
[254/1291] Compiling SystemPackage FilePathTempWindows.swift
[255/1291] Compiling SystemPackage FilePathWindows.swift
[256/1291] Compiling SystemPackage FilePermissions.swift
[257/1291] Compiling SystemPackage FilePathComponentView.swift
[258/1294] Wrapping AST for Logging for debugging
[259/1299] Wrapping AST for SwiftASN1 for debugging
[265/1299] Wrapping AST for Instrumentation for debugging
[267/1299] Compiling Tracing InstrumentationSystem+Tracing.swift
[268/1300] Compiling Tracing WithTracer.swift
[269/1300] Emitting module Tracing
[270/1300] Compiling Tracing TracerProtocol.swift
[271/1300] Compiling Tracing TracingTime.swift
[277/1300] Emitting module SystemPackage
[284/1300] Compiling Tracing TracerProtocol+Legacy.swift
[285/1300] Compiling Tracing Tracer.swift
[286/1300] Compiling Tracing NoOpTracer.swift
[287/1300] Compiling Tracing SpanProtocol.swift
[289/1301] Compiling SystemPackage SystemString.swift
[290/1301] Compiling SystemPackage Util+StringArray.swift
[291/1301] Compiling SystemPackage Util.swift
[292/1301] Compiling SystemPackage UtilConsumers.swift
[293/1301] Compiling SystemPackage WinSDK+Overlay.swift
[293/1301] Compiling tls_record.cc
[295/1302] Wrapping AST for Tracing for debugging
[296/1302] Compiling tls_method.cc
[297/1302] Wrapping AST for SystemPackage for debugging
[298/1302] Compiling tls13_server.cc
[299/1302] Compiling tls13_enc.cc
[301/1302] Compiling DequeModule UniqueDeque+Replacements.swift
[302/1302] Compiling DequeModule UniqueDeque.swift
[303/1302] Compiling DequeModule _DequeSlot.swift
[304/1302] Compiling DequeModule _UnsafeDequeHandle.swift
[305/1302] Compiling DequeModule _UnsafeDequeSegments.swift
[305/1302] Compiling tls13_client.cc
[307/1302] Emitting module DequeModule
[308/1303] Compiling t1_enc.cc
[309/1333] Compiling tls13_both.cc
[310/1346] Wrapping AST for DequeModule for debugging
[311/1346] Compiling ssl_transcript.cc
[313/1346] Compiling Configuration JSONSnapshot.swift
[314/1346] Compiling Configuration PropertyListSnapshot.swift
[315/1346] Compiling Configuration ReloadingFileProvider.swift
[316/1346] Compiling Configuration ReloadingFileProviderMetrics.swift
[317/1346] Compiling Configuration YAMLSnapshot.swift
[318/1346] Compiling Configuration InMemoryProvider.swift
[318/1351] Compiling ssl_versions.cc
[319/1351] Compiling ssl_x509.cc
[320/1351] Compiling ssl_stat.cc
[321/1351] Compiling ssl_session.cc
[323/1351] Compiling Configuration EnvironmentKeyEncoder.swift
[324/1351] Compiling Configuration EnvironmentVariablesProvider.swift
[325/1351] Compiling Configuration CommonProviderFileSystem.swift
[326/1351] Compiling Configuration DirectoryFilesProvider.swift
[327/1351] Compiling Configuration FileProvider.swift
[328/1351] Compiling Configuration FileProviderSnapshot.swift
[328/1351] Compiling ssl_privkey.cc
[330/1351] Emitting module ExtrasBase64
[330/1351] Compiling ssl_file.cc
[331/1351] Compiling ssl_key_share.cc
[332/1351] Compiling ssl_lib.cc
[334/1351] Compiling ExtrasBase64 Base32+Span.swift
[335/1351] Compiling ExtrasBase64 Base64+Span.swift
[336/1351] Compiling ExtrasBase64 Base32.swift
[337/1351] Compiling ExtrasBase64 Base64.swift
[338/1352] Compiling ssl_credential.cc
[339/1383] Compiling ssl_cipher.cc
[340/1383] Wrapping AST for ExtrasBase64 for debugging
[342/1383] Compiling GoogleWKT WKTFloatValue.swift
[343/1383] Compiling GoogleWKT WKTInt32Value.swift
[344/1383] Compiling GoogleWKT WKTInt64Value.swift
[345/1383] Compiling GoogleWKT WKTRecursive.swift
[346/1383] Compiling GoogleWKT WKTField.swift
[347/1383] Compiling GoogleWKT WKTMethod.swift
[348/1383] Compiling GoogleWKT WKTEmpty.swift
[349/1383] Compiling GoogleWKT WKTFieldMask.swift
[350/1383] Compiling GoogleWKT WKTStringValue.swift
[351/1383] Compiling GoogleWKT WKTTimestamp.swift
[352/1383] Compiling GoogleWKT WKTUInt32Value.swift
[353/1383] Compiling GoogleWKT WKTUInt64Value.swift
[353/1383] Compiling ssl_buffer.cc
[355/1383] Compiling Configuration MutableInMemoryProvider.swift
[356/1383] Compiling Configuration ConfigProvider+Operators.swift
[357/1383] Compiling Configuration KeyMappingProvider.swift
[358/1383] Compiling Configuration SecretsSpecifier.swift
[359/1383] Compiling Configuration AsyncCombineLatestManySequence.swift
[360/1383] Compiling Configuration CombineLatestManyStateMachine.swift
[361/1383] Compiling Configuration CombineLatestManyStorage.swift
[362/1383] Compiling Configuration AsyncSequences.swift
[363/1383] Compiling Configuration FoundationExtensions.swift
[364/1383] Compiling Configuration Span.swift
[365/1383] Compiling Configuration ConfigBytesFromStringDecoder.swift
[366/1383] Compiling GoogleWKT AnyPackable.swift
[367/1383] Compiling GoogleWKT DecodeToDefault.swift
[368/1383] Compiling GoogleWKT DiscoveryBase64.swift
[369/1383] Compiling GoogleWKT ProtoJSONDecoder.swift
[370/1383] Compiling GoogleWKT ProtoJSONEncoder.swift
[371/1383] Compiling GoogleWKT UnknownFields.swift
[371/1383] Compiling ssl_cert.cc
[372/1383] Compiling ssl_asn1.cc
[373/1383] Compiling ssl_aead_ctx.cc
[374/1383] Compiling s3_pkt.cc
[376/1383] Compiling GoogleWKT WKTDoubleValue.swift
[377/1383] Compiling GoogleWKT WKTDuration.swift
[381/1383] Compiling GoogleWKT WKTAny.swift
[382/1383] Compiling GoogleWKT WKTAnyError.swift
[383/1383] Compiling GoogleWKT WKTBoolValue.swift
[384/1383] Compiling GoogleWKT WKTBytesValue.swift
[387/1387] Compiling GoogleWKT WKTMixin.swift
[388/1387] Compiling GoogleWKT WKTOption.swift
[389/1387] Compiling GoogleWKT WKTValue.swift
[390/1387] Compiling GoogleWKT WKTApi.swift
[391/1387] Compiling GoogleWKT WKTEnum.swift
[392/1387] Compiling GoogleWKT WKTEnumValue.swift
[401/1387] Emitting module Configuration
[407/1388] Compiling s3_lib.cc
[409/1388] Compiling s3_both.cc
[410/1388] Wrapping AST for Configuration for debugging
[412/1388] Compiling GoogleWKT WKTSourceContext.swift
[413/1388] Compiling GoogleWKT WKTSyntax.swift
[414/1388] Compiling GoogleWKT WKTType.swift
[415/1388] Compiling GoogleWKT PackageVersion.swift
[415/1388] Compiling handshake_server.cc
[417/1388] Emitting module GoogleWKT
[423/1389] Compiling handshake.cc
[424/1407] Compiling handshake_client.cc
[425/1422] Compiling handoff.cc
[426/1422] Wrapping AST for GoogleWKT for debugging
[428/1422] Compiling GoogleRpc Code.swift
[429/1422] Compiling GoogleRpc PreconditionFailure.swift
[430/1424] Compiling GoogleRpc RequestInfo.swift
[431/1424] Compiling GoogleRpc ResourceInfo.swift
[432/1426] Compiling GoogleRpc QuotaFailure.swift
[435/1426] Compiling GoogleRpc RetryInfo.swift
[436/1426] Compiling GoogleRpc Status.swift
[437/1426] Compiling GoogleType Quaternion.swift
[438/1426] Compiling GoogleRpc DebugInfo.swift
[439/1426] Compiling GoogleRpc ErrorInfo.swift
[440/1426] Compiling GoogleRpc Help.swift
[441/1426] Emitting module GoogleRpc
[443/1426] Compiling GoogleRpc HttpHeader.swift
[446/1426] Emitting module GoogleType
[447/1426] Compiling GoogleRpc HttpRequest.swift
[448/1426] Compiling GoogleRpc HttpResponse.swift
[449/1426] Compiling GoogleRpc BadRequest.swift
[451/1426] Compiling GoogleRpc LocalizedMessage.swift
[452/1426] Compiling GoogleRpc PackageVersion.swift
[452/1426] Compiling dtls_record.cc
[453/1426] Compiling extensions.cc
[462/1426] Compiling encrypted_client_hello.cc
[463/1426] Compiling d1_srtp.cc
[465/1426] Compiling GoogleType TimeOfDay.swift
[465/1426] Compiling md5-x86_64-linux.S
[467/1426] Compiling GoogleType TimeZone.swift
[470/1428] Compiling md5-x86_64-apple.S
[472/1428] Compiling dtls_method.cc
[473/1428] Compiling md5-586-linux.S
[474/1428] Wrapping AST for GoogleType for debugging
[475/1428] Compiling md5-586-apple.S
[476/1428] Wrapping AST for GoogleRpc for debugging
[477/1428] Compiling chacha20_poly1305_x86_64-linux.S
[478/1428] Compiling chacha20_poly1305_x86_64-apple.S
[479/1428] Compiling chacha20_poly1305_armv8-win.S
[480/1428] Compiling chacha20_poly1305_armv8-apple.S
[481/1428] Compiling chacha-x86_64-linux.S
[482/1428] Compiling chacha20_poly1305_armv8-linux.S
[483/1428] Compiling chacha-x86-linux.S
[484/1428] Compiling chacha-x86_64-apple.S
[485/1428] Compiling chacha-x86-apple.S
[486/1428] Compiling chacha-armv8-win.S
[487/1428] Compiling chacha-armv8-apple.S
[488/1428] Compiling chacha-armv4-linux.S
[489/1428] Compiling chacha-armv8-linux.S
[490/1428] Compiling aes128gcmsiv-x86_64-linux.S
[491/1428] Compiling aes128gcmsiv-x86_64-apple.S
[492/1428] Compiling x86_64-mont5-linux.S
[493/1428] Compiling x86_64-mont5-apple.S
[494/1428] Compiling x86_64-mont-linux.S
[495/1428] Compiling x86_64-mont-apple.S
[496/1428] Compiling x86-mont-linux.S
[497/1428] Compiling x86-mont-apple.S
[498/1428] Compiling vpaes-x86_64-apple.S
[499/1428] Compiling vpaes-x86_64-linux.S
[500/1428] Compiling vpaes-x86-linux.S
[501/1428] Compiling vpaes-armv8-win.S
[502/1428] Compiling vpaes-x86-apple.S
[503/1428] Compiling vpaes-armv8-linux.S
[504/1428] Compiling vpaes-armv8-apple.S
[504/1428] Compiling vpaes-armv7-linux.S
[506/1428] Compiling err_data.cc
[507/1428] Compiling sha512-x86_64-apple.S
[508/1428] Compiling sha512-x86_64-linux.S
[509/1428] Compiling sha512-armv8-win.S
[510/1428] Compiling sha512-armv8-apple.S
[511/1428] Compiling sha512-armv8-linux.S
[512/1428] Compiling sha512-armv4-linux.S
[513/1428] Compiling sha512-586-linux.S
[514/1428] Compiling sha512-586-apple.S
[515/1428] Compiling sha256-x86_64-linux.S
[516/1428] Compiling sha256-x86_64-apple.S
[517/1428] Compiling sha256-armv8-apple.S
[518/1428] Compiling sha256-armv8-linux.S
[519/1428] Compiling sha256-armv8-win.S
[520/1428] Compiling sha256-armv4-linux.S
[521/1428] Compiling sha256-586-apple.S
[522/1428] Compiling sha256-586-linux.S
[523/1428] Compiling sha1-x86_64-apple.S
[524/1428] Compiling sha1-x86_64-linux.S
[525/1428] Compiling sha1-armv8-win.S
[526/1428] Compiling sha1-armv8-apple.S
[527/1428] Compiling sha1-armv8-linux.S
[528/1428] Compiling sha1-586-linux.S
[529/1428] Compiling sha1-armv4-large-linux.S
[530/1428] Compiling sha1-586-apple.S
[531/1428] Compiling d1_pkt.cc
[532/1428] Compiling rsaz-avx2-apple.S
[533/1428] Compiling rdrand-x86_64-linux.S
[534/1428] Compiling rsaz-avx2-linux.S
[535/1428] Compiling p256_beeu-x86_64-asm-linux.S
[536/1428] Compiling p256_beeu-x86_64-asm-apple.S
[537/1428] Compiling p256_beeu-armv8-asm-apple.S
[538/1428] Compiling rdrand-x86_64-apple.S
[538/1428] Compiling p256_beeu-armv8-asm-win.S
[540/1428] Compiling p256_beeu-armv8-asm-linux.S
[541/1428] Compiling p256-x86_64-asm-linux.S
[542/1428] Compiling p256-x86_64-asm-apple.S
[543/1428] Compiling p256-armv8-asm-win.S
[544/1428] Compiling p256-armv8-asm-apple.S
[545/1428] Compiling p256-armv8-asm-linux.S
[546/1428] Compiling ghashv8-armv8-win.S
[547/1428] Compiling ghashv8-armv8-apple.S
[548/1428] Compiling ghashv8-armv7-linux.S
[549/1428] Compiling ghashv8-armv8-linux.S
[550/1428] Compiling ghash-x86_64-linux.S
[551/1428] Compiling ghash-x86_64-apple.S
[552/1428] Compiling ghash-x86-apple.S
[553/1428] Compiling ghash-x86-linux.S
[554/1428] Compiling ghash-ssse3-x86-linux.S
[555/1428] Compiling ghash-ssse3-x86_64-linux.S
[556/1428] Compiling ghash-ssse3-x86_64-apple.S
[557/1428] Compiling bio_ssl.cc
[558/1428] Compiling ghash-ssse3-x86-apple.S
[559/1428] Compiling ghash-neon-armv8-win.S
[560/1428] Compiling ghash-neon-armv8-apple.S
[561/1428] Compiling ghash-neon-armv8-linux.S
[562/1428] Compiling co-586-linux.S
[563/1428] Compiling ghash-armv4-linux.S
[564/1428] Compiling bn-armv8-win.S
[565/1428] Compiling bsaes-armv7-linux.S
[566/1428] Compiling co-586-apple.S
[567/1428] Compiling bn-armv8-linux.S
[568/1428] Compiling bn-armv8-apple.S
[569/1428] Compiling bn-586-linux.S
[570/1428] Compiling armv8-mont-win.S
[571/1428] Compiling armv8-mont-linux.S
[572/1428] Compiling bn-586-apple.S
[573/1428] Compiling armv8-mont-apple.S
[574/1428] Compiling d1_lib.cc
[575/1428] Compiling armv4-mont-linux.S
[576/1428] Compiling aesv8-gcm-armv8-win.S
[577/1428] Compiling aesv8-armv8-linux.S
[578/1428] Compiling aesv8-gcm-armv8-linux.S
[579/1428] Compiling aesv8-armv8-win.S
[580/1428] Compiling aesv8-gcm-armv8-apple.S
[581/1428] Compiling aesv8-armv7-linux.S
[582/1428] Compiling aesni-x86_64-linux.S
[583/1428] Compiling aesv8-armv8-apple.S
[584/1428] Compiling aesni-gcm-x86_64-linux.S
[585/1428] Compiling aesni-x86_64-apple.S
[586/1428] Compiling aesni-x86-linux.S
[587/1428] Compiling aes-gcm-avx2-x86_64-apple.S
[588/1428] Compiling aesni-x86-apple.S
[589/1428] Compiling aes-gcm-avx2-x86_64-linux.S
[590/1428] Compiling aesni-gcm-x86_64-apple.S
[591/1428] Compiling aes-gcm-avx10-x86_64-linux.S
[592/1428] Compiling aes-gcm-avx10-x86_64-apple.S
[593/1428] Compiling d1_both.cc
[594/1428] Compiling x_spki.cc
[595/1428] Compiling x_sig.cc
[596/1428] Compiling x_pubkey.cc
[597/1428] Compiling x_x509a.cc
[598/1428] Compiling x_x509.cc
[599/1428] Compiling x_val.cc
[600/1428] Compiling x_req.cc
[601/1428] Compiling x_name.cc
[602/1428] Compiling x_exten.cc
[603/1428] Compiling x_algor.cc
[604/1428] Compiling x_crl.cc
[605/1428] Compiling x_all.cc
[606/1428] Compiling x509rset.cc
[607/1428] Compiling x509spki.cc
[608/1428] Compiling x_attrib.cc
[609/1428] Compiling x509name.cc
[610/1428] Compiling x509_vfy.cc
[611/1428] Compiling x509cset.cc
[612/1428] Compiling x509_vpm.cc
[613/1428] Compiling x509_v3.cc
[614/1428] Compiling x509_obj.cc
[615/1428] Compiling x509_txt.cc
[616/1428] Compiling x509_trs.cc
[617/1428] Compiling x509_set.cc
[618/1428] Compiling x509_req.cc
[619/1428] Compiling x509_ext.cc
[620/1428] Compiling x509_def.cc
[621/1428] Compiling x509_lu.cc
[622/1428] Compiling x509_d2.cc
[623/1428] Compiling x509_cmp.cc
[624/1428] Compiling v3_utl.cc
[625/1428] Compiling x509_att.cc
[626/1428] Compiling x509.cc
[627/1428] Compiling v3_prn.cc
[628/1428] Compiling v3_skey.cc
[629/1428] Compiling v3_pcons.cc
[630/1428] Compiling v3_purp.cc
[631/1428] Compiling v3_pmaps.cc
[632/1428] Compiling v3_lib.cc
[633/1428] Compiling v3_ocsp.cc
[634/1428] Compiling v3_ncons.cc
[635/1428] Compiling v3_genn.cc
[636/1428] Compiling v3_info.cc
[637/1428] Compiling v3_int.cc
[638/1428] Compiling v3_enum.cc
[639/1428] Compiling v3_ia5.cc
[640/1428] Compiling v3_extku.cc
[641/1428] Compiling v3_alt.cc
[642/1428] Compiling v3_crld.cc
[643/1428] Compiling v3_bitst.cc
[644/1428] Compiling v3_cpols.cc
[645/1428] Compiling v3_conf.cc
[646/1428] Compiling v3_bcons.cc
[647/1428] Compiling v3_akeya.cc
[648/1428] Compiling t_req.cc
[649/1428] Compiling v3_akey.cc
[650/1428] Compiling t_x509a.cc
[651/1428] Compiling t_x509.cc
[652/1428] Compiling t_crl.cc
[653/1428] Compiling policy.cc
[654/1428] Compiling i2d_pr.cc
[655/1428] Compiling rsa_pss.cc
[656/1428] Compiling name_print.cc
[657/1428] Compiling by_dir.cc
[658/1428] Compiling a_verify.cc
[659/1428] Compiling by_file.cc
[660/1428] Compiling algorithm.cc
[661/1428] Compiling asn1_gen.cc
[662/1428] Compiling a_sign.cc
[663/1428] Compiling thread_win.cc
[664/1428] Compiling a_digest.cc
[665/1428] Compiling voprf.cc
[666/1428] Compiling thread_pthread.cc
[667/1428] Compiling thread.cc
[668/1428] Compiling thread_none.cc
[669/1428] Compiling stack.cc
[670/1428] Compiling trust_token.cc
[671/1428] Compiling pmbtoken.cc
[672/1428] Compiling siphash.cc
[673/1428] Compiling sha256.cc
[674/1428] Compiling sha512.cc
[675/1428] Compiling sha1.cc
[676/1428] Compiling slhdsa.cc
[677/1428] Compiling rsa_print.cc
[678/1428] Compiling rsa_extra.cc
[679/1428] Compiling spake2plus.cc
[680/1428] Compiling rsa_crypt.cc
[681/1428] Compiling refcount.cc
[682/1428] Compiling rc4.cc
[683/1428] Compiling windows.cc
[684/1428] Compiling trusty.cc
[685/1428] Compiling rand.cc
[686/1428] Compiling urandom.cc
[687/1428] Compiling ios.cc
[688/1428] Compiling passive.cc
[689/1428] Compiling poly1305_arm_asm.S
[690/1428] Compiling rsa_asn1.cc
[691/1428] Compiling getentropy.cc
[692/1428] Compiling fork_detect.cc
[693/1428] Compiling poly1305.cc
[694/1428] Compiling forkunsafe.cc
[695/1428] Compiling deterministic.cc
[696/1428] Compiling poly1305_arm.cc
[697/1428] Compiling poly1305_vec.cc
[698/1428] Compiling pool.cc
[699/1428] Compiling pkcs8_x509.cc
[700/1428] Compiling pkcs8.cc
[701/1428] Compiling pkcs7.cc
[702/1428] Compiling p5_pbev2.cc
[703/1428] Compiling pkcs7_x509.cc
[704/1428] Compiling pem_xaux.cc
[705/1428] Compiling pem_x509.cc
[706/1428] Compiling pem_oth.cc
[707/1428] Compiling pem_pkey.cc
[708/1428] Compiling pem_pk8.cc
[709/1428] Compiling obj_xref.cc
[710/1428] Compiling pem_info.cc
[711/1428] Compiling mem.cc
[712/1428] Compiling pem_lib.cc
[713/1428] Compiling pem_all.cc
[714/1428] Compiling mlkem.cc
[715/1428] Compiling mldsa.cc
[716/1428] Compiling poly_rq_mul.S
[717/1428] Compiling fips_shared_support.cc
[718/1428] Compiling obj.cc
[719/1428] Compiling md5.cc
[720/1428] Compiling lhash.cc
[721/1428] Compiling md4.cc
[722/1428] Compiling kyber.cc
[723/1428] Compiling sign.cc
[724/1428] Compiling ex_data.cc
[725/1428] Compiling scrypt.cc
[726/1428] Compiling hpke.cc
[727/1428] Compiling print.cc
[728/1428] Compiling hrss.cc
[729/1428] Compiling pbkdf.cc
[730/1428] Compiling p_x25519_asn1.cc
[731/1428] Compiling p_ed25519.cc
[732/1428] Compiling p_x25519.cc
[733/1428] Compiling p_rsa.cc
[734/1428] Compiling p_hkdf.cc
[735/1428] Compiling p_rsa_asn1.cc
[736/1428] Compiling p_ec_asn1.cc
[737/1428] Compiling p_ed25519_asn1.cc
[738/1428] Compiling p_ec.cc
[739/1428] Compiling evp_asn1.cc
[740/1428] Compiling p_dh.cc
[741/1428] Compiling engine.cc
[742/1428] Compiling p_dh_asn1.cc
[743/1428] Compiling evp.cc
[744/1428] Compiling evp_ctx.cc
[745/1428] Compiling p_dsa_asn1.cc
[746/1428] Compiling err.cc
[747/1428] Compiling ecdh.cc
[748/1428] Compiling hash_to_curve.cc
[749/1428] Compiling ec_derive.cc
[750/1428] Compiling dsa_asn1.cc
[751/1428] Compiling ecdsa_asn1.cc
[752/1428] Compiling dsa.cc
[753/1428] Compiling ec_asn1.cc
[754/1428] Compiling params.cc
[755/1428] Compiling digest_extra.cc
[756/1428] Compiling x25519-asm-arm.S
[757/1428] Compiling des.cc
[758/1428] Compiling curve25519_64_adx.cc
[759/1428] Compiling dh_asn1.cc
[760/1428] Compiling bcm.cc
[761/1428] Compiling spake25519.cc
[762/1428] Compiling curve25519.cc
[763/1428] Compiling cpu_intel.cc
[764/1428] Compiling crypto.cc
[765/1428] Compiling cpu_arm_freebsd.cc
[766/1428] Compiling cpu_arm_linux.cc
[767/1428] Compiling cpu_aarch64_win.cc
[768/1428] Compiling cpu_aarch64_sysreg.cc
[769/1428] Compiling cpu_aarch64_apple.cc
[770/1428] Compiling cpu_aarch64_openbsd.cc
[771/1428] Compiling cpu_aarch64_linux.cc
[772/1428] Compiling cpu_aarch64_fuchsia.cc
[773/1428] Compiling get_cipher.cc
[774/1428] Compiling tls_cbc.cc
[775/1428] Compiling e_tls.cc
[776/1428] Compiling conf.cc
[777/1428] Compiling e_rc4.cc
[778/1428] Compiling e_rc2.cc
[779/1428] Compiling e_des.cc
[780/1428] Compiling e_null.cc
[781/1428] Compiling e_chacha20poly1305.cc
[782/1428] Compiling unicode.cc
[783/1428] Compiling e_aesctrhmac.cc
[784/1428] Compiling derive_key.cc
[785/1428] Compiling e_aesgcmsiv.cc
[786/1428] Compiling chacha.cc
[787/1428] Compiling convert.cc
[788/1428] Compiling cbb.cc
[789/1428] Compiling buf.cc
[790/1428] Compiling blake2.cc
[791/1428] Compiling ber.cc
[792/1428] Compiling asn1_compat.cc
[793/1428] Compiling bn_asn1.cc
[794/1428] Compiling cbs.cc
[795/1428] Compiling printf.cc
[796/1428] Compiling socket.cc
[797/1428] Compiling socket_helper.cc
[798/1428] Compiling pair.cc
[799/1428] Compiling file.cc
[800/1428] Compiling hexdump.cc
[801/1428] Compiling errno.cc
[802/1428] Compiling fd.cc
[803/1428] Compiling bio_mem.cc
[804/1428] Compiling base64.cc
[805/1428] Compiling connect.cc
[806/1428] Compiling tasn_typ.cc
[807/1428] Compiling bio.cc
[808/1428] Compiling tasn_utl.cc
[809/1428] Compiling tasn_fre.cc
[810/1428] Compiling tasn_new.cc
[811/1428] Compiling tasn_enc.cc
[812/1428] Compiling f_string.cc
[813/1428] Compiling posix_time.cc
[814/1428] Compiling asn_pack.cc
[815/1428] Compiling f_int.cc
[816/1428] Compiling tasn_dec.cc
[817/1428] Compiling asn1_par.cc
[818/1428] Compiling asn1_lib.cc
[819/1428] Compiling a_type.cc
[820/1428] Compiling a_utctm.cc
[821/1428] Compiling a_time.cc
[822/1428] Compiling a_strex.cc
[823/1428] Compiling a_octet.cc
[824/1428] Compiling a_strnid.cc
[825/1428] Compiling a_mbstr.cc
[826/1428] Compiling a_object.cc
[827/1428] Compiling a_i2d_fp.cc
[828/1428] Compiling a_dup.cc
[829/1428] Compiling CGoogleGaxCRC32C CGoogleGaxCRC32C.c
[830/1428] Compiling a_d2i_fp.cc
[831/1428] Compiling fiat_p256_adx_sqr.S
[832/1428] Compiling fiat_p256_adx_mul.S
[833/1428] Compiling fiat_curve25519_adx_square.S
[834/1428] Compiling CCryptoBoringSSLShims shims.c
[835/1428] Compiling fiat_curve25519_adx_mul.S
[836/1428] Compiling a_bitstr.cc
[837/1428] Compiling a_int.cc
[838/1428] Compiling md5-x86_64-linux.S
[839/1428] Compiling md5-586-linux.S
[840/1428] Compiling md5-x86_64-apple.S
[841/1428] Compiling md5-586-apple.S
[842/1428] Compiling chacha20_poly1305_x86_64-linux.S
[843/1428] Compiling chacha20_poly1305_x86_64-apple.S
[844/1428] Compiling chacha20_poly1305_armv8-win.S
[845/1428] Compiling chacha20_poly1305_armv8-apple.S
[846/1428] Compiling a_gentm.cc
[847/1428] Compiling chacha-x86_64-linux.S
[848/1428] Compiling chacha20_poly1305_armv8-linux.S
[849/1428] Compiling chacha-x86_64-apple.S
[850/1428] Compiling chacha-x86-apple.S
[851/1428] Compiling chacha-x86-linux.S
[851/1428] Compiling a_bool.cc
[853/1428] Compiling chacha-armv8-win.S
[854/1428] Compiling chacha-armv8-linux.S
[855/1428] Compiling chacha-armv8-apple.S
[856/1428] Compiling chacha-armv4-linux.S
[857/1428] Compiling aes128gcmsiv-x86_64-apple.S
[858/1428] Compiling x86_64-mont5-linux.S
[859/1428] Compiling aes128gcmsiv-x86_64-linux.S
[860/1428] Compiling x86_64-mont-linux.S
[861/1428] Compiling x86-mont-linux.S
[862/1428] Compiling x86_64-mont-apple.S
[863/1428] Compiling x86-mont-apple.S
[864/1428] Compiling x86_64-mont5-apple.S
[865/1428] Compiling vpaes-x86_64-linux.S
[866/1428] Compiling vpaes-x86_64-apple.S
[867/1428] Compiling vpaes-x86-apple.S
[868/1428] Compiling vpaes-x86-linux.S
[869/1428] Compiling vpaes-armv8-win.S
[870/1428] Compiling vpaes-armv8-linux.S
[871/1428] Compiling vpaes-armv7-linux.S
[872/1428] Compiling sha512-x86_64-linux.S
[873/1428] Compiling vpaes-armv8-apple.S
[874/1428] Compiling sha512-x86_64-apple.S
[875/1428] Compiling sha512-armv8-win.S
[876/1428] Compiling sha512-armv4-linux.S
[877/1428] Compiling sha512-armv8-linux.S
[878/1428] Compiling sha512-armv8-apple.S
[879/1428] Compiling sha512-586-apple.S
[880/1428] Compiling sha512-586-linux.S
[881/1428] Compiling sha256-x86_64-linux.S
[881/1428] Compiling sha256-x86_64-apple.S
[883/1428] Compiling sha256-armv8-linux.S
[884/1428] Compiling sha256-armv8-apple.S
[885/1428] Compiling sha256-armv4-linux.S
[886/1428] Compiling sha256-586-linux.S
[886/1428] Compiling sha256-armv8-win.S
[888/1428] Compiling sha1-x86_64-linux.S
[889/1428] Compiling sha1-x86_64-apple.S
[889/1428] Compiling sha256-586-apple.S
[891/1428] Compiling sha1-armv8-win.S
[892/1428] Compiling sha1-armv8-linux.S
[893/1428] Compiling sha1-586-linux.S
[894/1428] Compiling sha1-586-apple.S
[895/1428] Compiling sha1-armv4-large-linux.S
[896/1428] Compiling err_data.cc
[897/1428] Compiling rdrand-x86_64-linux.S
[898/1428] Compiling sha1-armv8-apple.S
[899/1428] Compiling rsaz-avx2-apple.S
[900/1428] Compiling rsaz-avx2-linux.S
[901/1428] Compiling p256_beeu-x86_64-asm-linux.S
[901/1428] Compiling p256_beeu-x86_64-asm-apple.S
[903/1428] Compiling p256_beeu-armv8-asm-win.S
[904/1428] Compiling rdrand-x86_64-apple.S
[905/1428] Compiling p256_beeu-armv8-asm-linux.S
[906/1428] Compiling p256_beeu-armv8-asm-apple.S
[907/1428] Compiling p256-armv8-asm-win.S
[907/1428] Compiling p256-x86_64-asm-linux.S
[909/1428] Compiling p256-x86_64-asm-apple.S
[909/1428] Compiling p256-armv8-asm-apple.S
[911/1428] Compiling ghashv8-armv8-win.S
[912/1428] Compiling p256-armv8-asm-linux.S
[913/1428] Compiling ghashv8-armv7-linux.S
[914/1428] Compiling ghashv8-armv8-linux.S
[915/1428] Compiling ghash-x86_64-linux.S
[916/1428] Compiling ghashv8-armv8-apple.S
[917/1428] Compiling ghash-x86-apple.S
[918/1428] Compiling ghash-ssse3-x86_64-linux.S
[919/1428] Compiling ghash-x86_64-apple.S
[920/1428] Compiling ghash-x86-linux.S
[921/1428] Compiling ghash-ssse3-x86_64-apple.S
[922/1428] Compiling ghash-neon-armv8-win.S
[923/1428] Compiling ghash-ssse3-x86-linux.S
[924/1428] Compiling ghash-neon-armv8-linux.S
[925/1428] Compiling ghash-ssse3-x86-apple.S
[926/1428] Compiling ghash-neon-armv8-apple.S
[927/1428] Compiling ghash-armv4-linux.S
[927/1428] Compiling bsaes-armv7-linux.S
[929/1428] Compiling bn-armv8-linux.S
[930/1428] Compiling co-586-linux.S
[931/1428] Compiling bn-armv8-apple.S
[932/1428] Compiling bn-586-linux.S
[933/1428] Compiling bn-armv8-win.S
[934/1428] Compiling co-586-apple.S
[935/1428] Compiling armv8-mont-win.S
[936/1428] Compiling bn-586-apple.S
[937/1428] Compiling armv4-mont-linux.S
[938/1428] Compiling aesv8-gcm-armv8-linux.S
[939/1428] Compiling armv8-mont-apple.S
[940/1428] Compiling aesv8-gcm-armv8-apple.S
[941/1428] Compiling armv8-mont-linux.S
[942/1428] Compiling aesv8-armv8-linux.S
[943/1428] Compiling aesv8-gcm-armv8-win.S
[944/1428] Compiling aesv8-armv8-win.S
[945/1428] Compiling aesv8-armv8-apple.S
[946/1428] Compiling aesni-x86_64-apple.S
[947/1428] Compiling aesv8-armv7-linux.S
[948/1428] Compiling aesni-gcm-x86_64-apple.S
[949/1428] Compiling aesni-x86_64-linux.S
[950/1428] Compiling aesni-x86-apple.S
[951/1428] Compiling aesni-gcm-x86_64-linux.S
[952/1428] Compiling aes-gcm-avx512-x86_64-linux.S
[953/1428] Compiling aesni-x86-linux.S
[954/1428] Compiling aes-gcm-avx2-x86_64-linux.S
[955/1428] Compiling aes-gcm-avx512-x86_64-apple.S
[956/1428] Compiling aes-gcm-avx2-x86_64-apple.S
[957/1428] Compiling xwing.cc
[958/1428] Compiling c-nioatomics.c
[959/1428] Compiling x_spki.cc
[960/1428] Compiling x_sig.cc
[960/1428] Compiling x_pubkey.cc
[962/1428] Compiling x_x509a.cc
[963/1428] Compiling x_x509.cc
[964/1428] Compiling x_req.cc
[965/1428] Compiling c-atomics.c
[966/1428] Compiling x_exten.cc
[967/1428] Compiling x509spki.cc
[968/1435] Compiling x_all.cc
[969/1435] Compiling x_name.cc
[971/1435] Compiling NIOConcurrencyHelpers NIOLockedValueBox.swift
[971/1435] Compiling x_attrib.cc
[973/1435] Compiling NIOConcurrencyHelpers NIOThreadPoolWorkAvailable.swift
[973/1435] Compiling x_algor.cc
[975/1435] Compiling NIOConcurrencyHelpers NIOLock.swift
[975/1435] Compiling x509rset.cc
[976/1435] Compiling x_crl.cc
[978/1435] Emitting module NIOConcurrencyHelpers
[979/1435] Compiling NIOConcurrencyHelpers NIOAtomic.swift
[980/1435] Compiling NIOConcurrencyHelpers lock.swift
[981/1435] Compiling NIOConcurrencyHelpers atomics.swift
[982/1436] Compiling x509name.cc
[983/1436] Wrapping AST for NIOConcurrencyHelpers for debugging
[984/1436] Compiling x509cset.cc
[985/1436] Compiling x509_v3.cc
[986/1436] Compiling x509_vpm.cc
[987/1436] Compiling x509_vfy.cc
[988/1436] Compiling x509_trs.cc
[989/1436] Compiling x509_txt.cc
[990/1436] Compiling x509_set.cc
[991/1436] Compiling x509_obj.cc
[992/1436] Compiling x509_def.cc
[993/1436] Compiling x509_req.cc
[994/1436] Compiling x509_lu.cc
[995/1436] Compiling x509_ext.cc
[996/1436] Compiling x509.cc
[997/1436] Compiling x509_cmp.cc
[998/1436] Compiling x509_d2.cc
[999/1436] Compiling x509_att.cc
[1000/1436] Compiling v3_purp.cc
[1001/1436] Compiling v3_utl.cc
[1002/1436] Compiling v3_skey.cc
[1003/1436] Compiling v3_pcons.cc
[1004/1436] Compiling v3_prn.cc
[1005/1436] Compiling v3_pmaps.cc
[1006/1436] Compiling v3_ia5.cc
[1007/1436] Compiling v3_ocsp.cc
[1008/1436] Compiling v3_int.cc
[1009/1436] Compiling v3_ncons.cc
[1010/1436] Compiling v3_lib.cc
[1011/1436] Compiling v3_extku.cc
[1012/1436] Compiling v3_enum.cc
[1013/1436] Compiling v3_info.cc
[1014/1436] Compiling v3_genn.cc
[1015/1436] Compiling v3_crld.cc
[1016/1436] Compiling v3_cpols.cc
[1017/1436] Compiling v3_conf.cc
[1018/1436] Compiling v3_bcons.cc
[1019/1436] Compiling v3_bitst.cc
[1020/1436] Compiling v3_alt.cc
[1021/1436] Compiling v3_akeya.cc
[1022/1436] Compiling v3_akey.cc
[1023/1436] Compiling t_x509.cc
[1024/1436] Compiling t_crl.cc
[1025/1436] Compiling t_x509a.cc
[1026/1436] Compiling i2d_pr.cc
[1027/1436] Compiling rsa_pss.cc
[1028/1436] Compiling t_req.cc
[1029/1436] Compiling policy.cc
[1030/1436] Compiling name_print.cc
[1031/1436] Compiling by_file.cc
[1032/1436] Compiling asn1_gen.cc
[1033/1436] Compiling algorithm.cc
[1034/1436] Compiling a_verify.cc
[1035/1436] Compiling a_sign.cc
[1036/1436] Compiling a_digest.cc
[1037/1436] Compiling by_dir.cc
[1038/1436] Compiling thread_pthread.cc
[1039/1436] Compiling voprf.cc
[1040/1436] Compiling thread.cc
[1041/1436] Compiling trust_token.cc
[1042/1436] Compiling thread_none.cc
[1043/1436] Compiling thread_win.cc
[1044/1436] Compiling stack.cc
[1045/1436] Compiling pmbtoken.cc
[1046/1436] Compiling siphash.cc
[1047/1436] Compiling sha256.cc
[1048/1436] Compiling sha512.cc
[1049/1436] Compiling sha1.cc
[1050/1436] Compiling spake2plus.cc
[1051/1436] Compiling slhdsa.cc
[1052/1436] Compiling rsa_extra.cc
[1053/1436] Compiling rsa_print.cc
[1054/1436] Compiling urandom.cc
[1055/1436] Compiling rsa_crypt.cc
[1056/1436] Compiling rc4.cc
[1057/1436] Compiling refcount.cc
[1058/1436] Compiling windows.cc
[1059/1436] Compiling rand.cc
[1060/1436] Compiling trusty.cc
[1061/1436] Compiling passive.cc
[1062/1436] Compiling ios.cc
[1063/1436] Compiling rsa_asn1.cc
[1064/1436] Compiling poly1305_arm_asm.S
[1065/1436] Compiling forkunsafe.cc
[1066/1436] Compiling getentropy.cc
[1067/1436] Compiling fork_detect.cc
[1068/1436] Compiling poly1305.cc
[1069/1436] Compiling pool.cc
[1070/1436] Compiling poly1305_vec.cc
[1071/1436] Compiling deterministic.cc
[1072/1436] Compiling poly1305_arm.cc
[1073/1436] Compiling pkcs8_x509.cc
[1074/1436] Compiling pem_pkey.cc
[1075/1436] Compiling p5_pbev2.cc
[1076/1436] Compiling pkcs7.cc
[1077/1436] Compiling pem_x509.cc
[1078/1436] Compiling pem_xaux.cc
[1078/1436] Compiling pkcs8.cc
[1080/1436] Compiling pkcs7_x509.cc
[1081/1436] Compiling obj_xref.cc
[1082/1436] Compiling pem_pk8.cc
[1083/1436] Compiling pem_oth.cc
[1083/1436] Compiling mlkem.cc
[1085/1436] Compiling pem_lib.cc
[1086/1436] Compiling pem_info.cc
[1087/1436] Compiling pem_all.cc
[1088/1436] Compiling obj.cc
[1089/1436] Compiling mldsa.cc
[1090/1436] Compiling poly_rq_mul.S
[1091/1436] Compiling mem.cc
[1092/1436] Compiling fips_shared_support.cc
[1093/1436] Compiling lhash.cc
[1094/1436] Compiling md4.cc
[1095/1436] Compiling md5.cc
[1096/1436] Compiling kyber.cc
[1097/1436] Compiling fuzzer_mode.cc
[1098/1436] Compiling ex_data.cc
[1099/1436] Compiling hrss.cc
[1100/1436] Compiling hpke.cc
[1101/1436] Compiling print.cc
[1102/1436] Compiling scrypt.cc
[1103/1436] Compiling pbkdf.cc
[1104/1436] Compiling sign.cc
[1105/1436] Compiling p_x25519_asn1.cc
[1106/1436] Compiling p_x25519.cc
[1107/1436] Compiling p_rsa_asn1.cc
[1108/1436] Compiling p_ed25519_asn1.cc
[1109/1436] Compiling p_hkdf.cc
[1110/1436] Compiling p_ed25519.cc
[1111/1436] Compiling p_rsa.cc
[1112/1436] Compiling p_dsa_asn1.cc
[1113/1436] Compiling p_ec_asn1.cc
[1114/1436] Compiling p_dh_asn1.cc
[1115/1436] Compiling p_dh.cc
[1116/1436] Compiling p_ec.cc
[1117/1436] Compiling evp_asn1.cc
[1118/1436] Compiling evp_ctx.cc
[1119/1436] Compiling evp.cc
[1120/1436] Compiling engine.cc
[1121/1436] Compiling ecdsa_p1363.cc
[1122/1436] Compiling err.cc
[1123/1436] Compiling ecdh.cc
[1124/1436] Compiling ecdsa_asn1.cc
[1125/1436] Compiling hash_to_curve.cc
[1126/1436] Compiling ec_derive.cc
[1127/1436] Compiling dsa_asn1.cc
[1128/1436] Compiling dsa.cc
[1128/1436] Compiling ec_asn1.cc
[1130/1436] Compiling des.cc
[1131/1436] Compiling digest_extra.cc
[1132/1436] Compiling params.cc
[1133/1436] Compiling dh_asn1.cc
[1134/1436] Compiling curve25519_64_adx.cc
[1135/1436] Compiling x25519-asm-arm.S
[1136/1436] Compiling cpu_arm_freebsd.cc
[1137/1436] Compiling cpu_arm_linux.cc
[1138/1436] Compiling crypto.cc
[1139/1436] Compiling cpu_intel.cc
[1140/1436] Compiling spake25519.cc
[1141/1436] Compiling curve25519.cc
[1142/1436] Compiling cpu_aarch64_win.cc
[1143/1436] Compiling cpu_aarch64_sysreg.cc
[1144/1436] Compiling cpu_aarch64_fuchsia.cc
[1145/1436] Compiling cpu_aarch64_linux.cc
[1146/1436] Compiling cpu_aarch64_openbsd.cc
[1147/1436] Compiling cpu_aarch64_apple.cc
[1148/1436] Compiling conf.cc
[1149/1436] Compiling e_rc4.cc
[1150/1436] Compiling get_cipher.cc
[1150/1436] Compiling tls_cbc.cc
[1150/1436] Compiling e_tls.cc
[1150/1436] Compiling e_rc2.cc
[1151/1436] Compiling cms.cc
[1155/1436] Compiling e_null.cc
[1156/1436] Compiling e_des.cc
[1157/1436] Compiling chacha.cc
[1158/1436] Compiling derive_key.cc
[1159/1436] Compiling e_aesgcmsiv.cc
[1160/1436] Compiling e_chacha20poly1305.cc
[1161/1436] Compiling e_aeseax.cc
[1162/1436] Compiling e_aesctrhmac.cc
[1163/1436] Compiling sqrt.cc
[1163/1436] Compiling buf.cc
[1165/1436] Compiling asn1_compat.cc
[1166/1436] Compiling unicode.cc
[1167/1436] Compiling cbs.cc
[1168/1436] Compiling cbb.cc
[1169/1436] Compiling ber.cc
[1170/1436] Compiling div.cc
[1171/1436] Compiling exponentiation.cc
[1172/1436] Compiling hexdump.cc
[1173/1436] Compiling bcm.cc
[1174/1436] Compiling printf.cc
[1174/1436] Compiling pair.cc
[1174/1436] Compiling blake2.cc
[1175/1436] Compiling bn_asn1.cc
[1178/1436] Compiling file.cc
[1179/1436] Compiling convert.cc
[1180/1436] Compiling fd.cc
[1181/1436] Compiling base64.cc
[1182/1436] Compiling errno.cc
[1182/1436] Compiling bio_mem.cc
[1184/1436] Compiling bio.cc
[1185/1436] Compiling tasn_typ.cc
[1186/1436] Compiling tasn_utl.cc
[1186/1436] Compiling tasn_new.cc
[1186/1436] Compiling tasn_fre.cc
[1189/1436] Compiling tasn_enc.cc
[1190/1436] Compiling posix_time.cc
[1191/1436] Compiling f_int.cc
[1192/1436] Compiling f_string.cc
[1193/1436] Compiling tasn_dec.cc
[1194/1436] Compiling asn1_par.cc
[1195/1436] Compiling asn_pack.cc
[1196/1436] Compiling a_i2d_fp.cc
[1197/1436] Compiling a_mbstr.cc
[1198/1436] Compiling a_int.cc
[1199/1436] Write sources
[1204/1436] Compiling a_strex.cc
[1204/1436] Compiling a_object.cc
[1206/1436] Write sources
[1254/1436] Compiling CAsyncHTTPClient CAsyncHTTPClient.c
[1255/1479] Compiling a_d2i_fp.cc
[1256/1479] Compiling a_dup.cc
[1257/1479] Compiling a_bool.cc
[1258/1479] Compiling a_gentm.cc
[1260/1487] Compiling Algorithms RandomSample.swift
[1261/1487] Compiling Algorithms Reductions.swift
[1262/1487] Compiling Algorithms Rotate.swift
[1263/1490] Compiling Algorithms Grouped.swift
[1264/1490] Compiling Algorithms Indexed.swift
[1266/1490] Compiling Algorithms FlattenCollection.swift
[1269/1492] Compiling Algorithms Compacted.swift
[1270/1492] Compiling Algorithms Cycle.swift
[1271/1492] Compiling Algorithms Chain.swift
[1272/1492] Compiling Algorithms Chunked.swift
[1273/1492] Compiling Algorithms Combinations.swift
[1274/1492] Compiling Algorithms Partition.swift
[1275/1492] Compiling Algorithms Permutations.swift
[1276/1492] Compiling Algorithms Product.swift
[1277/1492] Compiling Atomics Unmanaged extensions.swift
[1278/1492] Compiling Algorithms Stride.swift
[1279/1492] Compiling Algorithms Suffix.swift
[1280/1492] Compiling Atomics IntegerOperations.swift
[1286/1492] Compiling Algorithms Joined.swift
[1287/1492] Compiling Algorithms Keyed.swift
[1288/1492] Compiling Algorithms MinMax.swift
[1289/1492] Compiling CryptoBoringWrapper CryptoKitErrors_boring.swift
[1290/1492] Emitting module Atomics
[1291/1492] Emitting module Algorithms
[1294/1492] Compiling Algorithms EitherSequence.swift
[1295/1492] Compiling Algorithms FirstNonNil.swift
[1296/1492] Compiling Algorithms AdjacentPairs.swift
[1300/1492] Compiling CryptoBoringWrapper RandomBytes.swift
[1301/1492] Compiling CryptoBoringWrapper FiniteFieldArithmeticContext.swift
[1302/1492] Compiling Algorithms Trim.swift
[1303/1492] Compiling Algorithms Unique.swift
[1304/1492] Compiling Algorithms Windows.swift
[1305/1493] Compiling CryptoBoringWrapper ArbitraryPrecisionInteger.swift
[1306/1493] Compiling CryptoBoringWrapper EllipticCurve.swift
[1307/1493] Compiling CryptoBoringWrapper EllipticCurvePoint.swift
[1315/1494] Compiling CryptoBoringWrapper BoringSSLAEAD.swift
[1316/1494] Emitting module CryptoBoringWrapper
[1318/1496] Wrapping AST for CryptoBoringWrapper for debugging
[1319/1562] Wrapping AST for Algorithms for debugging
[1320/1562] Wrapping AST for Atomics for debugging
[1322/1643] Emitting module Crypto
[1323/1654] Compiling NIOCore NIOCoreSendableMetatype.swift
[1324/1654] Compiling NIOCore NIODecodedAsyncSequence.swift
[1325/1654] Compiling NIOCore NIOLoopBound.swift
[1326/1654] Compiling NIOCore NIOPooledRecvBufferAllocator.swift
[1327/1654] Compiling NIOCore NIOScheduledCallback.swift
[1328/1654] Compiling NIOCore NIOSendable.swift
[1329/1654] Compiling NIOCore NIOSplitLinesMessageDecoder.swift
[1330/1654] Compiling NIOCore NIOTransportAccessibleChannelCore.swift
[1331/1654] Compiling NIOCore RecvByteBufferAllocator.swift
[1332/1662] Compiling NIOCore FileRegion.swift
[1333/1662] Compiling NIOCore GlobalSingletons.swift
[1334/1662] Compiling NIOCore IO.swift
[1335/1662] Compiling NIOCore IOData.swift
[1336/1662] Compiling NIOCore SingleStepByteToMessageDecoder.swift
[1337/1662] Compiling NIOCore SocketAddresses.swift
[1338/1662] Compiling NIOCore SocketOptionProvider.swift
[1339/1662] Compiling NIOCore SystemCallHelpers.swift
[1340/1662] Compiling NIOCore TimeAmount+Duration.swift
[1341/1662] Compiling NIOCore TypeAssistedChannelHandler.swift
[1342/1662] Compiling NIOCore UniversalBootstrapSupport.swift
[1343/1662] Compiling NIOCore Utilities.swift
[1344/1662] Compiling NIOCore ByteBuffer-aux.swift
[1345/1662] Compiling NIOCore ByteBuffer-binaryEncodedLengthPrefix.swift
[1346/1662] Compiling NIOCore ByteBuffer-conversions.swift
[1347/1662] Compiling NIOCore ByteBuffer-core.swift
[1348/1662] Compiling NIOCore ByteBuffer-hex.swift
[1349/1662] Compiling NIOCore ByteBuffer-int.swift
[1350/1662] Compiling NIOCore ByteBuffer-lengthPrefix.swift
[1351/1662] Compiling NIOCore EventLoopFuture+Deprecated.swift
[1352/1662] Compiling NIOCore EventLoopFuture+WithEventLoop.swift
[1353/1662] Compiling NIOCore EventLoopFuture.swift
[1354/1662] Compiling NIOCore FileDescriptor.swift
[1355/1662] Compiling NIOCore FileHandle.swift
[1356/1662] Compiling Crypto HKDF.swift
[1357/1662] Compiling Crypto AESWrap.swift
[1358/1662] Compiling Crypto AESWrap_boring.swift
[1359/1662] Compiling Crypto Ed25519_boring.swift
[1360/1662] Compiling Crypto NISTCurvesKeys_boring.swift
[1361/1662] Compiling Crypto X25519Keys_boring.swift
[1362/1662] Compiling Crypto Curve25519.swift
[1363/1662] Compiling Crypto Ed25519Keys.swift
[1364/1662] Compiling Crypto NISTCurvesKeys.swift
[1365/1662] Compiling Crypto X25519Keys.swift
[1366/1662] Compiling Crypto SymmetricKeys.swift
[1367/1662] Compiling Crypto HMAC.swift
[1380/1662] Compiling NIOCore IPProtocol.swift
[1381/1662] Compiling NIOCore IntegerBitPacking.swift
[1382/1662] Compiling NIOCore IntegerTypes.swift
[1383/1662] Compiling NIOCore Interfaces.swift
[1384/1662] Compiling NIOCore Linux.swift
[1385/1662] Compiling NIOCore MarkedCircularBuffer.swift
[1386/1662] Compiling NIOCore MulticastChannel.swift
[1387/1662] Compiling NIOCore NIOAny.swift
[1388/1662] Compiling NIOCore AddressedEnvelope.swift
[1389/1662] Compiling NIOCore AsyncAwaitSupport.swift
[1390/1662] Compiling NIOCore AsyncChannel.swift
[1391/1662] Compiling NIOCore AsyncChannelHandler.swift
[1392/1662] Compiling NIOCore AsyncChannelInboundStream.swift
[1393/1662] Compiling NIOCore AsyncChannelOutboundWriter.swift
[1394/1662] Compiling NIOCore NIOAsyncSequenceProducer.swift
[1395/1662] Compiling NIOCore NIOAsyncSequenceProducerStrategies.swift
[1396/1662] Compiling NIOCore NIOAsyncWriter.swift
[1397/1662] Compiling NIOCore CircularBuffer.swift
[1398/1662] Compiling NIOCore Codec.swift
[1399/1662] Compiling NIOCore ConvenienceOptionSupport.swift
[1400/1662] Compiling Crypto Signature.swift
[1401/1662] Compiling Crypto CryptoKitErrors_boring.swift
[1402/1662] Compiling Crypto Optional+withUnsafeBytes_boring.swift
[1403/1662] Compiling Crypto RNG_boring.swift
[1404/1662] Compiling Crypto SafeCompare_boring.swift
[1405/1662] Compiling Crypto Zeroization_boring.swift
[1406/1662] Compiling Crypto _CryptoModuleAnchor.swift
[1407/1662] Compiling Crypto PrettyBytes.swift
[1408/1662] Compiling Crypto SafeCompare.swift
[1409/1662] Compiling Crypto SecureBytes.swift
[1410/1662] Compiling Crypto Zeroization.swift
[1411/1662] Compiling NIOCore NIOCloseOnErrorHandler.swift
[1412/1662] Compiling NIOCore ByteBuffer-multi-int.swift
[1413/1662] Compiling NIOCore ByteBuffer-quicBinaryEncodingStrategy.swift
[1414/1662] Compiling NIOCore ByteBuffer-views.swift
[1415/1662] Compiling NIOCore Channel.swift
[1416/1662] Compiling NIOCore ChannelHandler.swift
[1417/1662] Compiling NIOCore ChannelHandlers.swift
[1418/1662] Compiling NIOCore ChannelInvoker.swift
[1419/1662] Compiling NIOCore ChannelOption.swift
[1420/1662] Compiling NIOCore ChannelPipeline.swift
[1421/1662] Compiling NIOCore NIOThrowingAsyncSequenceProducer.swift
[1422/1662] Compiling NIOCore BSDSocketAPI.swift
[1423/1662] Compiling NIOCore DeadChannel.swift
[1424/1662] Compiling NIOCore DispatchQueue+WithFuture.swift
[1425/1662] Compiling NIOCore EventLoop+Deprecated.swift
[1426/1662] Compiling NIOCore EventLoop+SerialExecutor.swift
[1427/1662] Compiling NIOCore EventLoop.swift
[1428/1662] Compiling NIOCore EventLoopFuture+AssumeIsolated.swift
[1470/1663] Wrapping AST for Crypto for debugging
[1472/1673] Emitting module NIOCore
[1473/1725] Emitting module CryptoExtras
[1474/1733] Compiling CryptoExtras AES_CBC.swift
[1475/1733] Compiling CryptoExtras AES_CFB.swift
[1476/1733] Compiling CryptoExtras AES_CTR.swift
[1477/1733] Compiling CryptoExtras AES_GCM_SIV.swift
[1478/1733] Compiling CryptoExtras Block Function.swift
[1479/1733] Compiling CryptoExtras AES_CBC_boring.swift
[1480/1733] Compiling CryptoExtras AES_CFB_boring.swift
[1481/1733] Compiling CryptoExtras AES_CTR_boring.swift
[1482/1733] Compiling CryptoExtras AES_GCM_SIV_boring.swift
[1483/1733] Compiling CryptoExtras ARC+API.swift
[1484/1733] Compiling CryptoExtras ARC.swift
[1485/1733] Compiling CryptoExtras ARCCredential.swift
[1486/1733] Compiling CryptoExtras ARCEncoding.swift
[1487/1733] Compiling CryptoExtras ARCPrecredential.swift
[1488/1733] Compiling CryptoExtras ARCPresentation.swift
[1489/1733] Compiling CryptoExtras ARCRequest.swift
[1490/1733] Compiling CryptoExtras ARCResponse.swift
[1491/1733] Compiling CryptoExtras PBKDF2.swift
[1493/1734] Compiling CryptoExtras PKCS8DERRepresentation.swift
[1494/1734] Compiling CryptoExtras PKCS8PrivateKey.swift
[1495/1734] Compiling CryptoExtras RFC8410AlgorithmIdentifier.swift
[1496/1734] Compiling CryptoExtras ECToolbox_boring.swift
[1497/1734] Compiling CryptoExtras ECToolbox.swift
[1498/1734] Compiling CryptoExtras HashToField.swift
[1499/1734] Compiling CryptoExtras KDF.swift
[1500/1734] Compiling CryptoExtras PBKDF2_boring.swift
[1501/1734] Compiling CryptoExtras PBKDF2_commoncrypto.swift
[1502/1734] Compiling CryptoExtras Data+Extensions.swift
[1503/1734] Compiling CryptoExtras DigestType.swift
[1504/1734] Compiling CryptoExtras Error.swift
[1505/1734] Compiling CryptoExtras I2OSP.swift
[1506/1734] Compiling CryptoExtras IntegerEncoding.swift
[1507/1734] Compiling CryptoExtras PEMDocument.swift
[1508/1734] Compiling CryptoExtras PrettyBytes.swift
[1509/1734] Compiling CryptoExtras SubjectPublicKeyInfo.swift
[1509/1741] Wrapping AST for NIOCore for debugging
[1511/1791] Compiling NIOPosix PendingDatagramWritesManager.swift
[1512/1791] Compiling NIOPosix PendingWritesManager.swift
[1513/1791] Compiling NIOPosix Selectable.swift
[1514/1791] Compiling NIOPosix SelectableChannel.swift
[1515/1791] Compiling NIOPosix SelectableEventLoop.swift
[1516/1791] Compiling NIOPosix SelectorEpoll.swift
[1517/1791] Compiling NIOPosix SelectorGeneric.swift
[1518/1791] Compiling NIOPosix SelectorKqueue.swift
[1519/1791] Compiling NIOPosix SelectorUring.swift
[1520/1791] Compiling NIOPosix SelectorWSAPoll.swift
[1521/1791] Compiling NIOPosix ServerSocket.swift
[1522/1791] Compiling NIOPosix Socket.swift
[1523/1791] Compiling NIOPosix SocketChannel.swift
[1524/1791] Compiling NIOPosix SocketProtocols.swift
[1525/1791] Compiling NIOPosix StructuredConcurrencyHelpers.swift
[1526/1791] Compiling NIOPosix System.swift
[1527/1791] Compiling NIOPosix BaseStreamSocketChannel.swift
[1528/1791] Compiling NIOPosix Bootstrap.swift
[1529/1791] Compiling CryptoExtras ThreadOps.swift
[1530/1791] Compiling CryptoExtras ThreadPosix.swift
[1531/1791] Compiling CryptoExtras ThreadSpecific.swift
[1532/1791] Compiling CryptoExtras ThreadWindows.swift
[1533/1791] Compiling CryptoExtras DLEQ.swift
[1534/1791] Compiling CryptoExtras Prover.swift
[1535/1791] Compiling CryptoExtras Verifier.swift
[1536/1791] Compiling CryptoExtras ZKPToolbox.swift
[1537/1791] Compiling NIOPosix BSDSocketAPIWindows.swift
[1538/1791] Compiling NIOPosix BaseSocket.swift
[1539/1791] Compiling NIOPosix BaseSocketChannel+AccessibleTransport.swift
[1540/1791] Compiling NIOPosix BaseSocketChannel+SocketOptionProvider.swift
[1541/1791] Compiling NIOPosix BaseSocketChannel.swift
[1542/1791] Compiling CryptoExtras OPRFServer.swift
[1543/1791] Compiling CryptoExtras VOPRF+API.swift
[1544/1791] Compiling CryptoExtras VOPRFClient.swift
[1545/1791] Compiling CryptoExtras VOPRFServer.swift
[1546/1791] Compiling CryptoExtras BoringSSLPassphraseCallbackManager.swift
[1547/1791] Compiling CryptoExtras RSA+BlindSigning.swift
[1548/1791] Compiling CryptoExtras RSA.swift
[1549/1791] Compiling CryptoExtras RSA_boring.swift
[1550/1791] Compiling CryptoExtras Reexport.swift
[1551/1791] Compiling CryptoExtras Zeroization_boring.swift
[1552/1791] Compiling CryptoExtras BoringSSLHelpers.swift
[1553/1791] Compiling CryptoExtras CryptoKitErrors_boring.swift
[1554/1791] Compiling NIOPosix HappyEyeballs.swift
[1555/1791] Compiling NIOPosix IO.swift
[1556/1791] Compiling NIOPosix IntegerBitPacking.swift
[1557/1791] Compiling NIOPosix IntegerTypes.swift
[1558/1791] Compiling NIOPosix Linux.swift
[1559/1791] Compiling NIOPosix LinuxCPUSet.swift
[1560/1791] Compiling NIOPosix LinuxUring.swift
[1561/1791] Compiling NIOPosix BSDSocketAPICommon.swift
[1562/1791] Compiling NIOPosix BSDSocketAPIPosix.swift
[1564/1792] Compiling NIOEmbedded AsyncTestingEventLoop.swift
[1565/1792] Emitting module NIOEmbedded
[1566/1792] Emitting module NIOFoundationEssentialsCompat
[1567/1792] Compiling NIOFoundationEssentialsCompat ByteBuffer-foundation.swift
[1568/1792] Compiling NIOFoundationEssentialsCompat Codable+ByteBuffer.swift
[1570/1793] Compiling NIOEmbedded AsyncTestingChannel.swift
[1571/1793] Compiling NIOEmbedded Embedded.swift
[1571/1796] Wrapping AST for CryptoExtras for debugging
[1574/1796] Compiling _CryptoExtras Exports.swift
[1575/1796] Emitting module _CryptoExtras
[1583/1804] Wrapping AST for NIOFoundationEssentialsCompat for debugging
[1584/1804] Wrapping AST for _CryptoExtras for debugging
[1585/1804] Wrapping AST for NIOEmbedded for debugging
[1587/1899] Compiling X509 EmailAddress.swift
[1588/1899] Compiling X509 LocalityName.swift
[1589/1899] Compiling X509 OrganizationName.swift
[1590/1899] Compiling X509 OrganizationalUnitName.swift
[1591/1899] Compiling X509 StateOrProvinceName.swift
[1592/1899] Compiling X509 StreetAddress.swift
[1593/1899] Compiling X509 Error.swift
[1594/1899] Compiling X509 CMSIssuerAndSerialNumber.swift
[1595/1899] Compiling X509 CMSOperations.swift
[1596/1899] Compiling X509 CMSSignature.swift
[1597/1899] Compiling X509 CMSSignedData.swift
[1598/1899] Compiling X509 CMSSignerIdentifier.swift
[1599/1899] Compiling X509 CMSSignerInfo.swift
[1600/1899] Compiling X509 CMSVersion.swift
[1601/1899] Compiling X509 NameConstraints.swift
[1602/1899] Compiling X509 SubjectAlternativeName.swift
[1603/1899] Compiling X509 SubjectKeyIdentifier.swift
[1604/1899] Compiling X509 Extension.swift
[1605/1899] Compiling X509 Extensions.swift
[1606/1899] Compiling X509 ExtensionsBuilder.swift
[1607/1899] Compiling X509 GeneralName.swift
[1608/1899] Compiling X509 AuthorityInformationAccess.swift
[1609/1899] Compiling X509 AuthorityKeyIdentifier.swift
[1610/1899] Compiling X509 BasicConstraints.swift
[1611/1899] Compiling X509 ExtendedKeyUsage.swift
[1612/1899] Compiling X509 ExtensionIdentifiers.swift
[1613/1899] Compiling X509 KeyUsage.swift
[1614/1899] Compiling X509 OCSPExtensionID.swift
[1615/1899] Compiling X509 CSRAttribute.swift
[1616/1899] Compiling X509 CSRAttributes.swift
[1617/1899] Compiling X509 CSRVersion.swift
[1618/1899] Compiling X509 CertificateSigningRequest.swift
[1619/1899] Compiling X509 CertificationRequestInfo.swift
[1620/1899] Compiling X509 ExtensionRequest.swift
[1621/1899] Compiling X509 Certificate.swift
[1622/1899] Compiling X509 Curve25519+DER.swift
[1623/1899] Compiling X509 CustomPrivateKey.swift
[1624/1899] Compiling X509 Digests.swift
[1625/1899] Compiling X509 DistinguishedName.swift
[1626/1899] Compiling X509 CommonName.swift
[1627/1899] Compiling X509 CountryName.swift
[1628/1899] Compiling X509 DNBuilder.swift
[1629/1899] Emitting module NIOPosix
[1630/1899] Compiling X509 CertificatePrivateKey.swift
[1631/1899] Compiling X509 CertificatePublicKey.swift
[1632/1899] Compiling X509 CertificateSerialNumber.swift
[1633/1899] Compiling X509 CertificateVersion.swift
[1634/1899] Compiling X509 CMSAttribute.swift
[1635/1899] Compiling X509 CMSContentInfo.swift
[1636/1899] Compiling X509 CMSEncapsulatedContentInfo.swift
[1637/1900] Wrapping AST for NIOPosix for debugging
[1639/1902] Emitting module NIO
[1640/1902] Compiling NIO Exports.swift
[1641/1903] Wrapping AST for NIO for debugging
[1643/1942] Compiling NIOHTTP1 ByteCollectionUtils.swift
[1644/1942] Compiling NIOHTTP1 HTTPDecoder.swift
[1645/1942] Compiling NIOHTTP1 HTTPEncoder.swift
[1646/1942] Compiling NIOHTTP1 NIOTypedHTTPClientUpgradeHandler.swift
[1647/1942] Compiling NIOHTTP1 NIOTypedHTTPClientUpgraderStateMachine.swift
[1648/1942] Compiling NIOHTTP1 HTTPServerPipelineHandler.swift
[1649/1942] Compiling NIOHTTP1 HTTPServerProtocolErrorHandler.swift
[1650/1942] Compiling NIOHTTP1 HTTPServerRequestMethodQueue.swift
[1651/1942] Compiling NIOHTTP1 HTTPServerUpgradeHandler.swift
[1652/1942] Compiling NIOHTTP1 HTTPHeaderValidator.swift
[1653/1942] Compiling NIOHTTP1 HTTPHeaders+Validation.swift
[1654/1942] Compiling NIOHTTP1 HTTPPipelineSetup.swift
[1655/1942] Compiling NIOHTTP1 HTTPTypedPipelineSetup.swift
[1656/1942] Compiling NIOHTTP1 HTTPTypes.swift
[1657/1955] Compiling X509 PKCS8PrivateKey.swift
[1658/1955] Compiling X509 PromiseAndFuture.swift
[1659/1955] Compiling X509 RDNAttribute.swift
[1660/1955] Compiling X509 RandomNumberGenerator+bytes.swift
[1661/1955] Compiling X509 RelativeDistinguishedName.swift
[1662/1955] Compiling X509 SEC1PrivateKey.swift
[1663/1955] Compiling X509 SecKeyWrapper.swift
[1664/1955] Compiling X509 Signature.swift
[1665/1955] Compiling X509 SignatureAlgorithm.swift
[1666/1955] Compiling X509 AllOfPolicies.swift
[1667/1955] Compiling X509 AnyPolicy.swift
[1668/1955] Compiling X509 CertificateStore.swift
[1669/1955] Compiling X509 CustomCertificateStore.swift
[1670/1955] Emitting module X509
[1671/1955] Emitting module NIOTLS
[1672/1955] Emitting module NIOFoundationCompat
[1673/1955] Compiling NIOTLS TLSEvents.swift
[1674/1955] Compiling NIOFoundationCompat Exports.swift
[1675/1955] Compiling NIOTLS SNIHandler.swift
[1676/1955] Compiling NIOTLS ProtocolNegotiationHandlerStateMachine.swift
[1677/1955] Compiling NIOTLS NIOTypedApplicationProtocolNegotiationHandler.swift
[1678/1955] Compiling NIOTLS ApplicationProtocolNegotiationHandler.swift
[1679/1956] Compiling NIOSOCKS SOCKSResponse.swift
[1680/1956] Compiling NIOSOCKS ClientStateMachine.swift
[1681/1956] Compiling NIOSOCKS SelectedAuthenticationMethod.swift
[1682/1957] Compiling NIOFoundationCompat JSONSerialization+ByteBuffer.swift
[1683/1957] Compiling NIOFoundationCompat WaitSpinningRunLoop.swift
[1686/1958] Compiling NIOSOCKS ServerStateMachine.swift
[1689/1958] Emitting module NIOSOCKS
[1697/1959] Compiling NIOHTTP1 NIOHTTPClientUpgradeHandler.swift
[1698/1959] Compiling NIOHTTP1 NIOHTTPObjectAggregator.swift
[1718/1959] Compiling X509 Lock.swift
[1719/1959] Compiling X509 LockedValueBox.swift
[1720/1959] Compiling X509 BasicOCSPResponse.swift
[1721/1959] Compiling X509 DirectoryString.swift
[1722/1959] Compiling X509 OCSPCertID.swift
[1723/1959] Compiling X509 OCSPCertStatus.swift
[1723/1959] Wrapping AST for NIOTLS for debugging
[1728/1973] Compiling X509 OCSPNonce.swift
[1729/1973] Compiling X509 OCSPPolicy.swift
[1730/1973] Compiling X509 OCSPRequest.swift
[1731/1973] Compiling X509 OCSPResponse.swift
[1732/1973] Compiling X509 OCSPResponseBytes.swift
[1733/1973] Compiling X509 OCSPResponseData.swift
[1734/1973] Compiling X509 OCSPResponseStatus.swift
[1735/1973] Compiling X509 OCSPSignature.swift
[1736/1973] Compiling X509 OCSPSingleRequest.swift
[1737/1973] Compiling X509 OCSPSingleResponse.swift
[1738/1973] Compiling X509 OCSPTBSRequest.swift
[1739/1973] Compiling X509 OCSPVersion.swift
[1740/1973] Compiling X509 DomainComponent.swift
[1754/1973] Compiling X509 OneOfPolicies.swift
[1755/1973] Compiling X509 PolicyBuilder.swift
[1756/1973] Compiling X509 BasicConstraintsPolicy.swift
[1757/1973] Compiling X509 DNSNames.swift
[1758/1973] Compiling X509 ExpiryPolicy.swift
[1759/1973] Compiling X509 IPConstraints.swift
[1760/1973] Compiling X509 NameConstraintsPolicy.swift
[1761/1973] Compiling X509 RFC5280Policy.swift
[1762/1973] Compiling X509 URIConstraints.swift
[1763/1973] Compiling X509 VersionPolicy.swift
[1764/1973] Compiling X509 ServerIdentityPolicy.swift
[1765/1973] Compiling X509 TrustRootLoading.swift
[1766/1973] Compiling X509 UnverifiedChain.swift
[1766/1991] Wrapping AST for NIOFoundationCompat for debugging
[1768/1991] Compiling NIOSSL ObjectIdentifier.swift
[1769/1991] Compiling NIOSSL PosixPort.swift
[1769/1991] Wrapping AST for NIOSOCKS for debugging
[1771/1991] Compiling NIOSSL SSLConnection.swift
[1772/1991] Compiling NIOSSL NIOSSLServerHandler.swift
[1773/1991] Compiling NIOSSL FreeBSDCABundle.swift
[1774/1991] Compiling NIOSSL IdentityVerification.swift
[1775/1991] Compiling NIOSSL LinuxCABundle.swift
[1776/1991] Compiling NIOSSL NIOSSLClientHandler.swift
[1777/1991] Compiling NIOSSL NIOSSLHandler+Configuration.swift
[1778/1991] Emitting module NIOHTTP1
[1779/1991] Compiling NIOSSL SSLCertificate.swift
[1780/1991] Compiling NIOSSL SSLCertificateExtensions.swift
[1781/1991] Compiling NIOSSL SSLCertificateName.swift
[1782/1991] Compiling NIOSSL ByteBufferBIO.swift
[1783/1991] Compiling NIOSSL CustomPrivateKey.swift
[1784/1991] Compiling NIOSSL SSLCallbacks.swift
[1785/1991] Compiling NIOSSL SSLPrivateKey.swift
[1786/1992] Wrapping AST for NIOHTTP1 for debugging
[1788/2009] Emitting module NIOHPACK
[1789/2010] Compiling NIOHPACK IntegerCoding.swift
[1790/2010] Compiling NIOHPACK IndexedHeaderTable.swift
[1792/2010] Compiling NIOSSL SSLPublicKey.swift
[1793/2010] Compiling NIOSSL SecurityFrameworkCertificateVerification.swift
[1794/2010] Compiling NIOSSL String+unsafeUninitializedCapacity.swift
[1795/2010] Compiling NIOSSL SubjectAlternativeName.swift
[1796/2010] Compiling NIOSSL NIOSSLSecureBytes.swift
[1797/2010] Compiling NIOSSL RNG.swift
[1798/2010] Compiling NIOSSL SafeCompare.swift
[1799/2014] Compiling NIOHPACK HuffmanTables.swift
[1800/2014] Compiling NIOHPACK HuffmanCoding.swift
[1801/2014] Compiling NIOHTTPCompression HTTPRequestCompressor.swift
[1802/2014] Compiling NIOHPACK DynamicHeaderTable.swift
[1803/2014] Compiling NIOHPACK HPACKDecoder.swift
[1804/2014] Compiling NIOHPACK HPACKEncoder.swift
[1805/2014] Compiling NIOHPACK HPACKErrors.swift
[1806/2014] Emitting module NIOSSL
[1809/2014] Compiling NIOHPACK HPACKHeader.swift
[1810/2014] Compiling NIOHPACK HeaderTables.swift
[1813/2014] Compiling NIOHTTPCompression HTTPDecompressor.swift
[1814/2014] Compiling NIOHTTPCompression HTTPResponseCompressor.swift
[1815/2014] Compiling NIOHPACK StaticHeaderTable.swift
[1826/2015] Compiling NIOSSL SSLContext.swift
[1827/2015] Compiling NIOSSL SSLErrors.swift
[1828/2015] Compiling NIOSSL SSLInit.swift
[1829/2015] Compiling NIOSSL SSLPKCS12Bundle.swift
[1834/2015] Compiling NIOHTTPCompression HTTPDecompression.swift
[1835/2015] Compiling NIOHTTPCompression HTTPCompression.swift
[1836/2015] Emitting module NIOHTTPCompression
[1837/2016] Wrapping AST for NIOHPACK for debugging
[1838/2017] Wrapping AST for NIOHTTPCompression for debugging
[1840/2047] Compiling X509 ValidatedCertificateChain.swift
[1841/2047] Compiling X509 VerificationDiagnostic.swift
[1842/2047] Compiling X509 Verifier.swift
[1843/2047] Compiling X509 VerifierPolicy.swift
[1844/2047] Compiling X509 AlgorithmIdentifier.swift
[1845/2047] Compiling X509 ECDSASignature.swift
[1846/2047] Compiling X509 RSAPKCS1PublicKey.swift
[1847/2047] Compiling X509 SubjectPublicKeyInfo.swift
[1848/2047] Compiling X509 TBSCertificate.swift
[1849/2047] Compiling X509 Time.swift
[1850/2047] Compiling X509 TimeCalculations.swift
[1851/2047] Compiling X509 Validity.swift
[1852/2047] Compiling X509 X509SendableMetatype.swift
[1853/2080] Wrapping AST for X509 for debugging
[1855/2147] Compiling JWTKit ECDSASigner.swift
[1856/2147] Compiling JWTKit JWTAlgorithm.swift
[1857/2147] Compiling JWTKit JWTError.swift
[1858/2147] Compiling JWTKit JWTHeader+CommonFields.swift
[1860/2148] Emitting module NIOHTTP2
[1860/2156] Wrapping AST for NIOSSL for debugging
[1862/2156] Compiling JWTKit JWTSerializer.swift
[1863/2156] Compiling JWTKit JWTSigner.swift
[1864/2156] Compiling JWTKit JWTKeyCollection+MLDSA.swift
[1865/2156] Compiling JWTKit MLDSA.swift
[1866/2156] Compiling JWTKit MLDSA65+MLDSAKey.swift
[1867/2156] Compiling NIOHTTP2 NIOHTTP2ServerConnectionManagementHandler.swift
[1868/2156] Compiling NIOHTTP2 StreamChannelFlowController.swift
[1869/2156] Compiling NIOHTTP2 StreamChannelList.swift
[1870/2156] Compiling NIOHTTP2 StreamMap.swift
[1871/2165] Emitting module JWTKit
[1872/2165] Compiling JWTKit ECDSASigningAlgorithm.swift
[1873/2165] Compiling JWTKit JWTKeyCollection+ECDSA.swift
[1874/2165] Compiling JWTKit P256+CurveType.swift
[1875/2165] Compiling JWTKit P384+CurveType.swift
[1876/2165] Compiling JWTKit P521+CurveType.swift
[1877/2165] Compiling JWTKit EdDSA.swift
[1878/2165] Compiling JWTKit EdDSACurve.swift
[1879/2165] Compiling JWTKit EdDSAError.swift
[1880/2165] Compiling JWTKit EdDSASigner.swift
[1881/2165] Compiling JWTKit JWTKeyCollection+EdDSA.swift
[1882/2165] Compiling JWTKit AudienceClaim.swift
[1883/2165] Compiling JWTKit BoolClaim.swift
[1884/2165] Compiling JWTKit ExpirationClaim.swift
[1885/2165] Compiling JWTKit GoogleHostedDomainClaim.swift
[1886/2165] Compiling JWTKit IDClaim.swift
[1887/2165] Compiling JWTKit IssuedAtClaim.swift
[1888/2165] Compiling JWTKit IssuerClaim.swift
[1889/2165] Compiling JWTKit JWTClaim.swift
[1890/2165] Compiling JWTKit JWTMultiValueClaim.swift
[1891/2165] Compiling JWTKit JWTUnixEpochClaim.swift
[1892/2165] Compiling JWTKit ECDSAError.swift
[1893/2165] Compiling JWTKit ECDSAKeyTypes.swift
[1898/2165] Compiling JWTKit JWTHeader.swift
[1899/2165] Compiling JWTKit JWTHeaderField.swift
[1900/2165] Compiling JWTKit JWTKeyCollection.swift
[1910/2165] Compiling JWTKit MLDSAType.swift
[1911/2165] Compiling JWTKit JWTKeyCollection+UnsecuredNone.swift
[1912/2165] Compiling JWTKit UnsecuredNoneSigner.swift
[1913/2165] Compiling JWTKit JWTKeyCollection+RSA.swift
[1914/2165] Compiling JWTKit RSA.swift
[1915/2165] Compiling JWTKit RSAError.swift
[1916/2165] Compiling JWTKit RSASigner.swift
[1917/2165] Compiling JWTKit Base64URL.swift
[1918/2165] Compiling JWTKit CryptoSigner.swift
[1919/2165] Compiling JWTKit HMAC.swift
[1920/2165] Compiling JWTKit HMACError.swift
[1921/2165] Compiling JWTKit HMACSigner.swift
[1922/2165] Compiling JWTKit JWTKeyCollection+HMAC.swift
[1923/2165] Compiling JWTKit Insecure.swift
[1924/2165] Compiling JWTKit JWK.swift
[1925/2165] Compiling JWTKit JWKIdentifier.swift
[1926/2165] Compiling JWTKit JWKS.swift
[1927/2165] Compiling JWTKit JWKSigner.swift
[1928/2165] Compiling JWTKit LocaleClaim.swift
[1929/2165] Compiling JWTKit NotBeforeClaim.swift
[1930/2165] Compiling JWTKit SubjectClaim.swift
[1931/2165] Compiling JWTKit TenantIDClaim.swift
[1932/2165] Compiling JWTKit ECDSA.swift
[1933/2165] Compiling JWTKit ECDSACurve.swift
[1934/2165] Compiling JWTKit ECDSACurveType.swift
[1944/2165] Compiling JWTKit JWTParser+MandatoryVerificationFields.swift
[1945/2165] Compiling JWTKit JWTParser.swift
[1946/2165] Compiling JWTKit JWTPayload.swift
[1969/2165] Compiling JWTKit CustomizedJSONCoders.swift
[1970/2165] Compiling JWTKit Utilities.swift
[1971/2165] Compiling JWTKit AppleIdentityToken.swift
[1972/2165] Compiling JWTKit FirebaseAuthIdentityToken.swift
[1986/2165] Compiling JWTKit GoogleIdentityToken.swift
[1987/2165] Compiling JWTKit MicrosoftIdentityToken.swift
[1988/2165] Compiling JWTKit EmptyPolicy.swift
[1989/2165] Compiling JWTKit ValidationTimePayload.swift
[1990/2165] Compiling JWTKit X5CVerifier.swift
[2008/2166] Wrapping AST for JWTKit for debugging
[2010/2167] Wrapping AST for NIOHTTP2 for debugging
[2012/2231] Emitting module AsyncHTTPClient
[2013/2239] Compiling AsyncHTTPClient AnyAsyncSequence.swift
[2014/2239] Compiling AsyncHTTPClient AnyAsyncSequenceProucerDelete.swift
[2015/2239] Compiling AsyncHTTPClient AsyncLazySequence.swift
[2016/2239] Compiling AsyncHTTPClient HTTPClient+execute.swift
[2017/2239] Compiling AsyncHTTPClient HTTPClient+shutdown.swift
[2018/2239] Compiling AsyncHTTPClient HTTPClient+tracing.swift
[2019/2239] Compiling AsyncHTTPClient HTTPClientRequest+Prepared.swift
[2020/2239] Compiling AsyncHTTPClient HTTPClientRequest+auth.swift
[2021/2239] Compiling AsyncHTTPClient HTTPClientRequest.swift
[2022/2239] Compiling AsyncHTTPClient HTTPClientResponse.swift
[2023/2239] Compiling AsyncHTTPClient SingleIteratorPrecondition.swift
[2024/2239] Compiling AsyncHTTPClient Transaction+StateMachine.swift
[2025/2239] Compiling AsyncHTTPClient Transaction.swift
[2026/2239] Compiling AsyncHTTPClient Base64.swift
[2027/2239] Compiling AsyncHTTPClient BasicAuth.swift
[2028/2239] Compiling AsyncHTTPClient BestEffortHashableTLSConfiguration.swift
[2029/2239] Compiling AsyncHTTPClient Configuration+BrowserLike.swift
[2030/2239] Compiling AsyncHTTPClient ConnectionPool.swift
[2031/2239] Compiling AsyncHTTPClient RequestValidation.swift
[2032/2239] Compiling AsyncHTTPClient SSLContextCache.swift
[2033/2239] Compiling AsyncHTTPClient Scheme.swift
[2034/2239] Compiling AsyncHTTPClient Singleton.swift
[2035/2239] Compiling AsyncHTTPClient StringConvertibleInstances.swift
[2036/2239] Compiling AsyncHTTPClient StructuredConcurrencyHelpers.swift
[2037/2239] Compiling AsyncHTTPClient TracingSupport.swift
[2038/2239] Compiling AsyncHTTPClient Utils.swift
[2039/2239] Compiling AsyncHTTPClient HTTPConnectionEvent.swift
[2040/2239] Compiling AsyncHTTPClient HTTPConnectionPool+Factory.swift
[2041/2239] Compiling AsyncHTTPClient HTTPConnectionPool+Manager.swift
[2042/2239] Compiling AsyncHTTPClient HTTPConnectionPool.swift
[2043/2239] Compiling AsyncHTTPClient HTTPExecutableRequest.swift
[2044/2239] Compiling AsyncHTTPClient HTTPRequestStateMachine+Demand.swift
[2045/2239] Compiling AsyncHTTPClient HTTPRequestStateMachine.swift
[2046/2239] Compiling AsyncHTTPClient RequestBodyLength.swift
[2047/2239] Compiling AsyncHTTPClient RequestFramingMetadata.swift
[2048/2239] Compiling AsyncHTTPClient HTTP1ProxyConnectHandler.swift
[2049/2239] Compiling AsyncHTTPClient SOCKSEventsHandler.swift
[2050/2239] Compiling AsyncHTTPClient TLSEventsHandler.swift
[2051/2239] Compiling AsyncHTTPClient HTTP1ClientChannelHandler.swift
[2052/2239] Compiling AsyncHTTPClient HTTP1Connection.swift
[2053/2239] Compiling AsyncHTTPClient HTTP1ConnectionStateMachine.swift
[2054/2239] Compiling AsyncHTTPClient HTTP2ClientRequestHandler.swift
[2055/2239] Compiling AsyncHTTPClient HTTP2Connection.swift
[2056/2239] Compiling AsyncHTTPClient HTTP2IdleHandler.swift
[2057/2239] Compiling AsyncHTTPClient LRUCache.swift
[2058/2239] Compiling AsyncHTTPClient NIOLoopBound+Execute.swift
[2059/2239] Compiling AsyncHTTPClient NWErrorHandler.swift
[2060/2239] Compiling AsyncHTTPClient NWWaitingHandler.swift
[2061/2239] Compiling AsyncHTTPClient TLSConfiguration.swift
[2062/2239] Compiling AsyncHTTPClient RedirectState.swift
[2063/2239] Compiling AsyncHTTPClient RequestBag+StateMachine.swift
[2064/2239] Compiling AsyncHTTPClient RequestBag+Tracing.swift
[2065/2239] Compiling AsyncHTTPClient RequestBag.swift
[2066/2239] Compiling AsyncHTTPClient RequestOptions.swift
[2067/2239] Compiling AsyncHTTPClient HTTPConnectionPool+Backoff.swift
[2068/2239] Compiling AsyncHTTPClient HTTPConnectionPool+HTTP1Connections.swift
[2069/2239] Compiling AsyncHTTPClient HTTPConnectionPool+HTTP1StateMachine.swift
[2070/2239] Compiling AsyncHTTPClient HTTPConnectionPool+HTTP2Connections.swift
[2071/2239] Compiling AsyncHTTPClient HTTPConnectionPool+HTTP2StateMachine.swift
[2072/2239] Compiling AsyncHTTPClient HTTPConnectionPool+RequestQueue.swift
[2073/2239] Compiling AsyncHTTPClient HTTPConnectionPool+StateMachine.swift
[2074/2239] Compiling AsyncHTTPClient ConnectionTarget.swift
[2075/2239] Compiling AsyncHTTPClient DeconstructedURL.swift
[2076/2239] Compiling AsyncHTTPClient FileDownloadDelegate.swift
[2077/2239] Compiling AsyncHTTPClient FoundationExtensions.swift
[2078/2239] Compiling AsyncHTTPClient HTTPClient+HTTPCookie.swift
[2079/2239] Compiling AsyncHTTPClient HTTPClient+Proxy.swift
[2080/2239] Compiling AsyncHTTPClient HTTPClient+StructuredConcurrency.swift
[2081/2239] Compiling AsyncHTTPClient HTTPClient.swift
[2082/2239] Compiling AsyncHTTPClient HTTPClientConfiguration+SwiftConfiguration.swift
[2083/2239] Compiling AsyncHTTPClient HTTPHandler.swift
[2084/2260] Wrapping AST for AsyncHTTPClient for debugging
[2086/2263] Emitting module GoogleAuth
[2087/2266] Compiling GoogleAuth AnonymousCredentials.swift
[2088/2266] Compiling GoogleAuth ApiKeyCredentials.swift
[2089/2266] Compiling GoogleAuth ExternalAccountCredentials.swift
[2090/2266] Compiling GoogleAuth SubjectTokenProvider.swift
[2091/2266] Compiling GoogleAuth MDSAccessTokenProvider.swift
[2092/2266] Compiling GoogleAuth MDSCredentials.swift
[2093/2266] Compiling GoogleAuth ADC.swift
[2094/2266] Compiling GoogleAuth ADCPath.swift
[2095/2266] Compiling GoogleAuth ADCResolver.swift
[2096/2266] Compiling GoogleAuth AuthHeaders.swift
[2097/2266] Compiling GoogleAuth UserAccountData.swift
[2098/2266] Compiling GoogleAuth UserAccountTokenProvider.swift
[2099/2266] Compiling GoogleAuth UserCredentials.swift
[2100/2266] Compiling GoogleAuth CredentialParserRegistry.swift
[2101/2266] Compiling GoogleAuth Credentials.swift
[2102/2266] Compiling GoogleAuth CredentialsError.swift
[2103/2266] Compiling GoogleAuth ServiceAccountCredentials.swift
[2104/2266] Compiling GoogleAuth ServiceAccountData.swift
[2105/2266] Compiling GoogleAuth ServiceAccountTokenProvider.swift
[2106/2266] Compiling GoogleAuth AuthHTTPClient.swift
[2107/2266] Compiling GoogleAuth AuthHTTPError.swift
[2108/2266] Compiling GoogleAuth RetryEngine.swift
[2109/2266] Compiling GoogleAuth STSHandler.swift
[2110/2266] Compiling GoogleAuth TokenCache.swift
[2111/2266] Compiling GoogleAuth PackageVersion.swift
[2112/2267] Wrapping AST for GoogleAuth for debugging
[2114/2325] Compiling GoogleGax Pagination.swift
/host/spi-builder-workspace/.build/checkouts/swift-google-gax/Sources/GoogleGax/Pagination.swift:44:22: error: cannot convert '@Sendable (String) async throws -> (response: ResponseType, items: [Item], nextToken: String)' to 'nonisolated(nonsending) @Sendable (String) async throws -> (response: ResponseType, items: [Item], nextToken: String)' because crossing of an isolation boundary requires parameter and result types to conform to 'Sendable' protocol
42 | ) where ResponseType: _PaginatedResponse<Item> {
43 | self.initialPageToken = initialPageToken ?? ""
44 | self.fetchPage = { token in
| |- error: cannot convert '@Sendable (String) async throws -> (response: ResponseType, items: [Item], nextToken: String)' to 'nonisolated(nonsending) @Sendable (String) async throws -> (response: ResponseType, items: [Item], nextToken: String)' because crossing of an isolation boundary requires parameter and result types to conform to 'Sendable' protocol
| `- note: type 'Item' does not conform to 'Sendable' protocol
45 | let response = try await listRpc(token)
46 | return (response, response._getPaginatedItems(), response._nextPageToken())
[2115/2325] Compiling GoogleGax PollingBackoffPolicy.swift
/host/spi-builder-workspace/.build/checkouts/swift-google-gax/Sources/GoogleGax/Pagination.swift:44:22: error: cannot convert '@Sendable (String) async throws -> (response: ResponseType, items: [Item], nextToken: String)' to 'nonisolated(nonsending) @Sendable (String) async throws -> (response: ResponseType, items: [Item], nextToken: String)' because crossing of an isolation boundary requires parameter and result types to conform to 'Sendable' protocol
42 | ) where ResponseType: _PaginatedResponse<Item> {
43 | self.initialPageToken = initialPageToken ?? ""
44 | self.fetchPage = { token in
| |- error: cannot convert '@Sendable (String) async throws -> (response: ResponseType, items: [Item], nextToken: String)' to 'nonisolated(nonsending) @Sendable (String) async throws -> (response: ResponseType, items: [Item], nextToken: String)' because crossing of an isolation boundary requires parameter and result types to conform to 'Sendable' protocol
| `- note: type 'Item' does not conform to 'Sendable' protocol
45 | let response = try await listRpc(token)
46 | return (response, response._getPaginatedItems(), response._nextPageToken())
[2116/2325] Compiling GoogleGax PollingErrorPolicy.swift
/host/spi-builder-workspace/.build/checkouts/swift-google-gax/Sources/GoogleGax/Pagination.swift:44:22: error: cannot convert '@Sendable (String) async throws -> (response: ResponseType, items: [Item], nextToken: String)' to 'nonisolated(nonsending) @Sendable (String) async throws -> (response: ResponseType, items: [Item], nextToken: String)' because crossing of an isolation boundary requires parameter and result types to conform to 'Sendable' protocol
42 | ) where ResponseType: _PaginatedResponse<Item> {
43 | self.initialPageToken = initialPageToken ?? ""
44 | self.fetchPage = { token in
| |- error: cannot convert '@Sendable (String) async throws -> (response: ResponseType, items: [Item], nextToken: String)' to 'nonisolated(nonsending) @Sendable (String) async throws -> (response: ResponseType, items: [Item], nextToken: String)' because crossing of an isolation boundary requires parameter and result types to conform to 'Sendable' protocol
| `- note: type 'Item' does not conform to 'Sendable' protocol
45 | let response = try await listRpc(token)
46 | return (response, response._getPaginatedItems(), response._nextPageToken())
[2117/2325] Compiling GoogleGax PollingResult.swift
/host/spi-builder-workspace/.build/checkouts/swift-google-gax/Sources/GoogleGax/Pagination.swift:44:22: error: cannot convert '@Sendable (String) async throws -> (response: ResponseType, items: [Item], nextToken: String)' to 'nonisolated(nonsending) @Sendable (String) async throws -> (response: ResponseType, items: [Item], nextToken: String)' because crossing of an isolation boundary requires parameter and result types to conform to 'Sendable' protocol
42 | ) where ResponseType: _PaginatedResponse<Item> {
43 | self.initialPageToken = initialPageToken ?? ""
44 | self.fetchPage = { token in
| |- error: cannot convert '@Sendable (String) async throws -> (response: ResponseType, items: [Item], nextToken: String)' to 'nonisolated(nonsending) @Sendable (String) async throws -> (response: ResponseType, items: [Item], nextToken: String)' because crossing of an isolation boundary requires parameter and result types to conform to 'Sendable' protocol
| `- note: type 'Item' does not conform to 'Sendable' protocol
45 | let response = try await listRpc(token)
46 | return (response, response._getPaginatedItems(), response._nextPageToken())
[2118/2325] Compiling GoogleGax PollingState.swift
/host/spi-builder-workspace/.build/checkouts/swift-google-gax/Sources/GoogleGax/Pagination.swift:44:22: error: cannot convert '@Sendable (String) async throws -> (response: ResponseType, items: [Item], nextToken: String)' to 'nonisolated(nonsending) @Sendable (String) async throws -> (response: ResponseType, items: [Item], nextToken: String)' because crossing of an isolation boundary requires parameter and result types to conform to 'Sendable' protocol
42 | ) where ResponseType: _PaginatedResponse<Item> {
43 | self.initialPageToken = initialPageToken ?? ""
44 | self.fetchPage = { token in
| |- error: cannot convert '@Sendable (String) async throws -> (response: ResponseType, items: [Item], nextToken: String)' to 'nonisolated(nonsending) @Sendable (String) async throws -> (response: ResponseType, items: [Item], nextToken: String)' because crossing of an isolation boundary requires parameter and result types to conform to 'Sendable' protocol
| `- note: type 'Item' does not conform to 'Sendable' protocol
45 | let response = try await listRpc(token)
46 | return (response, response._getPaginatedItems(), response._nextPageToken())
[2119/2325] Compiling GoogleGax ProtobufConversionError.swift
/host/spi-builder-workspace/.build/checkouts/swift-google-gax/Sources/GoogleGax/Pagination.swift:44:22: error: cannot convert '@Sendable (String) async throws -> (response: ResponseType, items: [Item], nextToken: String)' to 'nonisolated(nonsending) @Sendable (String) async throws -> (response: ResponseType, items: [Item], nextToken: String)' because crossing of an isolation boundary requires parameter and result types to conform to 'Sendable' protocol
42 | ) where ResponseType: _PaginatedResponse<Item> {
43 | self.initialPageToken = initialPageToken ?? ""
44 | self.fetchPage = { token in
| |- error: cannot convert '@Sendable (String) async throws -> (response: ResponseType, items: [Item], nextToken: String)' to 'nonisolated(nonsending) @Sendable (String) async throws -> (response: ResponseType, items: [Item], nextToken: String)' because crossing of an isolation boundary requires parameter and result types to conform to 'Sendable' protocol
| `- note: type 'Item' does not conform to 'Sendable' protocol
45 | let response = try await listRpc(token)
46 | return (response, response._getPaginatedItems(), response._nextPageToken())
[2120/2325] Compiling GoogleGax QueryParameter.swift
/host/spi-builder-workspace/.build/checkouts/swift-google-gax/Sources/GoogleGax/Pagination.swift:44:22: error: cannot convert '@Sendable (String) async throws -> (response: ResponseType, items: [Item], nextToken: String)' to 'nonisolated(nonsending) @Sendable (String) async throws -> (response: ResponseType, items: [Item], nextToken: String)' because crossing of an isolation boundary requires parameter and result types to conform to 'Sendable' protocol
42 | ) where ResponseType: _PaginatedResponse<Item> {
43 | self.initialPageToken = initialPageToken ?? ""
44 | self.fetchPage = { token in
| |- error: cannot convert '@Sendable (String) async throws -> (response: ResponseType, items: [Item], nextToken: String)' to 'nonisolated(nonsending) @Sendable (String) async throws -> (response: ResponseType, items: [Item], nextToken: String)' because crossing of an isolation boundary requires parameter and result types to conform to 'Sendable' protocol
| `- note: type 'Item' does not conform to 'Sendable' protocol
45 | let response = try await listRpc(token)
46 | return (response, response._getPaginatedItems(), response._nextPageToken())
[2121/2325] Compiling GoogleGax RequestError.swift
/host/spi-builder-workspace/.build/checkouts/swift-google-gax/Sources/GoogleGax/Pagination.swift:44:22: error: cannot convert '@Sendable (String) async throws -> (response: ResponseType, items: [Item], nextToken: String)' to 'nonisolated(nonsending) @Sendable (String) async throws -> (response: ResponseType, items: [Item], nextToken: String)' because crossing of an isolation boundary requires parameter and result types to conform to 'Sendable' protocol
42 | ) where ResponseType: _PaginatedResponse<Item> {
43 | self.initialPageToken = initialPageToken ?? ""
44 | self.fetchPage = { token in
| |- error: cannot convert '@Sendable (String) async throws -> (response: ResponseType, items: [Item], nextToken: String)' to 'nonisolated(nonsending) @Sendable (String) async throws -> (response: ResponseType, items: [Item], nextToken: String)' because crossing of an isolation boundary requires parameter and result types to conform to 'Sendable' protocol
| `- note: type 'Item' does not conform to 'Sendable' protocol
45 | let response = try await listRpc(token)
46 | return (response, response._getPaginatedItems(), response._nextPageToken())
[2122/2333] Emitting module GoogleGax
[2123/2333] Compiling GoogleGax AIP194+PollingErrorPolicy.swift
[2124/2333] Compiling GoogleGax AIP194+RetryPolicy.swift
[2125/2333] Compiling GoogleGax AIP194.swift
[2126/2333] Compiling GoogleGax AdaptiveThrottler.swift
[2127/2333] Compiling GoogleGax AlwaysPoll.swift
[2128/2333] Compiling GoogleGax AlwaysRetry.swift
[2129/2333] Compiling GoogleGax ApiClientHeader.swift
[2130/2333] Compiling GoogleGax BackoffPolicy.swift
[2131/2333] Compiling GoogleGax BasePollingErrorPolicy.swift
[2132/2333] Compiling GoogleGax LimitedAttemptCount+PollingErrorPolicy.swift
[2133/2333] Compiling GoogleGax LimitedAttemptCount+RetryPolicy.swift
[2134/2333] Compiling GoogleGax LimitedAttemptCount.swift
[2135/2333] Compiling GoogleGax LimitedElapsedTime+PollingErrorPolicy.swift
[2136/2333] Compiling GoogleGax LimitedElapsedTime+RetryPolicy.swift
[2137/2333] Compiling GoogleGax LimitedElapsedTime.swift
[2138/2333] Compiling GoogleGax LongRunningOperations.swift
[2139/2333] Compiling GoogleGax NeverRetry.swift
[2140/2333] Compiling GoogleGax RequestOptions.swift
[2141/2333] Compiling GoogleGax RetryLoop.swift
[2142/2333] Compiling GoogleGax RetryPolicy.swift
[2143/2333] Compiling GoogleGax RetryResult.swift
[2144/2333] Compiling GoogleGax RetryState.swift
[2145/2333] Compiling GoogleGax RetryThrottler.swift
[2146/2333] Compiling GoogleGax RetryThrottlerError.swift
[2147/2333] Compiling GoogleGax RoutingMatcher.swift
[2148/2333] Compiling GoogleGax HTTPClientProtocol.swift
[2149/2333] Compiling GoogleGax HTTPClientRequest.swift
[2150/2333] Compiling GoogleGax HTTPClientResponse.swift
[2151/2333] Compiling GoogleGax HTTPHeaders.swift
[2152/2333] Compiling GoogleGax HTTPResponseBody.swift
[2153/2333] Compiling GoogleGax HeaderNames.swift
[2154/2333] Compiling GoogleGax Host.swift
[2155/2333] Compiling GoogleGax InProgressResult.swift
[2156/2333] Compiling GoogleGax BaseRetryPolicy.swift
[2157/2333] Compiling GoogleGax BindingError.swift
[2158/2333] Compiling GoogleGax CRC32C.swift
[2159/2333] Compiling GoogleGax CircuitBreaker.swift
[2160/2333] Compiling GoogleGax ClientError.swift
[2161/2333] Compiling GoogleGax ClientOptions.swift
[2162/2333] Compiling GoogleGax ContinueOnIO+PollingErrorPolicy.swift
[2163/2333] Compiling GoogleGax ContinueOnIO+RetryPolicy.swift
[2164/2333] Compiling GoogleGax ContinueOnIO.swift
[2165/2333] Compiling GoogleGax CredentialsProtocol.swift
[2166/2333] Compiling GoogleGax ErrorWrapper.swift
[2167/2333] Compiling GoogleGax ExponentialBackoff+BackoffPolicy.swift
[2168/2333] Compiling GoogleGax ExponentialBackoff+PollingBackoffPolicy.swift
[2169/2333] Compiling GoogleGax ExponentialBackoff.swift
[2170/2333] Compiling GoogleGax HTTPClient.swift
[2171/2333] Compiling GoogleGax HTTPClientHolder.swift
[2172/2333] Compiling GoogleGax ServiceError.swift
[2173/2333] Compiling GoogleGax StatusDetail.swift
[2174/2333] Compiling GoogleGax StrictIdempotency.swift
[2175/2333] Compiling GoogleGax ThrottleResult.swift
[2176/2333] Compiling GoogleGax TooManyRequests+PollingErrorPolicy.swift
[2177/2333] Compiling GoogleGax TooManyRequests+RetryPolicy.swift
[2178/2333] Compiling GoogleGax TooManyRequests.swift
[2179/2333] Compiling GoogleGax PackageVersion.swift
BUILD FAILURE 6.2 android