Build Information
Failed to build MadDrivers, reference 0.0.10 (1154cb), with Swift 6.4 for macOS (Xcode) using Xcode 27.0 on 19 Sep 2026 18:34:45 UTC.
Build Command
No build command. This typically means the build failed at an early stage where we determine the build command.Build Log
========================================
RunAll
========================================
Builder version: 5.1.0
Interrupt handler set up.
========================================
Checkout
========================================
Clone URL: https://github.com/madmachineio/MadDrivers.git
Reference: 0.0.10
Initialized empty Git repository in /Users/admin/builder/spi-builder-workspace/.git/
From https://github.com/madmachineio/MadDrivers
* tag 0.0.10 -> FETCH_HEAD
HEAD is now at 1154cbe release/0.0
Cloned https://github.com/madmachineio/MadDrivers.git
Revision (git rev-parse @):
1154cbe921ed57512fa876716a526aa3925bf4ee
SUCCESS checkout https://github.com/madmachineio/MadDrivers.git at 0.0.10
========================================
Build
========================================
Selected platform: macosXcodebuild
Swift version: 6.4
Building package at path: $PWD
https://github.com/madmachineio/MadDrivers.git
Command line invocation:
/Applications/Xcode-27.0.0-Release.Candidate.app/Contents/Developer/usr/bin/xcodebuild -IDEClonedSourcePackagesDirPathOverride=/Users/admin/builder/spi-builder-workspace/.dependencies -resolvePackageDependencies
Resolve Package Graph
Fetching from https://github.com/apple/swift-numerics
Fetching from https://github.com/madmachineio/MadDisplay.git
skipping cache due to an error: Failed to clone repository https://github.com/madmachineio/MadDisplay.git:
Cloning into bare repository '/Users/admin/Library/Caches/org.swift.swiftpm/repositories/MadDisplay-11855b7e'...
fatal: could not read Username for 'https://github.com': terminal prompts disabled
Fetching from https://github.com/madmachineio/SwiftIO.git
Fetching from https://github.com/madmachineio/MadDisplay.git
skipping cache due to an error: Failed to clone repository https://github.com/madmachineio/MadDisplay.git:
Cloning into bare repository '/Users/admin/Library/Caches/org.swift.swiftpm/repositories/MadDisplay-11855b7e'...
fatal: could not read Username for 'https://github.com': terminal prompts disabled
Resolve Package Graph
Updating from https://github.com/apple/swift-numerics
Fetching from https://github.com/madmachineio/MadDisplay.git
skipping cache due to an error: Failed to clone repository https://github.com/madmachineio/MadDisplay.git:
Cloning into bare repository '/Users/admin/Library/Caches/org.swift.swiftpm/repositories/MadDisplay-11855b7e'...
fatal: could not read Username for 'https://github.com': terminal prompts disabled
Updating from https://github.com/madmachineio/SwiftIO.git
Fetching from https://github.com/madmachineio/MadDisplay.git
skipping cache due to an error: Failed to clone repository https://github.com/madmachineio/MadDisplay.git:
Cloning into bare repository '/Users/admin/Library/Caches/org.swift.swiftpm/repositories/MadDisplay-11855b7e'...
fatal: could not read Username for 'https://github.com': terminal prompts disabled
Resolve Package Graph
Updating from https://github.com/madmachineio/SwiftIO.git
Updating from https://github.com/apple/swift-numerics
Fetching from https://github.com/madmachineio/MadDisplay.git
skipping cache due to an error: Failed to clone repository https://github.com/madmachineio/MadDisplay.git:
Cloning into bare repository '/Users/admin/Library/Caches/org.swift.swiftpm/repositories/MadDisplay-11855b7e'...
fatal: could not read Username for 'https://github.com': terminal prompts disabled
Fetching from https://github.com/madmachineio/MadDisplay.git
skipping cache due to an error: Failed to clone repository https://github.com/madmachineio/MadDisplay.git:
Cloning into bare repository '/Users/admin/Library/Caches/org.swift.swiftpm/repositories/MadDisplay-11855b7e'...
fatal: could not read Username for 'https://github.com': terminal prompts disabled
Resolved source packages:
spi-builder-workspace: (null)
2026-09-19 14:34:42.653 xcodebuild[529:3044] Writing error result bundle to /var/folders/xq/y_g06wb113726d38xsyx71_h0000gn/T/ResultBundle_2026-19-09_14-34-0042.xcresult
xcodebuild: error: Could not resolve package dependencies:
Failed to clone repository https://github.com/madmachineio/MadDisplay.git:
Cloning into bare repository '/Users/admin/builder/spi-builder-workspace/.dependencies/repositories/MadDisplay-11855b7e'...
fatal: could not read Username for 'https://github.com': terminal prompts disabled
Command line invocation:
/Applications/Xcode-27.0.0-Release.Candidate.app/Contents/Developer/usr/bin/xcodebuild -IDEClonedSourcePackagesDirPathOverride=/Users/admin/builder/spi-builder-workspace/.dependencies -resolvePackageDependencies
Resolve Package Graph
Fetching from https://github.com/madmachineio/MadDisplay.git
skipping cache due to an error: Failed to clone repository https://github.com/madmachineio/MadDisplay.git:
Cloning into bare repository '/Users/admin/Library/Caches/org.swift.swiftpm/repositories/MadDisplay-11855b7e'...
fatal: could not read Username for 'https://github.com': terminal prompts disabled
Updating from https://github.com/apple/swift-numerics
Updating from https://github.com/madmachineio/SwiftIO.git
Fetching from https://github.com/madmachineio/MadDisplay.git
skipping cache due to an error: Failed to clone repository https://github.com/madmachineio/MadDisplay.git:
Cloning into bare repository '/Users/admin/Library/Caches/org.swift.swiftpm/repositories/MadDisplay-11855b7e'...
fatal: could not read Username for 'https://github.com': terminal prompts disabled
Resolved source packages:
spi-builder-workspace: (null)
2026-09-19 14:34:45.118 xcodebuild[735:4131] Writing error result bundle to /var/folders/xq/y_g06wb113726d38xsyx71_h0000gn/T/ResultBundle_2026-19-09_14-34-0045.xcresult
xcodebuild: error: Could not resolve package dependencies:
Failed to clone repository https://github.com/madmachineio/MadDisplay.git:
Cloning into bare repository '/Users/admin/builder/spi-builder-workspace/.dependencies/repositories/MadDisplay-11855b7e'...
fatal: could not read Username for 'https://github.com': terminal prompts disabled
BUILD FAILURE 6.4 macosXcodebuild