The Swift Package Index logo.Swift Package Index

Build Information

Failed to build SoundPulseButton, reference 0.2.0 (f994bb), with Swift 6.4 for watchOS using Xcode 27.0 on 22 Sep 2026 19:47:18 UTC.

Build Command

env DEVELOPER_DIR=/Applications/Xcode-27.0.0-Release.Candidate.app xcrun xcodebuild -IDEClonedSourcePackagesDirPathOverride=$PWD/.dependencies -skipMacroValidation -skipPackagePluginValidation -derivedDataPath $PWD/.derivedData build -scheme SoundPulseButton -destination generic/platform=watchOS

Build Log

SwiftDriver MSDisplayLink normal arm64_32 com.apple.xcode.tools.swift.compiler (in target 'MSDisplayLink' from project 'MSDisplayLink')
    cd /Users/admin/builder/spi-builder-workspace/.swiftpm/xcode
    builtin-SwiftDriver -- /Applications/Xcode-27.0.0-Release.Candidate.app/Contents/Developer/Toolchains/XcodeDefault.xctoolchain/usr/bin/swiftc -parse-as-library -module-name MSDisplayLink -Onone @/Users/admin/builder/spi-builder-workspace/.derivedData/Build/Intermediates.noindex/MSDisplayLink.build/Debug-watchos/MSDisplayLink-t.build/Objects-normal/arm64_32/MSDisplayLink.SwiftFileList -DSWIFT_PACKAGE -DDEBUG -DSWIFT_MODULE_RESOURCE_BUNDLE_UNAVAILABLE -DXcode -plugin-path /Applications/Xcode-27.0.0-Release.Candidate.app/Contents/Developer/Toolchains/XcodeDefault.xctoolchain/usr/lib/swift/host/plugins/testing -enable-experimental-feature DebugDescriptionMacro -sdk /Applications/Xcode-27.0.0-Release.Candidate.app/Contents/Developer/Platforms/WatchOS.platform/Developer/SDKs/WatchOS27.0.sdk -target arm64_32-apple-watchos9.0 -g -module-cache-path /Users/admin/builder/spi-builder-workspace/.derivedData/ModuleCache.noindex -Xfrontend -serialize-debugging-options -enable-testing -suppress-warnings -index-store-path /Users/admin/builder/spi-builder-workspace/.derivedData/Index.noindex/DataStore -Xcc -D_LIBCPP_HARDENING_MODE\=_LIBCPP_HARDENING_MODE_DEBUG -swift-version 6 -I /Users/admin/builder/spi-builder-workspace/.derivedData/Build/Products/Debug-watchos -Isystem /Applications/Xcode-27.0.0-Release.Candidate.app/Contents/Developer/Platforms/WatchOS.platform/Developer/usr/lib -F /Users/admin/builder/spi-builder-workspace/.derivedData/Build/Products/Debug-watchos -F /Applications/Xcode-27.0.0-Release.Candidate.app/Contents/Developer/Platforms/WatchOS.platform/Developer/Library/Frameworks -F /Applications/Xcode-27.0.0-Release.Candidate.app/Contents/Developer/Platforms/WatchOS.platform/Developer/SDKs/WatchOS27.0.sdk/Developer/Library/Frameworks -c -j10 -enable-batch-mode -incremental -Xcc -ivfsstatcache -Xcc /Users/admin/builder/spi-builder-workspace/.derivedData/SDKStatCaches.noindex/watchos27.0-24R360-e829b21a6f8c9b70876ba0858053c04477534ef55a1706bf4c1112bbb242f0a2.sdkstatcache -output-file-map /Users/admin/builder/spi-builder-workspace/.derivedData/Build/Intermediates.noindex/MSDisplayLink.build/Debug-watchos/MSDisplayLink-t.build/Objects-normal/arm64_32/MSDisplayLink-OutputFileMap.json -save-temps -no-color-diagnostics -explicit-module-build -module-cache-path /Users/admin/builder/spi-builder-workspace/.derivedData/Build/Intermediates.noindex/SwiftExplicitPrecompiledModules -clang-scanner-module-cache-path /Users/admin/builder/spi-builder-workspace/.derivedData/ModuleCache.noindex -sdk-module-cache-path /Users/admin/builder/spi-builder-workspace/.derivedData/SDKExplicitPrecompiledModules -emit-dependencies -emit-module -emit-module-path /Users/admin/builder/spi-builder-workspace/.derivedData/Build/Intermediates.noindex/MSDisplayLink.build/Debug-watchos/MSDisplayLink-t.build/Objects-normal/arm64_32/MSDisplayLink.swiftmodule -serialize-diagnostics -dependency-scan-serialize-diagnostics-path /Users/admin/builder/spi-builder-workspace/.derivedData/Build/Intermediates.noindex/MSDisplayLink.build/Debug-watchos/MSDisplayLink-t.build/Objects-normal/arm64_32/MSDisplayLink-dependency-scan.dia -user-module-version 2.2.0 -validate-clang-modules-once -clang-build-session-file /Users/admin/builder/spi-builder-workspace/.derivedData/ModuleCache.noindex/Session.modulevalidation -Xcc -fmodules-prune-interval\=86400 -Xcc -fmodules-prune-after\=345600 -package-name msdisplaylink -emit-const-values -const-gather-protocols-list /Users/admin/builder/spi-builder-workspace/.derivedData/Build/Intermediates.noindex/MSDisplayLink.build/Debug-watchos/MSDisplayLink-t.build/Objects-normal/arm64_32/MSDisplayLink_const_extract_protocols.json -Xcc -I/Users/admin/builder/spi-builder-workspace/.derivedData/Build/Products/Debug-watchos/include -Xcc -I/Users/admin/builder/spi-builder-workspace/.derivedData/Build/Intermediates.noindex/MSDisplayLink.build/Debug-watchos/MSDisplayLink-t.build/DerivedSources-normal/arm64_32 -Xcc -I/Users/admin/builder/spi-builder-workspace/.derivedData/Build/Intermediates.noindex/MSDisplayLink.build/Debug-watchos/MSDisplayLink-t.build/DerivedSources/arm64_32 -Xcc -I/Users/admin/builder/spi-builder-workspace/.derivedData/Build/Intermediates.noindex/MSDisplayLink.build/Debug-watchos/MSDisplayLink-t.build/DerivedSources -Xcc -DSWIFT_PACKAGE -Xcc -DDEBUG\=1 -emit-objc-header -emit-objc-header-path /Users/admin/builder/spi-builder-workspace/.derivedData/Build/Intermediates.noindex/MSDisplayLink.build/Debug-watchos/MSDisplayLink-t.build/Objects-normal/arm64_32/MSDisplayLink-Swift.h -working-directory /Users/admin/builder/spi-builder-workspace/.swiftpm/xcode -experimental-emit-module-separately -disable-cmo
SwiftExplicitDependencyGeneratePcm arm64_32 /Users/admin/builder/spi-builder-workspace/.derivedData/SDKExplicitPrecompiledModules/_AvailabilityInternal-22ZP1ILSQW16KHXZS5GBZHOCS.pcm
SwiftExplicitDependencyGeneratePcm arm64_32 /Users/admin/builder/spi-builder-workspace/.derivedData/SDKExplicitPrecompiledModules/_Builtin_stdbool-84ZA1VDW90AGWZ2LF5KOCM8DZ.pcm
SwiftExplicitDependencyGeneratePcm arm64_32 /Users/admin/builder/spi-builder-workspace/.derivedData/SDKExplicitPrecompiledModules/_Builtin_float-372PLGDQ1U3B6Z5EA5DJMDORJ.pcm
SwiftExplicitDependencyGeneratePcm arm64_32 /Users/admin/builder/spi-builder-workspace/.derivedData/SDKExplicitPrecompiledModules/SwiftShims-D9VBB138U50XYYGW2C2V21N3L.pcm
SwiftExplicitDependencyGeneratePcm arm64_32 /Users/admin/builder/spi-builder-workspace/.derivedData/SDKExplicitPrecompiledModules/ptrcheck-EAZ3I917ZFA9H6ZCL6PGLG4TR.pcm
SwiftExplicitDependencyGeneratePcm arm64_32 /Users/admin/builder/spi-builder-workspace/.derivedData/SDKExplicitPrecompiledModules/_Builtin_stdarg-EYJP6DFYQL9GJLH1TJ84A8MHV.pcm
SwiftExplicitDependencyGeneratePcm arm64_32 /Users/admin/builder/spi-builder-workspace/.derivedData/SDKExplicitPrecompiledModules/_SwiftConcurrencyShims-58G4ISYSYDV3AT1DDGEE0QCUF.pcm
SwiftExplicitDependencyGeneratePcm arm64_32 /Users/admin/builder/spi-builder-workspace/.derivedData/SDKExplicitPrecompiledModules/_Builtin_stddef-2F9BFIPBQ5EWNSK5G7G7V4EKL.pcm
SwiftExplicitDependencyGeneratePcm arm64 /Users/admin/builder/spi-builder-workspace/.derivedData/SDKExplicitPrecompiledModules/_AvailabilityInternal-BUNV3UXM65NT37THI4W1AM0SF.pcm
SwiftExplicitDependencyGeneratePcm arm64 /Users/admin/builder/spi-builder-workspace/.derivedData/SDKExplicitPrecompiledModules/_Builtin_stdbool-B692L2PMR118794VVYBG37897.pcm
SwiftExplicitDependencyGeneratePcm arm64 /Users/admin/builder/spi-builder-workspace/.derivedData/SDKExplicitPrecompiledModules/SwiftShims-AJ4AZYHQNC33R5RLN7AGEIOMP.pcm
SwiftExplicitDependencyGeneratePcm arm64 /Users/admin/builder/spi-builder-workspace/.derivedData/SDKExplicitPrecompiledModules/ptrauth-3TZ9WJCGLYD25HQPWH4968ONX.pcm
SwiftExplicitDependencyGeneratePcm arm64 /Users/admin/builder/spi-builder-workspace/.derivedData/SDKExplicitPrecompiledModules/_Builtin_stdbool-83J96QSOFE9VX04AAS6310UAE.pcm
SwiftExplicitDependencyGeneratePcm arm64 /Users/admin/builder/spi-builder-workspace/.derivedData/SDKExplicitPrecompiledModules/ptrauth-C7VQASAJ967Q4Q6SRD4I3CFWZ.pcm
SwiftExplicitDependencyGeneratePcm arm64 /Users/admin/builder/spi-builder-workspace/.derivedData/SDKExplicitPrecompiledModules/_SwiftConcurrencyShims-CTPSFSTDCBVSSQFHL6I305U72.pcm
SwiftExplicitDependencyGeneratePcm arm64_32 /Users/admin/builder/spi-builder-workspace/.derivedData/SDKExplicitPrecompiledModules/_Builtin_stdarg-D305JG44A2WPI6CJY37X3QJE8.pcm
SwiftExplicitDependencyGeneratePcm arm64_32 /Users/admin/builder/spi-builder-workspace/.derivedData/SDKExplicitPrecompiledModules/_Builtin_stddef-H44EFHQX6XSS5MZ7QP6YJZ76.pcm
SwiftExplicitDependencyGeneratePcm arm64 /Users/admin/builder/spi-builder-workspace/.derivedData/SDKExplicitPrecompiledModules/_Builtin_stdarg-3X4KLXUYEI0UGBILP4X7D0CYW.pcm
SwiftExplicitDependencyGeneratePcm arm64 /Users/admin/builder/spi-builder-workspace/.derivedData/SDKExplicitPrecompiledModules/SwiftShims-4MXFZPV6FEB0XBYXCGPWAMQGL.pcm
SwiftExplicitDependencyGeneratePcm arm64_32 /Users/admin/builder/spi-builder-workspace/.derivedData/SDKExplicitPrecompiledModules/_Builtin_stdbool-A967K8W8YUYEC9SN52KJ7OO88.pcm
SwiftExplicitDependencyGeneratePcm arm64 /Users/admin/builder/spi-builder-workspace/.derivedData/SDKExplicitPrecompiledModules/ptrcheck-AIF0NDOYZ8ORBNHQAQR5NNB8M.pcm
SwiftExplicitDependencyGeneratePcm arm64 /Users/admin/builder/spi-builder-workspace/.derivedData/SDKExplicitPrecompiledModules/_Builtin_float-E4M4A8689VXF1T7P7BV56IKBT.pcm
SwiftExplicitDependencyGeneratePcm arm64 /Users/admin/builder/spi-builder-workspace/.derivedData/SDKExplicitPrecompiledModules/_Builtin_float-C0CW5Q4HGBQYKE77TC42IAFB5.pcm
SwiftExplicitDependencyGeneratePcm arm64_32 /Users/admin/builder/spi-builder-workspace/.derivedData/SDKExplicitPrecompiledModules/SwiftShims-9CQQGWTSNTN9EB5NSHDWUJICH.pcm
SwiftExplicitDependencyGeneratePcm arm64_32 /Users/admin/builder/spi-builder-workspace/.derivedData/SDKExplicitPrecompiledModules/ptrcheck-7ELIH9BTIGVKX3UBITM9N72WD.pcm
SwiftExplicitDependencyGeneratePcm arm64 /Users/admin/builder/spi-builder-workspace/.derivedData/SDKExplicitPrecompiledModules/_Builtin_stdarg-A7UU8LE6MP85SM26YO7PBZNUQ.pcm
SwiftExplicitDependencyGeneratePcm arm64_32 /Users/admin/builder/spi-builder-workspace/.derivedData/SDKExplicitPrecompiledModules/_SwiftConcurrencyShims-6RTBPQ03V7BM9SPRK8SUE055H.pcm
SwiftExplicitDependencyGeneratePcm arm64 /Users/admin/builder/spi-builder-workspace/.derivedData/SDKExplicitPrecompiledModules/ptrcheck-8K07997SIHO7YGY7UQ3LOQ3TJ.pcm
SwiftExplicitDependencyGeneratePcm arm64_32 /Users/admin/builder/spi-builder-workspace/.derivedData/SDKExplicitPrecompiledModules/_Builtin_float-6KO8O3PEWRCA4WC6PPLOYO6WJ.pcm
SwiftExplicitDependencyGeneratePcm arm64_32 /Users/admin/builder/spi-builder-workspace/.derivedData/SDKExplicitPrecompiledModules/_DarwinFoundation1-5SNIO0SFHX9KJZTLQGIPAPXUZ.pcm
SwiftExplicitDependencyGeneratePcm arm64 /Users/admin/builder/spi-builder-workspace/.derivedData/SDKExplicitPrecompiledModules/_DarwinFoundation1-7SPX3MD0HMP55E4OLNCPNDQ53.pcm
SwiftExplicitDependencyGeneratePcm arm64_32 /Users/admin/builder/spi-builder-workspace/.derivedData/SDKExplicitPrecompiledModules/ptrauth-BFXF358ME5AK535N5A9Z766WU.pcm
SwiftExplicitDependencyGeneratePcm arm64 /Users/admin/builder/spi-builder-workspace/.derivedData/SDKExplicitPrecompiledModules/_Builtin_stddef-1FU30Y8SWFB7OUUHMJQH5J6FM.pcm
SwiftExplicitDependencyGeneratePcm arm64_32 /Users/admin/builder/spi-builder-workspace/.derivedData/SDKExplicitPrecompiledModules/ptrauth-EW7YZZ7LEZE1QZF2T8148IPSA.pcm
SwiftExplicitDependencyGeneratePcm arm64 /Users/admin/builder/spi-builder-workspace/.derivedData/SDKExplicitPrecompiledModules/_AvailabilityInternal-42EVAC8Q6P1ZT6G3A168N97G4.pcm
SwiftExplicitDependencyGeneratePcm arm64 /Users/admin/builder/spi-builder-workspace/.derivedData/SDKExplicitPrecompiledModules/_Builtin_stddef-5OH846KKUPSJJT7GCX9XU1TKG.pcm
SwiftExplicitDependencyGeneratePcm arm64_32 /Users/admin/builder/spi-builder-workspace/.derivedData/SDKExplicitPrecompiledModules/_AvailabilityInternal-244WAN3Z1QBT7PIA64EZEFY1R.pcm
SwiftExplicitDependencyGeneratePcm arm64 /Users/admin/builder/spi-builder-workspace/.derivedData/SDKExplicitPrecompiledModules/_SwiftConcurrencyShims-659N52XSKR5F0QSB880BH2FJR.pcm
SwiftExplicitDependencyGeneratePcm arm64_32 /Users/admin/builder/spi-builder-workspace/.derivedData/SDKExplicitPrecompiledModules/_Builtin_limits-AQMEC9CLG0FZQN6TLGDQ6WF78.pcm
SwiftExplicitDependencyGeneratePcm arm64_32 /Users/admin/builder/spi-builder-workspace/.derivedData/SDKExplicitPrecompiledModules/_DarwinFoundation2-FP2Q8F1Q2HR151SBYKTU6Q8B.pcm
SwiftExplicitDependencyGeneratePcm arm64 /Users/admin/builder/spi-builder-workspace/.derivedData/SDKExplicitPrecompiledModules/_Builtin_limits-9GWPA2B0H20DYUNYHYCWKABJG.pcm
SwiftExplicitDependencyGeneratePcm arm64 /Users/admin/builder/spi-builder-workspace/.derivedData/SDKExplicitPrecompiledModules/_DarwinFoundation2-D0XAPJU49S5E9XMKYOFGSTB1Q.pcm
SwiftExplicitDependencyGeneratePcm arm64 /Users/admin/builder/spi-builder-workspace/.derivedData/SDKExplicitPrecompiledModules/_DarwinFoundation1-7YQ9TVI7XTOGQU9OADRXP33D1.pcm
SwiftExplicitDependencyGeneratePcm arm64_32 /Users/admin/builder/spi-builder-workspace/.derivedData/SDKExplicitPrecompiledModules/_DarwinFoundation1-2GWF9RFMPLQW4PDHS3NARVI3G.pcm
SwiftExplicitDependencyGeneratePcm arm64_32 /Users/admin/builder/spi-builder-workspace/.derivedData/SDKExplicitPrecompiledModules/sys_types-65NN51P1G7GN2GUAUPC53JJ7N.pcm
SwiftExplicitDependencyGeneratePcm arm64_32 /Users/admin/builder/spi-builder-workspace/.derivedData/SDKExplicitPrecompiledModules/string_h-8QY7P4ZQXQAF14WVDITTM4R70.pcm
SwiftExplicitDependencyGeneratePcm arm64_32 /Users/admin/builder/spi-builder-workspace/.derivedData/SDKExplicitPrecompiledModules/_Builtin_stdint-6IWJLTRH2WB6RCG4THPA65RDS.pcm
SwiftExplicitDependencyGeneratePcm arm64_32 /Users/admin/builder/spi-builder-workspace/.derivedData/SDKExplicitPrecompiledModules/_Builtin_tgmath-414CVW1GW3IL0HRLCNNCS6Q0U.pcm
SwiftExplicitDependencyGeneratePcm arm64_32 /Users/admin/builder/spi-builder-workspace/.derivedData/SDKExplicitPrecompiledModules/DeveloperToolsSupport-3FQKKPF3BW0SWE1YUZ86OZWIB.pcm
SwiftExplicitDependencyGeneratePcm arm64_32 /Users/admin/builder/spi-builder-workspace/.derivedData/SDKExplicitPrecompiledModules/_Builtin_limits-3VKBU2AFTD65PAJZ5CJ3LHFM2.pcm
SwiftExplicitDependencyGeneratePcm arm64 /Users/admin/builder/spi-builder-workspace/.derivedData/SDKExplicitPrecompiledModules/_Builtin_limits-75TRA1C7IHYOFCG3KJXQVTHJ4.pcm
SwiftExplicitDependencyGeneratePcm arm64 /Users/admin/builder/spi-builder-workspace/.derivedData/SDKExplicitPrecompiledModules/_DarwinFoundation2-CUPL4FH2SA95GMALQP4M6O8UA.pcm
SwiftExplicitDependencyGeneratePcm arm64 /Users/admin/builder/spi-builder-workspace/.derivedData/SDKExplicitPrecompiledModules/string_h-E6PRXK75PHIPCZFWOFCQ3QBMK.pcm
SwiftExplicitDependencyGeneratePcm arm64 /Users/admin/builder/spi-builder-workspace/.derivedData/SDKExplicitPrecompiledModules/_Builtin_stdint-8XMILLJZEGRN2XG7XZUXZ5RLX.pcm
SwiftExplicitDependencyGeneratePcm arm64_32 /Users/admin/builder/spi-builder-workspace/.derivedData/SDKExplicitPrecompiledModules/_DarwinFoundation2-9MY8GOSYRO0M9MKNXF6D3MBNK.pcm
SwiftExplicitDependencyGeneratePcm arm64 /Users/admin/builder/spi-builder-workspace/.derivedData/SDKExplicitPrecompiledModules/sys_types-2KXQLI78OUCDP779AE68GZJ2.pcm
SwiftExplicitDependencyGeneratePcm arm64 /Users/admin/builder/spi-builder-workspace/.derivedData/SDKExplicitPrecompiledModules/DeveloperToolsSupport-CL5QT3CW0ZM498PFTWG64QMLA.pcm
SwiftExplicitDependencyGeneratePcm arm64_32 /Users/admin/builder/spi-builder-workspace/.derivedData/SDKExplicitPrecompiledModules/_Builtin_stdatomic-D2FE5M7JS5NQA5JDADVERWJM4.pcm
SwiftExplicitDependencyGeneratePcm arm64_32 /Users/admin/builder/spi-builder-workspace/.derivedData/SDKExplicitPrecompiledModules/_DarwinFoundation3-3YOBOPIW2MF1LRNQH7JBUBY4G.pcm
SwiftExplicitDependencyGeneratePcm arm64_32 /Users/admin/builder/spi-builder-workspace/.derivedData/SDKExplicitPrecompiledModules/_Builtin_intrinsics-2K07JIG9ZANIKHSNPO3O6L1K6.pcm
SwiftExplicitDependencyGeneratePcm arm64 /Users/admin/builder/spi-builder-workspace/.derivedData/SDKExplicitPrecompiledModules/_DarwinFoundation3-B97LRG0E9GON2NUE65TVG81HU.pcm
SwiftExplicitDependencyGeneratePcm arm64 /Users/admin/builder/spi-builder-workspace/.derivedData/SDKExplicitPrecompiledModules/string_h-4N9Z22C0HUO8GV7GFPCLZRZA2.pcm
SwiftExplicitDependencyGeneratePcm arm64 /Users/admin/builder/spi-builder-workspace/.derivedData/SDKExplicitPrecompiledModules/_Builtin_stdint-6TUACK4YPMARFT56PLIO388SJ.pcm
SwiftExplicitDependencyGeneratePcm arm64 /Users/admin/builder/spi-builder-workspace/.derivedData/SDKExplicitPrecompiledModules/sys_types-9KPVYINL86WUSHF45TU8PWZZ1.pcm
SwiftExplicitDependencyGeneratePcm arm64 /Users/admin/builder/spi-builder-workspace/.derivedData/SDKExplicitPrecompiledModules/_Builtin_tgmath-7JP2AE1NQHA1DV5JYP2OHQ3BF.pcm
SwiftExplicitDependencyGeneratePcm arm64_32 /Users/admin/builder/spi-builder-workspace/.derivedData/SDKExplicitPrecompiledModules/_Builtin_stdint-1HMXWI3V0V4TXHRWZOMZGZ80Y.pcm
SwiftExplicitDependencyGeneratePcm arm64_32 /Users/admin/builder/spi-builder-workspace/.derivedData/SDKExplicitPrecompiledModules/string_h-BFVLUQUSBZWYMLCU9QI7VZALW.pcm
SwiftExplicitDependencyGeneratePcm arm64_32 /Users/admin/builder/spi-builder-workspace/.derivedData/SDKExplicitPrecompiledModules/sys_types-8TLLMW08ZJWDGIIPKOYFGHHZW.pcm
SwiftExplicitDependencyGeneratePcm arm64_32 /Users/admin/builder/spi-builder-workspace/.derivedData/SDKExplicitPrecompiledModules/_Builtin_inttypes-BPZJ68HW1IMYWSHROAZ0IMUJP.pcm
SwiftExplicitDependencyGeneratePcm arm64 /Users/admin/builder/spi-builder-workspace/.derivedData/SDKExplicitPrecompiledModules/_Builtin_inttypes-3UQSCM7WNM9EK4HZML8TY5J3D.pcm
SwiftExplicitDependencyGeneratePcm arm64 /Users/admin/builder/spi-builder-workspace/.derivedData/SDKExplicitPrecompiledModules/_Builtin_stdatomic-25T9UW3XDYID74302F31PX0RP.pcm
SwiftExplicitDependencyGeneratePcm arm64 /Users/admin/builder/spi-builder-workspace/.derivedData/SDKExplicitPrecompiledModules/_Builtin_intrinsics-SQV576LJA0QE7RW5HF7CQ1BX.pcm
SwiftExplicitDependencyGeneratePcm arm64 /Users/admin/builder/spi-builder-workspace/.derivedData/SDKExplicitPrecompiledModules/_DarwinFoundation3-EJXZKD8LN9EYM9OWP9VLJ49PK.pcm
SwiftExplicitDependencyGeneratePcm arm64_32 /Users/admin/builder/spi-builder-workspace/.derivedData/SDKExplicitPrecompiledModules/_DarwinFoundation3-3DUTYQDQSD9HUAAVY947NMWOI.pcm
SwiftExplicitDependencyGeneratePcm arm64_32 /Users/admin/builder/spi-builder-workspace/.derivedData/SDKExplicitPrecompiledModules/Darwin-10D35ZJWCWG7LJAF579U7I5V7.pcm
SwiftExplicitDependencyGeneratePcm arm64 /Users/admin/builder/spi-builder-workspace/.derivedData/SDKExplicitPrecompiledModules/Darwin-3984OXKFNSPE77NT743WK8SEX.pcm
SwiftExplicitDependencyGeneratePcm arm64_32 /Users/admin/builder/spi-builder-workspace/.derivedData/SDKExplicitPrecompiledModules/_Builtin_inttypes-D2KPCR4PEX9AQA33NGLUT5SBR.pcm
SwiftExplicitDependencyGeneratePcm arm64 /Users/admin/builder/spi-builder-workspace/.derivedData/SDKExplicitPrecompiledModules/_Builtin_inttypes-86YTNV5YADPJXFMJ82N3R4GWQ.pcm
SwiftExplicitDependencyGeneratePcm arm64_32 /Users/admin/builder/spi-builder-workspace/.derivedData/SDKExplicitPrecompiledModules/simd-1W6O8NR1QUSWJGAN44DNNWVHX.pcm
SwiftExplicitDependencyGeneratePcm arm64_32 /Users/admin/builder/spi-builder-workspace/.derivedData/SDKExplicitPrecompiledModules/Darwin-3FVT1SKLN2ZQ5RVOABMTQBB34.pcm
SwiftExplicitDependencyGeneratePcm arm64 /Users/admin/builder/spi-builder-workspace/.derivedData/SDKExplicitPrecompiledModules/Darwin-CSB8C43KELVSFIQVR0803IZPN.pcm
SwiftExplicitDependencyGeneratePcm arm64 /Users/admin/builder/spi-builder-workspace/.derivedData/SDKExplicitPrecompiledModules/simd-2C11HKTI5TJB05T724EWNFZXD.pcm
SwiftExplicitDependencyGeneratePcm arm64_32 /Users/admin/builder/spi-builder-workspace/.derivedData/SDKExplicitPrecompiledModules/MachO-F47JQRYVH1SLPOQSJD8RK9MSX.pcm
SwiftExplicitDependencyGeneratePcm arm64_32 /Users/admin/builder/spi-builder-workspace/.derivedData/SDKExplicitPrecompiledModules/ObjectiveC-71AGZNHLBMR2QK817EJNUN54E.pcm
SwiftExplicitDependencyGeneratePcm arm64 /Users/admin/builder/spi-builder-workspace/.derivedData/SDKExplicitPrecompiledModules/ObjectiveC-72IVD3VS2RS8Q28D9PIMY0KQP.pcm
SwiftExplicitDependencyGeneratePcm arm64_32 /Users/admin/builder/spi-builder-workspace/.derivedData/SDKExplicitPrecompiledModules/os_object-CTXVQBCWDOH6JHUXIFDUOWFRL.pcm
SwiftExplicitDependencyGeneratePcm arm64 /Users/admin/builder/spi-builder-workspace/.derivedData/SDKExplicitPrecompiledModules/os_object-3SDKD7F87FTZ26OON37DRYT6O.pcm
SwiftExplicitDependencyGeneratePcm arm64_32 /Users/admin/builder/spi-builder-workspace/.derivedData/SDKExplicitPrecompiledModules/os_workgroup-9L9R05BT5LTFRZ2NM68BZTVV2.pcm
SwiftExplicitDependencyGeneratePcm arm64_32 /Users/admin/builder/spi-builder-workspace/.derivedData/SDKExplicitPrecompiledModules/ObjectiveC-6IJNELR2E80E7LUKESVCP2KET.pcm
SwiftExplicitDependencyGeneratePcm arm64 /Users/admin/builder/spi-builder-workspace/.derivedData/SDKExplicitPrecompiledModules/MachO-4RYXFVY68ZDEUZYFMVL57WEKU.pcm
SwiftExplicitDependencyGeneratePcm arm64 /Users/admin/builder/spi-builder-workspace/.derivedData/SDKExplicitPrecompiledModules/ObjectiveC-22CZPC4WYQC9G8T393WT2KKLW.pcm
SwiftExplicitDependencyGeneratePcm arm64 /Users/admin/builder/spi-builder-workspace/.derivedData/SDKExplicitPrecompiledModules/os_workgroup-89GG5G7YC2D0ZTK6AZXXQ20DH.pcm
SwiftExplicitDependencyGeneratePcm arm64_32 /Users/admin/builder/spi-builder-workspace/.derivedData/SDKExplicitPrecompiledModules/Dispatch-CGIMI9KQKHNRQHR2IECIPRG14.pcm
SwiftExplicitDependencyGeneratePcm arm64_32 /Users/admin/builder/spi-builder-workspace/.derivedData/SDKExplicitPrecompiledModules/Spatial-4XS0QRL16224ZE9KE9TMKASKT.pcm
SwiftExplicitDependencyGeneratePcm arm64_32 /Users/admin/builder/spi-builder-workspace/.derivedData/SDKExplicitPrecompiledModules/os_object-5YWTC6L4756IWSTPGXS5NM0D0.pcm
SwiftExplicitDependencyGeneratePcm arm64 /Users/admin/builder/spi-builder-workspace/.derivedData/SDKExplicitPrecompiledModules/os_object-6KYGGZ4DPVZ3BBAZ6QICZN8LI.pcm
SwiftExplicitDependencyGeneratePcm arm64 /Users/admin/builder/spi-builder-workspace/.derivedData/SDKExplicitPrecompiledModules/Dispatch-1NLJOVAK60XP0DUB05XA59EIM.pcm
SwiftExplicitDependencyGeneratePcm arm64_32 /Users/admin/builder/spi-builder-workspace/.derivedData/SDKExplicitPrecompiledModules/os_workgroup-5JHTPDMNBUNHLJI8LPHKQK1JK.pcm
SwiftExplicitDependencyGeneratePcm arm64_32 /Users/admin/builder/spi-builder-workspace/.derivedData/SDKExplicitPrecompiledModules/XPC-7SLKI45KYLKXH9QET2WYS3UZ4.pcm
SwiftExplicitDependencyGeneratePcm arm64_32 /Users/admin/builder/spi-builder-workspace/.derivedData/SDKExplicitPrecompiledModules/CoreFoundation-76B9WJP9MDYT33HZQVSNNZQZD.pcm
SwiftExplicitDependencyGeneratePcm arm64 /Users/admin/builder/spi-builder-workspace/.derivedData/SDKExplicitPrecompiledModules/os_workgroup-AHE7ULDQBKER38CYPIKDTZF4M.pcm
SwiftExplicitDependencyGeneratePcm arm64 /Users/admin/builder/spi-builder-workspace/.derivedData/SDKExplicitPrecompiledModules/CoreFoundation-8T2L24YC5NU7WO6WQJWRY7W08.pcm
SwiftExplicitDependencyGeneratePcm arm64 /Users/admin/builder/spi-builder-workspace/.derivedData/SDKExplicitPrecompiledModules/XPC-40DR0X1DHKGCV4J1IOLFS8MOU.pcm
SwiftExplicitDependencyGeneratePcm arm64 /Users/admin/builder/spi-builder-workspace/.derivedData/SDKExplicitPrecompiledModules/Spatial-EZKKX4XFW72RZCTOIG80Z93AP.pcm
SwiftExplicitDependencyGeneratePcm arm64_32 /Users/admin/builder/spi-builder-workspace/.derivedData/SDKExplicitPrecompiledModules/Dispatch-2P62F1T4XV63S4P99TUDTOK2Q.pcm
SwiftExplicitDependencyGeneratePcm arm64 /Users/admin/builder/spi-builder-workspace/.derivedData/SDKExplicitPrecompiledModules/Dispatch-39VR0G01IUJ09PQKMFGOHXZ4L.pcm
SwiftExplicitDependencyGeneratePcm arm64_32 /Users/admin/builder/spi-builder-workspace/.derivedData/SDKExplicitPrecompiledModules/os-D9NWGT7PQGY2OD43XMA2KGLJK.pcm
SwiftExplicitDependencyGeneratePcm arm64_32 /Users/admin/builder/spi-builder-workspace/.derivedData/SDKExplicitPrecompiledModules/XPC-81Y45QFY96XYYFCW2GT6FY8S4.pcm
SwiftExplicitDependencyGeneratePcm arm64_32 /Users/admin/builder/spi-builder-workspace/.derivedData/SDKExplicitPrecompiledModules/CoreFoundation-8E6Y4BA3EXYKUGJ24GT9LGV3N.pcm
SwiftExplicitDependencyGeneratePcm arm64_32 /Users/admin/builder/spi-builder-workspace/.derivedData/SDKExplicitPrecompiledModules/CoreGraphics-A4WOQTM8SYZAQP223LI6RRPEK.pcm
SwiftExplicitDependencyGeneratePcm arm64_32 /Users/admin/builder/spi-builder-workspace/.derivedData/SDKExplicitPrecompiledModules/CoreAudioTypes-AY6JAXDJMW2FLVG4UD79375PW.pcm
SwiftExplicitDependencyGeneratePcm arm64_32 /Users/admin/builder/spi-builder-workspace/.derivedData/SDKExplicitPrecompiledModules/Security-1W411BS4UH2UNMNII2341429S.pcm
SwiftExplicitDependencyGeneratePcm arm64 /Users/admin/builder/spi-builder-workspace/.derivedData/SDKExplicitPrecompiledModules/XPC-650JAZBTM6I0OMHYO6CKM0CWJ.pcm
SwiftExplicitDependencyGeneratePcm arm64 /Users/admin/builder/spi-builder-workspace/.derivedData/SDKExplicitPrecompiledModules/CoreFoundation-59XKO8YNRGGYNC5U5LK8B4EM.pcm
SwiftExplicitDependencyGeneratePcm arm64 /Users/admin/builder/spi-builder-workspace/.derivedData/SDKExplicitPrecompiledModules/Security-6RZ6YBRU8WCUHRFFRVUK5WKMM.pcm
SwiftExplicitDependencyGeneratePcm arm64_32 /Users/admin/builder/spi-builder-workspace/.derivedData/SDKExplicitPrecompiledModules/CoreAudio-1FTJGW5ZM9ZN5IKPBE4A9LGNF.pcm
SwiftExplicitDependencyGeneratePcm arm64 /Users/admin/builder/spi-builder-workspace/.derivedData/SDKExplicitPrecompiledModules/os-6BCTB8I5DCBBKFJ0Y0G4WQDDJ.pcm
SwiftExplicitDependencyGeneratePcm arm64_32 /Users/admin/builder/spi-builder-workspace/.derivedData/SDKExplicitPrecompiledModules/Foundation-AIQ30TCDC2B0LBUU6FPQZ0HWI.pcm
SwiftExplicitDependencyGeneratePcm arm64_32 /Users/admin/builder/spi-builder-workspace/.derivedData/SDKExplicitPrecompiledModules/CoreText-34U50N378SZT64826L0B62MN6.pcm
SwiftExplicitDependencyGeneratePcm arm64_32 /Users/admin/builder/spi-builder-workspace/.derivedData/SDKExplicitPrecompiledModules/CoreVideo-BX0NALWCB2F1YOTF0NZGV9FWU.pcm
SwiftExplicitDependencyGeneratePcm arm64 /Users/admin/builder/spi-builder-workspace/.derivedData/SDKExplicitPrecompiledModules/Foundation-DLBKUSGXN8QHAT8W0OARR9S8A.pcm
SwiftExplicitDependencyGeneratePcm arm64_32 /Users/admin/builder/spi-builder-workspace/.derivedData/SDKExplicitPrecompiledModules/Security-D7TOWF88VWF67TB9HAFP5UWB1.pcm
SwiftExplicitDependencyGeneratePcm arm64 /Users/admin/builder/spi-builder-workspace/.derivedData/SDKExplicitPrecompiledModules/Security-69WNGEAVQP55EDBQHP3BLE8QU.pcm
SwiftExplicitDependencyGeneratePcm arm64 /Users/admin/builder/spi-builder-workspace/.derivedData/SDKExplicitPrecompiledModules/CoreGraphics-5488DA9QVJJ7QOFXPYOYIYFUX.pcm
SwiftExplicitDependencyGeneratePcm arm64 /Users/admin/builder/spi-builder-workspace/.derivedData/SDKExplicitPrecompiledModules/CoreAudioTypes-51SR7UBHOMSGMEPVFS6PLSR4M.pcm
SwiftExplicitDependencyGeneratePcm arm64_32 /Users/admin/builder/spi-builder-workspace/.derivedData/SDKExplicitPrecompiledModules/CoreMedia-CU8J9TNJY5EX43FQOPTAAHU29.pcm
SwiftExplicitDependencyGeneratePcm arm64 /Users/admin/builder/spi-builder-workspace/.derivedData/SDKExplicitPrecompiledModules/CoreAudio-368NRGVYQ33J8K75Y2DSNU06Y.pcm
SwiftExplicitDependencyGeneratePcm arm64_32 /Users/admin/builder/spi-builder-workspace/.derivedData/SDKExplicitPrecompiledModules/Foundation-BJ2VQGI3OGR34500MEQ1VKHPH.pcm
SwiftExplicitDependencyGeneratePcm arm64 /Users/admin/builder/spi-builder-workspace/.derivedData/SDKExplicitPrecompiledModules/Foundation-B3IXODHI7VO4VRX2RWRXLVJZT.pcm
SwiftExplicitDependencyGeneratePcm arm64 /Users/admin/builder/spi-builder-workspace/.derivedData/SDKExplicitPrecompiledModules/CoreVideo-2YRZ292TS6QDW2V2V92NZMPWM.pcm
SwiftExplicitDependencyGeneratePcm arm64 /Users/admin/builder/spi-builder-workspace/.derivedData/SDKExplicitPrecompiledModules/CoreText-BEC0M2J7FJN53VXNFDZDKL9U2.pcm
SwiftExplicitDependencyGeneratePcm arm64 /Users/admin/builder/spi-builder-workspace/.derivedData/SDKExplicitPrecompiledModules/CoreMedia-EO02G285WTXB0RPNG3DP9O9VN.pcm
SwiftExplicitDependencyGeneratePcm arm64_32 /Users/admin/builder/spi-builder-workspace/.derivedData/SDKExplicitPrecompiledModules/Symbols-DP67QJL9W7VSYP70ZVEBE3KRT.pcm
SwiftExplicitDependencyGeneratePcm arm64_32 /Users/admin/builder/spi-builder-workspace/.derivedData/SDKExplicitPrecompiledModules/UniformTypeIdentifiers-EH256724QTCKT0XATY095QHVP.pcm
SwiftExplicitDependencyGeneratePcm arm64_32 /Users/admin/builder/spi-builder-workspace/.derivedData/SDKExplicitPrecompiledModules/Accessibility-BBXP8Z81UOB3UBBTO3GG9FEEO.pcm
SwiftEmitModule normal arm64_32 Emitting\ module\ for\ ColorVector (in target 'ColorVector' from project 'ColorVector')
SwiftCompile normal arm64_32 (in target 'ColorVector' from project 'ColorVector')
    cd /Users/admin/builder/spi-builder-workspace/.swiftpm/xcode

SwiftExplicitDependencyGeneratePcm arm64_32 /Users/admin/builder/spi-builder-workspace/.derivedData/SDKExplicitPrecompiledModules/CoreData-6STZ9DXY0E1K8LHUUEU1F4SE.pcm
SwiftExplicitDependencyGeneratePcm arm64_32 /Users/admin/builder/spi-builder-workspace/.derivedData/SDKExplicitPrecompiledModules/DataDetection-8EDL8T61430CB5CU94L1E3L0C.pcm
SwiftExplicitDependencyGeneratePcm arm64_32 /Users/admin/builder/spi-builder-workspace/.derivedData/SDKExplicitPrecompiledModules/OSLog-DXCLJ0K1EEBRV5MFYJOV1HIUX.pcm
SwiftEmitModule normal arm64 Emitting\ module\ for\ SpringInterpolation (in target 'SpringInterpolation' from project 'SpringInterpolation')
SwiftCompile normal arm64 (in target 'SpringInterpolation' from project 'SpringInterpolation')
    cd /Users/admin/builder/spi-builder-workspace/.swiftpm/xcode

SwiftExplicitDependencyGeneratePcm arm64_32 /Users/admin/builder/spi-builder-workspace/.derivedData/SDKExplicitPrecompiledModules/CoreTransferable-DSXZOKFM7XQLZ0FRNNKFDWZT0.pcm
SwiftExplicitDependencyGeneratePcm arm64_32 /Users/admin/builder/spi-builder-workspace/.derivedData/SDKExplicitPrecompiledModules/SceneKit-CLOM4E4D45A8A94N3QNHOVW3H.pcm
SwiftExplicitDependencyGeneratePcm arm64_32 /Users/admin/builder/spi-builder-workspace/.derivedData/SDKExplicitPrecompiledModules/UIUtilities-ABH83C7CSGMIJAARTF384TV0L.pcm
SwiftExplicitDependencyGeneratePcm arm64_32 /Users/admin/builder/spi-builder-workspace/.derivedData/SDKExplicitPrecompiledModules/_LocationEssentials-1XWTF8V96VX3IAHKJO7PJZDU0.pcm
SwiftExplicitDependencyGeneratePcm arm64_32 /Users/admin/builder/spi-builder-workspace/.derivedData/SDKExplicitPrecompiledModules/QuartzCore-72UYR37X0O2APTD1XMSJ20X5X.pcm
SwiftExplicitDependencyGeneratePcm arm64_32 /Users/admin/builder/spi-builder-workspace/.derivedData/SDKExplicitPrecompiledModules/UserNotifications-F5AOMF9V2Y10QV8U00QNX8B7Q.pcm
SwiftCompile normal arm64 Compiling\ SpringInterpolation+Context.swift /Users/admin/builder/spi-builder-workspace/.dependencies/checkouts/SpringInterpolation/Sources/SpringInterpolation/SpringInterpolation+Context.swift (in target 'SpringInterpolation' from project 'SpringInterpolation')
SwiftCompile normal arm64 /Users/admin/builder/spi-builder-workspace/.dependencies/checkouts/SpringInterpolation/Sources/SpringInterpolation/SpringInterpolation+Context.swift (in target 'SpringInterpolation' from project 'SpringInterpolation')
    cd /Users/admin/builder/spi-builder-workspace/.swiftpm/xcode
    builtin-SwiftPerFileCompile SpringInterpolation+Context.swift
SwiftEmitModule normal arm64_32 Emitting\ module\ for\ SpringInterpolation (in target 'SpringInterpolation' from project 'SpringInterpolation')
SwiftCompile normal arm64_32 (in target 'SpringInterpolation' from project 'SpringInterpolation')
    cd /Users/admin/builder/spi-builder-workspace/.swiftpm/xcode

SwiftCompile normal arm64_32 Compiling\ SpringInterpolation.swift /Users/admin/builder/spi-builder-workspace/.dependencies/checkouts/SpringInterpolation/Sources/SpringInterpolation/SpringInterpolation.swift (in target 'SpringInterpolation' from project 'SpringInterpolation')
SwiftCompile normal arm64_32 /Users/admin/builder/spi-builder-workspace/.dependencies/checkouts/SpringInterpolation/Sources/SpringInterpolation/SpringInterpolation.swift (in target 'SpringInterpolation' from project 'SpringInterpolation')
    cd /Users/admin/builder/spi-builder-workspace/.swiftpm/xcode
    builtin-SwiftPerFileCompile SpringInterpolation.swift
SwiftEmitModule normal arm64 Emitting\ module\ for\ ColorVector (in target 'ColorVector' from project 'ColorVector')
SwiftCompile normal arm64 (in target 'ColorVector' from project 'ColorVector')
    cd /Users/admin/builder/spi-builder-workspace/.swiftpm/xcode

SwiftExplicitDependencyGeneratePcm arm64 /Users/admin/builder/spi-builder-workspace/.derivedData/SDKExplicitPrecompiledModules/SceneKit-4VPDXW2J8W40JMX88G7X30C4G.pcm
SwiftExplicitDependencyGeneratePcm arm64 /Users/admin/builder/spi-builder-workspace/.derivedData/SDKExplicitPrecompiledModules/OSLog-ESJZZ70KT229YQNKF5CWYQVLA.pcm
SwiftExplicitDependencyGeneratePcm arm64_32 /Users/admin/builder/spi-builder-workspace/.derivedData/SDKExplicitPrecompiledModules/SwiftUICore-TURER010MQ2QH6SN4BGDJJKP.pcm
SwiftExplicitDependencyGeneratePcm arm64 /Users/admin/builder/spi-builder-workspace/.derivedData/SDKExplicitPrecompiledModules/DataDetection-8RQ09UCIV0XSYRF8TQQD54MWN.pcm
SwiftDriverJobDiscovery normal arm64 Emitting module for SpringInterpolation (in target 'SpringInterpolation' from project 'SpringInterpolation')
SwiftDriver\ Compilation\ Requirements SpringInterpolation normal arm64 com.apple.xcode.tools.swift.compiler (in target 'SpringInterpolation' from project 'SpringInterpolation')
    cd /Users/admin/builder/spi-builder-workspace/.swiftpm/xcode
    builtin-Swift-Compilation-Requirements -- /Applications/Xcode-27.0.0-Release.Candidate.app/Contents/Developer/Toolchains/XcodeDefault.xctoolchain/usr/bin/swiftc -parse-as-library -module-name SpringInterpolation -Onone @/Users/admin/builder/spi-builder-workspace/.derivedData/Build/Intermediates.noindex/SpringInterpolation.build/Debug-watchos/SpringInterpolation-t.build/Objects-normal/arm64/SpringInterpolation.SwiftFileList -DSWIFT_PACKAGE -DDEBUG -DSWIFT_MODULE_RESOURCE_BUNDLE_UNAVAILABLE -DXcode -plugin-path /Applications/Xcode-27.0.0-Release.Candidate.app/Contents/Developer/Toolchains/XcodeDefault.xctoolchain/usr/lib/swift/host/plugins/testing -enable-experimental-feature DebugDescriptionMacro -sdk /Applications/Xcode-27.0.0-Release.Candidate.app/Contents/Developer/Platforms/WatchOS.platform/Developer/SDKs/WatchOS27.0.sdk -target arm64-apple-watchos9.0 -g -module-cache-path /Users/admin/builder/spi-builder-workspace/.derivedData/ModuleCache.noindex -Xfrontend -serialize-debugging-options -enable-testing -suppress-warnings -index-store-path /Users/admin/builder/spi-builder-workspace/.derivedData/Index.noindex/DataStore -Xcc -D_LIBCPP_HARDENING_MODE\=_LIBCPP_HARDENING_MODE_DEBUG -swift-version 5 -I /Users/admin/builder/spi-builder-workspace/.derivedData/Build/Products/Debug-watchos -Isystem /Applications/Xcode-27.0.0-Release.Candidate.app/Contents/Developer/Platforms/WatchOS.platform/Developer/usr/lib -F /Users/admin/builder/spi-builder-workspace/.derivedData/Build/Products/Debug-watchos -F /Applications/Xcode-27.0.0-Release.Candidate.app/Contents/Developer/Platforms/WatchOS.platform/Developer/Library/Frameworks -F /Applications/Xcode-27.0.0-Release.Candidate.app/Contents/Developer/Platforms/WatchOS.platform/Developer/SDKs/WatchOS27.0.sdk/Developer/Library/Frameworks -c -j10 -enable-batch-mode -incremental -Xcc -ivfsstatcache -Xcc /Users/admin/builder/spi-builder-workspace/.derivedData/SDKStatCaches.noindex/watchos27.0-24R360-e829b21a6f8c9b70876ba0858053c04477534ef55a1706bf4c1112bbb242f0a2.sdkstatcache -output-file-map /Users/admin/builder/spi-builder-workspace/.derivedData/Build/Intermediates.noindex/SpringInterpolation.build/Debug-watchos/SpringInterpolation-t.build/Objects-normal/arm64/SpringInterpolation-OutputFileMap.json -save-temps -no-color-diagnostics -explicit-module-build -module-cache-path /Users/admin/builder/spi-builder-workspace/.derivedData/Build/Intermediates.noindex/SwiftExplicitPrecompiledModules -clang-scanner-module-cache-path /Users/admin/builder/spi-builder-workspace/.derivedData/ModuleCache.noindex -sdk-module-cache-path /Users/admin/builder/spi-builder-workspace/.derivedData/SDKExplicitPrecompiledModules -emit-dependencies -emit-module -emit-module-path /Users/admin/builder/spi-builder-workspace/.derivedData/Build/Intermediates.noindex/SpringInterpolation.build/Debug-watchos/SpringInterpolation-t.build/Objects-normal/arm64/SpringInterpolation.swiftmodule -serialize-diagnostics -dependency-scan-serialize-diagnostics-path /Users/admin/builder/spi-builder-workspace/.derivedData/Build/Intermediates.noindex/SpringInterpolation.build/Debug-watchos/SpringInterpolation-t.build/Objects-normal/arm64/SpringInterpolation-dependency-scan.dia -validate-clang-modules-once -clang-build-session-file /Users/admin/builder/spi-builder-workspace/.derivedData/ModuleCache.noindex/Session.modulevalidation -Xcc -fmodules-prune-interval\=86400 -Xcc -fmodules-prune-after\=345600 -package-name springinterpolation -emit-const-values -const-gather-protocols-list /Users/admin/builder/spi-builder-workspace/.derivedData/Build/Intermediates.noindex/SpringInterpolation.build/Debug-watchos/SpringInterpolation-t.build/Objects-normal/arm64/SpringInterpolation_const_extract_protocols.json -Xcc -I/Users/admin/builder/spi-builder-workspace/.derivedData/Build/Products/Debug-watchos/include -Xcc -I/Users/admin/builder/spi-builder-workspace/.derivedData/Build/Intermediates.noindex/SpringInterpolation.build/Debug-watchos/SpringInterpolation-t.build/DerivedSources-normal/arm64 -Xcc -I/Users/admin/builder/spi-builder-workspace/.derivedData/Build/Intermediates.noindex/SpringInterpolation.build/Debug-watchos/SpringInterpolation-t.build/DerivedSources/arm64 -Xcc -I/Users/admin/builder/spi-builder-workspace/.derivedData/Build/Intermediates.noindex/SpringInterpolation.build/Debug-watchos/SpringInterpolation-t.build/DerivedSources -Xcc -DSWIFT_PACKAGE -Xcc -DDEBUG\=1 -emit-objc-header -emit-objc-header-path /Users/admin/builder/spi-builder-workspace/.derivedData/Build/Intermediates.noindex/SpringInterpolation.build/Debug-watchos/SpringInterpolation-t.build/Objects-normal/arm64/SpringInterpolation-Swift.h -working-directory /Users/admin/builder/spi-builder-workspace/.swiftpm/xcode -experimental-emit-module-separately -disable-cmo
SwiftExplicitDependencyGeneratePcm arm64 /Users/admin/builder/spi-builder-workspace/.derivedData/SDKExplicitPrecompiledModules/CoreTransferable-EULYJN53RZTIP2D6F171CT1YZ.pcm
Copy /Users/admin/builder/spi-builder-workspace/.derivedData/Build/Products/Debug-watchos/SpringInterpolation.swiftmodule/arm64-apple-watchos.swiftmodule /Users/admin/builder/spi-builder-workspace/.derivedData/Build/Intermediates.noindex/SpringInterpolation.build/Debug-watchos/SpringInterpolation-t.build/Objects-normal/arm64/SpringInterpolation.swiftmodule (in target 'SpringInterpolation' from project 'SpringInterpolation')
    cd /Users/admin/builder/spi-builder-workspace/.dependencies/checkouts/SpringInterpolation
    builtin-copy -exclude .DS_Store -exclude CVS -exclude .svn -exclude .git -exclude .hg -resolve-src-symlinks -rename /Users/admin/builder/spi-builder-workspace/.derivedData/Build/Intermediates.noindex/SpringInterpolation.build/Debug-watchos/SpringInterpolation-t.build/Objects-normal/arm64/SpringInterpolation.swiftmodule /Users/admin/builder/spi-builder-workspace/.derivedData/Build/Products/Debug-watchos/SpringInterpolation.swiftmodule/arm64-apple-watchos.swiftmodule
SwiftDriverJobDiscovery normal arm64_32 Emitting module for ColorVector (in target 'ColorVector' from project 'ColorVector')
Copy /Users/admin/builder/spi-builder-workspace/.derivedData/Build/Products/Debug-watchos/SpringInterpolation.swiftmodule/arm64-apple-watchos.swiftdoc /Users/admin/builder/spi-builder-workspace/.derivedData/Build/Intermediates.noindex/SpringInterpolation.build/Debug-watchos/SpringInterpolation-t.build/Objects-normal/arm64/SpringInterpolation.swiftdoc (in target 'SpringInterpolation' from project 'SpringInterpolation')
    cd /Users/admin/builder/spi-builder-workspace/.dependencies/checkouts/SpringInterpolation
    builtin-copy -exclude .DS_Store -exclude CVS -exclude .svn -exclude .git -exclude .hg -resolve-src-symlinks -rename /Users/admin/builder/spi-builder-workspace/.derivedData/Build/Intermediates.noindex/SpringInterpolation.build/Debug-watchos/SpringInterpolation-t.build/Objects-normal/arm64/SpringInterpolation.swiftdoc /Users/admin/builder/spi-builder-workspace/.derivedData/Build/Products/Debug-watchos/SpringInterpolation.swiftmodule/arm64-apple-watchos.swiftdoc
Copy /Users/admin/builder/spi-builder-workspace/.derivedData/Build/Products/Debug-watchos/SpringInterpolation.swiftmodule/arm64-apple-watchos.abi.json /Users/admin/builder/spi-builder-workspace/.derivedData/Build/Intermediates.noindex/SpringInterpolation.build/Debug-watchos/SpringInterpolation-t.build/Objects-normal/arm64/SpringInterpolation.abi.json (in target 'SpringInterpolation' from project 'SpringInterpolation')
    cd /Users/admin/builder/spi-builder-workspace/.dependencies/checkouts/SpringInterpolation
    builtin-copy -exclude .DS_Store -exclude CVS -exclude .svn -exclude .git -exclude .hg -resolve-src-symlinks -rename /Users/admin/builder/spi-builder-workspace/.derivedData/Build/Intermediates.noindex/SpringInterpolation.build/Debug-watchos/SpringInterpolation-t.build/Objects-normal/arm64/SpringInterpolation.abi.json /Users/admin/builder/spi-builder-workspace/.derivedData/Build/Products/Debug-watchos/SpringInterpolation.swiftmodule/arm64-apple-watchos.abi.json
Copy /Users/admin/builder/spi-builder-workspace/.derivedData/Build/Products/Debug-watchos/SpringInterpolation.swiftmodule/Project/arm64-apple-watchos.swiftsourceinfo /Users/admin/builder/spi-builder-workspace/.derivedData/Build/Intermediates.noindex/SpringInterpolation.build/Debug-watchos/SpringInterpolation-t.build/Objects-normal/arm64/SpringInterpolation.swiftsourceinfo (in target 'SpringInterpolation' from project 'SpringInterpolation')
    cd /Users/admin/builder/spi-builder-workspace/.dependencies/checkouts/SpringInterpolation
    builtin-copy -exclude .DS_Store -exclude CVS -exclude .svn -exclude .git -exclude .hg -resolve-src-symlinks -rename /Users/admin/builder/spi-builder-workspace/.derivedData/Build/Intermediates.noindex/SpringInterpolation.build/Debug-watchos/SpringInterpolation-t.build/Objects-normal/arm64/SpringInterpolation.swiftsourceinfo /Users/admin/builder/spi-builder-workspace/.derivedData/Build/Products/Debug-watchos/SpringInterpolation.swiftmodule/Project/arm64-apple-watchos.swiftsourceinfo
SwiftDriver\ Compilation\ Requirements ColorVector normal arm64_32 com.apple.xcode.tools.swift.compiler (in target 'ColorVector' from project 'ColorVector')
    cd /Users/admin/builder/spi-builder-workspace/.swiftpm/xcode
    builtin-Swift-Compilation-Requirements -- /Applications/Xcode-27.0.0-Release.Candidate.app/Contents/Developer/Toolchains/XcodeDefault.xctoolchain/usr/bin/swiftc -parse-as-library -module-name ColorVector -Onone @/Users/admin/builder/spi-builder-workspace/.derivedData/Build/Intermediates.noindex/ColorVector.build/Debug-watchos/ColorVector-t.build/Objects-normal/arm64_32/ColorVector.SwiftFileList -DSWIFT_PACKAGE -DDEBUG -DSWIFT_MODULE_RESOURCE_BUNDLE_UNAVAILABLE -DXcode -plugin-path /Applications/Xcode-27.0.0-Release.Candidate.app/Contents/Developer/Toolchains/XcodeDefault.xctoolchain/usr/lib/swift/host/plugins/testing -enable-experimental-feature DebugDescriptionMacro -sdk /Applications/Xcode-27.0.0-Release.Candidate.app/Contents/Developer/Platforms/WatchOS.platform/Developer/SDKs/WatchOS27.0.sdk -target arm64_32-apple-watchos9.0 -g -module-cache-path /Users/admin/builder/spi-builder-workspace/.derivedData/ModuleCache.noindex -Xfrontend -serialize-debugging-options -enable-testing -suppress-warnings -index-store-path /Users/admin/builder/spi-builder-workspace/.derivedData/Index.noindex/DataStore -Xcc -D_LIBCPP_HARDENING_MODE\=_LIBCPP_HARDENING_MODE_DEBUG -swift-version 6 -I /Users/admin/builder/spi-builder-workspace/.derivedData/Build/Products/Debug-watchos -Isystem /Applications/Xcode-27.0.0-Release.Candidate.app/Contents/Developer/Platforms/WatchOS.platform/Developer/usr/lib -F /Users/admin/builder/spi-builder-workspace/.derivedData/Build/Products/Debug-watchos -F /Applications/Xcode-27.0.0-Release.Candidate.app/Contents/Developer/Platforms/WatchOS.platform/Developer/Library/Frameworks -F /Applications/Xcode-27.0.0-Release.Candidate.app/Contents/Developer/Platforms/WatchOS.platform/Developer/SDKs/WatchOS27.0.sdk/Developer/Library/Frameworks -c -j10 -enable-batch-mode -incremental -Xcc -ivfsstatcache -Xcc /Users/admin/builder/spi-builder-workspace/.derivedData/SDKStatCaches.noindex/watchos27.0-24R360-e829b21a6f8c9b70876ba0858053c04477534ef55a1706bf4c1112bbb242f0a2.sdkstatcache -output-file-map /Users/admin/builder/spi-builder-workspace/.derivedData/Build/Intermediates.noindex/ColorVector.build/Debug-watchos/ColorVector-t.build/Objects-normal/arm64_32/ColorVector-OutputFileMap.json -save-temps -no-color-diagnostics -explicit-module-build -module-cache-path /Users/admin/builder/spi-builder-workspace/.derivedData/Build/Intermediates.noindex/SwiftExplicitPrecompiledModules -clang-scanner-module-cache-path /Users/admin/builder/spi-builder-workspace/.derivedData/ModuleCache.noindex -sdk-module-cache-path /Users/admin/builder/spi-builder-workspace/.derivedData/SDKExplicitPrecompiledModules -emit-dependencies -emit-module -emit-module-path /Users/admin/builder/spi-builder-workspace/.derivedData/Build/Intermediates.noindex/ColorVector.build/Debug-watchos/ColorVector-t.build/Objects-normal/arm64_32/ColorVector.swiftmodule -serialize-diagnostics -dependency-scan-serialize-diagnostics-path /Users/admin/builder/spi-builder-workspace/.derivedData/Build/Intermediates.noindex/ColorVector.build/Debug-watchos/ColorVector-t.build/Objects-normal/arm64_32/ColorVector-dependency-scan.dia -user-module-version 1.0.5 -validate-clang-modules-once -clang-build-session-file /Users/admin/builder/spi-builder-workspace/.derivedData/ModuleCache.noindex/Session.modulevalidation -Xcc -fmodules-prune-interval\=86400 -Xcc -fmodules-prune-after\=345600 -package-name colorvector -emit-const-values -const-gather-protocols-list /Users/admin/builder/spi-builder-workspace/.derivedData/Build/Intermediates.noindex/ColorVector.build/Debug-watchos/ColorVector-t.build/Objects-normal/arm64_32/ColorVector_const_extract_protocols.json -Xcc -I/Users/admin/builder/spi-builder-workspace/.derivedData/Build/Products/Debug-watchos/include -Xcc -I/Users/admin/builder/spi-builder-workspace/.derivedData/Build/Intermediates.noindex/ColorVector.build/Debug-watchos/ColorVector-t.build/DerivedSources-normal/arm64_32 -Xcc -I/Users/admin/builder/spi-builder-workspace/.derivedData/Build/Intermediates.noindex/ColorVector.build/Debug-watchos/ColorVector-t.build/DerivedSources/arm64_32 -Xcc -I/Users/admin/builder/spi-builder-workspace/.derivedData/Build/Intermediates.noindex/ColorVector.build/Debug-watchos/ColorVector-t.build/DerivedSources -Xcc -DSWIFT_PACKAGE -Xcc -DDEBUG\=1 -emit-objc-header -emit-objc-header-path /Users/admin/builder/spi-builder-workspace/.derivedData/Build/Intermediates.noindex/ColorVector.build/Debug-watchos/ColorVector-t.build/Objects-normal/arm64_32/ColorVector-Swift.h -working-directory /Users/admin/builder/spi-builder-workspace/.swiftpm/xcode -experimental-emit-module-separately -disable-cmo
SwiftExplicitDependencyGeneratePcm arm64 /Users/admin/builder/spi-builder-workspace/.derivedData/SDKExplicitPrecompiledModules/UserNotifications-7VIERZPAA371031RT8VBKFYKJ.pcm
Copy /Users/admin/builder/spi-builder-workspace/.derivedData/Build/Products/Debug-watchos/ColorVector.swiftmodule/arm64_32-apple-watchos.swiftmodule /Users/admin/builder/spi-builder-workspace/.derivedData/Build/Intermediates.noindex/ColorVector.build/Debug-watchos/ColorVector-t.build/Objects-normal/arm64_32/ColorVector.swiftmodule (in target 'ColorVector' from project 'ColorVector')
    cd /Users/admin/builder/spi-builder-workspace/.dependencies/checkouts/ColorVector
    builtin-copy -exclude .DS_Store -exclude CVS -exclude .svn -exclude .git -exclude .hg -resolve-src-symlinks -rename /Users/admin/builder/spi-builder-workspace/.derivedData/Build/Intermediates.noindex/ColorVector.build/Debug-watchos/ColorVector-t.build/Objects-normal/arm64_32/ColorVector.swiftmodule /Users/admin/builder/spi-builder-workspace/.derivedData/Build/Products/Debug-watchos/ColorVector.swiftmodule/arm64_32-apple-watchos.swiftmodule
Copy /Users/admin/builder/spi-builder-workspace/.derivedData/Build/Products/Debug-watchos/ColorVector.swiftmodule/arm64_32-apple-watchos.swiftdoc /Users/admin/builder/spi-builder-workspace/.derivedData/Build/Intermediates.noindex/ColorVector.build/Debug-watchos/ColorVector-t.build/Objects-normal/arm64_32/ColorVector.swiftdoc (in target 'ColorVector' from project 'ColorVector')
    cd /Users/admin/builder/spi-builder-workspace/.dependencies/checkouts/ColorVector
    builtin-copy -exclude .DS_Store -exclude CVS -exclude .svn -exclude .git -exclude .hg -resolve-src-symlinks -rename /Users/admin/builder/spi-builder-workspace/.derivedData/Build/Intermediates.noindex/ColorVector.build/Debug-watchos/ColorVector-t.build/Objects-normal/arm64_32/ColorVector.swiftdoc /Users/admin/builder/spi-builder-workspace/.derivedData/Build/Products/Debug-watchos/ColorVector.swiftmodule/arm64_32-apple-watchos.swiftdoc
Copy /Users/admin/builder/spi-builder-workspace/.derivedData/Build/Products/Debug-watchos/ColorVector.swiftmodule/arm64_32-apple-watchos.abi.json /Users/admin/builder/spi-builder-workspace/.derivedData/Build/Intermediates.noindex/ColorVector.build/Debug-watchos/ColorVector-t.build/Objects-normal/arm64_32/ColorVector.abi.json (in target 'ColorVector' from project 'ColorVector')
    cd /Users/admin/builder/spi-builder-workspace/.dependencies/checkouts/ColorVector
    builtin-copy -exclude .DS_Store -exclude CVS -exclude .svn -exclude .git -exclude .hg -resolve-src-symlinks -rename /Users/admin/builder/spi-builder-workspace/.derivedData/Build/Intermediates.noindex/ColorVector.build/Debug-watchos/ColorVector-t.build/Objects-normal/arm64_32/ColorVector.abi.json /Users/admin/builder/spi-builder-workspace/.derivedData/Build/Products/Debug-watchos/ColorVector.swiftmodule/arm64_32-apple-watchos.abi.json
Copy /Users/admin/builder/spi-builder-workspace/.derivedData/Build/Products/Debug-watchos/ColorVector.swiftmodule/Project/arm64_32-apple-watchos.swiftsourceinfo /Users/admin/builder/spi-builder-workspace/.derivedData/Build/Intermediates.noindex/ColorVector.build/Debug-watchos/ColorVector-t.build/Objects-normal/arm64_32/ColorVector.swiftsourceinfo (in target 'ColorVector' from project 'ColorVector')
    cd /Users/admin/builder/spi-builder-workspace/.dependencies/checkouts/ColorVector
    builtin-copy -exclude .DS_Store -exclude CVS -exclude .svn -exclude .git -exclude .hg -resolve-src-symlinks -rename /Users/admin/builder/spi-builder-workspace/.derivedData/Build/Intermediates.noindex/ColorVector.build/Debug-watchos/ColorVector-t.build/Objects-normal/arm64_32/ColorVector.swiftsourceinfo /Users/admin/builder/spi-builder-workspace/.derivedData/Build/Products/Debug-watchos/ColorVector.swiftmodule/Project/arm64_32-apple-watchos.swiftsourceinfo
SwiftExplicitDependencyGeneratePcm arm64_32 /Users/admin/builder/spi-builder-workspace/.derivedData/SDKExplicitPrecompiledModules/CoreLocation-4AZRAZ8X3W0CS36SZ1GS4LT05.pcm
SwiftExplicitDependencyGeneratePcm arm64 /Users/admin/builder/spi-builder-workspace/.derivedData/SDKExplicitPrecompiledModules/_LocationEssentials-C3HYVW8P89QAUDLD9VRHUF48Q.pcm
SwiftExplicitDependencyGeneratePcm arm64 /Users/admin/builder/spi-builder-workspace/.derivedData/SDKExplicitPrecompiledModules/CoreData-DAEI6Z48P97TYC3SMMGLERAJ5.pcm
SwiftDriverJobDiscovery normal arm64_32 Emitting module for SpringInterpolation (in target 'SpringInterpolation' from project 'SpringInterpolation')
SwiftDriver\ Compilation\ Requirements SpringInterpolation normal arm64_32 com.apple.xcode.tools.swift.compiler (in target 'SpringInterpolation' from project 'SpringInterpolation')
    cd /Users/admin/builder/spi-builder-workspace/.swiftpm/xcode
    builtin-Swift-Compilation-Requirements -- /Applications/Xcode-27.0.0-Release.Candidate.app/Contents/Developer/Toolchains/XcodeDefault.xctoolchain/usr/bin/swiftc -parse-as-library -module-name SpringInterpolation -Onone @/Users/admin/builder/spi-builder-workspace/.derivedData/Build/Intermediates.noindex/SpringInterpolation.build/Debug-watchos/SpringInterpolation-t.build/Objects-normal/arm64_32/SpringInterpolation.SwiftFileList -DSWIFT_PACKAGE -DDEBUG -DSWIFT_MODULE_RESOURCE_BUNDLE_UNAVAILABLE -DXcode -plugin-path /Applications/Xcode-27.0.0-Release.Candidate.app/Contents/Developer/Toolchains/XcodeDefault.xctoolchain/usr/lib/swift/host/plugins/testing -enable-experimental-feature DebugDescriptionMacro -sdk /Applications/Xcode-27.0.0-Release.Candidate.app/Contents/Developer/Platforms/WatchOS.platform/Developer/SDKs/WatchOS27.0.sdk -target arm64_32-apple-watchos9.0 -g -module-cache-path /Users/admin/builder/spi-builder-workspace/.derivedData/ModuleCache.noindex -Xfrontend -serialize-debugging-options -enable-testing -suppress-warnings -index-store-path /Users/admin/builder/spi-builder-workspace/.derivedData/Index.noindex/DataStore -Xcc -D_LIBCPP_HARDENING_MODE\=_LIBCPP_HARDENING_MODE_DEBUG -swift-version 5 -I /Users/admin/builder/spi-builder-workspace/.derivedData/Build/Products/Debug-watchos -Isystem /Applications/Xcode-27.0.0-Release.Candidate.app/Contents/Developer/Platforms/WatchOS.platform/Developer/usr/lib -F /Users/admin/builder/spi-builder-workspace/.derivedData/Build/Products/Debug-watchos -F /Applications/Xcode-27.0.0-Release.Candidate.app/Contents/Developer/Platforms/WatchOS.platform/Developer/Library/Frameworks -F /Applications/Xcode-27.0.0-Release.Candidate.app/Contents/Developer/Platforms/WatchOS.platform/Developer/SDKs/WatchOS27.0.sdk/Developer/Library/Frameworks -c -j10 -enable-batch-mode -incremental -Xcc -ivfsstatcache -Xcc /Users/admin/builder/spi-builder-workspace/.derivedData/SDKStatCaches.noindex/watchos27.0-24R360-e829b21a6f8c9b70876ba0858053c04477534ef55a1706bf4c1112bbb242f0a2.sdkstatcache -output-file-map /Users/admin/builder/spi-builder-workspace/.derivedData/Build/Intermediates.noindex/SpringInterpolation.build/Debug-watchos/SpringInterpolation-t.build/Objects-normal/arm64_32/SpringInterpolation-OutputFileMap.json -save-temps -no-color-diagnostics -explicit-module-build -module-cache-path /Users/admin/builder/spi-builder-workspace/.derivedData/Build/Intermediates.noindex/SwiftExplicitPrecompiledModules -clang-scanner-module-cache-path /Users/admin/builder/spi-builder-workspace/.derivedData/ModuleCache.noindex -sdk-module-cache-path /Users/admin/builder/spi-builder-workspace/.derivedData/SDKExplicitPrecompiledModules -emit-dependencies -emit-module -emit-module-path /Users/admin/builder/spi-builder-workspace/.derivedData/Build/Intermediates.noindex/SpringInterpolation.build/Debug-watchos/SpringInterpolation-t.build/Objects-normal/arm64_32/SpringInterpolation.swiftmodule -serialize-diagnostics -dependency-scan-serialize-diagnostics-path /Users/admin/builder/spi-builder-workspace/.derivedData/Build/Intermediates.noindex/SpringInterpolation.build/Debug-watchos/SpringInterpolation-t.build/Objects-normal/arm64_32/SpringInterpolation-dependency-scan.dia -validate-clang-modules-once -clang-build-session-file /Users/admin/builder/spi-builder-workspace/.derivedData/ModuleCache.noindex/Session.modulevalidation -Xcc -fmodules-prune-interval\=86400 -Xcc -fmodules-prune-after\=345600 -package-name springinterpolation -emit-const-values -const-gather-protocols-list /Users/admin/builder/spi-builder-workspace/.derivedData/Build/Intermediates.noindex/SpringInterpolation.build/Debug-watchos/SpringInterpolation-t.build/Objects-normal/arm64_32/SpringInterpolation_const_extract_protocols.json -Xcc -I/Users/admin/builder/spi-builder-workspace/.derivedData/Build/Products/Debug-watchos/include -Xcc -I/Users/admin/builder/spi-builder-workspace/.derivedData/Build/Intermediates.noindex/SpringInterpolation.build/Debug-watchos/SpringInterpolation-t.build/DerivedSources-normal/arm64_32 -Xcc -I/Users/admin/builder/spi-builder-workspace/.derivedData/Build/Intermediates.noindex/SpringInterpolation.build/Debug-watchos/SpringInterpolation-t.build/DerivedSources/arm64_32 -Xcc -I/Users/admin/builder/spi-builder-workspace/.derivedData/Build/Intermediates.noindex/SpringInterpolation.build/Debug-watchos/SpringInterpolation-t.build/DerivedSources -Xcc -DSWIFT_PACKAGE -Xcc -DDEBUG\=1 -emit-objc-header -emit-objc-header-path /Users/admin/builder/spi-builder-workspace/.derivedData/Build/Intermediates.noindex/SpringInterpolation.build/Debug-watchos/SpringInterpolation-t.build/Objects-normal/arm64_32/SpringInterpolation-Swift.h -working-directory /Users/admin/builder/spi-builder-workspace/.swiftpm/xcode -experimental-emit-module-separately -disable-cmo
SwiftExplicitDependencyGeneratePcm arm64 /Users/admin/builder/spi-builder-workspace/.derivedData/SDKExplicitPrecompiledModules/UIUtilities-AR3EDJH6PMDGNUXQGV2JND65S.pcm
SwiftExplicitDependencyGeneratePcm arm64 /Users/admin/builder/spi-builder-workspace/.derivedData/SDKExplicitPrecompiledModules/QuartzCore-BRDP6VIMJ6A6HG4W4NYXZ8BI3.pcm
SwiftMergeGeneratedHeaders /Users/admin/builder/spi-builder-workspace/.derivedData/Build/Intermediates.noindex/GeneratedModuleMaps-watchos/SpringInterpolation-Swift.h /Users/admin/builder/spi-builder-workspace/.derivedData/Build/Intermediates.noindex/SpringInterpolation.build/Debug-watchos/SpringInterpolation-t.build/Objects-normal/arm64/SpringInterpolation-Swift.h /Users/admin/builder/spi-builder-workspace/.derivedData/Build/Intermediates.noindex/SpringInterpolation.build/Debug-watchos/SpringInterpolation-t.build/Objects-normal/arm64_32/SpringInterpolation-Swift.h (in target 'SpringInterpolation' from project 'SpringInterpolation')
    cd /Users/admin/builder/spi-builder-workspace/.dependencies/checkouts/SpringInterpolation
    builtin-swiftHeaderTool -arch arm64 /Users/admin/builder/spi-builder-workspace/.derivedData/Build/Intermediates.noindex/SpringInterpolation.build/Debug-watchos/SpringInterpolation-t.build/Objects-normal/arm64/SpringInterpolation-Swift.h -arch arm64_32 /Users/admin/builder/spi-builder-workspace/.derivedData/Build/Intermediates.noindex/SpringInterpolation.build/Debug-watchos/SpringInterpolation-t.build/Objects-normal/arm64_32/SpringInterpolation-Swift.h -o /Users/admin/builder/spi-builder-workspace/.derivedData/Build/Intermediates.noindex/GeneratedModuleMaps-watchos/SpringInterpolation-Swift.h
Copy /Users/admin/builder/spi-builder-workspace/.derivedData/Build/Products/Debug-watchos/SpringInterpolation.swiftmodule/arm64_32-apple-watchos.swiftmodule /Users/admin/builder/spi-builder-workspace/.derivedData/Build/Intermediates.noindex/SpringInterpolation.build/Debug-watchos/SpringInterpolation-t.build/Objects-normal/arm64_32/SpringInterpolation.swiftmodule (in target 'SpringInterpolation' from project 'SpringInterpolation')
    cd /Users/admin/builder/spi-builder-workspace/.dependencies/checkouts/SpringInterpolation
    builtin-copy -exclude .DS_Store -exclude CVS -exclude .svn -exclude .git -exclude .hg -resolve-src-symlinks -rename /Users/admin/builder/spi-builder-workspace/.derivedData/Build/Intermediates.noindex/SpringInterpolation.build/Debug-watchos/SpringInterpolation-t.build/Objects-normal/arm64_32/SpringInterpolation.swiftmodule /Users/admin/builder/spi-builder-workspace/.derivedData/Build/Products/Debug-watchos/SpringInterpolation.swiftmodule/arm64_32-apple-watchos.swiftmodule
Copy /Users/admin/builder/spi-builder-workspace/.derivedData/Build/Products/Debug-watchos/SpringInterpolation.swiftmodule/arm64_32-apple-watchos.swiftdoc /Users/admin/builder/spi-builder-workspace/.derivedData/Build/Intermediates.noindex/SpringInterpolation.build/Debug-watchos/SpringInterpolation-t.build/Objects-normal/arm64_32/SpringInterpolation.swiftdoc (in target 'SpringInterpolation' from project 'SpringInterpolation')
    cd /Users/admin/builder/spi-builder-workspace/.dependencies/checkouts/SpringInterpolation
    builtin-copy -exclude .DS_Store -exclude CVS -exclude .svn -exclude .git -exclude .hg -resolve-src-symlinks -rename /Users/admin/builder/spi-builder-workspace/.derivedData/Build/Intermediates.noindex/SpringInterpolation.build/Debug-watchos/SpringInterpolation-t.build/Objects-normal/arm64_32/SpringInterpolation.swiftdoc /Users/admin/builder/spi-builder-workspace/.derivedData/Build/Products/Debug-watchos/SpringInterpolation.swiftmodule/arm64_32-apple-watchos.swiftdoc
Copy /Users/admin/builder/spi-builder-workspace/.derivedData/Build/Products/Debug-watchos/SpringInterpolation.swiftmodule/arm64_32-apple-watchos.abi.json /Users/admin/builder/spi-builder-workspace/.derivedData/Build/Intermediates.noindex/SpringInterpolation.build/Debug-watchos/SpringInterpolation-t.build/Objects-normal/arm64_32/SpringInterpolation.abi.json (in target 'SpringInterpolation' from project 'SpringInterpolation')
    cd /Users/admin/builder/spi-builder-workspace/.dependencies/checkouts/SpringInterpolation
    builtin-copy -exclude .DS_Store -exclude CVS -exclude .svn -exclude .git -exclude .hg -resolve-src-symlinks -rename /Users/admin/builder/spi-builder-workspace/.derivedData/Build/Intermediates.noindex/SpringInterpolation.build/Debug-watchos/SpringInterpolation-t.build/Objects-normal/arm64_32/SpringInterpolation.abi.json /Users/admin/builder/spi-builder-workspace/.derivedData/Build/Products/Debug-watchos/SpringInterpolation.swiftmodule/arm64_32-apple-watchos.abi.json
Copy /Users/admin/builder/spi-builder-workspace/.derivedData/Build/Products/Debug-watchos/SpringInterpolation.swiftmodule/Project/arm64_32-apple-watchos.swiftsourceinfo /Users/admin/builder/spi-builder-workspace/.derivedData/Build/Intermediates.noindex/SpringInterpolation.build/Debug-watchos/SpringInterpolation-t.build/Objects-normal/arm64_32/SpringInterpolation.swiftsourceinfo (in target 'SpringInterpolation' from project 'SpringInterpolation')
    cd /Users/admin/builder/spi-builder-workspace/.dependencies/checkouts/SpringInterpolation
    builtin-copy -exclude .DS_Store -exclude CVS -exclude .svn -exclude .git -exclude .hg -resolve-src-symlinks -rename /Users/admin/builder/spi-builder-workspace/.derivedData/Build/Intermediates.noindex/SpringInterpolation.build/Debug-watchos/SpringInterpolation-t.build/Objects-normal/arm64_32/SpringInterpolation.swiftsourceinfo /Users/admin/builder/spi-builder-workspace/.derivedData/Build/Products/Debug-watchos/SpringInterpolation.swiftmodule/Project/arm64_32-apple-watchos.swiftsourceinfo
SwiftExplicitDependencyGeneratePcm arm64 /Users/admin/builder/spi-builder-workspace/.derivedData/SDKExplicitPrecompiledModules/UniformTypeIdentifiers-47SS6PHE8KOUZX5UOQUNKH397.pcm
SwiftExplicitDependencyGeneratePcm arm64 /Users/admin/builder/spi-builder-workspace/.derivedData/SDKExplicitPrecompiledModules/Symbols-B8SNL2YULCKW9SYIL0T5QLMV.pcm
SwiftDriverJobDiscovery normal arm64 Emitting module for ColorVector (in target 'ColorVector' from project 'ColorVector')
SwiftExplicitDependencyGeneratePcm arm64 /Users/admin/builder/spi-builder-workspace/.derivedData/SDKExplicitPrecompiledModules/Accessibility-DB0V1GY4JDAXG2CZ5MW826DDE.pcm
SwiftDriver\ Compilation\ Requirements ColorVector normal arm64 com.apple.xcode.tools.swift.compiler (in target 'ColorVector' from project 'ColorVector')
    cd /Users/admin/builder/spi-builder-workspace/.swiftpm/xcode
    builtin-Swift-Compilation-Requirements -- /Applications/Xcode-27.0.0-Release.Candidate.app/Contents/Developer/Toolchains/XcodeDefault.xctoolchain/usr/bin/swiftc -parse-as-library -module-name ColorVector -Onone @/Users/admin/builder/spi-builder-workspace/.derivedData/Build/Intermediates.noindex/ColorVector.build/Debug-watchos/ColorVector-t.build/Objects-normal/arm64/ColorVector.SwiftFileList -DSWIFT_PACKAGE -DDEBUG -DSWIFT_MODULE_RESOURCE_BUNDLE_UNAVAILABLE -DXcode -plugin-path /Applications/Xcode-27.0.0-Release.Candidate.app/Contents/Developer/Toolchains/XcodeDefault.xctoolchain/usr/lib/swift/host/plugins/testing -enable-experimental-feature DebugDescriptionMacro -sdk /Applications/Xcode-27.0.0-Release.Candidate.app/Contents/Developer/Platforms/WatchOS.platform/Developer/SDKs/WatchOS27.0.sdk -target arm64-apple-watchos9.0 -g -module-cache-path /Users/admin/builder/spi-builder-workspace/.derivedData/ModuleCache.noindex -Xfrontend -serialize-debugging-options -enable-testing -suppress-warnings -index-store-path /Users/admin/builder/spi-builder-workspace/.derivedData/Index.noindex/DataStore -Xcc -D_LIBCPP_HARDENING_MODE\=_LIBCPP_HARDENING_MODE_DEBUG -swift-version 6 -I /Users/admin/builder/spi-builder-workspace/.derivedData/Build/Products/Debug-watchos -Isystem /Applications/Xcode-27.0.0-Release.Candidate.app/Contents/Developer/Platforms/WatchOS.platform/Developer/usr/lib -F /Users/admin/builder/spi-builder-workspace/.derivedData/Build/Products/Debug-watchos -F /Applications/Xcode-27.0.0-Release.Candidate.app/Contents/Developer/Platforms/WatchOS.platform/Developer/Library/Frameworks -F /Applications/Xcode-27.0.0-Release.Candidate.app/Contents/Developer/Platforms/WatchOS.platform/Developer/SDKs/WatchOS27.0.sdk/Developer/Library/Frameworks -c -j10 -enable-batch-mode -incremental -Xcc -ivfsstatcache -Xcc /Users/admin/builder/spi-builder-workspace/.derivedData/SDKStatCaches.noindex/watchos27.0-24R360-e829b21a6f8c9b70876ba0858053c04477534ef55a1706bf4c1112bbb242f0a2.sdkstatcache -output-file-map /Users/admin/builder/spi-builder-workspace/.derivedData/Build/Intermediates.noindex/ColorVector.build/Debug-watchos/ColorVector-t.build/Objects-normal/arm64/ColorVector-OutputFileMap.json -save-temps -no-color-diagnostics -explicit-module-build -module-cache-path /Users/admin/builder/spi-builder-workspace/.derivedData/Build/Intermediates.noindex/SwiftExplicitPrecompiledModules -clang-scanner-module-cache-path /Users/admin/builder/spi-builder-workspace/.derivedData/ModuleCache.noindex -sdk-module-cache-path /Users/admin/builder/spi-builder-workspace/.derivedData/SDKExplicitPrecompiledModules -emit-dependencies -emit-module -emit-module-path /Users/admin/builder/spi-builder-workspace/.derivedData/Build/Intermediates.noindex/ColorVector.build/Debug-watchos/ColorVector-t.build/Objects-normal/arm64/ColorVector.swiftmodule -serialize-diagnostics -dependency-scan-serialize-diagnostics-path /Users/admin/builder/spi-builder-workspace/.derivedData/Build/Intermediates.noindex/ColorVector.build/Debug-watchos/ColorVector-t.build/Objects-normal/arm64/ColorVector-dependency-scan.dia -user-module-version 1.0.5 -validate-clang-modules-once -clang-build-session-file /Users/admin/builder/spi-builder-workspace/.derivedData/ModuleCache.noindex/Session.modulevalidation -Xcc -fmodules-prune-interval\=86400 -Xcc -fmodules-prune-after\=345600 -package-name colorvector -emit-const-values -const-gather-protocols-list /Users/admin/builder/spi-builder-workspace/.derivedData/Build/Intermediates.noindex/ColorVector.build/Debug-watchos/ColorVector-t.build/Objects-normal/arm64/ColorVector_const_extract_protocols.json -Xcc -I/Users/admin/builder/spi-builder-workspace/.derivedData/Build/Products/Debug-watchos/include -Xcc -I/Users/admin/builder/spi-builder-workspace/.derivedData/Build/Intermediates.noindex/ColorVector.build/Debug-watchos/ColorVector-t.build/DerivedSources-normal/arm64 -Xcc -I/Users/admin/builder/spi-builder-workspace/.derivedData/Build/Intermediates.noindex/ColorVector.build/Debug-watchos/ColorVector-t.build/DerivedSources/arm64 -Xcc -I/Users/admin/builder/spi-builder-workspace/.derivedData/Build/Intermediates.noindex/ColorVector.build/Debug-watchos/ColorVector-t.build/DerivedSources -Xcc -DSWIFT_PACKAGE -Xcc -DDEBUG\=1 -emit-objc-header -emit-objc-header-path /Users/admin/builder/spi-builder-workspace/.derivedData/Build/Intermediates.noindex/ColorVector.build/Debug-watchos/ColorVector-t.build/Objects-normal/arm64/ColorVector-Swift.h -working-directory /Users/admin/builder/spi-builder-workspace/.swiftpm/xcode -experimental-emit-module-separately -disable-cmo
SwiftCompile normal arm64_32 Compiling\ SpringInterpolation2D.swift /Users/admin/builder/spi-builder-workspace/.dependencies/checkouts/SpringInterpolation/Sources/SpringInterpolation/SpringInterpolation2D.swift (in target 'SpringInterpolation' from project 'SpringInterpolation')
SwiftCompile normal arm64_32 /Users/admin/builder/spi-builder-workspace/.dependencies/checkouts/SpringInterpolation/Sources/SpringInterpolation/SpringInterpolation2D.swift (in target 'SpringInterpolation' from project 'SpringInterpolation')
    cd /Users/admin/builder/spi-builder-workspace/.swiftpm/xcode
    builtin-SwiftPerFileCompile SpringInterpolation2D.swift
SwiftMergeGeneratedHeaders /Users/admin/builder/spi-builder-workspace/.derivedData/Build/Intermediates.noindex/GeneratedModuleMaps-watchos/ColorVector-Swift.h /Users/admin/builder/spi-builder-workspace/.derivedData/Build/Intermediates.noindex/ColorVector.build/Debug-watchos/ColorVector-t.build/Objects-normal/arm64/ColorVector-Swift.h /Users/admin/builder/spi-builder-workspace/.derivedData/Build/Intermediates.noindex/ColorVector.build/Debug-watchos/ColorVector-t.build/Objects-normal/arm64_32/ColorVector-Swift.h (in target 'ColorVector' from project 'ColorVector')
    cd /Users/admin/builder/spi-builder-workspace/.dependencies/checkouts/ColorVector
    builtin-swiftHeaderTool -arch arm64 /Users/admin/builder/spi-builder-workspace/.derivedData/Build/Intermediates.noindex/ColorVector.build/Debug-watchos/ColorVector-t.build/Objects-normal/arm64/ColorVector-Swift.h -arch arm64_32 /Users/admin/builder/spi-builder-workspace/.derivedData/Build/Intermediates.noindex/ColorVector.build/Debug-watchos/ColorVector-t.build/Objects-normal/arm64_32/ColorVector-Swift.h -o /Users/admin/builder/spi-builder-workspace/.derivedData/Build/Intermediates.noindex/GeneratedModuleMaps-watchos/ColorVector-Swift.h
Copy /Users/admin/builder/spi-builder-workspace/.derivedData/Build/Products/Debug-watchos/ColorVector.swiftmodule/arm64-apple-watchos.swiftmodule /Users/admin/builder/spi-builder-workspace/.derivedData/Build/Intermediates.noindex/ColorVector.build/Debug-watchos/ColorVector-t.build/Objects-normal/arm64/ColorVector.swiftmodule (in target 'ColorVector' from project 'ColorVector')
    cd /Users/admin/builder/spi-builder-workspace/.dependencies/checkouts/ColorVector
    builtin-copy -exclude .DS_Store -exclude CVS -exclude .svn -exclude .git -exclude .hg -resolve-src-symlinks -rename /Users/admin/builder/spi-builder-workspace/.derivedData/Build/Intermediates.noindex/ColorVector.build/Debug-watchos/ColorVector-t.build/Objects-normal/arm64/ColorVector.swiftmodule /Users/admin/builder/spi-builder-workspace/.derivedData/Build/Products/Debug-watchos/ColorVector.swiftmodule/arm64-apple-watchos.swiftmodule
Copy /Users/admin/builder/spi-builder-workspace/.derivedData/Build/Products/Debug-watchos/ColorVector.swiftmodule/arm64-apple-watchos.swiftdoc /Users/admin/builder/spi-builder-workspace/.derivedData/Build/Intermediates.noindex/ColorVector.build/Debug-watchos/ColorVector-t.build/Objects-normal/arm64/ColorVector.swiftdoc (in target 'ColorVector' from project 'ColorVector')
    cd /Users/admin/builder/spi-builder-workspace/.dependencies/checkouts/ColorVector
    builtin-copy -exclude .DS_Store -exclude CVS -exclude .svn -exclude .git -exclude .hg -resolve-src-symlinks -rename /Users/admin/builder/spi-builder-workspace/.derivedData/Build/Intermediates.noindex/ColorVector.build/Debug-watchos/ColorVector-t.build/Objects-normal/arm64/ColorVector.swiftdoc /Users/admin/builder/spi-builder-workspace/.derivedData/Build/Products/Debug-watchos/ColorVector.swiftmodule/arm64-apple-watchos.swiftdoc
Copy /Users/admin/builder/spi-builder-workspace/.derivedData/Build/Products/Debug-watchos/ColorVector.swiftmodule/arm64-apple-watchos.abi.json /Users/admin/builder/spi-builder-workspace/.derivedData/Build/Intermediates.noindex/ColorVector.build/Debug-watchos/ColorVector-t.build/Objects-normal/arm64/ColorVector.abi.json (in target 'ColorVector' from project 'ColorVector')
    cd /Users/admin/builder/spi-builder-workspace/.dependencies/checkouts/ColorVector
    builtin-copy -exclude .DS_Store -exclude CVS -exclude .svn -exclude .git -exclude .hg -resolve-src-symlinks -rename /Users/admin/builder/spi-builder-workspace/.derivedData/Build/Intermediates.noindex/ColorVector.build/Debug-watchos/ColorVector-t.build/Objects-normal/arm64/ColorVector.abi.json /Users/admin/builder/spi-builder-workspace/.derivedData/Build/Products/Debug-watchos/ColorVector.swiftmodule/arm64-apple-watchos.abi.json
Copy /Users/admin/builder/spi-builder-workspace/.derivedData/Build/Products/Debug-watchos/ColorVector.swiftmodule/Project/arm64-apple-watchos.swiftsourceinfo /Users/admin/builder/spi-builder-workspace/.derivedData/Build/Intermediates.noindex/ColorVector.build/Debug-watchos/ColorVector-t.build/Objects-normal/arm64/ColorVector.swiftsourceinfo (in target 'ColorVector' from project 'ColorVector')
    cd /Users/admin/builder/spi-builder-workspace/.dependencies/checkouts/ColorVector
    builtin-copy -exclude .DS_Store -exclude CVS -exclude .svn -exclude .git -exclude .hg -resolve-src-symlinks -rename /Users/admin/builder/spi-builder-workspace/.derivedData/Build/Intermediates.noindex/ColorVector.build/Debug-watchos/ColorVector-t.build/Objects-normal/arm64/ColorVector.swiftsourceinfo /Users/admin/builder/spi-builder-workspace/.derivedData/Build/Products/Debug-watchos/ColorVector.swiftmodule/Project/arm64-apple-watchos.swiftsourceinfo
SwiftExplicitDependencyGeneratePcm arm64 /Users/admin/builder/spi-builder-workspace/.derivedData/SDKExplicitPrecompiledModules/CoreLocation-B0A9Z3B1UDU8OLBQROLWD03N3.pcm
SwiftExplicitDependencyGeneratePcm arm64_32 /Users/admin/builder/spi-builder-workspace/.derivedData/SDKExplicitPrecompiledModules/CoreMotion-E9C6K7MOTJF3RC93DULCZ130U.pcm
SwiftCompile normal arm64 Compiling\ SpringInterpolation.swift /Users/admin/builder/spi-builder-workspace/.dependencies/checkouts/SpringInterpolation/Sources/SpringInterpolation/SpringInterpolation.swift (in target 'SpringInterpolation' from project 'SpringInterpolation')
SwiftCompile normal arm64 /Users/admin/builder/spi-builder-workspace/.dependencies/checkouts/SpringInterpolation/Sources/SpringInterpolation/SpringInterpolation.swift (in target 'SpringInterpolation' from project 'SpringInterpolation')
    cd /Users/admin/builder/spi-builder-workspace/.swiftpm/xcode
    builtin-SwiftPerFileCompile SpringInterpolation.swift
SwiftCompile normal arm64 Compiling\ SpringInterpolation+Configuration.swift /Users/admin/builder/spi-builder-workspace/.dependencies/checkouts/SpringInterpolation/Sources/SpringInterpolation/SpringInterpolation+Configuration.swift (in target 'SpringInterpolation' from project 'SpringInterpolation')
SwiftCompile normal arm64 /Users/admin/builder/spi-builder-workspace/.dependencies/checkouts/SpringInterpolation/Sources/SpringInterpolation/SpringInterpolation+Configuration.swift (in target 'SpringInterpolation' from project 'SpringInterpolation')
    cd /Users/admin/builder/spi-builder-workspace/.swiftpm/xcode
    builtin-SwiftPerFileCompile SpringInterpolation+Configuration.swift
SwiftCompile normal arm64 Compiling\ SpringInterpolation+Parameters.swift /Users/admin/builder/spi-builder-workspace/.dependencies/checkouts/SpringInterpolation/Sources/SpringInterpolation/SpringInterpolation+Parameters.swift (in target 'SpringInterpolation' from project 'SpringInterpolation')
SwiftCompile normal arm64 /Users/admin/builder/spi-builder-workspace/.dependencies/checkouts/SpringInterpolation/Sources/SpringInterpolation/SpringInterpolation+Parameters.swift (in target 'SpringInterpolation' from project 'SpringInterpolation')
    cd /Users/admin/builder/spi-builder-workspace/.swiftpm/xcode
    builtin-SwiftPerFileCompile SpringInterpolation+Parameters.swift
SwiftExplicitDependencyGeneratePcm arm64 /Users/admin/builder/spi-builder-workspace/.derivedData/SDKExplicitPrecompiledModules/SwiftUICore-D4BOUT6VJWDXKNATG8P2F95W3.pcm
SwiftCompile normal arm64 Compiling\ SpringInterpolation+AppKit.swift /Users/admin/builder/spi-builder-workspace/.dependencies/checkouts/SpringInterpolation/Sources/SpringInterpolation/SpringInterpolation+AppKit.swift (in target 'SpringInterpolation' from project 'SpringInterpolation')
SwiftCompile normal arm64 /Users/admin/builder/spi-builder-workspace/.dependencies/checkouts/SpringInterpolation/Sources/SpringInterpolation/SpringInterpolation+AppKit.swift (in target 'SpringInterpolation' from project 'SpringInterpolation')
    cd /Users/admin/builder/spi-builder-workspace/.swiftpm/xcode
    builtin-SwiftPerFileCompile SpringInterpolation+AppKit.swift
SwiftCompile normal arm64_32 Compiling\ SpringInterpolation+AppKit.swift /Users/admin/builder/spi-builder-workspace/.dependencies/checkouts/SpringInterpolation/Sources/SpringInterpolation/SpringInterpolation+AppKit.swift (in target 'SpringInterpolation' from project 'SpringInterpolation')
SwiftCompile normal arm64_32 /Users/admin/builder/spi-builder-workspace/.dependencies/checkouts/SpringInterpolation/Sources/SpringInterpolation/SpringInterpolation+AppKit.swift (in target 'SpringInterpolation' from project 'SpringInterpolation')
    cd /Users/admin/builder/spi-builder-workspace/.swiftpm/xcode
    builtin-SwiftPerFileCompile SpringInterpolation+AppKit.swift
SwiftExplicitDependencyGeneratePcm arm64 /Users/admin/builder/spi-builder-workspace/.derivedData/SDKExplicitPrecompiledModules/CoreMotion-70RNUQRT1QM2F8WR42WPP4KQV.pcm
SwiftExplicitDependencyGeneratePcm arm64_32 /Users/admin/builder/spi-builder-workspace/.derivedData/SDKExplicitPrecompiledModules/UIKit-BGAQE5HOOTG6M9C46O1HHPCDR.pcm
SwiftCompile normal arm64 Compiling\ SpringInterpolation2D.swift /Users/admin/builder/spi-builder-workspace/.dependencies/checkouts/SpringInterpolation/Sources/SpringInterpolation/SpringInterpolation2D.swift (in target 'SpringInterpolation' from project 'SpringInterpolation')
SwiftCompile normal arm64 /Users/admin/builder/spi-builder-workspace/.dependencies/checkouts/SpringInterpolation/Sources/SpringInterpolation/SpringInterpolation2D.swift (in target 'SpringInterpolation' from project 'SpringInterpolation')
    cd /Users/admin/builder/spi-builder-workspace/.swiftpm/xcode
    builtin-SwiftPerFileCompile SpringInterpolation2D.swift
SwiftExplicitDependencyGeneratePcm arm64 /Users/admin/builder/spi-builder-workspace/.derivedData/SDKExplicitPrecompiledModules/UIKit-2XWL6VFNA7WRWSTXI42YLU909.pcm
SwiftDriverJobDiscovery normal arm64 Compiling SpringInterpolation+AppKit.swift (in target 'SpringInterpolation' from project 'SpringInterpolation')
SwiftCompile normal arm64_32 Compiling\ SpringInterpolation+Parameters.swift /Users/admin/builder/spi-builder-workspace/.dependencies/checkouts/SpringInterpolation/Sources/SpringInterpolation/SpringInterpolation+Parameters.swift (in target 'SpringInterpolation' from project 'SpringInterpolation')
SwiftCompile normal arm64_32 /Users/admin/builder/spi-builder-workspace/.dependencies/checkouts/SpringInterpolation/Sources/SpringInterpolation/SpringInterpolation+Parameters.swift (in target 'SpringInterpolation' from project 'SpringInterpolation')
    cd /Users/admin/builder/spi-builder-workspace/.swiftpm/xcode
    builtin-SwiftPerFileCompile SpringInterpolation+Parameters.swift
SwiftDriverJobDiscovery normal arm64_32 Compiling SpringInterpolation+AppKit.swift (in target 'SpringInterpolation' from project 'SpringInterpolation')
SwiftCompile normal arm64_32 Compiling\ SpringInterpolation+Configuration.swift /Users/admin/builder/spi-builder-workspace/.dependencies/checkouts/SpringInterpolation/Sources/SpringInterpolation/SpringInterpolation+Configuration.swift (in target 'SpringInterpolation' from project 'SpringInterpolation')
SwiftCompile normal arm64_32 /Users/admin/builder/spi-builder-workspace/.dependencies/checkouts/SpringInterpolation/Sources/SpringInterpolation/SpringInterpolation+Configuration.swift (in target 'SpringInterpolation' from project 'SpringInterpolation')
    cd /Users/admin/builder/spi-builder-workspace/.swiftpm/xcode
    builtin-SwiftPerFileCompile SpringInterpolation+Configuration.swift
SwiftExplicitDependencyGeneratePcm arm64_32 /Users/admin/builder/spi-builder-workspace/.derivedData/SDKExplicitPrecompiledModules/HomeKit-DXH34ZWEY4P4FEELCOH3LXVCR.pcm
SwiftExplicitDependencyGeneratePcm arm64 /Users/admin/builder/spi-builder-workspace/.derivedData/SDKExplicitPrecompiledModules/HomeKit-2JD3RMVTK0MFX7K570KHTLBBH.pcm
SwiftDriverJobDiscovery normal arm64 Compiling SpringInterpolation+Parameters.swift (in target 'SpringInterpolation' from project 'SpringInterpolation')
SwiftExplicitDependencyGeneratePcm arm64 /Users/admin/builder/spi-builder-workspace/.derivedData/SDKExplicitPrecompiledModules/MapKit-5U4CPBNVICOGB0BBK9BC7P4E9.pcm
SwiftExplicitDependencyGeneratePcm arm64_32 /Users/admin/builder/spi-builder-workspace/.derivedData/SDKExplicitPrecompiledModules/MapKit-3RCPMYWFYVKLOR1JJH1M1L7O6.pcm
SwiftDriverJobDiscovery normal arm64 Compiling SpringInterpolation+Context.swift (in target 'SpringInterpolation' from project 'SpringInterpolation')
SwiftCompile normal arm64_32 Compiling\ SpringInterpolation+Context.swift /Users/admin/builder/spi-builder-workspace/.dependencies/checkouts/SpringInterpolation/Sources/SpringInterpolation/SpringInterpolation+Context.swift (in target 'SpringInterpolation' from project 'SpringInterpolation')
SwiftCompile normal arm64_32 /Users/admin/builder/spi-builder-workspace/.dependencies/checkouts/SpringInterpolation/Sources/SpringInterpolation/SpringInterpolation+Context.swift (in target 'SpringInterpolation' from project 'SpringInterpolation')
    cd /Users/admin/builder/spi-builder-workspace/.swiftpm/xcode
    builtin-SwiftPerFileCompile SpringInterpolation+Context.swift
SwiftCompile normal arm64_32 Compiling\ ColorVector+XYZ.swift /Users/admin/builder/spi-builder-workspace/.dependencies/checkouts/ColorVector/Sources/ColorVector/ColorVector+XYZ.swift (in target 'ColorVector' from project 'ColorVector')
SwiftCompile normal arm64_32 /Users/admin/builder/spi-builder-workspace/.dependencies/checkouts/ColorVector/Sources/ColorVector/ColorVector+XYZ.swift (in target 'ColorVector' from project 'ColorVector')
    cd /Users/admin/builder/spi-builder-workspace/.swiftpm/xcode
    builtin-SwiftPerFileCompile ColorVector+XYZ.swift
SwiftCompile normal arm64_32 Compiling\ ColorVector+LCH.swift /Users/admin/builder/spi-builder-workspace/.dependencies/checkouts/ColorVector/Sources/ColorVector/ColorVector+LCH.swift (in target 'ColorVector' from project 'ColorVector')
SwiftCompile normal arm64_32 /Users/admin/builder/spi-builder-workspace/.dependencies/checkouts/ColorVector/Sources/ColorVector/ColorVector+LCH.swift (in target 'ColorVector' from project 'ColorVector')
    cd /Users/admin/builder/spi-builder-workspace/.swiftpm/xcode
    builtin-SwiftPerFileCompile ColorVector+LCH.swift
SwiftDriverJobDiscovery normal arm64_32 Compiling SpringInterpolation+Parameters.swift (in target 'SpringInterpolation' from project 'SpringInterpolation')
SwiftDriverJobDiscovery normal arm64 Compiling SpringInterpolation.swift (in target 'SpringInterpolation' from project 'SpringInterpolation')
SwiftCompile normal arm64_32 Compiling\ ColorConversion+LAB_LCH.swift,\ ColorConversion+LAB_XYZ.swift /Users/admin/builder/spi-builder-workspace/.dependencies/checkouts/ColorVector/Sources/ColorVector/ColorConversion/ColorConversion+LAB_LCH.swift /Users/admin/builder/spi-builder-workspace/.dependencies/checkouts/ColorVector/Sources/ColorVector/ColorConversion/ColorConversion+LAB_XYZ.swift (in target 'ColorVector' from project 'ColorVector')
SwiftCompile normal arm64_32 /Users/admin/builder/spi-builder-workspace/.dependencies/checkouts/ColorVector/Sources/ColorVector/ColorConversion/ColorConversion+LAB_LCH.swift (in target 'ColorVector' from project 'ColorVector')
    cd /Users/admin/builder/spi-builder-workspace/.swiftpm/xcode
    builtin-SwiftPerFileCompile ColorConversion+LAB_LCH.swift
SwiftCompile normal arm64_32 /Users/admin/builder/spi-builder-workspace/.dependencies/checkouts/ColorVector/Sources/ColorVector/ColorConversion/ColorConversion+LAB_XYZ.swift (in target 'ColorVector' from project 'ColorVector')
    cd /Users/admin/builder/spi-builder-workspace/.swiftpm/xcode
    builtin-SwiftPerFileCompile ColorConversion+LAB_XYZ.swift
SwiftDriverJobDiscovery normal arm64_32 Compiling SpringInterpolation.swift (in target 'SpringInterpolation' from project 'SpringInterpolation')
SwiftDriverJobDiscovery normal arm64 Compiling SpringInterpolation2D.swift (in target 'SpringInterpolation' from project 'SpringInterpolation')
SwiftCompile normal arm64 Compiling\ ColorConversion+LAB_LCH.swift,\ ColorConversion+LAB_XYZ.swift /Users/admin/builder/spi-builder-workspace/.dependencies/checkouts/ColorVector/Sources/ColorVector/ColorConversion/ColorConversion+LAB_LCH.swift /Users/admin/builder/spi-builder-workspace/.dependencies/checkouts/ColorVector/Sources/ColorVector/ColorConversion/ColorConversion+LAB_XYZ.swift (in target 'ColorVector' from project 'ColorVector')
SwiftCompile normal arm64 /Users/admin/builder/spi-builder-workspace/.dependencies/checkouts/ColorVector/Sources/ColorVector/ColorConversion/ColorConversion+LAB_LCH.swift (in target 'ColorVector' from project 'ColorVector')
    cd /Users/admin/builder/spi-builder-workspace/.swiftpm/xcode
    builtin-SwiftPerFileCompile ColorConversion+LAB_LCH.swift
SwiftCompile normal arm64 /Users/admin/builder/spi-builder-workspace/.dependencies/checkouts/ColorVector/Sources/ColorVector/ColorConversion/ColorConversion+LAB_XYZ.swift (in target 'ColorVector' from project 'ColorVector')
    cd /Users/admin/builder/spi-builder-workspace/.swiftpm/xcode
    builtin-SwiftPerFileCompile ColorConversion+LAB_XYZ.swift
SwiftDriverJobDiscovery normal arm64 Compiling SpringInterpolation+Configuration.swift (in target 'SpringInterpolation' from project 'SpringInterpolation')
SwiftDriverJobDiscovery normal arm64_32 Compiling SpringInterpolation2D.swift (in target 'SpringInterpolation' from project 'SpringInterpolation')
SwiftDriver\ Compilation SpringInterpolation normal arm64 com.apple.xcode.tools.swift.compiler (in target 'SpringInterpolation' from project 'SpringInterpolation')
    cd /Users/admin/builder/spi-builder-workspace/.swiftpm/xcode
    builtin-Swift-Compilation -- /Applications/Xcode-27.0.0-Release.Candidate.app/Contents/Developer/Toolchains/XcodeDefault.xctoolchain/usr/bin/swiftc -parse-as-library -module-name SpringInterpolation -Onone @/Users/admin/builder/spi-builder-workspace/.derivedData/Build/Intermediates.noindex/SpringInterpolation.build/Debug-watchos/SpringInterpolation-t.build/Objects-normal/arm64/SpringInterpolation.SwiftFileList -DSWIFT_PACKAGE -DDEBUG -DSWIFT_MODULE_RESOURCE_BUNDLE_UNAVAILABLE -DXcode -plugin-path /Applications/Xcode-27.0.0-Release.Candidate.app/Contents/Developer/Toolchains/XcodeDefault.xctoolchain/usr/lib/swift/host/plugins/testing -enable-experimental-feature DebugDescriptionMacro -sdk /Applications/Xcode-27.0.0-Release.Candidate.app/Contents/Developer/Platforms/WatchOS.platform/Developer/SDKs/WatchOS27.0.sdk -target arm64-apple-watchos9.0 -g -module-cache-path /Users/admin/builder/spi-builder-workspace/.derivedData/ModuleCache.noindex -Xfrontend -serialize-debugging-options -enable-testing -suppress-warnings -index-store-path /Users/admin/builder/spi-builder-workspace/.derivedData/Index.noindex/DataStore -Xcc -D_LIBCPP_HARDENING_MODE\=_LIBCPP_HARDENING_MODE_DEBUG -swift-version 5 -I /Users/admin/builder/spi-builder-workspace/.derivedData/Build/Products/Debug-watchos -Isystem /Applications/Xcode-27.0.0-Release.Candidate.app/Contents/Developer/Platforms/WatchOS.platform/Developer/usr/lib -F /Users/admin/builder/spi-builder-workspace/.derivedData/Build/Products/Debug-watchos -F /Applications/Xcode-27.0.0-Release.Candidate.app/Contents/Developer/Platforms/WatchOS.platform/Developer/Library/Frameworks -F /Applications/Xcode-27.0.0-Release.Candidate.app/Contents/Developer/Platforms/WatchOS.platform/Developer/SDKs/WatchOS27.0.sdk/Developer/Library/Frameworks -c -j10 -enable-batch-mode -incremental -Xcc -ivfsstatcache -Xcc /Users/admin/builder/spi-builder-workspace/.derivedData/SDKStatCaches.noindex/watchos27.0-24R360-e829b21a6f8c9b70876ba0858053c04477534ef55a1706bf4c1112bbb242f0a2.sdkstatcache -output-file-map /Users/admin/builder/spi-builder-workspace/.derivedData/Build/Intermediates.noindex/SpringInterpolation.build/Debug-watchos/SpringInterpolation-t.build/Objects-normal/arm64/SpringInterpolation-OutputFileMap.json -save-temps -no-color-diagnostics -explicit-module-build -module-cache-path /Users/admin/builder/spi-builder-workspace/.derivedData/Build/Intermediates.noindex/SwiftExplicitPrecompiledModules -clang-scanner-module-cache-path /Users/admin/builder/spi-builder-workspace/.derivedData/ModuleCache.noindex -sdk-module-cache-path /Users/admin/builder/spi-builder-workspace/.derivedData/SDKExplicitPrecompiledModules -emit-dependencies -emit-module -emit-module-path /Users/admin/builder/spi-builder-workspace/.derivedData/Build/Intermediates.noindex/SpringInterpolation.build/Debug-watchos/SpringInterpolation-t.build/Objects-normal/arm64/SpringInterpolation.swiftmodule -serialize-diagnostics -dependency-scan-serialize-diagnostics-path /Users/admin/builder/spi-builder-workspace/.derivedData/Build/Intermediates.noindex/SpringInterpolation.build/Debug-watchos/SpringInterpolation-t.build/Objects-normal/arm64/SpringInterpolation-dependency-scan.dia -validate-clang-modules-once -clang-build-session-file /Users/admin/builder/spi-builder-workspace/.derivedData/ModuleCache.noindex/Session.modulevalidation -Xcc -fmodules-prune-interval\=86400 -Xcc -fmodules-prune-after\=345600 -package-name springinterpolation -emit-const-values -const-gather-protocols-list /Users/admin/builder/spi-builder-workspace/.derivedData/Build/Intermediates.noindex/SpringInterpolation.build/Debug-watchos/SpringInterpolation-t.build/Objects-normal/arm64/SpringInterpolation_const_extract_protocols.json -Xcc -I/Users/admin/builder/spi-builder-workspace/.derivedData/Build/Products/Debug-watchos/include -Xcc -I/Users/admin/builder/spi-builder-workspace/.derivedData/Build/Intermediates.noindex/SpringInterpolation.build/Debug-watchos/SpringInterpolation-t.build/DerivedSources-normal/arm64 -Xcc -I/Users/admin/builder/spi-builder-workspace/.derivedData/Build/Intermediates.noindex/SpringInterpolation.build/Debug-watchos/SpringInterpolation-t.build/DerivedSources/arm64 -Xcc -I/Users/admin/builder/spi-builder-workspace/.derivedData/Build/Intermediates.noindex/SpringInterpolation.build/Debug-watchos/SpringInterpolation-t.build/DerivedSources -Xcc -DSWIFT_PACKAGE -Xcc -DDEBUG\=1 -emit-objc-header -emit-objc-header-path /Users/admin/builder/spi-builder-workspace/.derivedData/Build/Intermediates.noindex/SpringInterpolation.build/Debug-watchos/SpringInterpolation-t.build/Objects-normal/arm64/SpringInterpolation-Swift.h -working-directory /Users/admin/builder/spi-builder-workspace/.swiftpm/xcode -experimental-emit-module-separately -disable-cmo
SwiftDriverJobDiscovery normal arm64_32 Compiling SpringInterpolation+Configuration.swift (in target 'SpringInterpolation' from project 'SpringInterpolation')
SwiftCompile normal arm64_32 Compiling\ ColorConversion+XYZ_RGB.swift /Users/admin/builder/spi-builder-workspace/.dependencies/checkouts/ColorVector/Sources/ColorVector/ColorConversion/ColorConversion+XYZ_RGB.swift (in target 'ColorVector' from project 'ColorVector')
SwiftCompile normal arm64_32 /Users/admin/builder/spi-builder-workspace/.dependencies/checkouts/ColorVector/Sources/ColorVector/ColorConversion/ColorConversion+XYZ_RGB.swift (in target 'ColorVector' from project 'ColorVector')
    cd /Users/admin/builder/spi-builder-workspace/.swiftpm/xcode
    builtin-SwiftPerFileCompile ColorConversion+XYZ_RGB.swift
SwiftCompile normal arm64 Compiling\ ColorConversion+XYZ_LAB.swift /Users/admin/builder/spi-builder-workspace/.dependencies/checkouts/ColorVector/Sources/ColorVector/ColorConversion/ColorConversion+XYZ_LAB.swift (in target 'ColorVector' from project 'ColorVector')
SwiftCompile normal arm64 /Users/admin/builder/spi-builder-workspace/.dependencies/checkouts/ColorVector/Sources/ColorVector/ColorConversion/ColorConversion+XYZ_LAB.swift (in target 'ColorVector' from project 'ColorVector')
    cd /Users/admin/builder/spi-builder-workspace/.swiftpm/xcode
    builtin-SwiftPerFileCompile ColorConversion+XYZ_LAB.swift
SwiftCompile normal arm64_32 Compiling\ ColorConversion.swift /Users/admin/builder/spi-builder-workspace/.dependencies/checkouts/ColorVector/Sources/ColorVector/ColorConversion/ColorConversion.swift (in target 'ColorVector' from project 'ColorVector')
SwiftCompile normal arm64_32 /Users/admin/builder/spi-builder-workspace/.dependencies/checkouts/ColorVector/Sources/ColorVector/ColorConversion/ColorConversion.swift (in target 'ColorVector' from project 'ColorVector')
    cd /Users/admin/builder/spi-builder-workspace/.swiftpm/xcode
    builtin-SwiftPerFileCompile ColorConversion.swift
SwiftExplicitDependencyGeneratePcm arm64_32 /Users/admin/builder/spi-builder-workspace/.derivedData/SDKExplicitPrecompiledModules/WatchKit-7IATJTA58S6OFDEYHG9JSLLDQ.pcm
SwiftExplicitDependencyGeneratePcm arm64 /Users/admin/builder/spi-builder-workspace/.derivedData/SDKExplicitPrecompiledModules/WatchKit-22L6Z003SE8XPQ9JS14K57C9N.pcm
SwiftDriverJobDiscovery normal arm64_32 Compiling SpringInterpolation+Context.swift (in target 'SpringInterpolation' from project 'SpringInterpolation')
SwiftDriver\ Compilation SpringInterpolation normal arm64_32 com.apple.xcode.tools.swift.compiler (in target 'SpringInterpolation' from project 'SpringInterpolation')
    cd /Users/admin/builder/spi-builder-workspace/.swiftpm/xcode
    builtin-Swift-Compilation -- /Applications/Xcode-27.0.0-Release.Candidate.app/Contents/Developer/Toolchains/XcodeDefault.xctoolchain/usr/bin/swiftc -parse-as-library -module-name SpringInterpolation -Onone @/Users/admin/builder/spi-builder-workspace/.derivedData/Build/Intermediates.noindex/SpringInterpolation.build/Debug-watchos/SpringInterpolation-t.build/Objects-normal/arm64_32/SpringInterpolation.SwiftFileList -DSWIFT_PACKAGE -DDEBUG -DSWIFT_MODULE_RESOURCE_BUNDLE_UNAVAILABLE -DXcode -plugin-path /Applications/Xcode-27.0.0-Release.Candidate.app/Contents/Developer/Toolchains/XcodeDefault.xctoolchain/usr/lib/swift/host/plugins/testing -enable-experimental-feature DebugDescriptionMacro -sdk /Applications/Xcode-27.0.0-Release.Candidate.app/Contents/Developer/Platforms/WatchOS.platform/Developer/SDKs/WatchOS27.0.sdk -target arm64_32-apple-watchos9.0 -g -module-cache-path /Users/admin/builder/spi-builder-workspace/.derivedData/ModuleCache.noindex -Xfrontend -serialize-debugging-options -enable-testing -suppress-warnings -index-store-path /Users/admin/builder/spi-builder-workspace/.derivedData/Index.noindex/DataStore -Xcc -D_LIBCPP_HARDENING_MODE\=_LIBCPP_HARDENING_MODE_DEBUG -swift-version 5 -I /Users/admin/builder/spi-builder-workspace/.derivedData/Build/Products/Debug-watchos -Isystem /Applications/Xcode-27.0.0-Release.Candidate.app/Contents/Developer/Platforms/WatchOS.platform/Developer/usr/lib -F /Users/admin/builder/spi-builder-workspace/.derivedData/Build/Products/Debug-watchos -F /Applications/Xcode-27.0.0-Release.Candidate.app/Contents/Developer/Platforms/WatchOS.platform/Developer/Library/Frameworks -F /Applications/Xcode-27.0.0-Release.Candidate.app/Contents/Developer/Platforms/WatchOS.platform/Developer/SDKs/WatchOS27.0.sdk/Developer/Library/Frameworks -c -j10 -enable-batch-mode -incremental -Xcc -ivfsstatcache -Xcc /Users/admin/builder/spi-builder-workspace/.derivedData/SDKStatCaches.noindex/watchos27.0-24R360-e829b21a6f8c9b70876ba0858053c04477534ef55a1706bf4c1112bbb242f0a2.sdkstatcache -output-file-map /Users/admin/builder/spi-builder-workspace/.derivedData/Build/Intermediates.noindex/SpringInterpolation.build/Debug-watchos/SpringInterpolation-t.build/Objects-normal/arm64_32/SpringInterpolation-OutputFileMap.json -save-temps -no-color-diagnostics -explicit-module-build -module-cache-path /Users/admin/builder/spi-builder-workspace/.derivedData/Build/Intermediates.noindex/SwiftExplicitPrecompiledModules -clang-scanner-module-cache-path /Users/admin/builder/spi-builder-workspace/.derivedData/ModuleCache.noindex -sdk-module-cache-path /Users/admin/builder/spi-builder-workspace/.derivedData/SDKExplicitPrecompiledModules -emit-dependencies -emit-module -emit-module-path /Users/admin/builder/spi-builder-workspace/.derivedData/Build/Intermediates.noindex/SpringInterpolation.build/Debug-watchos/SpringInterpolation-t.build/Objects-normal/arm64_32/SpringInterpolation.swiftmodule -serialize-diagnostics -dependency-scan-serialize-diagnostics-path /Users/admin/builder/spi-builder-workspace/.derivedData/Build/Intermediates.noindex/SpringInterpolation.build/Debug-watchos/SpringInterpolation-t.build/Objects-normal/arm64_32/SpringInterpolation-dependency-scan.dia -validate-clang-modules-once -clang-build-session-file /Users/admin/builder/spi-builder-workspace/.derivedData/ModuleCache.noindex/Session.modulevalidation -Xcc -fmodules-prune-interval\=86400 -Xcc -fmodules-prune-after\=345600 -package-name springinterpolation -emit-const-values -const-gather-protocols-list /Users/admin/builder/spi-builder-workspace/.derivedData/Build/Intermediates.noindex/SpringInterpolation.build/Debug-watchos/SpringInterpolation-t.build/Objects-normal/arm64_32/SpringInterpolation_const_extract_protocols.json -Xcc -I/Users/admin/builder/spi-builder-workspace/.derivedData/Build/Products/Debug-watchos/include -Xcc -I/Users/admin/builder/spi-builder-workspace/.derivedData/Build/Intermediates.noindex/SpringInterpolation.build/Debug-watchos/SpringInterpolation-t.build/DerivedSources-normal/arm64_32 -Xcc -I/Users/admin/builder/spi-builder-workspace/.derivedData/Build/Intermediates.noindex/SpringInterpolation.build/Debug-watchos/SpringInterpolation-t.build/DerivedSources/arm64_32 -Xcc -I/Users/admin/builder/spi-builder-workspace/.derivedData/Build/Intermediates.noindex/SpringInterpolation.build/Debug-watchos/SpringInterpolation-t.build/DerivedSources -Xcc -DSWIFT_PACKAGE -Xcc -DDEBUG\=1 -emit-objc-header -emit-objc-header-path /Users/admin/builder/spi-builder-workspace/.derivedData/Build/Intermediates.noindex/SpringInterpolation.build/Debug-watchos/SpringInterpolation-t.build/Objects-normal/arm64_32/SpringInterpolation-Swift.h -working-directory /Users/admin/builder/spi-builder-workspace/.swiftpm/xcode -experimental-emit-module-separately -disable-cmo
SwiftCompile normal arm64_32 Compiling\ ColorConversion+LCH_LAB.swift,\ ColorConversion+RGB_XYZ.swift /Users/admin/builder/spi-builder-workspace/.dependencies/checkouts/ColorVector/Sources/ColorVector/ColorConversion/ColorConversion+LCH_LAB.swift /Users/admin/builder/spi-builder-workspace/.dependencies/checkouts/ColorVector/Sources/ColorVector/ColorConversion/ColorConversion+RGB_XYZ.swift (in target 'ColorVector' from project 'ColorVector')
SwiftCompile normal arm64_32 /Users/admin/builder/spi-builder-workspace/.dependencies/checkouts/ColorVector/Sources/ColorVector/ColorConversion/ColorConversion+LCH_LAB.swift (in target 'ColorVector' from project 'ColorVector')
    cd /Users/admin/builder/spi-builder-workspace/.swiftpm/xcode
    builtin-SwiftPerFileCompile ColorConversion+LCH_LAB.swift
SwiftCompile normal arm64_32 /Users/admin/builder/spi-builder-workspace/.dependencies/checkouts/ColorVector/Sources/ColorVector/ColorConversion/ColorConversion+RGB_XYZ.swift (in target 'ColorVector' from project 'ColorVector')
    cd /Users/admin/builder/spi-builder-workspace/.swiftpm/xcode
    builtin-SwiftPerFileCompile ColorConversion+RGB_XYZ.swift
SwiftCompile normal arm64 Compiling\ ColorVector+RGB.swift /Users/admin/builder/spi-builder-workspace/.dependencies/checkouts/ColorVector/Sources/ColorVector/ColorVector+RGB.swift (in target 'ColorVector' from project 'ColorVector')
SwiftCompile normal arm64 /Users/admin/builder/spi-builder-workspace/.dependencies/checkouts/ColorVector/Sources/ColorVector/ColorVector+RGB.swift (in target 'ColorVector' from project 'ColorVector')
    cd /Users/admin/builder/spi-builder-workspace/.swiftpm/xcode
    builtin-SwiftPerFileCompile ColorVector+RGB.swift
SwiftDriverJobDiscovery normal arm64_32 Compiling ColorVector+XYZ.swift (in target 'ColorVector' from project 'ColorVector')
SwiftCompile normal arm64_32 Compiling\ ColorVector.swift /Users/admin/builder/spi-builder-workspace/.dependencies/checkouts/ColorVector/Sources/ColorVector/ColorVector.swift (in target 'ColorVector' from project 'ColorVector')
SwiftCompile normal arm64_32 /Users/admin/builder/spi-builder-workspace/.dependencies/checkouts/ColorVector/Sources/ColorVector/ColorVector.swift (in target 'ColorVector' from project 'ColorVector')
    cd /Users/admin/builder/spi-builder-workspace/.swiftpm/xcode
    builtin-SwiftPerFileCompile ColorVector.swift
SwiftDriverJobDiscovery normal arm64_32 Compiling ColorVector+LCH.swift (in target 'ColorVector' from project 'ColorVector')
SwiftCompile normal arm64 Compiling\ ColorVector+LAB.swift /Users/admin/builder/spi-builder-workspace/.dependencies/checkouts/ColorVector/Sources/ColorVector/ColorVector+LAB.swift (in target 'ColorVector' from project 'ColorVector')
SwiftCompile normal arm64 /Users/admin/builder/spi-builder-workspace/.dependencies/checkouts/ColorVector/Sources/ColorVector/ColorVector+LAB.swift (in target 'ColorVector' from project 'ColorVector')
    cd /Users/admin/builder/spi-builder-workspace/.swiftpm/xcode
    builtin-SwiftPerFileCompile ColorVector+LAB.swift
SwiftDriverJobDiscovery normal arm64_32 Compiling ColorConversion+LAB_LCH.swift, ColorConversion+LAB_XYZ.swift (in target 'ColorVector' from project 'ColorVector')
SwiftCompile normal arm64 Compiling\ ColorVector.swift /Users/admin/builder/spi-builder-workspace/.dependencies/checkouts/ColorVector/Sources/ColorVector/ColorVector.swift (in target 'ColorVector' from project 'ColorVector')
SwiftCompile normal arm64 /Users/admin/builder/spi-builder-workspace/.dependencies/checkouts/ColorVector/Sources/ColorVector/ColorVector.swift (in target 'ColorVector' from project 'ColorVector')
    cd /Users/admin/builder/spi-builder-workspace/.swiftpm/xcode
    builtin-SwiftPerFileCompile ColorVector.swift
SwiftDriverJobDiscovery normal arm64_32 Compiling ColorConversion+XYZ_RGB.swift (in target 'ColorVector' from project 'ColorVector')
SwiftCompile normal arm64_32 Compiling\ ColorVector+LAB.swift /Users/admin/builder/spi-builder-workspace/.dependencies/checkouts/ColorVector/Sources/ColorVector/ColorVector+LAB.swift (in target 'ColorVector' from project 'ColorVector')
SwiftCompile normal arm64_32 /Users/admin/builder/spi-builder-workspace/.dependencies/checkouts/ColorVector/Sources/ColorVector/ColorVector+LAB.swift (in target 'ColorVector' from project 'ColorVector')
    cd /Users/admin/builder/spi-builder-workspace/.swiftpm/xcode
    builtin-SwiftPerFileCompile ColorVector+LAB.swift
SwiftDriverJobDiscovery normal arm64 Compiling ColorConversion+LAB_LCH.swift, ColorConversion+LAB_XYZ.swift (in target 'ColorVector' from project 'ColorVector')
SwiftCompile normal arm64 Compiling\ ColorVector+LCH.swift /Users/admin/builder/spi-builder-workspace/.dependencies/checkouts/ColorVector/Sources/ColorVector/ColorVector+LCH.swift (in target 'ColorVector' from project 'ColorVector')
SwiftCompile normal arm64 /Users/admin/builder/spi-builder-workspace/.dependencies/checkouts/ColorVector/Sources/ColorVector/ColorVector+LCH.swift (in target 'ColorVector' from project 'ColorVector')
    cd /Users/admin/builder/spi-builder-workspace/.swiftpm/xcode
    builtin-SwiftPerFileCompile ColorVector+LCH.swift
SwiftDriverJobDiscovery normal arm64 Compiling ColorConversion+XYZ_LAB.swift (in target 'ColorVector' from project 'ColorVector')
SwiftCompile normal arm64_32 Compiling\ ColorConversion+XYZ_LAB.swift /Users/admin/builder/spi-builder-workspace/.dependencies/checkouts/ColorVector/Sources/ColorVector/ColorConversion/ColorConversion+XYZ_LAB.swift (in target 'ColorVector' from project 'ColorVector')
SwiftCompile normal arm64_32 /Users/admin/builder/spi-builder-workspace/.dependencies/checkouts/ColorVector/Sources/ColorVector/ColorConversion/ColorConversion+XYZ_LAB.swift (in target 'ColorVector' from project 'ColorVector')
    cd /Users/admin/builder/spi-builder-workspace/.swiftpm/xcode
    builtin-SwiftPerFileCompile ColorConversion+XYZ_LAB.swift
SwiftExplicitDependencyGeneratePcm arm64_32 /Users/admin/builder/spi-builder-workspace/.derivedData/SDKExplicitPrecompiledModules/SwiftUI-6DR5UJH94SD7QMITGWNAX9FBI.pcm
SwiftExplicitDependencyGeneratePcm arm64 /Users/admin/builder/spi-builder-workspace/.derivedData/SDKExplicitPrecompiledModules/SwiftUI-E6XJI4PF1Q2HPTXKL91GWARU6.pcm
SwiftDriverJobDiscovery normal arm64 Compiling ColorVector+RGB.swift (in target 'ColorVector' from project 'ColorVector')
SwiftCompile normal arm64 Compiling\ ColorVector+XYZ.swift /Users/admin/builder/spi-builder-workspace/.dependencies/checkouts/ColorVector/Sources/ColorVector/ColorVector+XYZ.swift (in target 'ColorVector' from project 'ColorVector')
SwiftCompile normal arm64 /Users/admin/builder/spi-builder-workspace/.dependencies/checkouts/ColorVector/Sources/ColorVector/ColorVector+XYZ.swift (in target 'ColorVector' from project 'ColorVector')
    cd /Users/admin/builder/spi-builder-workspace/.swiftpm/xcode
    builtin-SwiftPerFileCompile ColorVector+XYZ.swift
SwiftDriverJobDiscovery normal arm64 Compiling ColorVector+LAB.swift (in target 'ColorVector' from project 'ColorVector')
SwiftCompile normal arm64 Compiling\ ColorConversion.swift /Users/admin/builder/spi-builder-workspace/.dependencies/checkouts/ColorVector/Sources/ColorVector/ColorConversion/ColorConversion.swift (in target 'ColorVector' from project 'ColorVector')
SwiftCompile normal arm64 /Users/admin/builder/spi-builder-workspace/.dependencies/checkouts/ColorVector/Sources/ColorVector/ColorConversion/ColorConversion.swift (in target 'ColorVector' from project 'ColorVector')
    cd /Users/admin/builder/spi-builder-workspace/.swiftpm/xcode
    builtin-SwiftPerFileCompile ColorConversion.swift
SwiftDriverJobDiscovery normal arm64_32 Compiling ColorVector+LAB.swift (in target 'ColorVector' from project 'ColorVector')
SwiftCompile normal arm64_32 Compiling\ ColorVector+RGB.swift /Users/admin/builder/spi-builder-workspace/.dependencies/checkouts/ColorVector/Sources/ColorVector/ColorVector+RGB.swift (in target 'ColorVector' from project 'ColorVector')
SwiftCompile normal arm64_32 /Users/admin/builder/spi-builder-workspace/.dependencies/checkouts/ColorVector/Sources/ColorVector/ColorVector+RGB.swift (in target 'ColorVector' from project 'ColorVector')
    cd /Users/admin/builder/spi-builder-workspace/.swiftpm/xcode
    builtin-SwiftPerFileCompile ColorVector+RGB.swift
SwiftDriverJobDiscovery normal arm64_32 Compiling ColorConversion+LCH_LAB.swift, ColorConversion+RGB_XYZ.swift (in target 'ColorVector' from project 'ColorVector')
SwiftCompile normal arm64 Compiling\ ColorConversion+XYZ_RGB.swift /Users/admin/builder/spi-builder-workspace/.dependencies/checkouts/ColorVector/Sources/ColorVector/ColorConversion/ColorConversion+XYZ_RGB.swift (in target 'ColorVector' from project 'ColorVector')
SwiftCompile normal arm64 /Users/admin/builder/spi-builder-workspace/.dependencies/checkouts/ColorVector/Sources/ColorVector/ColorConversion/ColorConversion+XYZ_RGB.swift (in target 'ColorVector' from project 'ColorVector')
    cd /Users/admin/builder/spi-builder-workspace/.swiftpm/xcode
    builtin-SwiftPerFileCompile ColorConversion+XYZ_RGB.swift
SwiftEmitModule normal arm64_32 Emitting\ module\ for\ MSDisplayLink (in target 'MSDisplayLink' from project 'MSDisplayLink')
/Users/admin/builder/spi-builder-workspace/.dependencies/checkouts/MSDisplayLink/Sources/MSDisplayLink/DisplayLinkDriver+CA.swift:11:34: error: 'CADisplayLink' is unavailable in watchOS
 9 |         nonisolated(unsafe) static let shared = CADisplayLinkDriverHelper()
10 |
11 |         private var displayLink: CADisplayLink?
   |                                  `- error: 'CADisplayLink' is unavailable in watchOS
12 |
13 |         override private init() {
/Applications/Xcode-27.0.0-Release.Candidate.app/Contents/Developer/Platforms/WatchOS.platform/Developer/SDKs/WatchOS27.0.sdk/System/Library/Frameworks/QuartzCore.framework/Headers/CADisplayLink.h:21:12: note: 'CADisplayLink' has been explicitly marked unavailable here
 19 | API_AVAILABLE(macos(14.0))
 20 |
 21 | @interface CADisplayLink : NSObject
    |            `- note: 'CADisplayLink' has been explicitly marked unavailable here
 22 | {
 23 | @private
/Users/admin/builder/spi-builder-workspace/.dependencies/checkouts/MSDisplayLink/Sources/MSDisplayLink/DisplayLinkDriver+CA.swift:70:63: error: 'CADisplayLink' is unavailable in watchOS
68 |         }
69 |
70 |         @objc private func displayLinkCallback(_ displayLink: CADisplayLink) {
   |                                                               `- error: 'CADisplayLink' is unavailable in watchOS
71 |             let context = DisplayLinkCallbackContext(
72 |                 duration: displayLink.duration,
/Applications/Xcode-27.0.0-Release.Candidate.app/Contents/Developer/Platforms/WatchOS.platform/Developer/SDKs/WatchOS27.0.sdk/System/Library/Frameworks/QuartzCore.framework/Headers/CADisplayLink.h:21:12: note: 'CADisplayLink' has been explicitly marked unavailable here
 19 | API_AVAILABLE(macos(14.0))
 20 |
 21 | @interface CADisplayLink : NSObject
    |            `- note: 'CADisplayLink' has been explicitly marked unavailable here
 22 | {
 23 | @private
Failed frontend command:
/Applications/Xcode-27.0.0-Release.Candidate.app/Contents/Developer/Toolchains/XcodeDefault.xctoolchain/usr/bin/swift-frontend -frontend -emit-module -experimental-skip-non-inlinable-function-bodies-without-types /Users/admin/builder/spi-builder-workspace/.dependencies/checkouts/MSDisplayLink/Sources/MSDisplayLink/DisplayLink+SwiftUI.swift /Users/admin/builder/spi-builder-workspace/.dependencies/checkouts/MSDisplayLink/Sources/MSDisplayLink/DisplayLink.swift /Users/admin/builder/spi-builder-workspace/.dependencies/checkouts/MSDisplayLink/Sources/MSDisplayLink/DisplayLinkCallbackContext.swift /Users/admin/builder/spi-builder-workspace/.dependencies/checkouts/MSDisplayLink/Sources/MSDisplayLink/DisplayLinkDriver+CA.swift /Users/admin/builder/spi-builder-workspace/.dependencies/checkouts/MSDisplayLink/Sources/MSDisplayLink/DisplayLinkDriver+CV.swift /Users/admin/builder/spi-builder-workspace/.dependencies/checkouts/MSDisplayLink/Sources/MSDisplayLink/DisplayLinkDriver+Helper.swift /Users/admin/builder/spi-builder-workspace/.dependencies/checkouts/MSDisplayLink/Sources/MSDisplayLink/DisplayLinkDriver.swift /Users/admin/builder/spi-builder-workspace/.dependencies/checkouts/MSDisplayLink/Sources/MSDisplayLink/DisplayLinkFrameRateRange.swift -target arm64_32-apple-watchos9.0 -module-can-import-version UIKit 9127.0.84.1 9127.0.84 -disable-cross-import-overlay-search -load-resolved-plugin /Applications/Xcode-27.0.0-Release.Candidate.app/Contents/Developer/Platforms/WatchOS.platform/Developer/usr/lib/swift/host/plugins/libFoundationMacros.dylib\#/Applications/Xcode-27.0.0-Release.Candidate.app/Contents/Developer/Platforms/WatchOS.platform/Developer/usr/bin/swift-plugin-server\#FoundationMacros -load-resolved-plugin /Applications/Xcode-27.0.0-Release.Candidate.app/Contents/Developer/Platforms/WatchOS.platform/Developer/usr/lib/swift/host/plugins/libObservationMacros.dylib\#/Applications/Xcode-27.0.0-Release.Candidate.app/Contents/Developer/Platforms/WatchOS.platform/Developer/usr/bin/swift-plugin-server\#ObservationMacros -load-resolved-plugin /Applications/Xcode-27.0.0-Release.Candidate.app/Contents/Developer/Platforms/WatchOS.platform/Developer/usr/lib/swift/host/plugins/libPreviewsMacros.dylib\#/Applications/Xcode-27.0.0-Release.Candidate.app/Contents/Developer/Platforms/WatchOS.platform/Developer/usr/bin/swift-plugin-server\#PreviewsMacros -load-resolved-plugin /Applications/Xcode-27.0.0-Release.Candidate.app/Contents/Developer/Platforms/WatchOS.platform/Developer/usr/lib/swift/host/plugins/libSwiftMacros.dylib\#/Applications/Xcode-27.0.0-Release.Candidate.app/Contents/Developer/Platforms/WatchOS.platform/Developer/usr/bin/swift-plugin-server\#SwiftMacros -load-resolved-plugin /Applications/Xcode-27.0.0-Release.Candidate.app/Contents/Developer/Platforms/WatchOS.platform/Developer/usr/lib/swift/host/plugins/libSwiftUIMacros.dylib\#/Applications/Xcode-27.0.0-Release.Candidate.app/Contents/Developer/Platforms/WatchOS.platform/Developer/usr/bin/swift-plugin-server\#SwiftUIMacros -disable-implicit-swift-modules -Xcc -fno-implicit-modules -Xcc -fno-implicit-module-maps -explicit-swift-module-map-file /Users/admin/builder/spi-builder-workspace/.derivedData/Build/Intermediates.noindex/MSDisplayLink.build/Debug-watchos/MSDisplayLink-t.build/Objects-normal/arm64_32/MSDisplayLink-dependencies-1.json -enable-objc-interop -sdk /Applications/Xcode-27.0.0-Release.Candidate.app/Contents/Developer/Platforms/WatchOS.platform/Developer/SDKs/WatchOS27.0.sdk -I /Users/admin/builder/spi-builder-workspace/.derivedData/Build/Products/Debug-watchos -Isystem /Applications/Xcode-27.0.0-Release.Candidate.app/Contents/Developer/Platforms/WatchOS.platform/Developer/usr/lib -F /Users/admin/builder/spi-builder-workspace/.derivedData/Build/Products/Debug-watchos -F /Applications/Xcode-27.0.0-Release.Candidate.app/Contents/Developer/Platforms/WatchOS.platform/Developer/Library/Frameworks -F /Applications/Xcode-27.0.0-Release.Candidate.app/Contents/Developer/Platforms/WatchOS.platform/Developer/SDKs/WatchOS27.0.sdk/Developer/Library/Frameworks -module-cache-path /Users/admin/builder/spi-builder-workspace/.derivedData/Build/Intermediates.noindex/SwiftExplicitPrecompiledModules -no-color-diagnostics -Xcc -fno-color-diagnostics -enable-testing -g -debug-info-format\=dwarf -dwarf-version\=4 -suppress-warnings -swift-version 6 -Onone -D SWIFT_PACKAGE -D DEBUG -D SWIFT_MODULE_RESOURCE_BUNDLE_UNAVAILABLE -D Xcode -serialize-debugging-options -enable-experimental-feature DebugDescriptionMacro -empty-abi-descriptor -user-module-version 2.2.0 -validate-clang-modules-once -clang-build-session-file /Users/admin/builder/spi-builder-workspace/.derivedData/ModuleCache.noindex/Session.modulevalidation -Xcc -working-directory -Xcc /Users/admin/builder/spi-builder-workspace/.swiftpm/xcode -enable-anonymous-context-mangled-names -file-compilation-dir /Users/admin/builder/spi-builder-workspace/.swiftpm/xcode -Xcc -D_LIBCPP_HARDENING_MODE\=_LIBCPP_HARDENING_MODE_DEBUG -Xcc -ivfsstatcache -Xcc /Users/admin/builder/spi-builder-workspace/.derivedData/SDKStatCaches.noindex/watchos27.0-24R360-e829b21a6f8c9b70876ba0858053c04477534ef55a1706bf4c1112bbb242f0a2.sdkstatcache -Xcc -fmodules-prune-interval\=86400 -Xcc -fmodules-prune-after\=345600 -Xcc -I/Users/admin/builder/spi-builder-workspace/.derivedData/Build/Products/Debug-watchos/include -Xcc -I/Users/admin/builder/spi-builder-workspace/.derivedData/Build/Intermediates.noindex/MSDisplayLink.build/Debug-watchos/MSDisplayLink-t.build/DerivedSources-normal/arm64_32 -Xcc -I/Users/admin/builder/spi-builder-workspace/.derivedData/Build/Intermediates.noindex/MSDisplayLink.build/Debug-watchos/MSDisplayLink-t.build/DerivedSources/arm64_32 -Xcc -I/Users/admin/builder/spi-builder-workspace/.derivedData/Build/Intermediates.noindex/MSDisplayLink.build/Debug-watchos/MSDisplayLink-t.build/DerivedSources -Xcc -DSWIFT_PACKAGE -Xcc -DDEBUG\=1 -no-auto-bridging-header-chaining -module-name MSDisplayLink -package-name msdisplaylink -const-gather-protocols-file /Users/admin/builder/spi-builder-workspace/.derivedData/Build/Intermediates.noindex/MSDisplayLink.build/Debug-watchos/MSDisplayLink-t.build/Objects-normal/arm64_32/MSDisplayLink_const_extract_protocols.json -disable-clang-spi -clang-target arm64_32-apple-watchos27.0 -target-sdk-version 27.0 -target-sdk-name watchos27.0 -in-process-plugin-server-path /Applications/Xcode-27.0.0-Release.Candidate.app/Contents/Developer/Toolchains/XcodeDefault.xctoolchain/usr/lib/swift/host/libSwiftInProcPluginServer.dylib -emit-module-doc-path /Users/admin/builder/spi-builder-workspace/.derivedData/Build/Intermediates.noindex/MSDisplayLink.build/Debug-watchos/MSDisplayLink-t.build/Objects-normal/arm64_32/MSDisplayLink.swiftdoc -emit-module-source-info-path /Users/admin/builder/spi-builder-workspace/.derivedData/Build/Intermediates.noindex/MSDisplayLink.build/Debug-watchos/MSDisplayLink-t.build/Objects-normal/arm64_32/MSDisplayLink.swiftsourceinfo -emit-objc-header-path /Users/admin/builder/spi-builder-workspace/.derivedData/Build/Intermediates.noindex/MSDisplayLink.build/Debug-watchos/MSDisplayLink-t.build/Objects-normal/arm64_32/MSDisplayLink-Swift.h -serialize-diagnostics-path /Users/admin/builder/spi-builder-workspace/.derivedData/Build/Intermediates.noindex/MSDisplayLink.build/Debug-watchos/MSDisplayLink-t.build/Objects-normal/arm64_32/MSDisplayLink-primary-emit-module.dia -emit-dependencies-path /Users/admin/builder/spi-builder-workspace/.derivedData/Build/Intermediates.noindex/MSDisplayLink.build/Debug-watchos/MSDisplayLink-t.build/Objects-normal/arm64_32/MSDisplayLink-primary-emit-module.d -parse-as-library -o /Users/admin/builder/spi-builder-workspace/.derivedData/Build/Intermediates.noindex/MSDisplayLink.build/Debug-watchos/MSDisplayLink-t.build/Objects-normal/arm64_32/MSDisplayLink.swiftmodule -emit-abi-descriptor-path /Users/admin/builder/spi-builder-workspace/.derivedData/Build/Intermediates.noindex/MSDisplayLink.build/Debug-watchos/MSDisplayLink-t.build/Objects-normal/arm64_32/MSDisplayLink.abi.json
SwiftCompile normal arm64_32 (in target 'MSDisplayLink' from project 'MSDisplayLink')
    cd /Users/admin/builder/spi-builder-workspace/.swiftpm/xcode

SwiftDriverJobDiscovery normal arm64 Compiling ColorVector+LCH.swift (in target 'ColorVector' from project 'ColorVector')
SwiftCompile normal arm64_32 Compiling\ DisplayLinkFrameRateRange.swift /Users/admin/builder/spi-builder-workspace/.dependencies/checkouts/MSDisplayLink/Sources/MSDisplayLink/DisplayLinkFrameRateRange.swift (in target 'MSDisplayLink' from project 'MSDisplayLink')
SwiftCompile normal arm64_32 /Users/admin/builder/spi-builder-workspace/.dependencies/checkouts/MSDisplayLink/Sources/MSDisplayLink/DisplayLinkFrameRateRange.swift (in target 'MSDisplayLink' from project 'MSDisplayLink')
    cd /Users/admin/builder/spi-builder-workspace/.swiftpm/xcode
    builtin-SwiftPerFileCompile DisplayLinkFrameRateRange.swift
SwiftDriverJobDiscovery normal arm64_32 Compiling ColorConversion.swift (in target 'ColorVector' from project 'ColorVector')
SwiftCompile normal arm64_32 Compiling\ DisplayLinkDriver+Helper.swift /Users/admin/builder/spi-builder-workspace/.dependencies/checkouts/MSDisplayLink/Sources/MSDisplayLink/DisplayLinkDriver+Helper.swift (in target 'MSDisplayLink' from project 'MSDisplayLink')
SwiftCompile normal arm64_32 /Users/admin/builder/spi-builder-workspace/.dependencies/checkouts/MSDisplayLink/Sources/MSDisplayLink/DisplayLinkDriver+Helper.swift (in target 'MSDisplayLink' from project 'MSDisplayLink')
    cd /Users/admin/builder/spi-builder-workspace/.swiftpm/xcode
    builtin-SwiftPerFileCompile DisplayLinkDriver+Helper.swift
SwiftDriverJobDiscovery normal arm64_32 Compiling ColorVector.swift (in target 'ColorVector' from project 'ColorVector')
SwiftCompile normal arm64_32 Compiling\ DisplayLinkDriver+CA.swift /Users/admin/builder/spi-builder-workspace/.dependencies/checkouts/MSDisplayLink/Sources/MSDisplayLink/DisplayLinkDriver+CA.swift (in target 'MSDisplayLink' from project 'MSDisplayLink')
SwiftCompile normal arm64_32 /Users/admin/builder/spi-builder-workspace/.dependencies/checkouts/MSDisplayLink/Sources/MSDisplayLink/DisplayLinkDriver+CA.swift (in target 'MSDisplayLink' from project 'MSDisplayLink')
    cd /Users/admin/builder/spi-builder-workspace/.swiftpm/xcode
    builtin-SwiftPerFileCompile DisplayLinkDriver+CA.swift
/Users/admin/builder/spi-builder-workspace/.dependencies/checkouts/MSDisplayLink/Sources/MSDisplayLink/DisplayLinkDriver+CA.swift:11:34: error: 'CADisplayLink' is unavailable in watchOS
 9 |         nonisolated(unsafe) static let shared = CADisplayLinkDriverHelper()
10 |
11 |         private var displayLink: CADisplayLink?
   |                                  `- error: 'CADisplayLink' is unavailable in watchOS
12 |
13 |         override private init() {
/Applications/Xcode-27.0.0-Release.Candidate.app/Contents/Developer/Platforms/WatchOS.platform/Developer/SDKs/WatchOS27.0.sdk/System/Library/Frameworks/QuartzCore.framework/Headers/CADisplayLink.h:21:12: note: 'CADisplayLink' has been explicitly marked unavailable here
 19 | API_AVAILABLE(macos(14.0))
 20 |
 21 | @interface CADisplayLink : NSObject
    |            `- note: 'CADisplayLink' has been explicitly marked unavailable here
 22 | {
 23 | @private
/Users/admin/builder/spi-builder-workspace/.dependencies/checkouts/MSDisplayLink/Sources/MSDisplayLink/DisplayLinkDriver+CA.swift:70:63: error: 'CADisplayLink' is unavailable in watchOS
68 |         }
69 |
70 |         @objc private func displayLinkCallback(_ displayLink: CADisplayLink) {
   |                                                               `- error: 'CADisplayLink' is unavailable in watchOS
71 |             let context = DisplayLinkCallbackContext(
72 |                 duration: displayLink.duration,
/Applications/Xcode-27.0.0-Release.Candidate.app/Contents/Developer/Platforms/WatchOS.platform/Developer/SDKs/WatchOS27.0.sdk/System/Library/Frameworks/QuartzCore.framework/Headers/CADisplayLink.h:21:12: note: 'CADisplayLink' has been explicitly marked unavailable here
 19 | API_AVAILABLE(macos(14.0))
 20 |
 21 | @interface CADisplayLink : NSObject
    |            `- note: 'CADisplayLink' has been explicitly marked unavailable here
 22 | {
 23 | @private
SwiftEmitModule normal arm64 Emitting\ module\ for\ MSDisplayLink (in target 'MSDisplayLink' from project 'MSDisplayLink')
/Users/admin/builder/spi-builder-workspace/.dependencies/checkouts/MSDisplayLink/Sources/MSDisplayLink/DisplayLinkDriver+CA.swift:11:34: error: 'CADisplayLink' is unavailable in watchOS
 9 |         nonisolated(unsafe) static let shared = CADisplayLinkDriverHelper()
10 |
11 |         private var displayLink: CADisplayLink?
   |                                  `- error: 'CADisplayLink' is unavailable in watchOS
12 |
13 |         override private init() {
/Applications/Xcode-27.0.0-Release.Candidate.app/Contents/Developer/Platforms/WatchOS.platform/Developer/SDKs/WatchOS27.0.sdk/System/Library/Frameworks/QuartzCore.framework/Headers/CADisplayLink.h:21:12: note: 'CADisplayLink' has been explicitly marked unavailable here
 19 | API_AVAILABLE(macos(14.0))
 20 |
 21 | @interface CADisplayLink : NSObject
    |            `- note: 'CADisplayLink' has been explicitly marked unavailable here
 22 | {
 23 | @private
SwiftCompile normal arm64 (in target 'MSDisplayLink' from project 'MSDisplayLink')
    cd /Users/admin/builder/spi-builder-workspace/.swiftpm/xcode

SwiftDriverJobDiscovery normal arm64 Compiling ColorVector.swift (in target 'ColorVector' from project 'ColorVector')
SwiftCompile normal arm64 Compiling\ DisplayLinkCallbackContext.swift /Users/admin/builder/spi-builder-workspace/.dependencies/checkouts/MSDisplayLink/Sources/MSDisplayLink/DisplayLinkCallbackContext.swift (in target 'MSDisplayLink' from project 'MSDisplayLink')
SwiftCompile normal arm64 /Users/admin/builder/spi-builder-workspace/.dependencies/checkouts/MSDisplayLink/Sources/MSDisplayLink/DisplayLinkCallbackContext.swift (in target 'MSDisplayLink' from project 'MSDisplayLink')
    cd /Users/admin/builder/spi-builder-workspace/.swiftpm/xcode
    builtin-SwiftPerFileCompile DisplayLinkCallbackContext.swift
SwiftDriverJobDiscovery normal arm64_32 Compiling ColorConversion+XYZ_LAB.swift (in target 'ColorVector' from project 'ColorVector')
SwiftCompile normal arm64_32 Compiling\ DisplayLinkDriver+CV.swift /Users/admin/builder/spi-builder-workspace/.dependencies/checkouts/MSDisplayLink/Sources/MSDisplayLink/DisplayLinkDriver+CV.swift (in target 'MSDisplayLink' from project 'MSDisplayLink')
SwiftCompile normal arm64_32 /Users/admin/builder/spi-builder-workspace/.dependencies/checkouts/MSDisplayLink/Sources/MSDisplayLink/DisplayLinkDriver+CV.swift (in target 'MSDisplayLink' from project 'MSDisplayLink')
    cd /Users/admin/builder/spi-builder-workspace/.swiftpm/xcode
    builtin-SwiftPerFileCompile DisplayLinkDriver+CV.swift
SwiftDriverJobDiscovery normal arm64 Compiling ColorVector+XYZ.swift (in target 'ColorVector' from project 'ColorVector')
SwiftCompile normal arm64_32 Compiling\ DisplayLink.swift /Users/admin/builder/spi-builder-workspace/.dependencies/checkouts/MSDisplayLink/Sources/MSDisplayLink/DisplayLink.swift (in target 'MSDisplayLink' from project 'MSDisplayLink')
SwiftCompile normal arm64_32 /Users/admin/builder/spi-builder-workspace/.dependencies/checkouts/MSDisplayLink/Sources/MSDisplayLink/DisplayLink.swift (in target 'MSDisplayLink' from project 'MSDisplayLink')
    cd /Users/admin/builder/spi-builder-workspace/.swiftpm/xcode
    builtin-SwiftPerFileCompile DisplayLink.swift
SwiftDriverJobDiscovery normal arm64_32 Compiling ColorVector+RGB.swift (in target 'ColorVector' from project 'ColorVector')
SwiftCompile normal arm64_32 Compiling\ DisplayLink+SwiftUI.swift /Users/admin/builder/spi-builder-workspace/.dependencies/checkouts/MSDisplayLink/Sources/MSDisplayLink/DisplayLink+SwiftUI.swift (in target 'MSDisplayLink' from project 'MSDisplayLink')
SwiftCompile normal arm64_32 /Users/admin/builder/spi-builder-workspace/.dependencies/checkouts/MSDisplayLink/Sources/MSDisplayLink/DisplayLink+SwiftUI.swift (in target 'MSDisplayLink' from project 'MSDisplayLink')
    cd /Users/admin/builder/spi-builder-workspace/.swiftpm/xcode
    builtin-SwiftPerFileCompile DisplayLink+SwiftUI.swift
SwiftDriverJobDiscovery normal arm64 Compiling ColorConversion+XYZ_RGB.swift (in target 'ColorVector' from project 'ColorVector')
SwiftCompile normal arm64 Compiling\ DisplayLinkFrameRateRange.swift /Users/admin/builder/spi-builder-workspace/.dependencies/checkouts/MSDisplayLink/Sources/MSDisplayLink/DisplayLinkFrameRateRange.swift (in target 'MSDisplayLink' from project 'MSDisplayLink')
SwiftCompile normal arm64 /Users/admin/builder/spi-builder-workspace/.dependencies/checkouts/MSDisplayLink/Sources/MSDisplayLink/DisplayLinkFrameRateRange.swift (in target 'MSDisplayLink' from project 'MSDisplayLink')
    cd /Users/admin/builder/spi-builder-workspace/.swiftpm/xcode
    builtin-SwiftPerFileCompile DisplayLinkFrameRateRange.swift
SwiftCompile normal arm64_32 Compiling\ DisplayLinkCallbackContext.swift /Users/admin/builder/spi-builder-workspace/.dependencies/checkouts/MSDisplayLink/Sources/MSDisplayLink/DisplayLinkCallbackContext.swift (in target 'MSDisplayLink' from project 'MSDisplayLink')
SwiftCompile normal arm64_32 /Users/admin/builder/spi-builder-workspace/.dependencies/checkouts/MSDisplayLink/Sources/MSDisplayLink/DisplayLinkCallbackContext.swift (in target 'MSDisplayLink' from project 'MSDisplayLink')
    cd /Users/admin/builder/spi-builder-workspace/.swiftpm/xcode
    builtin-SwiftPerFileCompile DisplayLinkCallbackContext.swift
SwiftDriverJobDiscovery normal arm64 Compiling ColorConversion.swift (in target 'ColorVector' from project 'ColorVector')
PruneExplicitPrecompiledModules /Users/admin/builder/spi-builder-workspace/.derivedData/SDKExplicitPrecompiledModules
PruneExplicitPrecompiledModules /Users/admin/builder/spi-builder-workspace/.derivedData/Build/Intermediates.noindex/ExplicitPrecompiledModules
PruneExplicitPrecompiledModules /Users/admin/builder/spi-builder-workspace/.derivedData/Build/Intermediates.noindex/SwiftExplicitPrecompiledModules
2026-09-22 15:47:06.336 xcodebuild[797:4744] [MT] IDERunDestination: Supported platforms for the buildables in the current scheme is empty.
** BUILD FAILED **
The following build commands failed:
	SwiftEmitModule normal arm64_32 Emitting\ module\ for\ MSDisplayLink (in target 'MSDisplayLink' from project 'MSDisplayLink')
	SwiftCompile normal arm64_32 (in target 'MSDisplayLink' from project 'MSDisplayLink')
	Building workspace SoundPulseButton with scheme SoundPulseButton
(3 failures)
Command line invocation:
    /Applications/Xcode-27.0.0-Release.Candidate.app/Contents/Developer/usr/bin/xcodebuild -IDEClonedSourcePackagesDirPathOverride=/Users/admin/builder/spi-builder-workspace/.dependencies -resolvePackageDependencies
Resolve Package Graph
Resolved source packages:
  ColorVector: https://github.com/Lakr233/ColorVector.git @ 1.0.5
  SoundPulseButton: /Users/admin/builder/spi-builder-workspace
  ColorfulX: https://github.com/Lakr233/ColorfulX @ 5.8.3
  MSDisplayLink: https://github.com/Lakr233/MSDisplayLink.git @ 2.2.0
  SpringInterpolation: https://github.com/Lakr233/SpringInterpolation.git @ 1.4.0
resolved source packages: ColorVector, SoundPulseButton, ColorfulX, MSDisplayLink, SpringInterpolation
2026-09-22 15:47:14.395 xcodebuild[1060:5809] [MT] IDERunDestination: Supported platforms for the buildables in the current scheme is empty.
{
  "dependencies" : [
    {
      "identity" : "colorfulx",
      "requirement" : {
        "range" : [
          {
            "lower_bound" : "5.6.0",
            "upper_bound" : "6.0.0"
          }
        ]
      },
      "type" : "sourceControl",
      "url" : "https://github.com/Lakr233/ColorfulX"
    }
  ],
  "manifest_display_name" : "SoundPulseButton",
  "name" : "SoundPulseButton",
  "path" : "/Users/admin/builder/spi-builder-workspace",
  "platforms" : [
    {
      "name" : "ios",
      "version" : "17.0"
    },
    {
      "name" : "macos",
      "version" : "13.0"
    }
  ],
  "products" : [
    {
      "name" : "SoundPulseButton",
      "targets" : [
        "SoundPulseButton"
      ],
      "type" : {
        "library" : [
          "automatic"
        ]
      }
    }
  ],
  "targets" : [
    {
      "c99name" : "SoundPulseButton",
      "module_type" : "SwiftTarget",
      "name" : "SoundPulseButton",
      "path" : "Sources",
      "product_dependencies" : [
        "ColorfulX"
      ],
      "product_memberships" : [
        "SoundPulseButton"
      ],
      "sources" : [
        "AudioLevelRepository.swift",
        "SoundPulseButton.swift",
        "SoundPulseButtonAudioBufferProvider.swift",
        "SoundPulseButtonBackgroundView.swift",
        "SoundPulseButtonConfiguration.swift",
        "SoundPulseButtonIconView.swift",
        "SoundPulseButtonInnerCirclesView.swift",
        "SoundPulseButtonLoaderView.swift",
        "SoundPulseButtonRipplesView.swift",
        "SoundPulseButtonStyle.swift"
      ],
      "type" : "library"
    }
  ],
  "tools_version" : "6.1"
}
{
  "workspace" : {
    "name" : "SoundPulseButton",
    "schemes" : [
      "SoundPulseButton"
    ]
  }
}
2026-09-22 15:47:15.706 xcodebuild[1068:5875] [MT] IDERunDestination: Supported platforms for the buildables in the current scheme is empty.
Running build ...
env DEVELOPER_DIR=/Applications/Xcode-27.0.0-Release.Candidate.app xcrun xcodebuild -IDEClonedSourcePackagesDirPathOverride=$PWD/.dependencies -skipMacroValidation -skipPackagePluginValidation -derivedDataPath $PWD/.derivedData build -scheme SoundPulseButton -destination generic/platform=watchOS
Command line invocation:
    /Applications/Xcode-27.0.0-Release.Candidate.app/Contents/Developer/usr/bin/xcodebuild -IDEClonedSourcePackagesDirPathOverride=/Users/admin/builder/spi-builder-workspace/.dependencies -skipMacroValidation -skipPackagePluginValidation -derivedDataPath /Users/admin/builder/spi-builder-workspace/.derivedData build -scheme SoundPulseButton -destination generic/platform=watchOS
Resolve Package Graph
Resolved source packages:
  SoundPulseButton: /Users/admin/builder/spi-builder-workspace
  MSDisplayLink: https://github.com/Lakr233/MSDisplayLink.git @ 2.2.0
  SpringInterpolation: https://github.com/Lakr233/SpringInterpolation.git @ 1.4.0
  ColorVector: https://github.com/Lakr233/ColorVector.git @ 1.0.5
  ColorfulX: https://github.com/Lakr233/ColorfulX @ 5.8.3
ComputePackagePrebuildTargetDependencyGraph
Prepare packages
CreateBuildRequest
SendProjectDescription
CreateBuildOperation
ComputeTargetDependencyGraph
note: Building targets in dependency order
note: Target dependency graph (10 targets)
    Target 'SoundPulseButton-product' in project 'SoundPulseButton'
        ➜ Explicit dependency on target 'SoundPulseButton' in project 'SoundPulseButton'
        ➜ Explicit dependency on target 'ColorfulX-product' in project 'ColorfulX'
    Target 'SoundPulseButton' in project 'SoundPulseButton'
        ➜ Explicit dependency on target 'ColorfulX-product' in project 'ColorfulX'
    Target 'ColorfulX-product' in project 'ColorfulX'
        ➜ Explicit dependency on target 'ColorfulX' in project 'ColorfulX'
        ➜ Explicit dependency on target 'ColorVector-product' in project 'ColorVector'
        ➜ Explicit dependency on target 'SpringInterpolation-product' in project 'SpringInterpolation'
        ➜ Explicit dependency on target 'MSDisplayLink-product' in project 'MSDisplayLink'
    Target 'ColorfulX' in project 'ColorfulX'
        ➜ Explicit dependency on target 'ColorVector-product' in project 'ColorVector'
        ➜ Explicit dependency on target 'SpringInterpolation-product' in project 'SpringInterpolation'
        ➜ Explicit dependency on target 'MSDisplayLink-product' in project 'MSDisplayLink'
    Target 'MSDisplayLink-product' in project 'MSDisplayLink'
        ➜ Explicit dependency on target 'MSDisplayLink' in project 'MSDisplayLink'
    Target 'MSDisplayLink' in project 'MSDisplayLink' (no dependencies)
    Target 'SpringInterpolation-product' in project 'SpringInterpolation'
        ➜ Explicit dependency on target 'SpringInterpolation' in project 'SpringInterpolation'
    Target 'SpringInterpolation' in project 'SpringInterpolation' (no dependencies)
    Target 'ColorVector-product' in project 'ColorVector'
        ➜ Explicit dependency on target 'ColorVector' in project 'ColorVector'
    Target 'ColorVector' in project 'ColorVector' (no dependencies)
GatherProvisioningInputs
CreateBuildDescription
ClangStatCache /Applications/Xcode-27.0.0-Release.Candidate.app/Contents/Developer/Toolchains/XcodeDefault.xctoolchain/usr/bin/clang-stat-cache /Applications/Xcode-27.0.0-Release.Candidate.app/Contents/Developer/Platforms/WatchOS.platform/Developer/SDKs/WatchOS27.0.sdk /Users/admin/builder/spi-builder-workspace/.derivedData/SDKStatCaches.noindex/watchos27.0-24R360-e829b21a6f8c9b70876ba0858053c04477534ef55a1706bf4c1112bbb242f0a2.sdkstatcache
    cd /Users/admin/builder/spi-builder-workspace/.swiftpm/xcode
    /Applications/Xcode-27.0.0-Release.Candidate.app/Contents/Developer/Toolchains/XcodeDefault.xctoolchain/usr/bin/clang-stat-cache /Applications/Xcode-27.0.0-Release.Candidate.app/Contents/Developer/Platforms/WatchOS.platform/Developer/SDKs/WatchOS27.0.sdk -o /Users/admin/builder/spi-builder-workspace/.derivedData/SDKStatCaches.noindex/watchos27.0-24R360-e829b21a6f8c9b70876ba0858053c04477534ef55a1706bf4c1112bbb242f0a2.sdkstatcache
SwiftDriver MSDisplayLink normal arm64_32 com.apple.xcode.tools.swift.compiler (in target 'MSDisplayLink' from project 'MSDisplayLink')
    cd /Users/admin/builder/spi-builder-workspace/.swiftpm/xcode
    builtin-SwiftDriver -- /Applications/Xcode-27.0.0-Release.Candidate.app/Contents/Developer/Toolchains/XcodeDefault.xctoolchain/usr/bin/swiftc -parse-as-library -module-name MSDisplayLink -Onone @/Users/admin/builder/spi-builder-workspace/.derivedData/Build/Intermediates.noindex/MSDisplayLink.build/Debug-watchos/MSDisplayLink-t.build/Objects-normal/arm64_32/MSDisplayLink.SwiftFileList -DSWIFT_PACKAGE -DDEBUG -DSWIFT_MODULE_RESOURCE_BUNDLE_UNAVAILABLE -DXcode -plugin-path /Applications/Xcode-27.0.0-Release.Candidate.app/Contents/Developer/Toolchains/XcodeDefault.xctoolchain/usr/lib/swift/host/plugins/testing -enable-experimental-feature DebugDescriptionMacro -sdk /Applications/Xcode-27.0.0-Release.Candidate.app/Contents/Developer/Platforms/WatchOS.platform/Developer/SDKs/WatchOS27.0.sdk -target arm64_32-apple-watchos9.0 -g -module-cache-path /Users/admin/builder/spi-builder-workspace/.derivedData/ModuleCache.noindex -Xfrontend -serialize-debugging-options -enable-testing -suppress-warnings -index-store-path /Users/admin/builder/spi-builder-workspace/.derivedData/Index.noindex/DataStore -Xcc -D_LIBCPP_HARDENING_MODE\=_LIBCPP_HARDENING_MODE_DEBUG -swift-version 6 -I /Users/admin/builder/spi-builder-workspace/.derivedData/Build/Products/Debug-watchos -Isystem /Applications/Xcode-27.0.0-Release.Candidate.app/Contents/Developer/Platforms/WatchOS.platform/Developer/usr/lib -F /Users/admin/builder/spi-builder-workspace/.derivedData/Build/Products/Debug-watchos -F /Applications/Xcode-27.0.0-Release.Candidate.app/Contents/Developer/Platforms/WatchOS.platform/Developer/Library/Frameworks -F /Applications/Xcode-27.0.0-Release.Candidate.app/Contents/Developer/Platforms/WatchOS.platform/Developer/SDKs/WatchOS27.0.sdk/Developer/Library/Frameworks -c -j10 -enable-batch-mode -incremental -Xcc -ivfsstatcache -Xcc /Users/admin/builder/spi-builder-workspace/.derivedData/SDKStatCaches.noindex/watchos27.0-24R360-e829b21a6f8c9b70876ba0858053c04477534ef55a1706bf4c1112bbb242f0a2.sdkstatcache -output-file-map /Users/admin/builder/spi-builder-workspace/.derivedData/Build/Intermediates.noindex/MSDisplayLink.build/Debug-watchos/MSDisplayLink-t.build/Objects-normal/arm64_32/MSDisplayLink-OutputFileMap.json -save-temps -no-color-diagnostics -explicit-module-build -module-cache-path /Users/admin/builder/spi-builder-workspace/.derivedData/Build/Intermediates.noindex/SwiftExplicitPrecompiledModules -clang-scanner-module-cache-path /Users/admin/builder/spi-builder-workspace/.derivedData/ModuleCache.noindex -sdk-module-cache-path /Users/admin/builder/spi-builder-workspace/.derivedData/SDKExplicitPrecompiledModules -emit-dependencies -emit-module -emit-module-path /Users/admin/builder/spi-builder-workspace/.derivedData/Build/Intermediates.noindex/MSDisplayLink.build/Debug-watchos/MSDisplayLink-t.build/Objects-normal/arm64_32/MSDisplayLink.swiftmodule -serialize-diagnostics -dependency-scan-serialize-diagnostics-path /Users/admin/builder/spi-builder-workspace/.derivedData/Build/Intermediates.noindex/MSDisplayLink.build/Debug-watchos/MSDisplayLink-t.build/Objects-normal/arm64_32/MSDisplayLink-dependency-scan.dia -user-module-version 2.2.0 -validate-clang-modules-once -clang-build-session-file /Users/admin/builder/spi-builder-workspace/.derivedData/ModuleCache.noindex/Session.modulevalidation -Xcc -fmodules-prune-interval\=86400 -Xcc -fmodules-prune-after\=345600 -package-name msdisplaylink -emit-const-values -const-gather-protocols-list /Users/admin/builder/spi-builder-workspace/.derivedData/Build/Intermediates.noindex/MSDisplayLink.build/Debug-watchos/MSDisplayLink-t.build/Objects-normal/arm64_32/MSDisplayLink_const_extract_protocols.json -Xcc -I/Users/admin/builder/spi-builder-workspace/.derivedData/Build/Products/Debug-watchos/include -Xcc -I/Users/admin/builder/spi-builder-workspace/.derivedData/Build/Intermediates.noindex/MSDisplayLink.build/Debug-watchos/MSDisplayLink-t.build/DerivedSources-normal/arm64_32 -Xcc -I/Users/admin/builder/spi-builder-workspace/.derivedData/Build/Intermediates.noindex/MSDisplayLink.build/Debug-watchos/MSDisplayLink-t.build/DerivedSources/arm64_32 -Xcc -I/Users/admin/builder/spi-builder-workspace/.derivedData/Build/Intermediates.noindex/MSDisplayLink.build/Debug-watchos/MSDisplayLink-t.build/DerivedSources -Xcc -DSWIFT_PACKAGE -Xcc -DDEBUG\=1 -emit-objc-header -emit-objc-header-path /Users/admin/builder/spi-builder-workspace/.derivedData/Build/Intermediates.noindex/MSDisplayLink.build/Debug-watchos/MSDisplayLink-t.build/Objects-normal/arm64_32/MSDisplayLink-Swift.h -working-directory /Users/admin/builder/spi-builder-workspace/.swiftpm/xcode -experimental-emit-module-separately -disable-cmo
SwiftDriver MSDisplayLink normal arm64 com.apple.xcode.tools.swift.compiler (in target 'MSDisplayLink' from project 'MSDisplayLink')
    cd /Users/admin/builder/spi-builder-workspace/.swiftpm/xcode
    builtin-SwiftDriver -- /Applications/Xcode-27.0.0-Release.Candidate.app/Contents/Developer/Toolchains/XcodeDefault.xctoolchain/usr/bin/swiftc -parse-as-library -module-name MSDisplayLink -Onone @/Users/admin/builder/spi-builder-workspace/.derivedData/Build/Intermediates.noindex/MSDisplayLink.build/Debug-watchos/MSDisplayLink-t.build/Objects-normal/arm64/MSDisplayLink.SwiftFileList -DSWIFT_PACKAGE -DDEBUG -DSWIFT_MODULE_RESOURCE_BUNDLE_UNAVAILABLE -DXcode -plugin-path /Applications/Xcode-27.0.0-Release.Candidate.app/Contents/Developer/Toolchains/XcodeDefault.xctoolchain/usr/lib/swift/host/plugins/testing -enable-experimental-feature DebugDescriptionMacro -sdk /Applications/Xcode-27.0.0-Release.Candidate.app/Contents/Developer/Platforms/WatchOS.platform/Developer/SDKs/WatchOS27.0.sdk -target arm64-apple-watchos9.0 -g -module-cache-path /Users/admin/builder/spi-builder-workspace/.derivedData/ModuleCache.noindex -Xfrontend -serialize-debugging-options -enable-testing -suppress-warnings -index-store-path /Users/admin/builder/spi-builder-workspace/.derivedData/Index.noindex/DataStore -Xcc -D_LIBCPP_HARDENING_MODE\=_LIBCPP_HARDENING_MODE_DEBUG -swift-version 6 -I /Users/admin/builder/spi-builder-workspace/.derivedData/Build/Products/Debug-watchos -Isystem /Applications/Xcode-27.0.0-Release.Candidate.app/Contents/Developer/Platforms/WatchOS.platform/Developer/usr/lib -F /Users/admin/builder/spi-builder-workspace/.derivedData/Build/Products/Debug-watchos -F /Applications/Xcode-27.0.0-Release.Candidate.app/Contents/Developer/Platforms/WatchOS.platform/Developer/Library/Frameworks -F /Applications/Xcode-27.0.0-Release.Candidate.app/Contents/Developer/Platforms/WatchOS.platform/Developer/SDKs/WatchOS27.0.sdk/Developer/Library/Frameworks -c -j10 -enable-batch-mode -incremental -Xcc -ivfsstatcache -Xcc /Users/admin/builder/spi-builder-workspace/.derivedData/SDKStatCaches.noindex/watchos27.0-24R360-e829b21a6f8c9b70876ba0858053c04477534ef55a1706bf4c1112bbb242f0a2.sdkstatcache -output-file-map /Users/admin/builder/spi-builder-workspace/.derivedData/Build/Intermediates.noindex/MSDisplayLink.build/Debug-watchos/MSDisplayLink-t.build/Objects-normal/arm64/MSDisplayLink-OutputFileMap.json -save-temps -no-color-diagnostics -explicit-module-build -module-cache-path /Users/admin/builder/spi-builder-workspace/.derivedData/Build/Intermediates.noindex/SwiftExplicitPrecompiledModules -clang-scanner-module-cache-path /Users/admin/builder/spi-builder-workspace/.derivedData/ModuleCache.noindex -sdk-module-cache-path /Users/admin/builder/spi-builder-workspace/.derivedData/SDKExplicitPrecompiledModules -emit-dependencies -emit-module -emit-module-path /Users/admin/builder/spi-builder-workspace/.derivedData/Build/Intermediates.noindex/MSDisplayLink.build/Debug-watchos/MSDisplayLink-t.build/Objects-normal/arm64/MSDisplayLink.swiftmodule -serialize-diagnostics -dependency-scan-serialize-diagnostics-path /Users/admin/builder/spi-builder-workspace/.derivedData/Build/Intermediates.noindex/MSDisplayLink.build/Debug-watchos/MSDisplayLink-t.build/Objects-normal/arm64/MSDisplayLink-dependency-scan.dia -user-module-version 2.2.0 -validate-clang-modules-once -clang-build-session-file /Users/admin/builder/spi-builder-workspace/.derivedData/ModuleCache.noindex/Session.modulevalidation -Xcc -fmodules-prune-interval\=86400 -Xcc -fmodules-prune-after\=345600 -package-name msdisplaylink -emit-const-values -const-gather-protocols-list /Users/admin/builder/spi-builder-workspace/.derivedData/Build/Intermediates.noindex/MSDisplayLink.build/Debug-watchos/MSDisplayLink-t.build/Objects-normal/arm64/MSDisplayLink_const_extract_protocols.json -Xcc -I/Users/admin/builder/spi-builder-workspace/.derivedData/Build/Products/Debug-watchos/include -Xcc -I/Users/admin/builder/spi-builder-workspace/.derivedData/Build/Intermediates.noindex/MSDisplayLink.build/Debug-watchos/MSDisplayLink-t.build/DerivedSources-normal/arm64 -Xcc -I/Users/admin/builder/spi-builder-workspace/.derivedData/Build/Intermediates.noindex/MSDisplayLink.build/Debug-watchos/MSDisplayLink-t.build/DerivedSources/arm64 -Xcc -I/Users/admin/builder/spi-builder-workspace/.derivedData/Build/Intermediates.noindex/MSDisplayLink.build/Debug-watchos/MSDisplayLink-t.build/DerivedSources -Xcc -DSWIFT_PACKAGE -Xcc -DDEBUG\=1 -emit-objc-header -emit-objc-header-path /Users/admin/builder/spi-builder-workspace/.derivedData/Build/Intermediates.noindex/MSDisplayLink.build/Debug-watchos/MSDisplayLink-t.build/Objects-normal/arm64/MSDisplayLink-Swift.h -working-directory /Users/admin/builder/spi-builder-workspace/.swiftpm/xcode -experimental-emit-module-separately -disable-cmo
SwiftDriver ColorVector normal arm64_32 com.apple.xcode.tools.swift.compiler (in target 'ColorVector' from project 'ColorVector')
    cd /Users/admin/builder/spi-builder-workspace/.swiftpm/xcode
    builtin-SwiftDriver -- /Applications/Xcode-27.0.0-Release.Candidate.app/Contents/Developer/Toolchains/XcodeDefault.xctoolchain/usr/bin/swiftc -parse-as-library -module-name ColorVector -Onone @/Users/admin/builder/spi-builder-workspace/.derivedData/Build/Intermediates.noindex/ColorVector.build/Debug-watchos/ColorVector-t.build/Objects-normal/arm64_32/ColorVector.SwiftFileList -DSWIFT_PACKAGE -DDEBUG -DSWIFT_MODULE_RESOURCE_BUNDLE_UNAVAILABLE -DXcode -plugin-path /Applications/Xcode-27.0.0-Release.Candidate.app/Contents/Developer/Toolchains/XcodeDefault.xctoolchain/usr/lib/swift/host/plugins/testing -enable-experimental-feature DebugDescriptionMacro -sdk /Applications/Xcode-27.0.0-Release.Candidate.app/Contents/Developer/Platforms/WatchOS.platform/Developer/SDKs/WatchOS27.0.sdk -target arm64_32-apple-watchos9.0 -g -module-cache-path /Users/admin/builder/spi-builder-workspace/.derivedData/ModuleCache.noindex -Xfrontend -serialize-debugging-options -enable-testing -suppress-warnings -index-store-path /Users/admin/builder/spi-builder-workspace/.derivedData/Index.noindex/DataStore -Xcc -D_LIBCPP_HARDENING_MODE\=_LIBCPP_HARDENING_MODE_DEBUG -swift-version 6 -I /Users/admin/builder/spi-builder-workspace/.derivedData/Build/Products/Debug-watchos -Isystem /Applications/Xcode-27.0.0-Release.Candidate.app/Contents/Developer/Platforms/WatchOS.platform/Developer/usr/lib -F /Users/admin/builder/spi-builder-workspace/.derivedData/Build/Products/Debug-watchos -F /Applications/Xcode-27.0.0-Release.Candidate.app/Contents/Developer/Platforms/WatchOS.platform/Developer/Library/Frameworks -F /Applications/Xcode-27.0.0-Release.Candidate.app/Contents/Developer/Platforms/WatchOS.platform/Developer/SDKs/WatchOS27.0.sdk/Developer/Library/Frameworks -c -j10 -enable-batch-mode -incremental -Xcc -ivfsstatcache -Xcc /Users/admin/builder/spi-builder-workspace/.derivedData/SDKStatCaches.noindex/watchos27.0-24R360-e829b21a6f8c9b70876ba0858053c04477534ef55a1706bf4c1112bbb242f0a2.sdkstatcache -output-file-map /Users/admin/builder/spi-builder-workspace/.derivedData/Build/Intermediates.noindex/ColorVector.build/Debug-watchos/ColorVector-t.build/Objects-normal/arm64_32/ColorVector-OutputFileMap.json -save-temps -no-color-diagnostics -explicit-module-build -module-cache-path /Users/admin/builder/spi-builder-workspace/.derivedData/Build/Intermediates.noindex/SwiftExplicitPrecompiledModules -clang-scanner-module-cache-path /Users/admin/builder/spi-builder-workspace/.derivedData/ModuleCache.noindex -sdk-module-cache-path /Users/admin/builder/spi-builder-workspace/.derivedData/SDKExplicitPrecompiledModules -emit-dependencies -emit-module -emit-module-path /Users/admin/builder/spi-builder-workspace/.derivedData/Build/Intermediates.noindex/ColorVector.build/Debug-watchos/ColorVector-t.build/Objects-normal/arm64_32/ColorVector.swiftmodule -serialize-diagnostics -dependency-scan-serialize-diagnostics-path /Users/admin/builder/spi-builder-workspace/.derivedData/Build/Intermediates.noindex/ColorVector.build/Debug-watchos/ColorVector-t.build/Objects-normal/arm64_32/ColorVector-dependency-scan.dia -user-module-version 1.0.5 -validate-clang-modules-once -clang-build-session-file /Users/admin/builder/spi-builder-workspace/.derivedData/ModuleCache.noindex/Session.modulevalidation -Xcc -fmodules-prune-interval\=86400 -Xcc -fmodules-prune-after\=345600 -package-name colorvector -emit-const-values -const-gather-protocols-list /Users/admin/builder/spi-builder-workspace/.derivedData/Build/Intermediates.noindex/ColorVector.build/Debug-watchos/ColorVector-t.build/Objects-normal/arm64_32/ColorVector_const_extract_protocols.json -Xcc -I/Users/admin/builder/spi-builder-workspace/.derivedData/Build/Products/Debug-watchos/include -Xcc -I/Users/admin/builder/spi-builder-workspace/.derivedData/Build/Intermediates.noindex/ColorVector.build/Debug-watchos/ColorVector-t.build/DerivedSources-normal/arm64_32 -Xcc -I/Users/admin/builder/spi-builder-workspace/.derivedData/Build/Intermediates.noindex/ColorVector.build/Debug-watchos/ColorVector-t.build/DerivedSources/arm64_32 -Xcc -I/Users/admin/builder/spi-builder-workspace/.derivedData/Build/Intermediates.noindex/ColorVector.build/Debug-watchos/ColorVector-t.build/DerivedSources -Xcc -DSWIFT_PACKAGE -Xcc -DDEBUG\=1 -emit-objc-header -emit-objc-header-path /Users/admin/builder/spi-builder-workspace/.derivedData/Build/Intermediates.noindex/ColorVector.build/Debug-watchos/ColorVector-t.build/Objects-normal/arm64_32/ColorVector-Swift.h -working-directory /Users/admin/builder/spi-builder-workspace/.swiftpm/xcode -experimental-emit-module-separately -disable-cmo
SwiftDriver ColorVector normal arm64 com.apple.xcode.tools.swift.compiler (in target 'ColorVector' from project 'ColorVector')
    cd /Users/admin/builder/spi-builder-workspace/.swiftpm/xcode
    builtin-SwiftDriver -- /Applications/Xcode-27.0.0-Release.Candidate.app/Contents/Developer/Toolchains/XcodeDefault.xctoolchain/usr/bin/swiftc -parse-as-library -module-name ColorVector -Onone @/Users/admin/builder/spi-builder-workspace/.derivedData/Build/Intermediates.noindex/ColorVector.build/Debug-watchos/ColorVector-t.build/Objects-normal/arm64/ColorVector.SwiftFileList -DSWIFT_PACKAGE -DDEBUG -DSWIFT_MODULE_RESOURCE_BUNDLE_UNAVAILABLE -DXcode -plugin-path /Applications/Xcode-27.0.0-Release.Candidate.app/Contents/Developer/Toolchains/XcodeDefault.xctoolchain/usr/lib/swift/host/plugins/testing -enable-experimental-feature DebugDescriptionMacro -sdk /Applications/Xcode-27.0.0-Release.Candidate.app/Contents/Developer/Platforms/WatchOS.platform/Developer/SDKs/WatchOS27.0.sdk -target arm64-apple-watchos9.0 -g -module-cache-path /Users/admin/builder/spi-builder-workspace/.derivedData/ModuleCache.noindex -Xfrontend -serialize-debugging-options -enable-testing -suppress-warnings -index-store-path /Users/admin/builder/spi-builder-workspace/.derivedData/Index.noindex/DataStore -Xcc -D_LIBCPP_HARDENING_MODE\=_LIBCPP_HARDENING_MODE_DEBUG -swift-version 6 -I /Users/admin/builder/spi-builder-workspace/.derivedData/Build/Products/Debug-watchos -Isystem /Applications/Xcode-27.0.0-Release.Candidate.app/Contents/Developer/Platforms/WatchOS.platform/Developer/usr/lib -F /Users/admin/builder/spi-builder-workspace/.derivedData/Build/Products/Debug-watchos -F /Applications/Xcode-27.0.0-Release.Candidate.app/Contents/Developer/Platforms/WatchOS.platform/Developer/Library/Frameworks -F /Applications/Xcode-27.0.0-Release.Candidate.app/Contents/Developer/Platforms/WatchOS.platform/Developer/SDKs/WatchOS27.0.sdk/Developer/Library/Frameworks -c -j10 -enable-batch-mode -incremental -Xcc -ivfsstatcache -Xcc /Users/admin/builder/spi-builder-workspace/.derivedData/SDKStatCaches.noindex/watchos27.0-24R360-e829b21a6f8c9b70876ba0858053c04477534ef55a1706bf4c1112bbb242f0a2.sdkstatcache -output-file-map /Users/admin/builder/spi-builder-workspace/.derivedData/Build/Intermediates.noindex/ColorVector.build/Debug-watchos/ColorVector-t.build/Objects-normal/arm64/ColorVector-OutputFileMap.json -save-temps -no-color-diagnostics -explicit-module-build -module-cache-path /Users/admin/builder/spi-builder-workspace/.derivedData/Build/Intermediates.noindex/SwiftExplicitPrecompiledModules -clang-scanner-module-cache-path /Users/admin/builder/spi-builder-workspace/.derivedData/ModuleCache.noindex -sdk-module-cache-path /Users/admin/builder/spi-builder-workspace/.derivedData/SDKExplicitPrecompiledModules -emit-dependencies -emit-module -emit-module-path /Users/admin/builder/spi-builder-workspace/.derivedData/Build/Intermediates.noindex/ColorVector.build/Debug-watchos/ColorVector-t.build/Objects-normal/arm64/ColorVector.swiftmodule -serialize-diagnostics -dependency-scan-serialize-diagnostics-path /Users/admin/builder/spi-builder-workspace/.derivedData/Build/Intermediates.noindex/ColorVector.build/Debug-watchos/ColorVector-t.build/Objects-normal/arm64/ColorVector-dependency-scan.dia -user-module-version 1.0.5 -validate-clang-modules-once -clang-build-session-file /Users/admin/builder/spi-builder-workspace/.derivedData/ModuleCache.noindex/Session.modulevalidation -Xcc -fmodules-prune-interval\=86400 -Xcc -fmodules-prune-after\=345600 -package-name colorvector -emit-const-values -const-gather-protocols-list /Users/admin/builder/spi-builder-workspace/.derivedData/Build/Intermediates.noindex/ColorVector.build/Debug-watchos/ColorVector-t.build/Objects-normal/arm64/ColorVector_const_extract_protocols.json -Xcc -I/Users/admin/builder/spi-builder-workspace/.derivedData/Build/Products/Debug-watchos/include -Xcc -I/Users/admin/builder/spi-builder-workspace/.derivedData/Build/Intermediates.noindex/ColorVector.build/Debug-watchos/ColorVector-t.build/DerivedSources-normal/arm64 -Xcc -I/Users/admin/builder/spi-builder-workspace/.derivedData/Build/Intermediates.noindex/ColorVector.build/Debug-watchos/ColorVector-t.build/DerivedSources/arm64 -Xcc -I/Users/admin/builder/spi-builder-workspace/.derivedData/Build/Intermediates.noindex/ColorVector.build/Debug-watchos/ColorVector-t.build/DerivedSources -Xcc -DSWIFT_PACKAGE -Xcc -DDEBUG\=1 -emit-objc-header -emit-objc-header-path /Users/admin/builder/spi-builder-workspace/.derivedData/Build/Intermediates.noindex/ColorVector.build/Debug-watchos/ColorVector-t.build/Objects-normal/arm64/ColorVector-Swift.h -working-directory /Users/admin/builder/spi-builder-workspace/.swiftpm/xcode -experimental-emit-module-separately -disable-cmo
Ld /Users/admin/builder/spi-builder-workspace/.derivedData/Build/Intermediates.noindex/SpringInterpolation.build/Debug-watchos/SpringInterpolation-t.build/Objects-normal/arm64_32/Binary/SpringInterpolation.o normal arm64_32 (in target 'SpringInterpolation' from project 'SpringInterpolation')
    cd /Users/admin/builder/spi-builder-workspace/.dependencies/checkouts/SpringInterpolation
    /Applications/Xcode-27.0.0-Release.Candidate.app/Contents/Developer/Toolchains/XcodeDefault.xctoolchain/usr/bin/clang -Xlinker -reproducible -target arm64_32-apple-watchos9.0 -r -isysroot /Applications/Xcode-27.0.0-Release.Candidate.app/Contents/Developer/Platforms/WatchOS.platform/Developer/SDKs/WatchOS27.0.sdk -O0 -w -Xlinker -no_warn_duplicate_libraries -F/Users/admin/builder/spi-builder-workspace/.derivedData/Build/Intermediates.noindex/EagerLinkingTBDs/Debug-watchos -F/Users/admin/builder/spi-builder-workspace/.derivedData/Build/Products/Debug-watchos -iframework /Applications/Xcode-27.0.0-Release.Candidate.app/Contents/Developer/Platforms/WatchOS.platform/Developer/Library/Frameworks -iframework /Applications/Xcode-27.0.0-Release.Candidate.app/Contents/Developer/Platforms/WatchOS.platform/Developer/SDKs/WatchOS27.0.sdk/Developer/Library/Frameworks -filelist /Users/admin/builder/spi-builder-workspace/.derivedData/Build/Intermediates.noindex/SpringInterpolation.build/Debug-watchos/SpringInterpolation-t.build/Objects-normal/arm64_32/SpringInterpolation.LinkFileList -nostdlib -Xlinker -object_path_lto -Xlinker /Users/admin/builder/spi-builder-workspace/.derivedData/Build/Intermediates.noindex/SpringInterpolation.build/Debug-watchos/SpringInterpolation-t.build/Objects-normal/arm64_32/SpringInterpolation_lto.o -Xlinker -no_deduplicate -Xlinker -dependency_info -Xlinker /Users/admin/builder/spi-builder-workspace/.derivedData/Build/Intermediates.noindex/SpringInterpolation.build/Debug-watchos/SpringInterpolation-t.build/Objects-normal/arm64_32/SpringInterpolation_dependency_info.dat -fobjc-link-runtime -L/Applications/Xcode-27.0.0-Release.Candidate.app/Contents/Developer/Toolchains/XcodeDefault.xctoolchain/usr/lib/swift/watchos -L/usr/lib/swift -Xlinker -add_ast_path -Xlinker /Users/admin/builder/spi-builder-workspace/.derivedData/Build/Intermediates.noindex/SpringInterpolation.build/Debug-watchos/SpringInterpolation-t.build/Objects-normal/arm64_32/SpringInterpolation.swiftmodule -o /Users/admin/builder/spi-builder-workspace/.derivedData/Build/Intermediates.noindex/SpringInterpolation.build/Debug-watchos/SpringInterpolation-t.build/Objects-normal/arm64_32/Binary/SpringInterpolation.o
Ld /Users/admin/builder/spi-builder-workspace/.derivedData/Build/Intermediates.noindex/SpringInterpolation.build/Debug-watchos/SpringInterpolation-t.build/Objects-normal/arm64/Binary/SpringInterpolation.o normal arm64 (in target 'SpringInterpolation' from project 'SpringInterpolation')
    cd /Users/admin/builder/spi-builder-workspace/.dependencies/checkouts/SpringInterpolation
    /Applications/Xcode-27.0.0-Release.Candidate.app/Contents/Developer/Toolchains/XcodeDefault.xctoolchain/usr/bin/clang -Xlinker -reproducible -target arm64-apple-watchos9.0 -r -isysroot /Applications/Xcode-27.0.0-Release.Candidate.app/Contents/Developer/Platforms/WatchOS.platform/Developer/SDKs/WatchOS27.0.sdk -O0 -w -Xlinker -no_warn_duplicate_libraries -F/Users/admin/builder/spi-builder-workspace/.derivedData/Build/Intermediates.noindex/EagerLinkingTBDs/Debug-watchos -F/Users/admin/builder/spi-builder-workspace/.derivedData/Build/Products/Debug-watchos -iframework /Applications/Xcode-27.0.0-Release.Candidate.app/Contents/Developer/Platforms/WatchOS.platform/Developer/Library/Frameworks -iframework /Applications/Xcode-27.0.0-Release.Candidate.app/Contents/Developer/Platforms/WatchOS.platform/Developer/SDKs/WatchOS27.0.sdk/Developer/Library/Frameworks -filelist /Users/admin/builder/spi-builder-workspace/.derivedData/Build/Intermediates.noindex/SpringInterpolation.build/Debug-watchos/SpringInterpolation-t.build/Objects-normal/arm64/SpringInterpolation.LinkFileList -nostdlib -Xlinker -object_path_lto -Xlinker /Users/admin/builder/spi-builder-workspace/.derivedData/Build/Intermediates.noindex/SpringInterpolation.build/Debug-watchos/SpringInterpolation-t.build/Objects-normal/arm64/SpringInterpolation_lto.o -Xlinker -no_deduplicate -Xlinker -dependency_info -Xlinker /Users/admin/builder/spi-builder-workspace/.derivedData/Build/Intermediates.noindex/SpringInterpolation.build/Debug-watchos/SpringInterpolation-t.build/Objects-normal/arm64/SpringInterpolation_dependency_info.dat -fobjc-link-runtime -L/Applications/Xcode-27.0.0-Release.Candidate.app/Contents/Developer/Toolchains/XcodeDefault.xctoolchain/usr/lib/swift/watchos -L/usr/lib/swift -Xlinker -add_ast_path -Xlinker /Users/admin/builder/spi-builder-workspace/.derivedData/Build/Intermediates.noindex/SpringInterpolation.build/Debug-watchos/SpringInterpolation-t.build/Objects-normal/arm64/SpringInterpolation.swiftmodule -o /Users/admin/builder/spi-builder-workspace/.derivedData/Build/Intermediates.noindex/SpringInterpolation.build/Debug-watchos/SpringInterpolation-t.build/Objects-normal/arm64/Binary/SpringInterpolation.o
CreateUniversalBinary /Users/admin/builder/spi-builder-workspace/.derivedData/Build/Products/Debug-watchos/SpringInterpolation.o normal arm64\ arm64_32 (in target 'SpringInterpolation' from project 'SpringInterpolation')
    cd /Users/admin/builder/spi-builder-workspace/.dependencies/checkouts/SpringInterpolation
    /Applications/Xcode-27.0.0-Release.Candidate.app/Contents/Developer/Toolchains/XcodeDefault.xctoolchain/usr/bin/lipo -create /Users/admin/builder/spi-builder-workspace/.derivedData/Build/Intermediates.noindex/SpringInterpolation.build/Debug-watchos/SpringInterpolation-t.build/Objects-normal/arm64/Binary/SpringInterpolation.o /Users/admin/builder/spi-builder-workspace/.derivedData/Build/Intermediates.noindex/SpringInterpolation.build/Debug-watchos/SpringInterpolation-t.build/Objects-normal/arm64_32/Binary/SpringInterpolation.o -output /Users/admin/builder/spi-builder-workspace/.derivedData/Build/Products/Debug-watchos/SpringInterpolation.o
ExtractAppIntentsMetadata (in target 'SpringInterpolation' from project 'SpringInterpolation')
    cd /Users/admin/builder/spi-builder-workspace/.dependencies/checkouts/SpringInterpolation
    /Applications/Xcode-27.0.0-Release.Candidate.app/Contents/Developer/Toolchains/XcodeDefault.xctoolchain/usr/bin/appintentsmetadataprocessor --toolchain-dir /var/run/com.apple.security.cryptexd/mnt/com.apple.MobileAsset.MetalToolchain-v27.1.266.1.4UpXJM/Metal.xctoolchain --module-name SpringInterpolation --sdk-root /Applications/Xcode-27.0.0-Release.Candidate.app/Contents/Developer/Platforms/WatchOS.platform/Developer/SDKs/WatchOS27.0.sdk --xcode-version 27A266a --platform-family watchOS --deployment-target 9.0 --bundle-identifier springinterpolation.SpringInterpolation --output /Users/admin/builder/spi-builder-workspace/.derivedData/Build/Products/Debug-watchos/SpringInterpolation.appintents --target-triple arm64-apple-watchos9.0 --target-triple arm64_32-apple-watchos9.0 --binary-file /Users/admin/builder/spi-builder-workspace/.derivedData/Build/Products/Debug-watchos/SpringInterpolation.o --dependency-file /Users/admin/builder/spi-builder-workspace/.derivedData/Build/Intermediates.noindex/SpringInterpolation.build/Debug-watchos/SpringInterpolation-t.build/Objects-normal/arm64/SpringInterpolation_dependency_info.dat --dependency-file /Users/admin/builder/spi-builder-workspace/.derivedData/Build/Intermediates.noindex/SpringInterpolation.build/Debug-watchos/SpringInterpolation-t.build/Objects-normal/arm64_32/SpringInterpolation_dependency_info.dat --stringsdata-file /Users/admin/builder/spi-builder-workspace/.derivedData/Build/Intermediates.noindex/SpringInterpolation.build/Debug-watchos/SpringInterpolation-t.build/Objects-normal/arm64/ExtractedAppShortcutsMetadata.stringsdata --stringsdata-file /Users/admin/builder/spi-builder-workspace/.derivedData/Build/Intermediates.noindex/SpringInterpolation.build/Debug-watchos/SpringInterpolation-t.build/Objects-normal/arm64_32/ExtractedAppShortcutsMetadata.stringsdata --source-file-list /Users/admin/builder/spi-builder-workspace/.derivedData/Build/Intermediates.noindex/SpringInterpolation.build/Debug-watchos/SpringInterpolation-t.build/Objects-normal/arm64/SpringInterpolation.SwiftFileList --source-file-list /Users/admin/builder/spi-builder-workspace/.derivedData/Build/Intermediates.noindex/SpringInterpolation.build/Debug-watchos/SpringInterpolation-t.build/Objects-normal/arm64_32/SpringInterpolation.SwiftFileList --metadata-file-list /Users/admin/builder/spi-builder-workspace/.derivedData/Build/Intermediates.noindex/SpringInterpolation.build/Debug-watchos/SpringInterpolation-t.build/SpringInterpolation.DependencyMetadataFileList --static-metadata-file-list /Users/admin/builder/spi-builder-workspace/.derivedData/Build/Intermediates.noindex/SpringInterpolation.build/Debug-watchos/SpringInterpolation-t.build/SpringInterpolation.DependencyStaticMetadataFileList --swift-const-vals-list /Users/admin/builder/spi-builder-workspace/.derivedData/Build/Intermediates.noindex/SpringInterpolation.build/Debug-watchos/SpringInterpolation-t.build/Objects-normal/arm64/SpringInterpolation.SwiftConstValuesFileList --swift-const-vals-list /Users/admin/builder/spi-builder-workspace/.derivedData/Build/Intermediates.noindex/SpringInterpolation.build/Debug-watchos/SpringInterpolation-t.build/Objects-normal/arm64_32/SpringInterpolation.SwiftConstValuesFileList --force --compile-time-extraction --deployment-aware-processing --no-app-shortcuts-localization
2026-09-22 15:47:17.418 appintentsmetadataprocessor[1077:5967] Starting appintentsmetadataprocessor export
2026-09-22 15:47:17.593 appintentsmetadataprocessor[1077:5967] Extracted no relevant App Intents symbols, skipping writing output
SwiftDriver\ Compilation ColorVector normal arm64_32 com.apple.xcode.tools.swift.compiler (in target 'ColorVector' from project 'ColorVector')
    cd /Users/admin/builder/spi-builder-workspace/.swiftpm/xcode
    builtin-Swift-Compilation -- /Applications/Xcode-27.0.0-Release.Candidate.app/Contents/Developer/Toolchains/XcodeDefault.xctoolchain/usr/bin/swiftc -parse-as-library -module-name ColorVector -Onone @/Users/admin/builder/spi-builder-workspace/.derivedData/Build/Intermediates.noindex/ColorVector.build/Debug-watchos/ColorVector-t.build/Objects-normal/arm64_32/ColorVector.SwiftFileList -DSWIFT_PACKAGE -DDEBUG -DSWIFT_MODULE_RESOURCE_BUNDLE_UNAVAILABLE -DXcode -plugin-path /Applications/Xcode-27.0.0-Release.Candidate.app/Contents/Developer/Toolchains/XcodeDefault.xctoolchain/usr/lib/swift/host/plugins/testing -enable-experimental-feature DebugDescriptionMacro -sdk /Applications/Xcode-27.0.0-Release.Candidate.app/Contents/Developer/Platforms/WatchOS.platform/Developer/SDKs/WatchOS27.0.sdk -target arm64_32-apple-watchos9.0 -g -module-cache-path /Users/admin/builder/spi-builder-workspace/.derivedData/ModuleCache.noindex -Xfrontend -serialize-debugging-options -enable-testing -suppress-warnings -index-store-path /Users/admin/builder/spi-builder-workspace/.derivedData/Index.noindex/DataStore -Xcc -D_LIBCPP_HARDENING_MODE\=_LIBCPP_HARDENING_MODE_DEBUG -swift-version 6 -I /Users/admin/builder/spi-builder-workspace/.derivedData/Build/Products/Debug-watchos -Isystem /Applications/Xcode-27.0.0-Release.Candidate.app/Contents/Developer/Platforms/WatchOS.platform/Developer/usr/lib -F /Users/admin/builder/spi-builder-workspace/.derivedData/Build/Products/Debug-watchos -F /Applications/Xcode-27.0.0-Release.Candidate.app/Contents/Developer/Platforms/WatchOS.platform/Developer/Library/Frameworks -F /Applications/Xcode-27.0.0-Release.Candidate.app/Contents/Developer/Platforms/WatchOS.platform/Developer/SDKs/WatchOS27.0.sdk/Developer/Library/Frameworks -c -j10 -enable-batch-mode -incremental -Xcc -ivfsstatcache -Xcc /Users/admin/builder/spi-builder-workspace/.derivedData/SDKStatCaches.noindex/watchos27.0-24R360-e829b21a6f8c9b70876ba0858053c04477534ef55a1706bf4c1112bbb242f0a2.sdkstatcache -output-file-map /Users/admin/builder/spi-builder-workspace/.derivedData/Build/Intermediates.noindex/ColorVector.build/Debug-watchos/ColorVector-t.build/Objects-normal/arm64_32/ColorVector-OutputFileMap.json -save-temps -no-color-diagnostics -explicit-module-build -module-cache-path /Users/admin/builder/spi-builder-workspace/.derivedData/Build/Intermediates.noindex/SwiftExplicitPrecompiledModules -clang-scanner-module-cache-path /Users/admin/builder/spi-builder-workspace/.derivedData/ModuleCache.noindex -sdk-module-cache-path /Users/admin/builder/spi-builder-workspace/.derivedData/SDKExplicitPrecompiledModules -emit-dependencies -emit-module -emit-module-path /Users/admin/builder/spi-builder-workspace/.derivedData/Build/Intermediates.noindex/ColorVector.build/Debug-watchos/ColorVector-t.build/Objects-normal/arm64_32/ColorVector.swiftmodule -serialize-diagnostics -dependency-scan-serialize-diagnostics-path /Users/admin/builder/spi-builder-workspace/.derivedData/Build/Intermediates.noindex/ColorVector.build/Debug-watchos/ColorVector-t.build/Objects-normal/arm64_32/ColorVector-dependency-scan.dia -user-module-version 1.0.5 -validate-clang-modules-once -clang-build-session-file /Users/admin/builder/spi-builder-workspace/.derivedData/ModuleCache.noindex/Session.modulevalidation -Xcc -fmodules-prune-interval\=86400 -Xcc -fmodules-prune-after\=345600 -package-name colorvector -emit-const-values -const-gather-protocols-list /Users/admin/builder/spi-builder-workspace/.derivedData/Build/Intermediates.noindex/ColorVector.build/Debug-watchos/ColorVector-t.build/Objects-normal/arm64_32/ColorVector_const_extract_protocols.json -Xcc -I/Users/admin/builder/spi-builder-workspace/.derivedData/Build/Products/Debug-watchos/include -Xcc -I/Users/admin/builder/spi-builder-workspace/.derivedData/Build/Intermediates.noindex/ColorVector.build/Debug-watchos/ColorVector-t.build/DerivedSources-normal/arm64_32 -Xcc -I/Users/admin/builder/spi-builder-workspace/.derivedData/Build/Intermediates.noindex/ColorVector.build/Debug-watchos/ColorVector-t.build/DerivedSources/arm64_32 -Xcc -I/Users/admin/builder/spi-builder-workspace/.derivedData/Build/Intermediates.noindex/ColorVector.build/Debug-watchos/ColorVector-t.build/DerivedSources -Xcc -DSWIFT_PACKAGE -Xcc -DDEBUG\=1 -emit-objc-header -emit-objc-header-path /Users/admin/builder/spi-builder-workspace/.derivedData/Build/Intermediates.noindex/ColorVector.build/Debug-watchos/ColorVector-t.build/Objects-normal/arm64_32/ColorVector-Swift.h -working-directory /Users/admin/builder/spi-builder-workspace/.swiftpm/xcode -experimental-emit-module-separately -disable-cmo
SwiftCompile normal arm64 Compiling\ ColorConversion+LCH_LAB.swift /Users/admin/builder/spi-builder-workspace/.dependencies/checkouts/ColorVector/Sources/ColorVector/ColorConversion/ColorConversion+LCH_LAB.swift (in target 'ColorVector' from project 'ColorVector')
SwiftCompile normal arm64 /Users/admin/builder/spi-builder-workspace/.dependencies/checkouts/ColorVector/Sources/ColorVector/ColorConversion/ColorConversion+LCH_LAB.swift (in target 'ColorVector' from project 'ColorVector')
    cd /Users/admin/builder/spi-builder-workspace/.swiftpm/xcode
    builtin-SwiftPerFileCompile ColorConversion+LCH_LAB.swift
SwiftEmitModule normal arm64 Emitting\ module\ for\ ColorVector (in target 'ColorVector' from project 'ColorVector')
SwiftCompile normal arm64 (in target 'ColorVector' from project 'ColorVector')
    cd /Users/admin/builder/spi-builder-workspace/.swiftpm/xcode

SwiftCompile normal arm64 Compiling\ ColorConversion+RGB_XYZ.swift /Users/admin/builder/spi-builder-workspace/.dependencies/checkouts/ColorVector/Sources/ColorVector/ColorConversion/ColorConversion+RGB_XYZ.swift (in target 'ColorVector' from project 'ColorVector')
SwiftCompile normal arm64 /Users/admin/builder/spi-builder-workspace/.dependencies/checkouts/ColorVector/Sources/ColorVector/ColorConversion/ColorConversion+RGB_XYZ.swift (in target 'ColorVector' from project 'ColorVector')
    cd /Users/admin/builder/spi-builder-workspace/.swiftpm/xcode
    builtin-SwiftPerFileCompile ColorConversion+RGB_XYZ.swift
Ld /Users/admin/builder/spi-builder-workspace/.derivedData/Build/Intermediates.noindex/ColorVector.build/Debug-watchos/ColorVector-t.build/Objects-normal/arm64_32/Binary/ColorVector.o normal arm64_32 (in target 'ColorVector' from project 'ColorVector')
    cd /Users/admin/builder/spi-builder-workspace/.dependencies/checkouts/ColorVector
    /Applications/Xcode-27.0.0-Release.Candidate.app/Contents/Developer/Toolchains/XcodeDefault.xctoolchain/usr/bin/clang -Xlinker -reproducible -target arm64_32-apple-watchos9.0 -r -isysroot /Applications/Xcode-27.0.0-Release.Candidate.app/Contents/Developer/Platforms/WatchOS.platform/Developer/SDKs/WatchOS27.0.sdk -O0 -w -Xlinker -no_warn_duplicate_libraries -F/Users/admin/builder/spi-builder-workspace/.derivedData/Build/Intermediates.noindex/EagerLinkingTBDs/Debug-watchos -F/Users/admin/builder/spi-builder-workspace/.derivedData/Build/Products/Debug-watchos -iframework /Applications/Xcode-27.0.0-Release.Candidate.app/Contents/Developer/Platforms/WatchOS.platform/Developer/Library/Frameworks -iframework /Applications/Xcode-27.0.0-Release.Candidate.app/Contents/Developer/Platforms/WatchOS.platform/Developer/SDKs/WatchOS27.0.sdk/Developer/Library/Frameworks -filelist /Users/admin/builder/spi-builder-workspace/.derivedData/Build/Intermediates.noindex/ColorVector.build/Debug-watchos/ColorVector-t.build/Objects-normal/arm64_32/ColorVector.LinkFileList -nostdlib -Xlinker -object_path_lto -Xlinker /Users/admin/builder/spi-builder-workspace/.derivedData/Build/Intermediates.noindex/ColorVector.build/Debug-watchos/ColorVector-t.build/Objects-normal/arm64_32/ColorVector_lto.o -Xlinker -no_deduplicate -Xlinker -dependency_info -Xlinker /Users/admin/builder/spi-builder-workspace/.derivedData/Build/Intermediates.noindex/ColorVector.build/Debug-watchos/ColorVector-t.build/Objects-normal/arm64_32/ColorVector_dependency_info.dat -fobjc-link-runtime -L/Applications/Xcode-27.0.0-Release.Candidate.app/Contents/Developer/Toolchains/XcodeDefault.xctoolchain/usr/lib/swift/watchos -L/usr/lib/swift -Xlinker -add_ast_path -Xlinker /Users/admin/builder/spi-builder-workspace/.derivedData/Build/Intermediates.noindex/ColorVector.build/Debug-watchos/ColorVector-t.build/Objects-normal/arm64_32/ColorVector.swiftmodule -o /Users/admin/builder/spi-builder-workspace/.derivedData/Build/Intermediates.noindex/ColorVector.build/Debug-watchos/ColorVector-t.build/Objects-normal/arm64_32/Binary/ColorVector.o
SwiftCompile normal arm64 Compiling\ DisplayLink+SwiftUI.swift /Users/admin/builder/spi-builder-workspace/.dependencies/checkouts/MSDisplayLink/Sources/MSDisplayLink/DisplayLink+SwiftUI.swift (in target 'MSDisplayLink' from project 'MSDisplayLink')
SwiftCompile normal arm64 /Users/admin/builder/spi-builder-workspace/.dependencies/checkouts/MSDisplayLink/Sources/MSDisplayLink/DisplayLink+SwiftUI.swift (in target 'MSDisplayLink' from project 'MSDisplayLink')
    cd /Users/admin/builder/spi-builder-workspace/.swiftpm/xcode
    builtin-SwiftPerFileCompile DisplayLink+SwiftUI.swift
SwiftCompile normal arm64 Compiling\ DisplayLink.swift /Users/admin/builder/spi-builder-workspace/.dependencies/checkouts/MSDisplayLink/Sources/MSDisplayLink/DisplayLink.swift (in target 'MSDisplayLink' from project 'MSDisplayLink')
SwiftCompile normal arm64 /Users/admin/builder/spi-builder-workspace/.dependencies/checkouts/MSDisplayLink/Sources/MSDisplayLink/DisplayLink.swift (in target 'MSDisplayLink' from project 'MSDisplayLink')
    cd /Users/admin/builder/spi-builder-workspace/.swiftpm/xcode
    builtin-SwiftPerFileCompile DisplayLink.swift
SwiftCompile normal arm64 Compiling\ DisplayLinkDriver+CA.swift /Users/admin/builder/spi-builder-workspace/.dependencies/checkouts/MSDisplayLink/Sources/MSDisplayLink/DisplayLinkDriver+CA.swift (in target 'MSDisplayLink' from project 'MSDisplayLink')
SwiftCompile normal arm64 /Users/admin/builder/spi-builder-workspace/.dependencies/checkouts/MSDisplayLink/Sources/MSDisplayLink/DisplayLinkDriver+CA.swift (in target 'MSDisplayLink' from project 'MSDisplayLink')
    cd /Users/admin/builder/spi-builder-workspace/.swiftpm/xcode
    builtin-SwiftPerFileCompile DisplayLinkDriver+CA.swift
/Users/admin/builder/spi-builder-workspace/.dependencies/checkouts/MSDisplayLink/Sources/MSDisplayLink/DisplayLinkDriver+CA.swift:11:34: error: 'CADisplayLink' is unavailable in watchOS
 9 |         nonisolated(unsafe) static let shared = CADisplayLinkDriverHelper()
10 |
11 |         private var displayLink: CADisplayLink?
   |                                  `- error: 'CADisplayLink' is unavailable in watchOS
12 |
13 |         override private init() {
/Applications/Xcode-27.0.0-Release.Candidate.app/Contents/Developer/Platforms/WatchOS.platform/Developer/SDKs/WatchOS27.0.sdk/System/Library/Frameworks/QuartzCore.framework/Headers/CADisplayLink.h:21:12: note: 'CADisplayLink' has been explicitly marked unavailable here
 19 | API_AVAILABLE(macos(14.0))
 20 |
 21 | @interface CADisplayLink : NSObject
    |            `- note: 'CADisplayLink' has been explicitly marked unavailable here
 22 | {
 23 | @private
/Users/admin/builder/spi-builder-workspace/.dependencies/checkouts/MSDisplayLink/Sources/MSDisplayLink/DisplayLinkDriver+CA.swift:70:63: error: 'CADisplayLink' is unavailable in watchOS
68 |         }
69 |
70 |         @objc private func displayLinkCallback(_ displayLink: CADisplayLink) {
   |                                                               `- error: 'CADisplayLink' is unavailable in watchOS
71 |             let context = DisplayLinkCallbackContext(
72 |                 duration: displayLink.duration,
/Applications/Xcode-27.0.0-Release.Candidate.app/Contents/Developer/Platforms/WatchOS.platform/Developer/SDKs/WatchOS27.0.sdk/System/Library/Frameworks/QuartzCore.framework/Headers/CADisplayLink.h:21:12: note: 'CADisplayLink' has been explicitly marked unavailable here
 19 | API_AVAILABLE(macos(14.0))
 20 |
 21 | @interface CADisplayLink : NSObject
    |            `- note: 'CADisplayLink' has been explicitly marked unavailable here
 22 | {
 23 | @private
SwiftEmitModule normal arm64 Emitting\ module\ for\ MSDisplayLink (in target 'MSDisplayLink' from project 'MSDisplayLink')
/Users/admin/builder/spi-builder-workspace/.dependencies/checkouts/MSDisplayLink/Sources/MSDisplayLink/DisplayLinkDriver+CA.swift:11:34: error: 'CADisplayLink' is unavailable in watchOS
 9 |         nonisolated(unsafe) static let shared = CADisplayLinkDriverHelper()
10 |
11 |         private var displayLink: CADisplayLink?
   |                                  `- error: 'CADisplayLink' is unavailable in watchOS
12 |
13 |         override private init() {
/Applications/Xcode-27.0.0-Release.Candidate.app/Contents/Developer/Platforms/WatchOS.platform/Developer/SDKs/WatchOS27.0.sdk/System/Library/Frameworks/QuartzCore.framework/Headers/CADisplayLink.h:21:12: note: 'CADisplayLink' has been explicitly marked unavailable here
 19 | API_AVAILABLE(macos(14.0))
 20 |
 21 | @interface CADisplayLink : NSObject
    |            `- note: 'CADisplayLink' has been explicitly marked unavailable here
 22 | {
 23 | @private
/Users/admin/builder/spi-builder-workspace/.dependencies/checkouts/MSDisplayLink/Sources/MSDisplayLink/DisplayLinkDriver+CA.swift:70:63: error: 'CADisplayLink' is unavailable in watchOS
68 |         }
69 |
70 |         @objc private func displayLinkCallback(_ displayLink: CADisplayLink) {
   |                                                               `- error: 'CADisplayLink' is unavailable in watchOS
71 |             let context = DisplayLinkCallbackContext(
72 |                 duration: displayLink.duration,
/Applications/Xcode-27.0.0-Release.Candidate.app/Contents/Developer/Platforms/WatchOS.platform/Developer/SDKs/WatchOS27.0.sdk/System/Library/Frameworks/QuartzCore.framework/Headers/CADisplayLink.h:21:12: note: 'CADisplayLink' has been explicitly marked unavailable here
 19 | API_AVAILABLE(macos(14.0))
 20 |
 21 | @interface CADisplayLink : NSObject
    |            `- note: 'CADisplayLink' has been explicitly marked unavailable here
 22 | {
 23 | @private
Failed frontend command:
/Applications/Xcode-27.0.0-Release.Candidate.app/Contents/Developer/Toolchains/XcodeDefault.xctoolchain/usr/bin/swift-frontend -frontend -emit-module -experimental-skip-non-inlinable-function-bodies-without-types /Users/admin/builder/spi-builder-workspace/.dependencies/checkouts/MSDisplayLink/Sources/MSDisplayLink/DisplayLink+SwiftUI.swift /Users/admin/builder/spi-builder-workspace/.dependencies/checkouts/MSDisplayLink/Sources/MSDisplayLink/DisplayLink.swift /Users/admin/builder/spi-builder-workspace/.dependencies/checkouts/MSDisplayLink/Sources/MSDisplayLink/DisplayLinkCallbackContext.swift /Users/admin/builder/spi-builder-workspace/.dependencies/checkouts/MSDisplayLink/Sources/MSDisplayLink/DisplayLinkDriver+CA.swift /Users/admin/builder/spi-builder-workspace/.dependencies/checkouts/MSDisplayLink/Sources/MSDisplayLink/DisplayLinkDriver+CV.swift /Users/admin/builder/spi-builder-workspace/.dependencies/checkouts/MSDisplayLink/Sources/MSDisplayLink/DisplayLinkDriver+Helper.swift /Users/admin/builder/spi-builder-workspace/.dependencies/checkouts/MSDisplayLink/Sources/MSDisplayLink/DisplayLinkDriver.swift /Users/admin/builder/spi-builder-workspace/.dependencies/checkouts/MSDisplayLink/Sources/MSDisplayLink/DisplayLinkFrameRateRange.swift -target arm64-apple-watchos9.0 -module-can-import-version UIKit 9127.0.84.1 9127.0.84 -disable-cross-import-overlay-search -load-resolved-plugin /Applications/Xcode-27.0.0-Release.Candidate.app/Contents/Developer/Platforms/WatchOS.platform/Developer/usr/lib/swift/host/plugins/libFoundationMacros.dylib\#/Applications/Xcode-27.0.0-Release.Candidate.app/Contents/Developer/Platforms/WatchOS.platform/Developer/usr/bin/swift-plugin-server\#FoundationMacros -load-resolved-plugin /Applications/Xcode-27.0.0-Release.Candidate.app/Contents/Developer/Platforms/WatchOS.platform/Developer/usr/lib/swift/host/plugins/libObservationMacros.dylib\#/Applications/Xcode-27.0.0-Release.Candidate.app/Contents/Developer/Platforms/WatchOS.platform/Developer/usr/bin/swift-plugin-server\#ObservationMacros -load-resolved-plugin /Applications/Xcode-27.0.0-Release.Candidate.app/Contents/Developer/Platforms/WatchOS.platform/Developer/usr/lib/swift/host/plugins/libPreviewsMacros.dylib\#/Applications/Xcode-27.0.0-Release.Candidate.app/Contents/Developer/Platforms/WatchOS.platform/Developer/usr/bin/swift-plugin-server\#PreviewsMacros -load-resolved-plugin /Applications/Xcode-27.0.0-Release.Candidate.app/Contents/Developer/Platforms/WatchOS.platform/Developer/usr/lib/swift/host/plugins/libSwiftMacros.dylib\#/Applications/Xcode-27.0.0-Release.Candidate.app/Contents/Developer/Platforms/WatchOS.platform/Developer/usr/bin/swift-plugin-server\#SwiftMacros -load-resolved-plugin /Applications/Xcode-27.0.0-Release.Candidate.app/Contents/Developer/Platforms/WatchOS.platform/Developer/usr/lib/swift/host/plugins/libSwiftUIMacros.dylib\#/Applications/Xcode-27.0.0-Release.Candidate.app/Contents/Developer/Platforms/WatchOS.platform/Developer/usr/bin/swift-plugin-server\#SwiftUIMacros -disable-implicit-swift-modules -Xcc -fno-implicit-modules -Xcc -fno-implicit-module-maps -explicit-swift-module-map-file /Users/admin/builder/spi-builder-workspace/.derivedData/Build/Intermediates.noindex/MSDisplayLink.build/Debug-watchos/MSDisplayLink-t.build/Objects-normal/arm64/MSDisplayLink-dependencies-2.json -Xllvm -aarch64-use-tbi -enable-objc-interop -stack-check -sdk /Applications/Xcode-27.0.0-Release.Candidate.app/Contents/Developer/Platforms/WatchOS.platform/Developer/SDKs/WatchOS27.0.sdk -I /Users/admin/builder/spi-builder-workspace/.derivedData/Build/Products/Debug-watchos -Isystem /Applications/Xcode-27.0.0-Release.Candidate.app/Contents/Developer/Platforms/WatchOS.platform/Developer/usr/lib -F /Users/admin/builder/spi-builder-workspace/.derivedData/Build/Products/Debug-watchos -F /Applications/Xcode-27.0.0-Release.Candidate.app/Contents/Developer/Platforms/WatchOS.platform/Developer/Library/Frameworks -F /Applications/Xcode-27.0.0-Release.Candidate.app/Contents/Developer/Platforms/WatchOS.platform/Developer/SDKs/WatchOS27.0.sdk/Developer/Library/Frameworks -module-cache-path /Users/admin/builder/spi-builder-workspace/.derivedData/Build/Intermediates.noindex/SwiftExplicitPrecompiledModules -no-color-diagnostics -Xcc -fno-color-diagnostics -enable-testing -g -debug-info-format\=dwarf -dwarf-version\=4 -suppress-warnings -swift-version 6 -Onone -D SWIFT_PACKAGE -D DEBUG -D SWIFT_MODULE_RESOURCE_BUNDLE_UNAVAILABLE -D Xcode -serialize-debugging-options -enable-experimental-feature DebugDescriptionMacro -empty-abi-descriptor -user-module-version 2.2.0 -validate-clang-modules-once -clang-build-session-file /Users/admin/builder/spi-builder-workspace/.derivedData/ModuleCache.noindex/Session.modulevalidation -Xcc -working-directory -Xcc /Users/admin/builder/spi-builder-workspace/.swiftpm/xcode -enable-anonymous-context-mangled-names -file-compilation-dir /Users/admin/builder/spi-builder-workspace/.swiftpm/xcode -Xcc -D_LIBCPP_HARDENING_MODE\=_LIBCPP_HARDENING_MODE_DEBUG -Xcc -ivfsstatcache -Xcc /Users/admin/builder/spi-builder-workspace/.derivedData/SDKStatCaches.noindex/watchos27.0-24R360-e829b21a6f8c9b70876ba0858053c04477534ef55a1706bf4c1112bbb242f0a2.sdkstatcache -Xcc -fmodules-prune-interval\=86400 -Xcc -fmodules-prune-after\=345600 -Xcc -I/Users/admin/builder/spi-builder-workspace/.derivedData/Build/Products/Debug-watchos/include -Xcc -I/Users/admin/builder/spi-builder-workspace/.derivedData/Build/Intermediates.noindex/MSDisplayLink.build/Debug-watchos/MSDisplayLink-t.build/DerivedSources-normal/arm64 -Xcc -I/Users/admin/builder/spi-builder-workspace/.derivedData/Build/Intermediates.noindex/MSDisplayLink.build/Debug-watchos/MSDisplayLink-t.build/DerivedSources/arm64 -Xcc -I/Users/admin/builder/spi-builder-workspace/.derivedData/Build/Intermediates.noindex/MSDisplayLink.build/Debug-watchos/MSDisplayLink-t.build/DerivedSources -Xcc -DSWIFT_PACKAGE -Xcc -DDEBUG\=1 -no-auto-bridging-header-chaining -module-name MSDisplayLink -package-name msdisplaylink -const-gather-protocols-file /Users/admin/builder/spi-builder-workspace/.derivedData/Build/Intermediates.noindex/MSDisplayLink.build/Debug-watchos/MSDisplayLink-t.build/Objects-normal/arm64/MSDisplayLink_const_extract_protocols.json -disable-clang-spi -clang-target arm64-apple-watchos27.0 -target-sdk-version 27.0 -target-sdk-name watchos27.0 -in-process-plugin-server-path /Applications/Xcode-27.0.0-Release.Candidate.app/Contents/Developer/Toolchains/XcodeDefault.xctoolchain/usr/lib/swift/host/libSwiftInProcPluginServer.dylib -emit-module-doc-path /Users/admin/builder/spi-builder-workspace/.derivedData/Build/Intermediates.noindex/MSDisplayLink.build/Debug-watchos/MSDisplayLink-t.build/Objects-normal/arm64/MSDisplayLink.swiftdoc -emit-module-source-info-path /Users/admin/builder/spi-builder-workspace/.derivedData/Build/Intermediates.noindex/MSDisplayLink.build/Debug-watchos/MSDisplayLink-t.build/Objects-normal/arm64/MSDisplayLink.swiftsourceinfo -emit-objc-header-path /Users/admin/builder/spi-builder-workspace/.derivedData/Build/Intermediates.noindex/MSDisplayLink.build/Debug-watchos/MSDisplayLink-t.build/Objects-normal/arm64/MSDisplayLink-Swift.h -serialize-diagnostics-path /Users/admin/builder/spi-builder-workspace/.derivedData/Build/Intermediates.noindex/MSDisplayLink.build/Debug-watchos/MSDisplayLink-t.build/Objects-normal/arm64/MSDisplayLink-primary-emit-module.dia -emit-dependencies-path /Users/admin/builder/spi-builder-workspace/.derivedData/Build/Intermediates.noindex/MSDisplayLink.build/Debug-watchos/MSDisplayLink-t.build/Objects-normal/arm64/MSDisplayLink-primary-emit-module.d -parse-as-library -o /Users/admin/builder/spi-builder-workspace/.derivedData/Build/Intermediates.noindex/MSDisplayLink.build/Debug-watchos/MSDisplayLink-t.build/Objects-normal/arm64/MSDisplayLink.swiftmodule -emit-abi-descriptor-path /Users/admin/builder/spi-builder-workspace/.derivedData/Build/Intermediates.noindex/MSDisplayLink.build/Debug-watchos/MSDisplayLink-t.build/Objects-normal/arm64/MSDisplayLink.abi.json
SwiftCompile normal arm64 (in target 'MSDisplayLink' from project 'MSDisplayLink')
    cd /Users/admin/builder/spi-builder-workspace/.swiftpm/xcode

SwiftCompile normal arm64 Compiling\ DisplayLinkDriver.swift /Users/admin/builder/spi-builder-workspace/.dependencies/checkouts/MSDisplayLink/Sources/MSDisplayLink/DisplayLinkDriver.swift (in target 'MSDisplayLink' from project 'MSDisplayLink')
SwiftCompile normal arm64 /Users/admin/builder/spi-builder-workspace/.dependencies/checkouts/MSDisplayLink/Sources/MSDisplayLink/DisplayLinkDriver.swift (in target 'MSDisplayLink' from project 'MSDisplayLink')
    cd /Users/admin/builder/spi-builder-workspace/.swiftpm/xcode
    builtin-SwiftPerFileCompile DisplayLinkDriver.swift
SwiftCompile normal arm64 Compiling\ DisplayLinkCallbackContext.swift /Users/admin/builder/spi-builder-workspace/.dependencies/checkouts/MSDisplayLink/Sources/MSDisplayLink/DisplayLinkCallbackContext.swift (in target 'MSDisplayLink' from project 'MSDisplayLink')
SwiftCompile normal arm64 /Users/admin/builder/spi-builder-workspace/.dependencies/checkouts/MSDisplayLink/Sources/MSDisplayLink/DisplayLinkCallbackContext.swift (in target 'MSDisplayLink' from project 'MSDisplayLink')
    cd /Users/admin/builder/spi-builder-workspace/.swiftpm/xcode
    builtin-SwiftPerFileCompile DisplayLinkCallbackContext.swift
SwiftCompile normal arm64 Compiling\ DisplayLinkFrameRateRange.swift /Users/admin/builder/spi-builder-workspace/.dependencies/checkouts/MSDisplayLink/Sources/MSDisplayLink/DisplayLinkFrameRateRange.swift (in target 'MSDisplayLink' from project 'MSDisplayLink')
SwiftCompile normal arm64 /Users/admin/builder/spi-builder-workspace/.dependencies/checkouts/MSDisplayLink/Sources/MSDisplayLink/DisplayLinkFrameRateRange.swift (in target 'MSDisplayLink' from project 'MSDisplayLink')
    cd /Users/admin/builder/spi-builder-workspace/.swiftpm/xcode
    builtin-SwiftPerFileCompile DisplayLinkFrameRateRange.swift
SwiftEmitModule normal arm64_32 Emitting\ module\ for\ MSDisplayLink (in target 'MSDisplayLink' from project 'MSDisplayLink')
/Users/admin/builder/spi-builder-workspace/.dependencies/checkouts/MSDisplayLink/Sources/MSDisplayLink/DisplayLinkDriver+CA.swift:11:34: error: 'CADisplayLink' is unavailable in watchOS
 9 |         nonisolated(unsafe) static let shared = CADisplayLinkDriverHelper()
10 |
11 |         private var displayLink: CADisplayLink?
   |                                  `- error: 'CADisplayLink' is unavailable in watchOS
12 |
13 |         override private init() {
/Applications/Xcode-27.0.0-Release.Candidate.app/Contents/Developer/Platforms/WatchOS.platform/Developer/SDKs/WatchOS27.0.sdk/System/Library/Frameworks/QuartzCore.framework/Headers/CADisplayLink.h:21:12: note: 'CADisplayLink' has been explicitly marked unavailable here
 19 | API_AVAILABLE(macos(14.0))
 20 |
 21 | @interface CADisplayLink : NSObject
    |            `- note: 'CADisplayLink' has been explicitly marked unavailable here
 22 | {
 23 | @private
SwiftCompile normal arm64_32 (in target 'MSDisplayLink' from project 'MSDisplayLink')
    cd /Users/admin/builder/spi-builder-workspace/.swiftpm/xcode

SwiftDriverJobDiscovery normal arm64 Compiling ColorConversion+LCH_LAB.swift (in target 'ColorVector' from project 'ColorVector')
SwiftCompile normal arm64_32 Compiling\ DisplayLink.swift /Users/admin/builder/spi-builder-workspace/.dependencies/checkouts/MSDisplayLink/Sources/MSDisplayLink/DisplayLink.swift (in target 'MSDisplayLink' from project 'MSDisplayLink')
SwiftCompile normal arm64_32 /Users/admin/builder/spi-builder-workspace/.dependencies/checkouts/MSDisplayLink/Sources/MSDisplayLink/DisplayLink.swift (in target 'MSDisplayLink' from project 'MSDisplayLink')
    cd /Users/admin/builder/spi-builder-workspace/.swiftpm/xcode
    builtin-SwiftPerFileCompile DisplayLink.swift
SwiftDriverJobDiscovery normal arm64 Compiling ColorConversion+RGB_XYZ.swift (in target 'ColorVector' from project 'ColorVector')
SwiftCompile normal arm64_32 Compiling\ DisplayLinkDriver+CA.swift /Users/admin/builder/spi-builder-workspace/.dependencies/checkouts/MSDisplayLink/Sources/MSDisplayLink/DisplayLinkDriver+CA.swift (in target 'MSDisplayLink' from project 'MSDisplayLink')
SwiftCompile normal arm64_32 /Users/admin/builder/spi-builder-workspace/.dependencies/checkouts/MSDisplayLink/Sources/MSDisplayLink/DisplayLinkDriver+CA.swift (in target 'MSDisplayLink' from project 'MSDisplayLink')
    cd /Users/admin/builder/spi-builder-workspace/.swiftpm/xcode
    builtin-SwiftPerFileCompile DisplayLinkDriver+CA.swift
/Users/admin/builder/spi-builder-workspace/.dependencies/checkouts/MSDisplayLink/Sources/MSDisplayLink/DisplayLinkDriver+CA.swift:11:34: error: 'CADisplayLink' is unavailable in watchOS
 9 |         nonisolated(unsafe) static let shared = CADisplayLinkDriverHelper()
10 |
11 |         private var displayLink: CADisplayLink?
   |                                  `- error: 'CADisplayLink' is unavailable in watchOS
12 |
13 |         override private init() {
/Applications/Xcode-27.0.0-Release.Candidate.app/Contents/Developer/Platforms/WatchOS.platform/Developer/SDKs/WatchOS27.0.sdk/System/Library/Frameworks/QuartzCore.framework/Headers/CADisplayLink.h:21:12: note: 'CADisplayLink' has been explicitly marked unavailable here
 19 | API_AVAILABLE(macos(14.0))
 20 |
 21 | @interface CADisplayLink : NSObject
    |            `- note: 'CADisplayLink' has been explicitly marked unavailable here
 22 | {
 23 | @private
/Users/admin/builder/spi-builder-workspace/.dependencies/checkouts/MSDisplayLink/Sources/MSDisplayLink/DisplayLinkDriver+CA.swift:70:63: error: 'CADisplayLink' is unavailable in watchOS
68 |         }
69 |
70 |         @objc private func displayLinkCallback(_ displayLink: CADisplayLink) {
   |                                                               `- error: 'CADisplayLink' is unavailable in watchOS
71 |             let context = DisplayLinkCallbackContext(
72 |                 duration: displayLink.duration,
/Applications/Xcode-27.0.0-Release.Candidate.app/Contents/Developer/Platforms/WatchOS.platform/Developer/SDKs/WatchOS27.0.sdk/System/Library/Frameworks/QuartzCore.framework/Headers/CADisplayLink.h:21:12: note: 'CADisplayLink' has been explicitly marked unavailable here
 19 | API_AVAILABLE(macos(14.0))
 20 |
 21 | @interface CADisplayLink : NSObject
    |            `- note: 'CADisplayLink' has been explicitly marked unavailable here
 22 | {
 23 | @private
SwiftCompile normal arm64_32 Compiling\ DisplayLink+SwiftUI.swift /Users/admin/builder/spi-builder-workspace/.dependencies/checkouts/MSDisplayLink/Sources/MSDisplayLink/DisplayLink+SwiftUI.swift (in target 'MSDisplayLink' from project 'MSDisplayLink')
SwiftCompile normal arm64_32 /Users/admin/builder/spi-builder-workspace/.dependencies/checkouts/MSDisplayLink/Sources/MSDisplayLink/DisplayLink+SwiftUI.swift (in target 'MSDisplayLink' from project 'MSDisplayLink')
    cd /Users/admin/builder/spi-builder-workspace/.swiftpm/xcode
    builtin-SwiftPerFileCompile DisplayLink+SwiftUI.swift
SwiftDriverJobDiscovery normal arm64 Compiling DisplayLinkCallbackContext.swift (in target 'MSDisplayLink' from project 'MSDisplayLink')
SwiftCompile normal arm64_32 Compiling\ DisplayLinkDriver+Helper.swift /Users/admin/builder/spi-builder-workspace/.dependencies/checkouts/MSDisplayLink/Sources/MSDisplayLink/DisplayLinkDriver+Helper.swift (in target 'MSDisplayLink' from project 'MSDisplayLink')
SwiftCompile normal arm64_32 /Users/admin/builder/spi-builder-workspace/.dependencies/checkouts/MSDisplayLink/Sources/MSDisplayLink/DisplayLinkDriver+Helper.swift (in target 'MSDisplayLink' from project 'MSDisplayLink')
    cd /Users/admin/builder/spi-builder-workspace/.swiftpm/xcode
    builtin-SwiftPerFileCompile DisplayLinkDriver+Helper.swift
SwiftDriverJobDiscovery normal arm64 Compiling DisplayLinkDriver.swift (in target 'MSDisplayLink' from project 'MSDisplayLink')
SwiftCompile normal arm64 Compiling\ DisplayLinkDriver+Helper.swift /Users/admin/builder/spi-builder-workspace/.dependencies/checkouts/MSDisplayLink/Sources/MSDisplayLink/DisplayLinkDriver+Helper.swift (in target 'MSDisplayLink' from project 'MSDisplayLink')
SwiftCompile normal arm64 /Users/admin/builder/spi-builder-workspace/.dependencies/checkouts/MSDisplayLink/Sources/MSDisplayLink/DisplayLinkDriver+Helper.swift (in target 'MSDisplayLink' from project 'MSDisplayLink')
    cd /Users/admin/builder/spi-builder-workspace/.swiftpm/xcode
    builtin-SwiftPerFileCompile DisplayLinkDriver+Helper.swift
PruneExplicitPrecompiledModules /Users/admin/builder/spi-builder-workspace/.derivedData/SDKExplicitPrecompiledModules
PruneExplicitPrecompiledModules /Users/admin/builder/spi-builder-workspace/.derivedData/Build/Intermediates.noindex/SwiftExplicitPrecompiledModules
PruneExplicitPrecompiledModules /Users/admin/builder/spi-builder-workspace/.derivedData/Build/Intermediates.noindex/ExplicitPrecompiledModules
2026-09-22 15:47:16.690 xcodebuild[1069:5899] [MT] IDERunDestination: Supported platforms for the buildables in the current scheme is empty.
** BUILD FAILED **
The following build commands failed:
	SwiftEmitModule normal arm64 Emitting\ module\ for\ MSDisplayLink (in target 'MSDisplayLink' from project 'MSDisplayLink')
	SwiftCompile normal arm64 (in target 'MSDisplayLink' from project 'MSDisplayLink')
	Building workspace SoundPulseButton with scheme SoundPulseButton
(3 failures)
BUILD FAILURE 6.4 watchOS