Build Information
Failed to build SwiftletData, reference 2.1.0 (e7b7d0), with Swift 6.4 for visionOS using Xcode 27.0 on 27 Sep 2026 17:38:13 UTC.
Build Command
env DEVELOPER_DIR=/Applications/Xcode-27.0.0-Release.Candidate.app xcrun xcodebuild -IDEClonedSourcePackagesDirPathOverride=$PWD/.dependencies -skipMacroValidation -skipPackagePluginValidation -derivedDataPath $PWD/.derivedData build -scheme SwiftletData -destination generic/platform=xrOSBuild Log
========================================
RunAll
========================================
Builder version: 5.1.0
Interrupt handler set up.
========================================
Checkout
========================================
Clone URL: https://github.com/Appracatappra/SwiftletData.git
Reference: 2.1.0
Initialized empty Git repository in /Users/admin/builder/spi-builder-workspace/.git/
From https://github.com/Appracatappra/SwiftletData
* tag 2.1.0 -> FETCH_HEAD
HEAD is now at e7b7d0b Update to OS 26
Cloned https://github.com/Appracatappra/SwiftletData.git
Revision (git rev-parse @):
e7b7d0b0d8ae7627af9ed426e92e7f990a9213b0
SPI manifest file found: $PWD/.spi.yml
SUCCESS checkout https://github.com/Appracatappra/SwiftletData.git at 2.1.0
========================================
Build
========================================
Selected platform: visionOS
Swift version: 6.4
Building package at path: $PWD
https://github.com/Appracatappra/SwiftletData.git
Command line invocation:
/Applications/Xcode-27.0.0-Release.Candidate.app/Contents/Developer/usr/bin/xcodebuild -IDEClonedSourcePackagesDirPathOverride=/Users/admin/builder/spi-builder-workspace/.dependencies -resolvePackageDependencies
Resolve Package Graph
Fetching from https://github.com/Appracatappra/SwiftletUtilities.git
Fetching from https://github.com/Appracatappra/LogManager
Creating working copy of package ‘SwiftletUtilities’
Checking out 2.1.4 of package ‘SwiftletUtilities’
Creating working copy of package ‘LogManager’
Checking out 2.1.0 of package ‘LogManager’
Resolve Package Graph
Resolved source packages:
SwiftletUtilities: https://github.com/Appracatappra/SwiftletUtilities.git @ 2.1.4
SwiftletData: /Users/admin/builder/spi-builder-workspace
LogManager: https://github.com/Appracatappra/LogManager @ 2.1.0
resolved source packages: SwiftletUtilities, SwiftletData, LogManager
2026-09-27 13:37:27.051 xcodebuild[525:3017] [MT] IDERunDestination: Supported platforms for the buildables in the current scheme is empty.
{
"dependencies" : [
{
"identity" : "swiftletutilities",
"requirement" : {
"range" : [
{
"lower_bound" : "2.0.0",
"upper_bound" : "3.0.0"
}
]
},
"type" : "sourceControl",
"url" : "https://github.com/Appracatappra/SwiftletUtilities.git"
},
{
"identity" : "logmanager",
"requirement" : {
"range" : [
{
"lower_bound" : "2.0.0",
"upper_bound" : "3.0.0"
}
]
},
"type" : "sourceControl",
"url" : "https://github.com/Appracatappra/LogManager"
}
],
"manifest_display_name" : "SwiftletData",
"name" : "SwiftletData",
"path" : "/Users/admin/builder/spi-builder-workspace",
"platforms" : [
{
"name" : "ios",
"version" : "26.0"
},
{
"name" : "macos",
"version" : "26.0"
},
{
"name" : "tvos",
"version" : "26.0"
},
{
"name" : "watchos",
"version" : "26.0"
}
],
"products" : [
{
"name" : "SwiftletData",
"targets" : [
"SwiftletData"
],
"type" : {
"library" : [
"automatic"
]
}
}
],
"targets" : [
{
"c99name" : "SwiftletDataTests",
"module_type" : "SwiftTarget",
"name" : "SwiftletDataTests",
"path" : "Tests/SwiftletDataTests",
"sources" : [
"SwiftletDataTests.swift"
],
"target_dependencies" : [
"SwiftletData"
],
"type" : "test"
},
{
"c99name" : "SwiftletData",
"module_type" : "SwiftTarget",
"name" : "SwiftletData",
"path" : "Sources/SwiftletData",
"product_dependencies" : [
"SwiftletUtilities",
"LogManager"
],
"product_memberships" : [
"SwiftletData"
],
"resources" : [
{
"path" : "/Users/admin/builder/spi-builder-workspace/Sources/SwiftletData/Resources/PrivacyInfo.xcprivacy",
"rule" : {
"process" : {
}
}
}
],
"sources" : [
"SharedCode/ActionCodable/SPON/Decodable/ADSPONDecoder.swift",
"SharedCode/ActionCodable/SPON/Decodable/ADSPONKeyedDecodingContainer.swift",
"SharedCode/ActionCodable/SPON/Decodable/ADSPONSingleValueDecodingContainer.swift",
"SharedCode/ActionCodable/SPON/Decodable/ADSPONUnkeyedDecodingContainer.swift",
"SharedCode/ActionCodable/SPON/Encodable/ADSPONEncoder.swift",
"SharedCode/ActionCodable/SPON/Encodable/ADSPONKeyedEncodingContainer.swift",
"SharedCode/ActionCodable/SPON/Encodable/ADSPONReferencingEncoder.swift",
"SharedCode/ActionCodable/SPON/Encodable/ADSPONSingleValueEncodingContainer.swift",
"SharedCode/ActionCodable/SPON/Encodable/ADSPONUnkeyedEncodingContainer.swift",
"SharedCode/ActionCodable/SQLite/Decodable/ADSQLDecoder.swift",
"SharedCode/ActionCodable/SQLite/Decodable/ADSQLKeyedDecodingContainer.swift",
"SharedCode/ActionCodable/SQLite/Decodable/ADSQLSingleValueDecodingContainer.swift",
"SharedCode/ActionCodable/SQLite/Decodable/ADSQLUnkeyedDecodingContainer.swift",
"SharedCode/ActionCodable/SQLite/Encodable/ADSQLEncoder.swift",
"SharedCode/ActionCodable/SQLite/Encodable/ADSQLKeyedEncodingContainer.swift",
"SharedCode/ActionCodable/SQLite/Encodable/ADSQLReferencingEncoder.swift",
"SharedCode/ActionCodable/SQLite/Encodable/ADSQLSingleValueEncodingContainer.swift",
"SharedCode/ActionCodable/SQLite/Encodable/ADSQLUnkeyedEncodingContainer.swift",
"SharedCode/ActionCodable/SharedElements/ADDecodingStorage.swift",
"SharedCode/ActionCodable/SharedElements/ADEncodingStorage.swift",
"SharedCode/ActionCodable/SharedElements/ADInstanceArray.swift",
"SharedCode/ActionCodable/SharedElements/ADInstanceDictionary.swift",
"SharedCode/ActionCodable/SharedElements/ADKey.swift",
"SharedCode/ActionCodable/SharedElements/ADRecord.swift",
"SharedCode/ActionDataProviders/ADSPONProvider.swift",
"SharedCode/ActionDataProviders/ADSQLiteProvider.swift",
"SharedCode/ActionDataProviders/ADiCloudProvider.swift",
"SharedCode/ActionDataProviders/Enumerations/ADDataProviderError.swift",
"SharedCode/ActionDataProviders/Enumerations/ADDataTableKeyType.swift",
"SharedCode/ActionDataProviders/Enumerations/ADSQLExecutionError.swift",
"SharedCode/ActionDataProviders/Enumerations/ADiCloudDatabaseType.swift",
"SharedCode/ActionDataProviders/Protocols/ADDataCrossReference.swift",
"SharedCode/ActionDataProviders/Protocols/ADDataProvider.swift",
"SharedCode/ActionDataProviders/Protocols/ADDataTable.swift",
"SharedCode/ActionDataProviders/SharedElements/ADColumnSchema.swift",
"SharedCode/ActionDataProviders/SharedElements/ADCrossReference.swift",
"SharedCode/ActionDataProviders/SharedElements/ADDataStore.swift",
"SharedCode/ActionDataProviders/SharedElements/ADTableSchema.swift",
"SharedCode/ActionDataProviders/SharedElements/ADTableStore.swift",
"SharedCode/ActionDataProviders/SharedElements/ADUtilities.swift",
"SharedCode/ActionSQLParser/ADSQLParser.swift",
"SharedCode/ActionSQLParser/Enumerations/ADSQLColumnType.swift",
"SharedCode/ActionSQLParser/Enumerations/ADSQLConflictHandling.swift",
"SharedCode/ActionSQLParser/Enumerations/ADSQLFunction.swift",
"SharedCode/ActionSQLParser/Enumerations/ADSQLKeyword.swift",
"SharedCode/ActionSQLParser/Enumerations/ADSQLParseError.swift",
"SharedCode/ActionSQLParser/Expressions/ADSQLBetweenExpression.swift",
"SharedCode/ActionSQLParser/Expressions/ADSQLBinaryExpression.swift",
"SharedCode/ActionSQLParser/Expressions/ADSQLCaseExpression.swift",
"SharedCode/ActionSQLParser/Expressions/ADSQLExpressionBuilder.swift",
"SharedCode/ActionSQLParser/Expressions/ADSQLForeignKeyExpression.swift",
"SharedCode/ActionSQLParser/Expressions/ADSQLFunctionExpression.swift",
"SharedCode/ActionSQLParser/Expressions/ADSQLInExpression.swift",
"SharedCode/ActionSQLParser/Expressions/ADSQLLiteralExpression.swift",
"SharedCode/ActionSQLParser/Expressions/ADSQLUnaryExpression.swift",
"SharedCode/ActionSQLParser/Expressions/ADSQLWhenExpression.swift",
"SharedCode/ActionSQLParser/Instructions/ADSQLAlterTableInstruction.swift",
"SharedCode/ActionSQLParser/Instructions/ADSQLCreateIndexInstruction.swift",
"SharedCode/ActionSQLParser/Instructions/ADSQLCreateTableInstruction.swift",
"SharedCode/ActionSQLParser/Instructions/ADSQLCreateTriggerInstruction.swift",
"SharedCode/ActionSQLParser/Instructions/ADSQLCreateViewInstruction.swift",
"SharedCode/ActionSQLParser/Instructions/ADSQLDeleteInstruction.swift",
"SharedCode/ActionSQLParser/Instructions/ADSQLDropInstruction.swift",
"SharedCode/ActionSQLParser/Instructions/ADSQLInsertInstruction.swift",
"SharedCode/ActionSQLParser/Instructions/ADSQLSelectInstruction.swift",
"SharedCode/ActionSQLParser/Instructions/ADSQLTransaction.swift",
"SharedCode/ActionSQLParser/Instructions/ADSQLUpdateInstruction.swift",
"SharedCode/ActionSQLParser/Protocols/ADSQLExpression.swift",
"SharedCode/ActionSQLParser/Protocols/ADSQLInstruction.swift",
"SharedCode/ActionSQLParser/SharedElements/ADSQLColumnConstraint.swift",
"SharedCode/ActionSQLParser/SharedElements/ADSQLColumnDefinition.swift",
"SharedCode/ActionSQLParser/SharedElements/ADSQLJoinClause.swift",
"SharedCode/ActionSQLParser/SharedElements/ADSQLOrderByClause.swift",
"SharedCode/ActionSQLParser/SharedElements/ADSQLParseQueue.swift",
"SharedCode/ActionSQLParser/SharedElements/ADSQLResultColumn.swift",
"SharedCode/ActionSQLParser/SharedElements/ADSQLSetClause.swift",
"SharedCode/ActionSQLParser/SharedElements/ADSQLTableConstraint.swift"
],
"type" : "library"
}
],
"tools_version" : "6.4"
}
{
"workspace" : {
"name" : "SwiftletData",
"schemes" : [
"SwiftletData",
"SwiftletUtilities"
]
}
}
2026-09-27 13:37:59.425 xcodebuild[696:4123] [MT] IDERunDestination: Supported platforms for the buildables in the current scheme is empty.
{
"workspace" : {
"name" : "SwiftletData",
"schemes" : [
"SwiftletData",
"SwiftletUtilities"
]
}
}
2026-09-27 13:38:00.485 xcodebuild[698:4173] [MT] IDERunDestination: Supported platforms for the buildables in the current scheme is empty.
Running build ...
env DEVELOPER_DIR=/Applications/Xcode-27.0.0-Release.Candidate.app xcrun xcodebuild -IDEClonedSourcePackagesDirPathOverride=$PWD/.dependencies -skipMacroValidation -skipPackagePluginValidation -derivedDataPath $PWD/.derivedData build -scheme SwiftletData -destination generic/platform=xrOS
Command line invocation:
/Applications/Xcode-27.0.0-Release.Candidate.app/Contents/Developer/usr/bin/xcodebuild -IDEClonedSourcePackagesDirPathOverride=/Users/admin/builder/spi-builder-workspace/.dependencies -skipMacroValidation -skipPackagePluginValidation -derivedDataPath /Users/admin/builder/spi-builder-workspace/.derivedData build -scheme SwiftletData -destination generic/platform=xrOS
Resolve Package Graph
Resolve Package Graph
Resolved source packages:
LogManager: https://github.com/Appracatappra/LogManager @ 2.1.0
SwiftletData: /Users/admin/builder/spi-builder-workspace
SwiftletUtilities: https://github.com/Appracatappra/SwiftletUtilities.git @ 2.1.4
ComputePackagePrebuildTargetDependencyGraph
Prepare packages
CreateBuildRequest
SendProjectDescription
CreateBuildOperation
ComputeTargetDependencyGraph
note: Building targets in dependency order
note: Target dependency graph (9 targets)
Target 'SwiftletData-product' in project 'SwiftletData'
➜ Explicit dependency on target 'SwiftletData' in project 'SwiftletData'
➜ Explicit dependency on target 'SwiftletData_SwiftletData' in project 'SwiftletData'
➜ Explicit dependency on target 'SwiftletUtilities-product' in project 'SwiftletUtilities'
➜ Explicit dependency on target 'LogManager-product' in project 'LogManager'
Target 'SwiftletData' in project 'SwiftletData'
➜ Explicit dependency on target 'SwiftletData_SwiftletData' in project 'SwiftletData'
➜ Explicit dependency on target 'SwiftletUtilities-product' in project 'SwiftletUtilities'
➜ Explicit dependency on target 'LogManager-product' in project 'LogManager'
Target 'SwiftletUtilities-product' in project 'SwiftletUtilities'
➜ Explicit dependency on target 'SwiftletUtilities' in project 'SwiftletUtilities'
➜ Explicit dependency on target 'SwiftletUtilities_SwiftletUtilities' in project 'SwiftletUtilities'
➜ Explicit dependency on target 'LogManager-product' in project 'LogManager'
Target 'SwiftletUtilities' in project 'SwiftletUtilities'
➜ Explicit dependency on target 'SwiftletUtilities_SwiftletUtilities' in project 'SwiftletUtilities'
➜ Explicit dependency on target 'LogManager-product' in project 'LogManager'
Target 'LogManager-product' in project 'LogManager'
➜ Explicit dependency on target 'LogManager' in project 'LogManager'
➜ Explicit dependency on target 'LogManager_LogManager' in project 'LogManager'
Target 'LogManager' in project 'LogManager'
➜ Explicit dependency on target 'LogManager_LogManager' in project 'LogManager'
Target 'LogManager_LogManager' in project 'LogManager' (no dependencies)
Target 'SwiftletUtilities_SwiftletUtilities' in project 'SwiftletUtilities' (no dependencies)
Target 'SwiftletData_SwiftletData' in project 'SwiftletData' (no dependencies)
GatherProvisioningInputs
CreateBuildDescription
ExecuteExternalTool /Applications/Xcode-27.0.0-Release.Candidate.app/Contents/Developer/Toolchains/XcodeDefault.xctoolchain/usr/bin/swiftc --version
ExecuteExternalTool /Applications/Xcode-27.0.0-Release.Candidate.app/Contents/Developer/Toolchains/XcodeDefault.xctoolchain/usr/bin/clang -v -E -dM -isysroot /Applications/Xcode-27.0.0-Release.Candidate.app/Contents/Developer/Platforms/XROS.platform/Developer/SDKs/XROS27.0.sdk -x c -c /dev/null
ExecuteExternalTool /Applications/Xcode-27.0.0-Release.Candidate.app/Contents/Developer/Toolchains/XcodeDefault.xctoolchain/usr/bin/ld -version_details
ReadFileContents /Applications/Xcode-27.0.0-Release.Candidate.app/Contents/Developer/Toolchains/XcodeDefault.xctoolchain/usr/share/docc/features.json
Build description signature: 0938a3e6da21bec33bd8eddc57551261
Build description path: /Users/admin/builder/spi-builder-workspace/.derivedData/Build/Intermediates.noindex/XCBuildData/0938a3e6da21bec33bd8eddc57551261.xcbuilddata
CreateBuildDirectory /Users/admin/builder/spi-builder-workspace/.derivedData/ModuleCache.noindex
cd /Users/admin/builder/spi-builder-workspace/.swiftpm/xcode
builtin-create-build-directory /Users/admin/builder/spi-builder-workspace/.derivedData/ModuleCache.noindex
CreateBuildDirectory /Users/admin/builder/spi-builder-workspace/.derivedData/CompilationCache.noindex
cd /Users/admin/builder/spi-builder-workspace/.swiftpm/xcode
builtin-create-build-directory /Users/admin/builder/spi-builder-workspace/.derivedData/CompilationCache.noindex
CreateBuildDirectory /Users/admin/builder/spi-builder-workspace/.derivedData/SDKExplicitPrecompiledModules
cd /Users/admin/builder/spi-builder-workspace/.swiftpm/xcode
builtin-create-build-directory /Users/admin/builder/spi-builder-workspace/.derivedData/SDKExplicitPrecompiledModules
ClangStatCache /Applications/Xcode-27.0.0-Release.Candidate.app/Contents/Developer/Toolchains/XcodeDefault.xctoolchain/usr/bin/clang-stat-cache /Applications/Xcode-27.0.0-Release.Candidate.app/Contents/Developer/Platforms/XROS.platform/Developer/SDKs/XROS27.0.sdk /Users/admin/builder/spi-builder-workspace/.derivedData/SDKStatCaches.noindex/xros27.0-24M361-e829b21a6f8c9b70876ba0858053c044735bd543db762f57723cac368afd1ce4.sdkstatcache
cd /Users/admin/builder/spi-builder-workspace/.swiftpm/xcode
/Applications/Xcode-27.0.0-Release.Candidate.app/Contents/Developer/Toolchains/XcodeDefault.xctoolchain/usr/bin/clang-stat-cache /Applications/Xcode-27.0.0-Release.Candidate.app/Contents/Developer/Platforms/XROS.platform/Developer/SDKs/XROS27.0.sdk -o /Users/admin/builder/spi-builder-workspace/.derivedData/SDKStatCaches.noindex/xros27.0-24M361-e829b21a6f8c9b70876ba0858053c044735bd543db762f57723cac368afd1ce4.sdkstatcache
CreateBuildDirectory /Users/admin/builder/spi-builder-workspace/.derivedData/Build/Products
cd /Users/admin/builder/spi-builder-workspace/.swiftpm/xcode
builtin-create-build-directory /Users/admin/builder/spi-builder-workspace/.derivedData/Build/Products
CreateBuildDirectory /Users/admin/builder/spi-builder-workspace/.derivedData/Build/Intermediates.noindex
cd /Users/admin/builder/spi-builder-workspace/.swiftpm/xcode
builtin-create-build-directory /Users/admin/builder/spi-builder-workspace/.derivedData/Build/Intermediates.noindex
CreateBuildDirectory /Users/admin/builder/spi-builder-workspace/.derivedData/Build/Intermediates.noindex/SwiftExplicitPrecompiledModules
cd /Users/admin/builder/spi-builder-workspace/.swiftpm/xcode
builtin-create-build-directory /Users/admin/builder/spi-builder-workspace/.derivedData/Build/Intermediates.noindex/SwiftExplicitPrecompiledModules
CreateBuildDirectory /Users/admin/builder/spi-builder-workspace/.derivedData/Build/Intermediates.noindex/ExplicitPrecompiledModules
cd /Users/admin/builder/spi-builder-workspace/.swiftpm/xcode
builtin-create-build-directory /Users/admin/builder/spi-builder-workspace/.derivedData/Build/Intermediates.noindex/ExplicitPrecompiledModules
CreateBuildDirectory /Users/admin/builder/spi-builder-workspace/.derivedData/Build/Intermediates.noindex/PrecompiledHeaders
cd /Users/admin/builder/spi-builder-workspace/.swiftpm/xcode
builtin-create-build-directory /Users/admin/builder/spi-builder-workspace/.derivedData/Build/Intermediates.noindex/PrecompiledHeaders
CreateBuildDirectory /Users/admin/builder/spi-builder-workspace/.derivedData/Build/Intermediates.noindex/EagerLinkingTBDs/Debug-xros
cd /Users/admin/builder/spi-builder-workspace/.swiftpm/xcode
builtin-create-build-directory /Users/admin/builder/spi-builder-workspace/.derivedData/Build/Intermediates.noindex/EagerLinkingTBDs/Debug-xros
CreateBuildDirectory /Users/admin/builder/spi-builder-workspace/.derivedData/Build/Products/Debug-xros
cd /Users/admin/builder/spi-builder-workspace/.swiftpm/xcode
builtin-create-build-directory /Users/admin/builder/spi-builder-workspace/.derivedData/Build/Products/Debug-xros
WriteAuxiliaryFile /Users/admin/builder/spi-builder-workspace/.derivedData/Build/Intermediates.noindex/SwiftletUtilities.build/Debug-xros/SwiftletUtilities_SwiftletUtilities-b.build/empty-SwiftletUtilities_SwiftletUtilities.plist (in target 'SwiftletUtilities_SwiftletUtilities' from project 'SwiftletUtilities')
cd /Users/admin/builder/spi-builder-workspace/.dependencies/checkouts/SwiftletUtilities
write-file /Users/admin/builder/spi-builder-workspace/.derivedData/Build/Intermediates.noindex/SwiftletUtilities.build/Debug-xros/SwiftletUtilities_SwiftletUtilities-b.build/empty-SwiftletUtilities_SwiftletUtilities.plist
WriteAuxiliaryFile /Users/admin/builder/spi-builder-workspace/.derivedData/Build/Intermediates.noindex/SwiftletUtilities.build/Debug-xros/SwiftletUtilities_SwiftletUtilities-b.build/SwiftletUtilities_SwiftletUtilities.DependencyMetadataFileList (in target 'SwiftletUtilities_SwiftletUtilities' from project 'SwiftletUtilities')
cd /Users/admin/builder/spi-builder-workspace/.dependencies/checkouts/SwiftletUtilities
write-file /Users/admin/builder/spi-builder-workspace/.derivedData/Build/Intermediates.noindex/SwiftletUtilities.build/Debug-xros/SwiftletUtilities_SwiftletUtilities-b.build/SwiftletUtilities_SwiftletUtilities.DependencyMetadataFileList
WriteAuxiliaryFile /Users/admin/builder/spi-builder-workspace/.derivedData/Build/Intermediates.noindex/SwiftletUtilities.build/Debug-xros/SwiftletUtilities-t.build/SwiftletUtilities.modulemap (in target 'SwiftletUtilities' from project 'SwiftletUtilities')
cd /Users/admin/builder/spi-builder-workspace/.dependencies/checkouts/SwiftletUtilities
write-file /Users/admin/builder/spi-builder-workspace/.derivedData/Build/Intermediates.noindex/SwiftletUtilities.build/Debug-xros/SwiftletUtilities-t.build/SwiftletUtilities.modulemap
WriteAuxiliaryFile /Users/admin/builder/spi-builder-workspace/.derivedData/Build/Intermediates.noindex/SwiftletUtilities.build/Debug-xros/SwiftletUtilities-t.build/SwiftletUtilities.DependencyStaticMetadataFileList (in target 'SwiftletUtilities' from project 'SwiftletUtilities')
cd /Users/admin/builder/spi-builder-workspace/.dependencies/checkouts/SwiftletUtilities
write-file /Users/admin/builder/spi-builder-workspace/.derivedData/Build/Intermediates.noindex/SwiftletUtilities.build/Debug-xros/SwiftletUtilities-t.build/SwiftletUtilities.DependencyStaticMetadataFileList
WriteAuxiliaryFile /Users/admin/builder/spi-builder-workspace/.derivedData/Build/Intermediates.noindex/SwiftletUtilities.build/Debug-xros/SwiftletUtilities-t.build/SwiftletUtilities.DependencyMetadataFileList (in target 'SwiftletUtilities' from project 'SwiftletUtilities')
cd /Users/admin/builder/spi-builder-workspace/.dependencies/checkouts/SwiftletUtilities
write-file /Users/admin/builder/spi-builder-workspace/.derivedData/Build/Intermediates.noindex/SwiftletUtilities.build/Debug-xros/SwiftletUtilities-t.build/SwiftletUtilities.DependencyMetadataFileList
WriteAuxiliaryFile /Users/admin/builder/spi-builder-workspace/.derivedData/Build/Intermediates.noindex/SwiftletUtilities.build/Debug-xros/SwiftletUtilities_SwiftletUtilities-b.build/SwiftletUtilities_SwiftletUtilities.DependencyStaticMetadataFileList (in target 'SwiftletUtilities_SwiftletUtilities' from project 'SwiftletUtilities')
cd /Users/admin/builder/spi-builder-workspace/.dependencies/checkouts/SwiftletUtilities
write-file /Users/admin/builder/spi-builder-workspace/.derivedData/Build/Intermediates.noindex/SwiftletUtilities.build/Debug-xros/SwiftletUtilities_SwiftletUtilities-b.build/SwiftletUtilities_SwiftletUtilities.DependencyStaticMetadataFileList
WriteAuxiliaryFile /Users/admin/builder/spi-builder-workspace/.derivedData/Build/Intermediates.noindex/SwiftletUtilities.build/Debug-xros/SwiftletUtilities-t.build/Objects-normal/arm64/SwiftletUtilities_const_extract_protocols.json (in target 'SwiftletUtilities' from project 'SwiftletUtilities')
cd /Users/admin/builder/spi-builder-workspace/.dependencies/checkouts/SwiftletUtilities
write-file /Users/admin/builder/spi-builder-workspace/.derivedData/Build/Intermediates.noindex/SwiftletUtilities.build/Debug-xros/SwiftletUtilities-t.build/Objects-normal/arm64/SwiftletUtilities_const_extract_protocols.json
WriteAuxiliaryFile /Users/admin/builder/spi-builder-workspace/.derivedData/Build/Intermediates.noindex/SwiftletUtilities.build/Debug-xros/SwiftletUtilities-t.build/Objects-normal/arm64/SwiftletUtilities.SwiftConstValuesFileList (in target 'SwiftletUtilities' from project 'SwiftletUtilities')
cd /Users/admin/builder/spi-builder-workspace/.dependencies/checkouts/SwiftletUtilities
write-file /Users/admin/builder/spi-builder-workspace/.derivedData/Build/Intermediates.noindex/SwiftletUtilities.build/Debug-xros/SwiftletUtilities-t.build/Objects-normal/arm64/SwiftletUtilities.SwiftConstValuesFileList
WriteAuxiliaryFile /Users/admin/builder/spi-builder-workspace/.derivedData/Build/Intermediates.noindex/SwiftletUtilities.build/Debug-xros/SwiftletUtilities-t.build/Objects-normal/arm64/SwiftletUtilities.SwiftFileList (in target 'SwiftletUtilities' from project 'SwiftletUtilities')
cd /Users/admin/builder/spi-builder-workspace/.dependencies/checkouts/SwiftletUtilities
write-file /Users/admin/builder/spi-builder-workspace/.derivedData/Build/Intermediates.noindex/SwiftletUtilities.build/Debug-xros/SwiftletUtilities-t.build/Objects-normal/arm64/SwiftletUtilities.SwiftFileList
WriteAuxiliaryFile /Users/admin/builder/spi-builder-workspace/.derivedData/Build/Intermediates.noindex/SwiftletUtilities.build/Debug-xros/SwiftletUtilities-t.build/Objects-normal/arm64/SwiftletUtilities.LinkFileList (in target 'SwiftletUtilities' from project 'SwiftletUtilities')
cd /Users/admin/builder/spi-builder-workspace/.dependencies/checkouts/SwiftletUtilities
write-file /Users/admin/builder/spi-builder-workspace/.derivedData/Build/Intermediates.noindex/SwiftletUtilities.build/Debug-xros/SwiftletUtilities-t.build/Objects-normal/arm64/SwiftletUtilities.LinkFileList
WriteAuxiliaryFile /Users/admin/builder/spi-builder-workspace/.derivedData/Build/Intermediates.noindex/SwiftletUtilities.build/Debug-xros/SwiftletUtilities-t.build/Objects-normal/arm64/SwiftletUtilities-OutputFileMap.json (in target 'SwiftletUtilities' from project 'SwiftletUtilities')
cd /Users/admin/builder/spi-builder-workspace/.dependencies/checkouts/SwiftletUtilities
write-file /Users/admin/builder/spi-builder-workspace/.derivedData/Build/Intermediates.noindex/SwiftletUtilities.build/Debug-xros/SwiftletUtilities-t.build/Objects-normal/arm64/SwiftletUtilities-OutputFileMap.json
WriteAuxiliaryFile /Users/admin/builder/spi-builder-workspace/.derivedData/Build/Intermediates.noindex/SwiftletUtilities.build/Debug-xros/SwiftletUtilities-t.build/DerivedSources/resource_bundle_accessor.swift (in target 'SwiftletUtilities' from project 'SwiftletUtilities')
cd /Users/admin/builder/spi-builder-workspace/.dependencies/checkouts/SwiftletUtilities
write-file /Users/admin/builder/spi-builder-workspace/.derivedData/Build/Intermediates.noindex/SwiftletUtilities.build/Debug-xros/SwiftletUtilities-t.build/DerivedSources/resource_bundle_accessor.swift
WriteAuxiliaryFile /Users/admin/builder/spi-builder-workspace/.derivedData/Build/Intermediates.noindex/SwiftletData.build/Debug-xros/SwiftletData_SwiftletData-b.build/SwiftletData_SwiftletData.DependencyStaticMetadataFileList (in target 'SwiftletData_SwiftletData' from project 'SwiftletData')
cd /Users/admin/builder/spi-builder-workspace
write-file /Users/admin/builder/spi-builder-workspace/.derivedData/Build/Intermediates.noindex/SwiftletData.build/Debug-xros/SwiftletData_SwiftletData-b.build/SwiftletData_SwiftletData.DependencyStaticMetadataFileList
WriteAuxiliaryFile /Users/admin/builder/spi-builder-workspace/.derivedData/Build/Intermediates.noindex/SwiftletData.build/Debug-xros/SwiftletData_SwiftletData-b.build/SwiftletData_SwiftletData.DependencyMetadataFileList (in target 'SwiftletData_SwiftletData' from project 'SwiftletData')
cd /Users/admin/builder/spi-builder-workspace
write-file /Users/admin/builder/spi-builder-workspace/.derivedData/Build/Intermediates.noindex/SwiftletData.build/Debug-xros/SwiftletData_SwiftletData-b.build/SwiftletData_SwiftletData.DependencyMetadataFileList
WriteAuxiliaryFile /Users/admin/builder/spi-builder-workspace/.derivedData/Build/Intermediates.noindex/SwiftletData.build/Debug-xros/SwiftletData_SwiftletData-b.build/empty-SwiftletData_SwiftletData.plist (in target 'SwiftletData_SwiftletData' from project 'SwiftletData')
cd /Users/admin/builder/spi-builder-workspace
write-file /Users/admin/builder/spi-builder-workspace/.derivedData/Build/Intermediates.noindex/SwiftletData.build/Debug-xros/SwiftletData_SwiftletData-b.build/empty-SwiftletData_SwiftletData.plist
WriteAuxiliaryFile /Users/admin/builder/spi-builder-workspace/.derivedData/Build/Intermediates.noindex/SwiftletData.build/Debug-xros/SwiftletData-t.build/SwiftletData.modulemap (in target 'SwiftletData' from project 'SwiftletData')
cd /Users/admin/builder/spi-builder-workspace
write-file /Users/admin/builder/spi-builder-workspace/.derivedData/Build/Intermediates.noindex/SwiftletData.build/Debug-xros/SwiftletData-t.build/SwiftletData.modulemap
Copy /Users/admin/builder/spi-builder-workspace/.derivedData/Build/Intermediates.noindex/GeneratedModuleMaps-xros/SwiftletUtilities.modulemap /Users/admin/builder/spi-builder-workspace/.derivedData/Build/Intermediates.noindex/SwiftletUtilities.build/Debug-xros/SwiftletUtilities-t.build/SwiftletUtilities.modulemap (in target 'SwiftletUtilities' from project 'SwiftletUtilities')
cd /Users/admin/builder/spi-builder-workspace/.dependencies/checkouts/SwiftletUtilities
builtin-copy -exclude .DS_Store -exclude CVS -exclude .svn -exclude .git -exclude .hg -resolve-src-symlinks /Users/admin/builder/spi-builder-workspace/.derivedData/Build/Intermediates.noindex/SwiftletUtilities.build/Debug-xros/SwiftletUtilities-t.build/SwiftletUtilities.modulemap /Users/admin/builder/spi-builder-workspace/.derivedData/Build/Intermediates.noindex/GeneratedModuleMaps-xros
WriteAuxiliaryFile /Users/admin/builder/spi-builder-workspace/.derivedData/Build/Intermediates.noindex/SwiftletData.build/Debug-xros/SwiftletData-t.build/SwiftletData.DependencyStaticMetadataFileList (in target 'SwiftletData' from project 'SwiftletData')
cd /Users/admin/builder/spi-builder-workspace
write-file /Users/admin/builder/spi-builder-workspace/.derivedData/Build/Intermediates.noindex/SwiftletData.build/Debug-xros/SwiftletData-t.build/SwiftletData.DependencyStaticMetadataFileList
WriteAuxiliaryFile /Users/admin/builder/spi-builder-workspace/.derivedData/Build/Intermediates.noindex/SwiftletData.build/Debug-xros/SwiftletData-t.build/SwiftletData.DependencyMetadataFileList (in target 'SwiftletData' from project 'SwiftletData')
cd /Users/admin/builder/spi-builder-workspace
write-file /Users/admin/builder/spi-builder-workspace/.derivedData/Build/Intermediates.noindex/SwiftletData.build/Debug-xros/SwiftletData-t.build/SwiftletData.DependencyMetadataFileList
WriteAuxiliaryFile /Users/admin/builder/spi-builder-workspace/.derivedData/Build/Intermediates.noindex/SwiftletData.build/Debug-xros/SwiftletData-t.build/Objects-normal/arm64/SwiftletData_const_extract_protocols.json (in target 'SwiftletData' from project 'SwiftletData')
cd /Users/admin/builder/spi-builder-workspace
write-file /Users/admin/builder/spi-builder-workspace/.derivedData/Build/Intermediates.noindex/SwiftletData.build/Debug-xros/SwiftletData-t.build/Objects-normal/arm64/SwiftletData_const_extract_protocols.json
WriteAuxiliaryFile /Users/admin/builder/spi-builder-workspace/.derivedData/Build/Intermediates.noindex/SwiftletData.build/Debug-xros/SwiftletData-t.build/Objects-normal/arm64/SwiftletData.SwiftFileList (in target 'SwiftletData' from project 'SwiftletData')
cd /Users/admin/builder/spi-builder-workspace
write-file /Users/admin/builder/spi-builder-workspace/.derivedData/Build/Intermediates.noindex/SwiftletData.build/Debug-xros/SwiftletData-t.build/Objects-normal/arm64/SwiftletData.SwiftFileList
WriteAuxiliaryFile /Users/admin/builder/spi-builder-workspace/.derivedData/Build/Intermediates.noindex/SwiftletData.build/Debug-xros/SwiftletData-t.build/Objects-normal/arm64/SwiftletData.LinkFileList (in target 'SwiftletData' from project 'SwiftletData')
cd /Users/admin/builder/spi-builder-workspace
write-file /Users/admin/builder/spi-builder-workspace/.derivedData/Build/Intermediates.noindex/SwiftletData.build/Debug-xros/SwiftletData-t.build/Objects-normal/arm64/SwiftletData.LinkFileList
WriteAuxiliaryFile /Users/admin/builder/spi-builder-workspace/.derivedData/Build/Intermediates.noindex/SwiftletData.build/Debug-xros/SwiftletData-t.build/Objects-normal/arm64/SwiftletData.SwiftConstValuesFileList (in target 'SwiftletData' from project 'SwiftletData')
cd /Users/admin/builder/spi-builder-workspace
write-file /Users/admin/builder/spi-builder-workspace/.derivedData/Build/Intermediates.noindex/SwiftletData.build/Debug-xros/SwiftletData-t.build/Objects-normal/arm64/SwiftletData.SwiftConstValuesFileList
WriteAuxiliaryFile /Users/admin/builder/spi-builder-workspace/.derivedData/Build/Intermediates.noindex/SwiftletData.build/Debug-xros/SwiftletData-t.build/Objects-normal/arm64/SwiftletData-OutputFileMap.json (in target 'SwiftletData' from project 'SwiftletData')
cd /Users/admin/builder/spi-builder-workspace
write-file /Users/admin/builder/spi-builder-workspace/.derivedData/Build/Intermediates.noindex/SwiftletData.build/Debug-xros/SwiftletData-t.build/Objects-normal/arm64/SwiftletData-OutputFileMap.json
WriteAuxiliaryFile /Users/admin/builder/spi-builder-workspace/.derivedData/Build/Intermediates.noindex/SwiftletData.build/Debug-xros/SwiftletData-t.build/DerivedSources/resource_bundle_accessor.swift (in target 'SwiftletData' from project 'SwiftletData')
cd /Users/admin/builder/spi-builder-workspace
write-file /Users/admin/builder/spi-builder-workspace/.derivedData/Build/Intermediates.noindex/SwiftletData.build/Debug-xros/SwiftletData-t.build/DerivedSources/resource_bundle_accessor.swift
Copy /Users/admin/builder/spi-builder-workspace/.derivedData/Build/Intermediates.noindex/GeneratedModuleMaps-xros/SwiftletData.modulemap /Users/admin/builder/spi-builder-workspace/.derivedData/Build/Intermediates.noindex/SwiftletData.build/Debug-xros/SwiftletData-t.build/SwiftletData.modulemap (in target 'SwiftletData' from project 'SwiftletData')
cd /Users/admin/builder/spi-builder-workspace
builtin-copy -exclude .DS_Store -exclude CVS -exclude .svn -exclude .git -exclude .hg -resolve-src-symlinks /Users/admin/builder/spi-builder-workspace/.derivedData/Build/Intermediates.noindex/SwiftletData.build/Debug-xros/SwiftletData-t.build/SwiftletData.modulemap /Users/admin/builder/spi-builder-workspace/.derivedData/Build/Intermediates.noindex/GeneratedModuleMaps-xros
WriteAuxiliaryFile /Users/admin/builder/spi-builder-workspace/.derivedData/Build/Intermediates.noindex/LogManager.build/Debug-xros/LogManager_LogManager-b.build/LogManager_LogManager.DependencyStaticMetadataFileList (in target 'LogManager_LogManager' from project 'LogManager')
cd /Users/admin/builder/spi-builder-workspace/.dependencies/checkouts/LogManager
write-file /Users/admin/builder/spi-builder-workspace/.derivedData/Build/Intermediates.noindex/LogManager.build/Debug-xros/LogManager_LogManager-b.build/LogManager_LogManager.DependencyStaticMetadataFileList
WriteAuxiliaryFile /Users/admin/builder/spi-builder-workspace/.derivedData/Build/Intermediates.noindex/LogManager.build/Debug-xros/LogManager_LogManager-b.build/LogManager_LogManager.DependencyMetadataFileList (in target 'LogManager_LogManager' from project 'LogManager')
cd /Users/admin/builder/spi-builder-workspace/.dependencies/checkouts/LogManager
write-file /Users/admin/builder/spi-builder-workspace/.derivedData/Build/Intermediates.noindex/LogManager.build/Debug-xros/LogManager_LogManager-b.build/LogManager_LogManager.DependencyMetadataFileList
WriteAuxiliaryFile /Users/admin/builder/spi-builder-workspace/.derivedData/Build/Intermediates.noindex/LogManager.build/Debug-xros/LogManager_LogManager-b.build/empty-LogManager_LogManager.plist (in target 'LogManager_LogManager' from project 'LogManager')
cd /Users/admin/builder/spi-builder-workspace/.dependencies/checkouts/LogManager
write-file /Users/admin/builder/spi-builder-workspace/.derivedData/Build/Intermediates.noindex/LogManager.build/Debug-xros/LogManager_LogManager-b.build/empty-LogManager_LogManager.plist
MkDir /Users/admin/builder/spi-builder-workspace/.derivedData/Build/Products/Debug-xros/SwiftletUtilities_SwiftletUtilities.bundle (in target 'SwiftletUtilities_SwiftletUtilities' from project 'SwiftletUtilities')
cd /Users/admin/builder/spi-builder-workspace/.dependencies/checkouts/SwiftletUtilities
/bin/mkdir -p /Users/admin/builder/spi-builder-workspace/.derivedData/Build/Products/Debug-xros/SwiftletUtilities_SwiftletUtilities.bundle
MkDir /Users/admin/builder/spi-builder-workspace/.derivedData/Build/Products/Debug-xros/SwiftletData_SwiftletData.bundle (in target 'SwiftletData_SwiftletData' from project 'SwiftletData')
cd /Users/admin/builder/spi-builder-workspace
/bin/mkdir -p /Users/admin/builder/spi-builder-workspace/.derivedData/Build/Products/Debug-xros/SwiftletData_SwiftletData.bundle
MkDir /Users/admin/builder/spi-builder-workspace/.derivedData/Build/Products/Debug-xros/LogManager_LogManager.bundle (in target 'LogManager_LogManager' from project 'LogManager')
cd /Users/admin/builder/spi-builder-workspace/.dependencies/checkouts/LogManager
/bin/mkdir -p /Users/admin/builder/spi-builder-workspace/.derivedData/Build/Products/Debug-xros/LogManager_LogManager.bundle
CreateBuildDirectory /Users/admin/builder/spi-builder-workspace/.derivedData/Build/Products/Debug-xros/PackageFrameworks
cd /Users/admin/builder/spi-builder-workspace/.swiftpm/xcode
builtin-create-build-directory /Users/admin/builder/spi-builder-workspace/.derivedData/Build/Products/Debug-xros/PackageFrameworks
WriteAuxiliaryFile /Users/admin/builder/spi-builder-workspace/.derivedData/Build/Intermediates.noindex/LogManager.build/Debug-xros/LogManager-t.build/Objects-normal/arm64/LogManager_const_extract_protocols.json (in target 'LogManager' from project 'LogManager')
cd /Users/admin/builder/spi-builder-workspace/.dependencies/checkouts/LogManager
write-file /Users/admin/builder/spi-builder-workspace/.derivedData/Build/Intermediates.noindex/LogManager.build/Debug-xros/LogManager-t.build/Objects-normal/arm64/LogManager_const_extract_protocols.json
WriteAuxiliaryFile /Users/admin/builder/spi-builder-workspace/.derivedData/Build/Intermediates.noindex/LogManager.build/Debug-xros/LogManager-t.build/Objects-normal/arm64/LogManager.SwiftFileList (in target 'LogManager' from project 'LogManager')
cd /Users/admin/builder/spi-builder-workspace/.dependencies/checkouts/LogManager
write-file /Users/admin/builder/spi-builder-workspace/.derivedData/Build/Intermediates.noindex/LogManager.build/Debug-xros/LogManager-t.build/Objects-normal/arm64/LogManager.SwiftFileList
WriteAuxiliaryFile /Users/admin/builder/spi-builder-workspace/.derivedData/Build/Intermediates.noindex/LogManager.build/Debug-xros/LogManager-t.build/Objects-normal/arm64/LogManager.SwiftConstValuesFileList (in target 'LogManager' from project 'LogManager')
cd /Users/admin/builder/spi-builder-workspace/.dependencies/checkouts/LogManager
write-file /Users/admin/builder/spi-builder-workspace/.derivedData/Build/Intermediates.noindex/LogManager.build/Debug-xros/LogManager-t.build/Objects-normal/arm64/LogManager.SwiftConstValuesFileList
WriteAuxiliaryFile /Users/admin/builder/spi-builder-workspace/.derivedData/Build/Intermediates.noindex/LogManager.build/Debug-xros/LogManager-t.build/Objects-normal/arm64/LogManager.LinkFileList (in target 'LogManager' from project 'LogManager')
cd /Users/admin/builder/spi-builder-workspace/.dependencies/checkouts/LogManager
write-file /Users/admin/builder/spi-builder-workspace/.derivedData/Build/Intermediates.noindex/LogManager.build/Debug-xros/LogManager-t.build/Objects-normal/arm64/LogManager.LinkFileList
WriteAuxiliaryFile /Users/admin/builder/spi-builder-workspace/.derivedData/Build/Intermediates.noindex/LogManager.build/Debug-xros/LogManager-t.build/Objects-normal/arm64/LogManager-OutputFileMap.json (in target 'LogManager' from project 'LogManager')
cd /Users/admin/builder/spi-builder-workspace/.dependencies/checkouts/LogManager
write-file /Users/admin/builder/spi-builder-workspace/.derivedData/Build/Intermediates.noindex/LogManager.build/Debug-xros/LogManager-t.build/Objects-normal/arm64/LogManager-OutputFileMap.json
WriteAuxiliaryFile /Users/admin/builder/spi-builder-workspace/.derivedData/Build/Intermediates.noindex/LogManager.build/Debug-xros/LogManager-t.build/LogManager.modulemap (in target 'LogManager' from project 'LogManager')
cd /Users/admin/builder/spi-builder-workspace/.dependencies/checkouts/LogManager
write-file /Users/admin/builder/spi-builder-workspace/.derivedData/Build/Intermediates.noindex/LogManager.build/Debug-xros/LogManager-t.build/LogManager.modulemap
WriteAuxiliaryFile /Users/admin/builder/spi-builder-workspace/.derivedData/Build/Intermediates.noindex/LogManager.build/Debug-xros/LogManager-t.build/LogManager.DependencyStaticMetadataFileList (in target 'LogManager' from project 'LogManager')
cd /Users/admin/builder/spi-builder-workspace/.dependencies/checkouts/LogManager
write-file /Users/admin/builder/spi-builder-workspace/.derivedData/Build/Intermediates.noindex/LogManager.build/Debug-xros/LogManager-t.build/LogManager.DependencyStaticMetadataFileList
WriteAuxiliaryFile /Users/admin/builder/spi-builder-workspace/.derivedData/Build/Intermediates.noindex/LogManager.build/Debug-xros/LogManager-t.build/LogManager.DependencyMetadataFileList (in target 'LogManager' from project 'LogManager')
cd /Users/admin/builder/spi-builder-workspace/.dependencies/checkouts/LogManager
write-file /Users/admin/builder/spi-builder-workspace/.derivedData/Build/Intermediates.noindex/LogManager.build/Debug-xros/LogManager-t.build/LogManager.DependencyMetadataFileList
WriteAuxiliaryFile /Users/admin/builder/spi-builder-workspace/.derivedData/Build/Intermediates.noindex/LogManager.build/Debug-xros/LogManager-t.build/DerivedSources/resource_bundle_accessor.swift (in target 'LogManager' from project 'LogManager')
cd /Users/admin/builder/spi-builder-workspace/.dependencies/checkouts/LogManager
write-file /Users/admin/builder/spi-builder-workspace/.derivedData/Build/Intermediates.noindex/LogManager.build/Debug-xros/LogManager-t.build/DerivedSources/resource_bundle_accessor.swift
Copy /Users/admin/builder/spi-builder-workspace/.derivedData/Build/Intermediates.noindex/GeneratedModuleMaps-xros/LogManager.modulemap /Users/admin/builder/spi-builder-workspace/.derivedData/Build/Intermediates.noindex/LogManager.build/Debug-xros/LogManager-t.build/LogManager.modulemap (in target 'LogManager' from project 'LogManager')
cd /Users/admin/builder/spi-builder-workspace/.dependencies/checkouts/LogManager
builtin-copy -exclude .DS_Store -exclude CVS -exclude .svn -exclude .git -exclude .hg -resolve-src-symlinks /Users/admin/builder/spi-builder-workspace/.derivedData/Build/Intermediates.noindex/LogManager.build/Debug-xros/LogManager-t.build/LogManager.modulemap /Users/admin/builder/spi-builder-workspace/.derivedData/Build/Intermediates.noindex/GeneratedModuleMaps-xros
CpResource /Users/admin/builder/spi-builder-workspace/.derivedData/Build/Products/Debug-xros/SwiftletUtilities_SwiftletUtilities.bundle/PrivacyInfo.xcprivacy /Users/admin/builder/spi-builder-workspace/.dependencies/checkouts/SwiftletUtilities/Sources/SwiftletUtilities/Resources/PrivacyInfo.xcprivacy (in target 'SwiftletUtilities_SwiftletUtilities' from project 'SwiftletUtilities')
cd /Users/admin/builder/spi-builder-workspace/.dependencies/checkouts/SwiftletUtilities
builtin-copy -exclude .DS_Store -exclude CVS -exclude .svn -exclude .git -exclude .hg -resolve-src-symlinks /Users/admin/builder/spi-builder-workspace/.dependencies/checkouts/SwiftletUtilities/Sources/SwiftletUtilities/Resources/PrivacyInfo.xcprivacy /Users/admin/builder/spi-builder-workspace/.derivedData/Build/Products/Debug-xros/SwiftletUtilities_SwiftletUtilities.bundle
ProcessInfoPlistFile /Users/admin/builder/spi-builder-workspace/.derivedData/Build/Products/Debug-xros/SwiftletUtilities_SwiftletUtilities.bundle/Info.plist /Users/admin/builder/spi-builder-workspace/.derivedData/Build/Intermediates.noindex/SwiftletUtilities.build/Debug-xros/SwiftletUtilities_SwiftletUtilities-b.build/empty-SwiftletUtilities_SwiftletUtilities.plist (in target 'SwiftletUtilities_SwiftletUtilities' from project 'SwiftletUtilities')
cd /Users/admin/builder/spi-builder-workspace/.dependencies/checkouts/SwiftletUtilities
builtin-infoPlistUtility /Users/admin/builder/spi-builder-workspace/.derivedData/Build/Intermediates.noindex/SwiftletUtilities.build/Debug-xros/SwiftletUtilities_SwiftletUtilities-b.build/empty-SwiftletUtilities_SwiftletUtilities.plist -producttype com.apple.product-type.bundle -expandbuildsettings -format binary -platform xros -o /Users/admin/builder/spi-builder-workspace/.derivedData/Build/Products/Debug-xros/SwiftletUtilities_SwiftletUtilities.bundle/Info.plist
ProcessInfoPlistFile /Users/admin/builder/spi-builder-workspace/.derivedData/Build/Products/Debug-xros/SwiftletData_SwiftletData.bundle/Info.plist /Users/admin/builder/spi-builder-workspace/.derivedData/Build/Intermediates.noindex/SwiftletData.build/Debug-xros/SwiftletData_SwiftletData-b.build/empty-SwiftletData_SwiftletData.plist (in target 'SwiftletData_SwiftletData' from project 'SwiftletData')
cd /Users/admin/builder/spi-builder-workspace
builtin-infoPlistUtility /Users/admin/builder/spi-builder-workspace/.derivedData/Build/Intermediates.noindex/SwiftletData.build/Debug-xros/SwiftletData_SwiftletData-b.build/empty-SwiftletData_SwiftletData.plist -producttype com.apple.product-type.bundle -expandbuildsettings -format binary -platform xros -o /Users/admin/builder/spi-builder-workspace/.derivedData/Build/Products/Debug-xros/SwiftletData_SwiftletData.bundle/Info.plist
CpResource /Users/admin/builder/spi-builder-workspace/.derivedData/Build/Products/Debug-xros/SwiftletData_SwiftletData.bundle/PrivacyInfo.xcprivacy /Users/admin/builder/spi-builder-workspace/Sources/SwiftletData/Resources/PrivacyInfo.xcprivacy (in target 'SwiftletData_SwiftletData' from project 'SwiftletData')
cd /Users/admin/builder/spi-builder-workspace
builtin-copy -exclude .DS_Store -exclude CVS -exclude .svn -exclude .git -exclude .hg -resolve-src-symlinks /Users/admin/builder/spi-builder-workspace/Sources/SwiftletData/Resources/PrivacyInfo.xcprivacy /Users/admin/builder/spi-builder-workspace/.derivedData/Build/Products/Debug-xros/SwiftletData_SwiftletData.bundle
ProcessInfoPlistFile /Users/admin/builder/spi-builder-workspace/.derivedData/Build/Products/Debug-xros/LogManager_LogManager.bundle/Info.plist /Users/admin/builder/spi-builder-workspace/.derivedData/Build/Intermediates.noindex/LogManager.build/Debug-xros/LogManager_LogManager-b.build/empty-LogManager_LogManager.plist (in target 'LogManager_LogManager' from project 'LogManager')
cd /Users/admin/builder/spi-builder-workspace/.dependencies/checkouts/LogManager
builtin-infoPlistUtility /Users/admin/builder/spi-builder-workspace/.derivedData/Build/Intermediates.noindex/LogManager.build/Debug-xros/LogManager_LogManager-b.build/empty-LogManager_LogManager.plist -producttype com.apple.product-type.bundle -expandbuildsettings -format binary -platform xros -o /Users/admin/builder/spi-builder-workspace/.derivedData/Build/Products/Debug-xros/LogManager_LogManager.bundle/Info.plist
CpResource /Users/admin/builder/spi-builder-workspace/.derivedData/Build/Products/Debug-xros/LogManager_LogManager.bundle/PrivacyInfo.xcprivacy /Users/admin/builder/spi-builder-workspace/.dependencies/checkouts/LogManager/Sources/LogManager/Resources/PrivacyInfo.xcprivacy (in target 'LogManager_LogManager' from project 'LogManager')
cd /Users/admin/builder/spi-builder-workspace/.dependencies/checkouts/LogManager
builtin-copy -exclude .DS_Store -exclude CVS -exclude .svn -exclude .git -exclude .hg -resolve-src-symlinks /Users/admin/builder/spi-builder-workspace/.dependencies/checkouts/LogManager/Sources/LogManager/Resources/PrivacyInfo.xcprivacy /Users/admin/builder/spi-builder-workspace/.derivedData/Build/Products/Debug-xros/LogManager_LogManager.bundle
RegisterExecutionPolicyException /Users/admin/builder/spi-builder-workspace/.derivedData/Build/Products/Debug-xros/SwiftletData_SwiftletData.bundle (in target 'SwiftletData_SwiftletData' from project 'SwiftletData')
cd /Users/admin/builder/spi-builder-workspace
builtin-RegisterExecutionPolicyException /Users/admin/builder/spi-builder-workspace/.derivedData/Build/Products/Debug-xros/SwiftletData_SwiftletData.bundle
RegisterExecutionPolicyException /Users/admin/builder/spi-builder-workspace/.derivedData/Build/Products/Debug-xros/SwiftletUtilities_SwiftletUtilities.bundle (in target 'SwiftletUtilities_SwiftletUtilities' from project 'SwiftletUtilities')
cd /Users/admin/builder/spi-builder-workspace/.dependencies/checkouts/SwiftletUtilities
builtin-RegisterExecutionPolicyException /Users/admin/builder/spi-builder-workspace/.derivedData/Build/Products/Debug-xros/SwiftletUtilities_SwiftletUtilities.bundle
RegisterExecutionPolicyException /Users/admin/builder/spi-builder-workspace/.derivedData/Build/Products/Debug-xros/LogManager_LogManager.bundle (in target 'LogManager_LogManager' from project 'LogManager')
cd /Users/admin/builder/spi-builder-workspace/.dependencies/checkouts/LogManager
builtin-RegisterExecutionPolicyException /Users/admin/builder/spi-builder-workspace/.derivedData/Build/Products/Debug-xros/LogManager_LogManager.bundle
Touch /Users/admin/builder/spi-builder-workspace/.derivedData/Build/Products/Debug-xros/SwiftletData_SwiftletData.bundle (in target 'SwiftletData_SwiftletData' from project 'SwiftletData')
cd /Users/admin/builder/spi-builder-workspace
/usr/bin/touch -c /Users/admin/builder/spi-builder-workspace/.derivedData/Build/Products/Debug-xros/SwiftletData_SwiftletData.bundle
Touch /Users/admin/builder/spi-builder-workspace/.derivedData/Build/Products/Debug-xros/LogManager_LogManager.bundle (in target 'LogManager_LogManager' from project 'LogManager')
cd /Users/admin/builder/spi-builder-workspace/.dependencies/checkouts/LogManager
/usr/bin/touch -c /Users/admin/builder/spi-builder-workspace/.derivedData/Build/Products/Debug-xros/LogManager_LogManager.bundle
Touch /Users/admin/builder/spi-builder-workspace/.derivedData/Build/Products/Debug-xros/SwiftletUtilities_SwiftletUtilities.bundle (in target 'SwiftletUtilities_SwiftletUtilities' from project 'SwiftletUtilities')
cd /Users/admin/builder/spi-builder-workspace/.dependencies/checkouts/SwiftletUtilities
/usr/bin/touch -c /Users/admin/builder/spi-builder-workspace/.derivedData/Build/Products/Debug-xros/SwiftletUtilities_SwiftletUtilities.bundle
SwiftDriver LogManager normal arm64 com.apple.xcode.tools.swift.compiler (in target 'LogManager' from project 'LogManager')
cd /Users/admin/builder/spi-builder-workspace/.swiftpm/xcode
builtin-SwiftDriver -- /Applications/Xcode-27.0.0-Release.Candidate.app/Contents/Developer/Toolchains/XcodeDefault.xctoolchain/usr/bin/swiftc -parse-as-library -module-name LogManager -Onone @/Users/admin/builder/spi-builder-workspace/.derivedData/Build/Intermediates.noindex/LogManager.build/Debug-xros/LogManager-t.build/Objects-normal/arm64/LogManager.SwiftFileList -DSWIFT_PACKAGE -DDEBUG -DSWIFT_MODULE_RESOURCE_BUNDLE_AVAILABLE -DXcode -plugin-path /Applications/Xcode-27.0.0-Release.Candidate.app/Contents/Developer/Toolchains/XcodeDefault.xctoolchain/usr/lib/swift/host/plugins/testing -enable-experimental-feature DebugDescriptionMacro -sdk /Applications/Xcode-27.0.0-Release.Candidate.app/Contents/Developer/Platforms/XROS.platform/Developer/SDKs/XROS27.0.sdk -target arm64-apple-xros26.0 -g -module-cache-path /Users/admin/builder/spi-builder-workspace/.derivedData/ModuleCache.noindex -Xfrontend -serialize-debugging-options -profile-coverage-mapping -profile-generate -enable-testing -suppress-warnings -index-store-path /Users/admin/builder/spi-builder-workspace/.derivedData/Index.noindex/DataStore -Xcc -D_LIBCPP_HARDENING_MODE\=_LIBCPP_HARDENING_MODE_DEBUG -swift-version 6 -I /Users/admin/builder/spi-builder-workspace/.derivedData/Build/Products/Debug-xros -Isystem /Applications/Xcode-27.0.0-Release.Candidate.app/Contents/Developer/Platforms/XROS.platform/Developer/usr/lib -F /Users/admin/builder/spi-builder-workspace/.derivedData/Build/Products/Debug-xros -F /Applications/Xcode-27.0.0-Release.Candidate.app/Contents/Developer/Platforms/XROS.platform/Developer/Library/Frameworks -F /Applications/Xcode-27.0.0-Release.Candidate.app/Contents/Developer/Platforms/XROS.platform/Developer/SDKs/XROS27.0.sdk/Developer/Library/Frameworks -c -j10 -enable-batch-mode -incremental -Xcc -ivfsstatcache -Xcc /Users/admin/builder/spi-builder-workspace/.derivedData/SDKStatCaches.noindex/xros27.0-24M361-e829b21a6f8c9b70876ba0858053c044735bd543db762f57723cac368afd1ce4.sdkstatcache -output-file-map /Users/admin/builder/spi-builder-workspace/.derivedData/Build/Intermediates.noindex/LogManager.build/Debug-xros/LogManager-t.build/Objects-normal/arm64/LogManager-OutputFileMap.json -save-temps -no-color-diagnostics -explicit-module-build -module-cache-path /Users/admin/builder/spi-builder-workspace/.derivedData/Build/Intermediates.noindex/SwiftExplicitPrecompiledModules -clang-scanner-module-cache-path /Users/admin/builder/spi-builder-workspace/.derivedData/ModuleCache.noindex -sdk-module-cache-path /Users/admin/builder/spi-builder-workspace/.derivedData/SDKExplicitPrecompiledModules -emit-dependencies -emit-module -emit-module-path /Users/admin/builder/spi-builder-workspace/.derivedData/Build/Intermediates.noindex/LogManager.build/Debug-xros/LogManager-t.build/Objects-normal/arm64/LogManager.swiftmodule -serialize-diagnostics -dependency-scan-serialize-diagnostics-path /Users/admin/builder/spi-builder-workspace/.derivedData/Build/Intermediates.noindex/LogManager.build/Debug-xros/LogManager-t.build/Objects-normal/arm64/LogManager-dependency-scan.dia -user-module-version 2.1.0 -validate-clang-modules-once -clang-build-session-file /Users/admin/builder/spi-builder-workspace/.derivedData/ModuleCache.noindex/Session.modulevalidation -Xcc -fmodules-prune-interval\=86400 -Xcc -fmodules-prune-after\=345600 -package-name logmanager -emit-const-values -const-gather-protocols-list /Users/admin/builder/spi-builder-workspace/.derivedData/Build/Intermediates.noindex/LogManager.build/Debug-xros/LogManager-t.build/Objects-normal/arm64/LogManager_const_extract_protocols.json -Xcc -I/Users/admin/builder/spi-builder-workspace/.derivedData/Build/Products/Debug-xros/include -Xcc -I/Users/admin/builder/spi-builder-workspace/.derivedData/Build/Intermediates.noindex/LogManager.build/Debug-xros/LogManager-t.build/DerivedSources-normal/arm64 -Xcc -I/Users/admin/builder/spi-builder-workspace/.derivedData/Build/Intermediates.noindex/LogManager.build/Debug-xros/LogManager-t.build/DerivedSources/arm64 -Xcc -I/Users/admin/builder/spi-builder-workspace/.derivedData/Build/Intermediates.noindex/LogManager.build/Debug-xros/LogManager-t.build/DerivedSources -Xcc -DSWIFT_PACKAGE -Xcc -DDEBUG\=1 -emit-objc-header -emit-objc-header-path /Users/admin/builder/spi-builder-workspace/.derivedData/Build/Intermediates.noindex/LogManager.build/Debug-xros/LogManager-t.build/Objects-normal/arm64/LogManager-Swift.h -working-directory /Users/admin/builder/spi-builder-workspace/.swiftpm/xcode -experimental-emit-module-separately -disable-cmo
SwiftExplicitDependencyGeneratePcm arm64 /Users/admin/builder/spi-builder-workspace/.derivedData/SDKExplicitPrecompiledModules/SwiftShims-2HAZ94YF1BA79JLFTAIV7APMW.pcm
SwiftExplicitDependencyGeneratePcm arm64 /Users/admin/builder/spi-builder-workspace/.derivedData/SDKExplicitPrecompiledModules/_Builtin_float-1J8SO31WACP82RKV0LOTRKG39.pcm
SwiftExplicitDependencyGeneratePcm arm64 /Users/admin/builder/spi-builder-workspace/.derivedData/SDKExplicitPrecompiledModules/_Builtin_stdarg-62NPPE4D8O3BNLU35D74TGLVQ.pcm
SwiftExplicitDependencyGeneratePcm arm64 /Users/admin/builder/spi-builder-workspace/.derivedData/SDKExplicitPrecompiledModules/_SwiftConcurrencyShims-9H7TQT237JM0VTD7TXCR6CNM9.pcm
SwiftExplicitDependencyGeneratePcm arm64 /Users/admin/builder/spi-builder-workspace/.derivedData/SDKExplicitPrecompiledModules/ptrcheck-98Y8DWD0HPCMRMDFKAEZCA81O.pcm
SwiftExplicitDependencyGeneratePcm arm64 /Users/admin/builder/spi-builder-workspace/.derivedData/SDKExplicitPrecompiledModules/ptrauth-9Q1PN7OTQZN7B0Z9D7V7Q8UB1.pcm
SwiftExplicitDependencyGeneratePcm arm64 /Users/admin/builder/spi-builder-workspace/.derivedData/SDKExplicitPrecompiledModules/_Builtin_stdbool-1Q6BTYNEVHC9M74WL5O5GJ1ZM.pcm
SwiftExplicitDependencyGeneratePcm arm64 /Users/admin/builder/spi-builder-workspace/.derivedData/SDKExplicitPrecompiledModules/_AvailabilityInternal-6BH9T8OE123ARKKFOJFR111NS.pcm
SwiftExplicitDependencyGeneratePcm arm64 /Users/admin/builder/spi-builder-workspace/.derivedData/SDKExplicitPrecompiledModules/_Builtin_stddef-2IE0R9M96I5XG0WY72N2UIQ8V.pcm
SwiftExplicitDependencyGeneratePcm arm64 /Users/admin/builder/spi-builder-workspace/.derivedData/SDKExplicitPrecompiledModules/_DarwinFoundation1-AVZIQZ8HOAUXTT5CXVE5TNG7E.pcm
SwiftExplicitDependencyGeneratePcm arm64 /Users/admin/builder/spi-builder-workspace/.derivedData/SDKExplicitPrecompiledModules/_DarwinFoundation2-E0NXA4K8N3W3XTJG0EDH15WR2.pcm
SwiftExplicitDependencyGeneratePcm arm64 /Users/admin/builder/spi-builder-workspace/.derivedData/SDKExplicitPrecompiledModules/_Builtin_limits-599EXAY0E7DPK78D1JASUXYCQ.pcm
SwiftExplicitDependencyGeneratePcm arm64 /Users/admin/builder/spi-builder-workspace/.derivedData/SDKExplicitPrecompiledModules/sys_types-A3BBS6FJZK4C974FRQ5ZCTND7.pcm
SwiftExplicitDependencyGeneratePcm arm64 /Users/admin/builder/spi-builder-workspace/.derivedData/SDKExplicitPrecompiledModules/_Builtin_stdint-F1DLW8WMMSOC414RWOQWK8OS8.pcm
SwiftExplicitDependencyGeneratePcm arm64 /Users/admin/builder/spi-builder-workspace/.derivedData/SDKExplicitPrecompiledModules/string_h-BGPLTZ4H9HACR813QKF6VS72D.pcm
SwiftExplicitDependencyGeneratePcm arm64 /Users/admin/builder/spi-builder-workspace/.derivedData/SDKExplicitPrecompiledModules/_Builtin_stdatomic-158FFQF46AB7DZCSEC3RCRTFC.pcm
SwiftExplicitDependencyGeneratePcm arm64 /Users/admin/builder/spi-builder-workspace/.derivedData/SDKExplicitPrecompiledModules/_DarwinFoundation3-C1P0SZMW1CBYZ1956G2WPAGVQ.pcm
SwiftExplicitDependencyGeneratePcm arm64 /Users/admin/builder/spi-builder-workspace/.derivedData/SDKExplicitPrecompiledModules/_Builtin_inttypes-9DU9NJC5HKVLIXJ97CZROETBU.pcm
SwiftExplicitDependencyGeneratePcm arm64 /Users/admin/builder/spi-builder-workspace/.derivedData/SDKExplicitPrecompiledModules/Darwin-ET1KOXI5QIB2QZ81K0LJ5SCNP.pcm
SwiftExplicitDependencyGeneratePcm arm64 /Users/admin/builder/spi-builder-workspace/.derivedData/SDKExplicitPrecompiledModules/MachO-6F2CAO15JWU9TP0S5ZC6PL9IB.pcm
SwiftExplicitDependencyGeneratePcm arm64 /Users/admin/builder/spi-builder-workspace/.derivedData/SDKExplicitPrecompiledModules/ObjectiveC-7UYOWV2RO2CMEGURP3Y7WLPAT.pcm
SwiftExplicitDependencyGeneratePcm arm64 /Users/admin/builder/spi-builder-workspace/.derivedData/SDKExplicitPrecompiledModules/os_object-A49MUZWNB60JKCX0NMFXESEZD.pcm
SwiftExplicitDependencyGeneratePcm arm64 /Users/admin/builder/spi-builder-workspace/.derivedData/SDKExplicitPrecompiledModules/os_workgroup-1J3Q9ELSMX5271913GPIT75QV.pcm
SwiftExplicitDependencyGeneratePcm arm64 /Users/admin/builder/spi-builder-workspace/.derivedData/SDKExplicitPrecompiledModules/Dispatch-7TDXDXPVVCZ0IQLPT2W4Z1AW3.pcm
SwiftExplicitDependencyGeneratePcm arm64 /Users/admin/builder/spi-builder-workspace/.derivedData/SDKExplicitPrecompiledModules/XPC-1U8J3QOEPI1JREQTBJYCK4Z2Z.pcm
SwiftExplicitDependencyGeneratePcm arm64 /Users/admin/builder/spi-builder-workspace/.derivedData/SDKExplicitPrecompiledModules/CoreFoundation-5D49BF05JAG3T79HLXZS0QOEB.pcm
SwiftExplicitDependencyGeneratePcm arm64 /Users/admin/builder/spi-builder-workspace/.derivedData/SDKExplicitPrecompiledModules/os-7D3ZMGEZW9BBPJG5AFYWTJQLV.pcm
SwiftExplicitDependencyGeneratePcm arm64 /Users/admin/builder/spi-builder-workspace/.derivedData/SDKExplicitPrecompiledModules/CFNetwork-8XNJAT23SK5D0OET9NV9X387I.pcm
SwiftExplicitDependencyGeneratePcm arm64 /Users/admin/builder/spi-builder-workspace/.derivedData/SDKExplicitPrecompiledModules/Security-4BDO3J0PXFNR7ZRKSDSXCO6IM.pcm
SwiftExplicitDependencyGeneratePcm arm64 /Users/admin/builder/spi-builder-workspace/.derivedData/SDKExplicitPrecompiledModules/Foundation-48S9SVOOX01R4NP8KF0LJG57Z.pcm
SwiftExplicitDependencyGeneratePcm arm64 /Users/admin/builder/spi-builder-workspace/.derivedData/SDKExplicitPrecompiledModules/OSLog-3CTW8AFBZNTJNTYU2CNXR306R.pcm
SwiftCompile normal arm64 Compiling\ ReleaseLogger.swift /Users/admin/builder/spi-builder-workspace/.dependencies/checkouts/LogManager/Sources/LogManager/ReleaseLogger.swift (in target 'LogManager' from project 'LogManager')
SwiftCompile normal arm64 /Users/admin/builder/spi-builder-workspace/.dependencies/checkouts/LogManager/Sources/LogManager/ReleaseLogger.swift (in target 'LogManager' from project 'LogManager')
cd /Users/admin/builder/spi-builder-workspace/.swiftpm/xcode
builtin-SwiftPerFileCompile ReleaseLogger.swift
SwiftCompile normal arm64 Compiling\ resource_bundle_accessor.swift /Users/admin/builder/spi-builder-workspace/.derivedData/Build/Intermediates.noindex/LogManager.build/Debug-xros/LogManager-t.build/DerivedSources/resource_bundle_accessor.swift (in target 'LogManager' from project 'LogManager')
SwiftCompile normal arm64 /Users/admin/builder/spi-builder-workspace/.derivedData/Build/Intermediates.noindex/LogManager.build/Debug-xros/LogManager-t.build/DerivedSources/resource_bundle_accessor.swift (in target 'LogManager' from project 'LogManager')
cd /Users/admin/builder/spi-builder-workspace/.swiftpm/xcode
builtin-SwiftPerFileCompile resource_bundle_accessor.swift
SwiftCompile normal arm64 Compiling\ DebugLogger.swift /Users/admin/builder/spi-builder-workspace/.dependencies/checkouts/LogManager/Sources/LogManager/DebugLogger.swift (in target 'LogManager' from project 'LogManager')
SwiftCompile normal arm64 /Users/admin/builder/spi-builder-workspace/.dependencies/checkouts/LogManager/Sources/LogManager/DebugLogger.swift (in target 'LogManager' from project 'LogManager')
cd /Users/admin/builder/spi-builder-workspace/.swiftpm/xcode
builtin-SwiftPerFileCompile DebugLogger.swift
SwiftEmitModule normal arm64 Emitting\ module\ for\ LogManager (in target 'LogManager' from project 'LogManager')
SwiftCompile normal arm64 (in target 'LogManager' from project 'LogManager')
cd /Users/admin/builder/spi-builder-workspace/.swiftpm/xcode
SwiftDriverJobDiscovery normal arm64 Emitting module for LogManager (in target 'LogManager' from project 'LogManager')
SwiftDriver\ Compilation\ Requirements LogManager normal arm64 com.apple.xcode.tools.swift.compiler (in target 'LogManager' from project 'LogManager')
cd /Users/admin/builder/spi-builder-workspace/.swiftpm/xcode
builtin-Swift-Compilation-Requirements -- /Applications/Xcode-27.0.0-Release.Candidate.app/Contents/Developer/Toolchains/XcodeDefault.xctoolchain/usr/bin/swiftc -parse-as-library -module-name LogManager -Onone @/Users/admin/builder/spi-builder-workspace/.derivedData/Build/Intermediates.noindex/LogManager.build/Debug-xros/LogManager-t.build/Objects-normal/arm64/LogManager.SwiftFileList -DSWIFT_PACKAGE -DDEBUG -DSWIFT_MODULE_RESOURCE_BUNDLE_AVAILABLE -DXcode -plugin-path /Applications/Xcode-27.0.0-Release.Candidate.app/Contents/Developer/Toolchains/XcodeDefault.xctoolchain/usr/lib/swift/host/plugins/testing -enable-experimental-feature DebugDescriptionMacro -sdk /Applications/Xcode-27.0.0-Release.Candidate.app/Contents/Developer/Platforms/XROS.platform/Developer/SDKs/XROS27.0.sdk -target arm64-apple-xros26.0 -g -module-cache-path /Users/admin/builder/spi-builder-workspace/.derivedData/ModuleCache.noindex -Xfrontend -serialize-debugging-options -profile-coverage-mapping -profile-generate -enable-testing -suppress-warnings -index-store-path /Users/admin/builder/spi-builder-workspace/.derivedData/Index.noindex/DataStore -Xcc -D_LIBCPP_HARDENING_MODE\=_LIBCPP_HARDENING_MODE_DEBUG -swift-version 6 -I /Users/admin/builder/spi-builder-workspace/.derivedData/Build/Products/Debug-xros -Isystem /Applications/Xcode-27.0.0-Release.Candidate.app/Contents/Developer/Platforms/XROS.platform/Developer/usr/lib -F /Users/admin/builder/spi-builder-workspace/.derivedData/Build/Products/Debug-xros -F /Applications/Xcode-27.0.0-Release.Candidate.app/Contents/Developer/Platforms/XROS.platform/Developer/Library/Frameworks -F /Applications/Xcode-27.0.0-Release.Candidate.app/Contents/Developer/Platforms/XROS.platform/Developer/SDKs/XROS27.0.sdk/Developer/Library/Frameworks -c -j10 -enable-batch-mode -incremental -Xcc -ivfsstatcache -Xcc /Users/admin/builder/spi-builder-workspace/.derivedData/SDKStatCaches.noindex/xros27.0-24M361-e829b21a6f8c9b70876ba0858053c044735bd543db762f57723cac368afd1ce4.sdkstatcache -output-file-map /Users/admin/builder/spi-builder-workspace/.derivedData/Build/Intermediates.noindex/LogManager.build/Debug-xros/LogManager-t.build/Objects-normal/arm64/LogManager-OutputFileMap.json -save-temps -no-color-diagnostics -explicit-module-build -module-cache-path /Users/admin/builder/spi-builder-workspace/.derivedData/Build/Intermediates.noindex/SwiftExplicitPrecompiledModules -clang-scanner-module-cache-path /Users/admin/builder/spi-builder-workspace/.derivedData/ModuleCache.noindex -sdk-module-cache-path /Users/admin/builder/spi-builder-workspace/.derivedData/SDKExplicitPrecompiledModules -emit-dependencies -emit-module -emit-module-path /Users/admin/builder/spi-builder-workspace/.derivedData/Build/Intermediates.noindex/LogManager.build/Debug-xros/LogManager-t.build/Objects-normal/arm64/LogManager.swiftmodule -serialize-diagnostics -dependency-scan-serialize-diagnostics-path /Users/admin/builder/spi-builder-workspace/.derivedData/Build/Intermediates.noindex/LogManager.build/Debug-xros/LogManager-t.build/Objects-normal/arm64/LogManager-dependency-scan.dia -user-module-version 2.1.0 -validate-clang-modules-once -clang-build-session-file /Users/admin/builder/spi-builder-workspace/.derivedData/ModuleCache.noindex/Session.modulevalidation -Xcc -fmodules-prune-interval\=86400 -Xcc -fmodules-prune-after\=345600 -package-name logmanager -emit-const-values -const-gather-protocols-list /Users/admin/builder/spi-builder-workspace/.derivedData/Build/Intermediates.noindex/LogManager.build/Debug-xros/LogManager-t.build/Objects-normal/arm64/LogManager_const_extract_protocols.json -Xcc -I/Users/admin/builder/spi-builder-workspace/.derivedData/Build/Products/Debug-xros/include -Xcc -I/Users/admin/builder/spi-builder-workspace/.derivedData/Build/Intermediates.noindex/LogManager.build/Debug-xros/LogManager-t.build/DerivedSources-normal/arm64 -Xcc -I/Users/admin/builder/spi-builder-workspace/.derivedData/Build/Intermediates.noindex/LogManager.build/Debug-xros/LogManager-t.build/DerivedSources/arm64 -Xcc -I/Users/admin/builder/spi-builder-workspace/.derivedData/Build/Intermediates.noindex/LogManager.build/Debug-xros/LogManager-t.build/DerivedSources -Xcc -DSWIFT_PACKAGE -Xcc -DDEBUG\=1 -emit-objc-header -emit-objc-header-path /Users/admin/builder/spi-builder-workspace/.derivedData/Build/Intermediates.noindex/LogManager.build/Debug-xros/LogManager-t.build/Objects-normal/arm64/LogManager-Swift.h -working-directory /Users/admin/builder/spi-builder-workspace/.swiftpm/xcode -experimental-emit-module-separately -disable-cmo
SwiftMergeGeneratedHeaders /Users/admin/builder/spi-builder-workspace/.derivedData/Build/Intermediates.noindex/GeneratedModuleMaps-xros/LogManager-Swift.h /Users/admin/builder/spi-builder-workspace/.derivedData/Build/Intermediates.noindex/LogManager.build/Debug-xros/LogManager-t.build/Objects-normal/arm64/LogManager-Swift.h (in target 'LogManager' from project 'LogManager')
cd /Users/admin/builder/spi-builder-workspace/.dependencies/checkouts/LogManager
builtin-swiftHeaderTool -arch arm64 /Users/admin/builder/spi-builder-workspace/.derivedData/Build/Intermediates.noindex/LogManager.build/Debug-xros/LogManager-t.build/Objects-normal/arm64/LogManager-Swift.h -o /Users/admin/builder/spi-builder-workspace/.derivedData/Build/Intermediates.noindex/GeneratedModuleMaps-xros/LogManager-Swift.h
Copy /Users/admin/builder/spi-builder-workspace/.derivedData/Build/Products/Debug-xros/LogManager.swiftmodule/arm64-apple-xros.swiftdoc /Users/admin/builder/spi-builder-workspace/.derivedData/Build/Intermediates.noindex/LogManager.build/Debug-xros/LogManager-t.build/Objects-normal/arm64/LogManager.swiftdoc (in target 'LogManager' from project 'LogManager')
cd /Users/admin/builder/spi-builder-workspace/.dependencies/checkouts/LogManager
builtin-copy -exclude .DS_Store -exclude CVS -exclude .svn -exclude .git -exclude .hg -resolve-src-symlinks -rename /Users/admin/builder/spi-builder-workspace/.derivedData/Build/Intermediates.noindex/LogManager.build/Debug-xros/LogManager-t.build/Objects-normal/arm64/LogManager.swiftdoc /Users/admin/builder/spi-builder-workspace/.derivedData/Build/Products/Debug-xros/LogManager.swiftmodule/arm64-apple-xros.swiftdoc
Copy /Users/admin/builder/spi-builder-workspace/.derivedData/Build/Products/Debug-xros/LogManager.swiftmodule/arm64-apple-xros.swiftmodule /Users/admin/builder/spi-builder-workspace/.derivedData/Build/Intermediates.noindex/LogManager.build/Debug-xros/LogManager-t.build/Objects-normal/arm64/LogManager.swiftmodule (in target 'LogManager' from project 'LogManager')
cd /Users/admin/builder/spi-builder-workspace/.dependencies/checkouts/LogManager
builtin-copy -exclude .DS_Store -exclude CVS -exclude .svn -exclude .git -exclude .hg -resolve-src-symlinks -rename /Users/admin/builder/spi-builder-workspace/.derivedData/Build/Intermediates.noindex/LogManager.build/Debug-xros/LogManager-t.build/Objects-normal/arm64/LogManager.swiftmodule /Users/admin/builder/spi-builder-workspace/.derivedData/Build/Products/Debug-xros/LogManager.swiftmodule/arm64-apple-xros.swiftmodule
Copy /Users/admin/builder/spi-builder-workspace/.derivedData/Build/Products/Debug-xros/LogManager.swiftmodule/arm64-apple-xros.abi.json /Users/admin/builder/spi-builder-workspace/.derivedData/Build/Intermediates.noindex/LogManager.build/Debug-xros/LogManager-t.build/Objects-normal/arm64/LogManager.abi.json (in target 'LogManager' from project 'LogManager')
cd /Users/admin/builder/spi-builder-workspace/.dependencies/checkouts/LogManager
builtin-copy -exclude .DS_Store -exclude CVS -exclude .svn -exclude .git -exclude .hg -resolve-src-symlinks -rename /Users/admin/builder/spi-builder-workspace/.derivedData/Build/Intermediates.noindex/LogManager.build/Debug-xros/LogManager-t.build/Objects-normal/arm64/LogManager.abi.json /Users/admin/builder/spi-builder-workspace/.derivedData/Build/Products/Debug-xros/LogManager.swiftmodule/arm64-apple-xros.abi.json
Copy /Users/admin/builder/spi-builder-workspace/.derivedData/Build/Products/Debug-xros/LogManager.swiftmodule/Project/arm64-apple-xros.swiftsourceinfo /Users/admin/builder/spi-builder-workspace/.derivedData/Build/Intermediates.noindex/LogManager.build/Debug-xros/LogManager-t.build/Objects-normal/arm64/LogManager.swiftsourceinfo (in target 'LogManager' from project 'LogManager')
cd /Users/admin/builder/spi-builder-workspace/.dependencies/checkouts/LogManager
builtin-copy -exclude .DS_Store -exclude CVS -exclude .svn -exclude .git -exclude .hg -resolve-src-symlinks -rename /Users/admin/builder/spi-builder-workspace/.derivedData/Build/Intermediates.noindex/LogManager.build/Debug-xros/LogManager-t.build/Objects-normal/arm64/LogManager.swiftsourceinfo /Users/admin/builder/spi-builder-workspace/.derivedData/Build/Products/Debug-xros/LogManager.swiftmodule/Project/arm64-apple-xros.swiftsourceinfo
SwiftDriver SwiftletUtilities normal arm64 com.apple.xcode.tools.swift.compiler (in target 'SwiftletUtilities' from project 'SwiftletUtilities')
cd /Users/admin/builder/spi-builder-workspace/.swiftpm/xcode
builtin-SwiftDriver -- /Applications/Xcode-27.0.0-Release.Candidate.app/Contents/Developer/Toolchains/XcodeDefault.xctoolchain/usr/bin/swiftc -parse-as-library -module-name SwiftletUtilities -Onone @/Users/admin/builder/spi-builder-workspace/.derivedData/Build/Intermediates.noindex/SwiftletUtilities.build/Debug-xros/SwiftletUtilities-t.build/Objects-normal/arm64/SwiftletUtilities.SwiftFileList -DSWIFT_PACKAGE -DDEBUG -DSWIFT_MODULE_RESOURCE_BUNDLE_AVAILABLE -DXcode -plugin-path /Applications/Xcode-27.0.0-Release.Candidate.app/Contents/Developer/Toolchains/XcodeDefault.xctoolchain/usr/lib/swift/host/plugins/testing -enable-experimental-feature DebugDescriptionMacro -sdk /Applications/Xcode-27.0.0-Release.Candidate.app/Contents/Developer/Platforms/XROS.platform/Developer/SDKs/XROS27.0.sdk -target arm64-apple-xros26.0 -g -module-cache-path /Users/admin/builder/spi-builder-workspace/.derivedData/ModuleCache.noindex -Xfrontend -serialize-debugging-options -profile-coverage-mapping -profile-generate -enable-testing -suppress-warnings -index-store-path /Users/admin/builder/spi-builder-workspace/.derivedData/Index.noindex/DataStore -Xcc -D_LIBCPP_HARDENING_MODE\=_LIBCPP_HARDENING_MODE_DEBUG -swift-version 6 -I /Users/admin/builder/spi-builder-workspace/.derivedData/Build/Products/Debug-xros -Isystem /Applications/Xcode-27.0.0-Release.Candidate.app/Contents/Developer/Platforms/XROS.platform/Developer/usr/lib -F /Users/admin/builder/spi-builder-workspace/.derivedData/Build/Products/Debug-xros/PackageFrameworks -F /Users/admin/builder/spi-builder-workspace/.derivedData/Build/Products/Debug-xros -F /Applications/Xcode-27.0.0-Release.Candidate.app/Contents/Developer/Platforms/XROS.platform/Developer/Library/Frameworks -F /Applications/Xcode-27.0.0-Release.Candidate.app/Contents/Developer/Platforms/XROS.platform/Developer/SDKs/XROS27.0.sdk/Developer/Library/Frameworks -c -j10 -enable-batch-mode -incremental -Xcc -ivfsstatcache -Xcc /Users/admin/builder/spi-builder-workspace/.derivedData/SDKStatCaches.noindex/xros27.0-24M361-e829b21a6f8c9b70876ba0858053c044735bd543db762f57723cac368afd1ce4.sdkstatcache -output-file-map /Users/admin/builder/spi-builder-workspace/.derivedData/Build/Intermediates.noindex/SwiftletUtilities.build/Debug-xros/SwiftletUtilities-t.build/Objects-normal/arm64/SwiftletUtilities-OutputFileMap.json -save-temps -no-color-diagnostics -explicit-module-build -module-cache-path /Users/admin/builder/spi-builder-workspace/.derivedData/Build/Intermediates.noindex/SwiftExplicitPrecompiledModules -clang-scanner-module-cache-path /Users/admin/builder/spi-builder-workspace/.derivedData/ModuleCache.noindex -sdk-module-cache-path /Users/admin/builder/spi-builder-workspace/.derivedData/SDKExplicitPrecompiledModules -emit-dependencies -emit-module -emit-module-path /Users/admin/builder/spi-builder-workspace/.derivedData/Build/Intermediates.noindex/SwiftletUtilities.build/Debug-xros/SwiftletUtilities-t.build/Objects-normal/arm64/SwiftletUtilities.swiftmodule -serialize-diagnostics -dependency-scan-serialize-diagnostics-path /Users/admin/builder/spi-builder-workspace/.derivedData/Build/Intermediates.noindex/SwiftletUtilities.build/Debug-xros/SwiftletUtilities-t.build/Objects-normal/arm64/SwiftletUtilities-dependency-scan.dia -user-module-version 2.1.4 -validate-clang-modules-once -clang-build-session-file /Users/admin/builder/spi-builder-workspace/.derivedData/ModuleCache.noindex/Session.modulevalidation -Xcc -fmodules-prune-interval\=86400 -Xcc -fmodules-prune-after\=345600 -package-name swiftletutilities -emit-const-values -const-gather-protocols-list /Users/admin/builder/spi-builder-workspace/.derivedData/Build/Intermediates.noindex/SwiftletUtilities.build/Debug-xros/SwiftletUtilities-t.build/Objects-normal/arm64/SwiftletUtilities_const_extract_protocols.json -Xcc -I/Users/admin/builder/spi-builder-workspace/.derivedData/Build/Products/Debug-xros/include -Xcc -I/Users/admin/builder/spi-builder-workspace/.derivedData/Build/Intermediates.noindex/SwiftletUtilities.build/Debug-xros/SwiftletUtilities-t.build/DerivedSources-normal/arm64 -Xcc -I/Users/admin/builder/spi-builder-workspace/.derivedData/Build/Intermediates.noindex/SwiftletUtilities.build/Debug-xros/SwiftletUtilities-t.build/DerivedSources/arm64 -Xcc -I/Users/admin/builder/spi-builder-workspace/.derivedData/Build/Intermediates.noindex/SwiftletUtilities.build/Debug-xros/SwiftletUtilities-t.build/DerivedSources -Xcc -DSWIFT_PACKAGE -Xcc -DDEBUG\=1 -emit-objc-header -emit-objc-header-path /Users/admin/builder/spi-builder-workspace/.derivedData/Build/Intermediates.noindex/SwiftletUtilities.build/Debug-xros/SwiftletUtilities-t.build/Objects-normal/arm64/SwiftletUtilities-Swift.h -working-directory /Users/admin/builder/spi-builder-workspace/.swiftpm/xcode -experimental-emit-module-separately -disable-cmo
/Users/admin/builder/spi-builder-workspace/.dependencies/checkouts/SwiftletUtilities/Sources/SwiftletUtilities/SharedCode/Extensions/ViewExtensions.swift:39:12: error: Unsupported platform (in target 'SwiftletUtilities' from project 'SwiftletUtilities')
PruneExplicitPrecompiledModules /Users/admin/builder/spi-builder-workspace/.derivedData/Build/Intermediates.noindex/ExplicitPrecompiledModules
PruneExplicitPrecompiledModules /Users/admin/builder/spi-builder-workspace/.derivedData/Build/Intermediates.noindex/SwiftExplicitPrecompiledModules
PruneExplicitPrecompiledModules /Users/admin/builder/spi-builder-workspace/.derivedData/SDKExplicitPrecompiledModules
2026-09-27 13:38:03.175 xcodebuild[699:4198] [MT] IDERunDestination: Supported platforms for the buildables in the current scheme is empty.
** BUILD FAILED **
The following build commands failed:
SwiftDriver SwiftletUtilities normal arm64 com.apple.xcode.tools.swift.compiler (in target 'SwiftletUtilities' from project 'SwiftletUtilities')
Building workspace SwiftletData with scheme SwiftletData
(2 failures)
Command line invocation:
/Applications/Xcode-27.0.0-Release.Candidate.app/Contents/Developer/usr/bin/xcodebuild -IDEClonedSourcePackagesDirPathOverride=/Users/admin/builder/spi-builder-workspace/.dependencies -resolvePackageDependencies
Resolve Package Graph
Resolved source packages:
SwiftletData: /Users/admin/builder/spi-builder-workspace
SwiftletUtilities: https://github.com/Appracatappra/SwiftletUtilities.git @ 2.1.4
LogManager: https://github.com/Appracatappra/LogManager @ 2.1.0
resolved source packages: SwiftletData, SwiftletUtilities, LogManager
2026-09-27 13:38:08.797 xcodebuild[789:4811] [MT] IDERunDestination: Supported platforms for the buildables in the current scheme is empty.
{
"dependencies" : [
{
"identity" : "swiftletutilities",
"requirement" : {
"range" : [
{
"lower_bound" : "2.0.0",
"upper_bound" : "3.0.0"
}
]
},
"type" : "sourceControl",
"url" : "https://github.com/Appracatappra/SwiftletUtilities.git"
},
{
"identity" : "logmanager",
"requirement" : {
"range" : [
{
"lower_bound" : "2.0.0",
"upper_bound" : "3.0.0"
}
]
},
"type" : "sourceControl",
"url" : "https://github.com/Appracatappra/LogManager"
}
],
"manifest_display_name" : "SwiftletData",
"name" : "SwiftletData",
"path" : "/Users/admin/builder/spi-builder-workspace",
"platforms" : [
{
"name" : "ios",
"version" : "26.0"
},
{
"name" : "macos",
"version" : "26.0"
},
{
"name" : "tvos",
"version" : "26.0"
},
{
"name" : "watchos",
"version" : "26.0"
}
],
"products" : [
{
"name" : "SwiftletData",
"targets" : [
"SwiftletData"
],
"type" : {
"library" : [
"automatic"
]
}
}
],
"targets" : [
{
"c99name" : "SwiftletDataTests",
"module_type" : "SwiftTarget",
"name" : "SwiftletDataTests",
"path" : "Tests/SwiftletDataTests",
"sources" : [
"SwiftletDataTests.swift"
],
"target_dependencies" : [
"SwiftletData"
],
"type" : "test"
},
{
"c99name" : "SwiftletData",
"module_type" : "SwiftTarget",
"name" : "SwiftletData",
"path" : "Sources/SwiftletData",
"product_dependencies" : [
"SwiftletUtilities",
"LogManager"
],
"product_memberships" : [
"SwiftletData"
],
"resources" : [
{
"path" : "/Users/admin/builder/spi-builder-workspace/Sources/SwiftletData/Resources/PrivacyInfo.xcprivacy",
"rule" : {
"process" : {
}
}
}
],
"sources" : [
"SharedCode/ActionCodable/SPON/Decodable/ADSPONDecoder.swift",
"SharedCode/ActionCodable/SPON/Decodable/ADSPONKeyedDecodingContainer.swift",
"SharedCode/ActionCodable/SPON/Decodable/ADSPONSingleValueDecodingContainer.swift",
"SharedCode/ActionCodable/SPON/Decodable/ADSPONUnkeyedDecodingContainer.swift",
"SharedCode/ActionCodable/SPON/Encodable/ADSPONEncoder.swift",
"SharedCode/ActionCodable/SPON/Encodable/ADSPONKeyedEncodingContainer.swift",
"SharedCode/ActionCodable/SPON/Encodable/ADSPONReferencingEncoder.swift",
"SharedCode/ActionCodable/SPON/Encodable/ADSPONSingleValueEncodingContainer.swift",
"SharedCode/ActionCodable/SPON/Encodable/ADSPONUnkeyedEncodingContainer.swift",
"SharedCode/ActionCodable/SQLite/Decodable/ADSQLDecoder.swift",
"SharedCode/ActionCodable/SQLite/Decodable/ADSQLKeyedDecodingContainer.swift",
"SharedCode/ActionCodable/SQLite/Decodable/ADSQLSingleValueDecodingContainer.swift",
"SharedCode/ActionCodable/SQLite/Decodable/ADSQLUnkeyedDecodingContainer.swift",
"SharedCode/ActionCodable/SQLite/Encodable/ADSQLEncoder.swift",
"SharedCode/ActionCodable/SQLite/Encodable/ADSQLKeyedEncodingContainer.swift",
"SharedCode/ActionCodable/SQLite/Encodable/ADSQLReferencingEncoder.swift",
"SharedCode/ActionCodable/SQLite/Encodable/ADSQLSingleValueEncodingContainer.swift",
"SharedCode/ActionCodable/SQLite/Encodable/ADSQLUnkeyedEncodingContainer.swift",
"SharedCode/ActionCodable/SharedElements/ADDecodingStorage.swift",
"SharedCode/ActionCodable/SharedElements/ADEncodingStorage.swift",
"SharedCode/ActionCodable/SharedElements/ADInstanceArray.swift",
"SharedCode/ActionCodable/SharedElements/ADInstanceDictionary.swift",
"SharedCode/ActionCodable/SharedElements/ADKey.swift",
"SharedCode/ActionCodable/SharedElements/ADRecord.swift",
"SharedCode/ActionDataProviders/ADSPONProvider.swift",
"SharedCode/ActionDataProviders/ADSQLiteProvider.swift",
"SharedCode/ActionDataProviders/ADiCloudProvider.swift",
"SharedCode/ActionDataProviders/Enumerations/ADDataProviderError.swift",
"SharedCode/ActionDataProviders/Enumerations/ADDataTableKeyType.swift",
"SharedCode/ActionDataProviders/Enumerations/ADSQLExecutionError.swift",
"SharedCode/ActionDataProviders/Enumerations/ADiCloudDatabaseType.swift",
"SharedCode/ActionDataProviders/Protocols/ADDataCrossReference.swift",
"SharedCode/ActionDataProviders/Protocols/ADDataProvider.swift",
"SharedCode/ActionDataProviders/Protocols/ADDataTable.swift",
"SharedCode/ActionDataProviders/SharedElements/ADColumnSchema.swift",
"SharedCode/ActionDataProviders/SharedElements/ADCrossReference.swift",
"SharedCode/ActionDataProviders/SharedElements/ADDataStore.swift",
"SharedCode/ActionDataProviders/SharedElements/ADTableSchema.swift",
"SharedCode/ActionDataProviders/SharedElements/ADTableStore.swift",
"SharedCode/ActionDataProviders/SharedElements/ADUtilities.swift",
"SharedCode/ActionSQLParser/ADSQLParser.swift",
"SharedCode/ActionSQLParser/Enumerations/ADSQLColumnType.swift",
"SharedCode/ActionSQLParser/Enumerations/ADSQLConflictHandling.swift",
"SharedCode/ActionSQLParser/Enumerations/ADSQLFunction.swift",
"SharedCode/ActionSQLParser/Enumerations/ADSQLKeyword.swift",
"SharedCode/ActionSQLParser/Enumerations/ADSQLParseError.swift",
"SharedCode/ActionSQLParser/Expressions/ADSQLBetweenExpression.swift",
"SharedCode/ActionSQLParser/Expressions/ADSQLBinaryExpression.swift",
"SharedCode/ActionSQLParser/Expressions/ADSQLCaseExpression.swift",
"SharedCode/ActionSQLParser/Expressions/ADSQLExpressionBuilder.swift",
"SharedCode/ActionSQLParser/Expressions/ADSQLForeignKeyExpression.swift",
"SharedCode/ActionSQLParser/Expressions/ADSQLFunctionExpression.swift",
"SharedCode/ActionSQLParser/Expressions/ADSQLInExpression.swift",
"SharedCode/ActionSQLParser/Expressions/ADSQLLiteralExpression.swift",
"SharedCode/ActionSQLParser/Expressions/ADSQLUnaryExpression.swift",
"SharedCode/ActionSQLParser/Expressions/ADSQLWhenExpression.swift",
"SharedCode/ActionSQLParser/Instructions/ADSQLAlterTableInstruction.swift",
"SharedCode/ActionSQLParser/Instructions/ADSQLCreateIndexInstruction.swift",
"SharedCode/ActionSQLParser/Instructions/ADSQLCreateTableInstruction.swift",
"SharedCode/ActionSQLParser/Instructions/ADSQLCreateTriggerInstruction.swift",
"SharedCode/ActionSQLParser/Instructions/ADSQLCreateViewInstruction.swift",
"SharedCode/ActionSQLParser/Instructions/ADSQLDeleteInstruction.swift",
"SharedCode/ActionSQLParser/Instructions/ADSQLDropInstruction.swift",
"SharedCode/ActionSQLParser/Instructions/ADSQLInsertInstruction.swift",
"SharedCode/ActionSQLParser/Instructions/ADSQLSelectInstruction.swift",
"SharedCode/ActionSQLParser/Instructions/ADSQLTransaction.swift",
"SharedCode/ActionSQLParser/Instructions/ADSQLUpdateInstruction.swift",
"SharedCode/ActionSQLParser/Protocols/ADSQLExpression.swift",
"SharedCode/ActionSQLParser/Protocols/ADSQLInstruction.swift",
"SharedCode/ActionSQLParser/SharedElements/ADSQLColumnConstraint.swift",
"SharedCode/ActionSQLParser/SharedElements/ADSQLColumnDefinition.swift",
"SharedCode/ActionSQLParser/SharedElements/ADSQLJoinClause.swift",
"SharedCode/ActionSQLParser/SharedElements/ADSQLOrderByClause.swift",
"SharedCode/ActionSQLParser/SharedElements/ADSQLParseQueue.swift",
"SharedCode/ActionSQLParser/SharedElements/ADSQLResultColumn.swift",
"SharedCode/ActionSQLParser/SharedElements/ADSQLSetClause.swift",
"SharedCode/ActionSQLParser/SharedElements/ADSQLTableConstraint.swift"
],
"type" : "library"
}
],
"tools_version" : "6.4"
}
{
"workspace" : {
"name" : "SwiftletData",
"schemes" : [
"SwiftletData",
"SwiftletUtilities"
]
}
}
2026-09-27 13:38:10.138 xcodebuild[797:4878] [MT] IDERunDestination: Supported platforms for the buildables in the current scheme is empty.
{
"workspace" : {
"name" : "SwiftletData",
"schemes" : [
"SwiftletData",
"SwiftletUtilities"
]
}
}
2026-09-27 13:38:11.149 xcodebuild[799:4913] [MT] IDERunDestination: Supported platforms for the buildables in the current scheme is empty.
Running build ...
env DEVELOPER_DIR=/Applications/Xcode-27.0.0-Release.Candidate.app xcrun xcodebuild -IDEClonedSourcePackagesDirPathOverride=$PWD/.dependencies -skipMacroValidation -skipPackagePluginValidation -derivedDataPath $PWD/.derivedData build -scheme SwiftletData -destination generic/platform=xrOS
Command line invocation:
/Applications/Xcode-27.0.0-Release.Candidate.app/Contents/Developer/usr/bin/xcodebuild -IDEClonedSourcePackagesDirPathOverride=/Users/admin/builder/spi-builder-workspace/.dependencies -skipMacroValidation -skipPackagePluginValidation -derivedDataPath /Users/admin/builder/spi-builder-workspace/.derivedData build -scheme SwiftletData -destination generic/platform=xrOS
Resolve Package Graph
Resolved source packages:
SwiftletUtilities: https://github.com/Appracatappra/SwiftletUtilities.git @ 2.1.4
SwiftletData: /Users/admin/builder/spi-builder-workspace
LogManager: https://github.com/Appracatappra/LogManager @ 2.1.0
ComputePackagePrebuildTargetDependencyGraph
Prepare packages
CreateBuildRequest
SendProjectDescription
CreateBuildOperation
ComputeTargetDependencyGraph
note: Building targets in dependency order
note: Target dependency graph (9 targets)
Target 'SwiftletData-product' in project 'SwiftletData'
➜ Explicit dependency on target 'SwiftletData' in project 'SwiftletData'
➜ Explicit dependency on target 'SwiftletData_SwiftletData' in project 'SwiftletData'
➜ Explicit dependency on target 'SwiftletUtilities-product' in project 'SwiftletUtilities'
➜ Explicit dependency on target 'LogManager-product' in project 'LogManager'
Target 'SwiftletData' in project 'SwiftletData'
➜ Explicit dependency on target 'SwiftletData_SwiftletData' in project 'SwiftletData'
➜ Explicit dependency on target 'SwiftletUtilities-product' in project 'SwiftletUtilities'
➜ Explicit dependency on target 'LogManager-product' in project 'LogManager'
Target 'SwiftletUtilities-product' in project 'SwiftletUtilities'
➜ Explicit dependency on target 'SwiftletUtilities' in project 'SwiftletUtilities'
➜ Explicit dependency on target 'SwiftletUtilities_SwiftletUtilities' in project 'SwiftletUtilities'
➜ Explicit dependency on target 'LogManager-product' in project 'LogManager'
Target 'SwiftletUtilities' in project 'SwiftletUtilities'
➜ Explicit dependency on target 'SwiftletUtilities_SwiftletUtilities' in project 'SwiftletUtilities'
➜ Explicit dependency on target 'LogManager-product' in project 'LogManager'
Target 'LogManager-product' in project 'LogManager'
➜ Explicit dependency on target 'LogManager' in project 'LogManager'
➜ Explicit dependency on target 'LogManager_LogManager' in project 'LogManager'
Target 'LogManager' in project 'LogManager'
➜ Explicit dependency on target 'LogManager_LogManager' in project 'LogManager'
Target 'LogManager_LogManager' in project 'LogManager' (no dependencies)
Target 'SwiftletUtilities_SwiftletUtilities' in project 'SwiftletUtilities' (no dependencies)
Target 'SwiftletData_SwiftletData' in project 'SwiftletData' (no dependencies)
GatherProvisioningInputs
CreateBuildDescription
ClangStatCache /Applications/Xcode-27.0.0-Release.Candidate.app/Contents/Developer/Toolchains/XcodeDefault.xctoolchain/usr/bin/clang-stat-cache /Applications/Xcode-27.0.0-Release.Candidate.app/Contents/Developer/Platforms/XROS.platform/Developer/SDKs/XROS27.0.sdk /Users/admin/builder/spi-builder-workspace/.derivedData/SDKStatCaches.noindex/xros27.0-24M361-e829b21a6f8c9b70876ba0858053c044735bd543db762f57723cac368afd1ce4.sdkstatcache
cd /Users/admin/builder/spi-builder-workspace/.swiftpm/xcode
/Applications/Xcode-27.0.0-Release.Candidate.app/Contents/Developer/Toolchains/XcodeDefault.xctoolchain/usr/bin/clang-stat-cache /Applications/Xcode-27.0.0-Release.Candidate.app/Contents/Developer/Platforms/XROS.platform/Developer/SDKs/XROS27.0.sdk -o /Users/admin/builder/spi-builder-workspace/.derivedData/SDKStatCaches.noindex/xros27.0-24M361-e829b21a6f8c9b70876ba0858053c044735bd543db762f57723cac368afd1ce4.sdkstatcache
SwiftDriver SwiftletUtilities normal arm64 com.apple.xcode.tools.swift.compiler (in target 'SwiftletUtilities' from project 'SwiftletUtilities')
cd /Users/admin/builder/spi-builder-workspace/.swiftpm/xcode
builtin-SwiftDriver -- /Applications/Xcode-27.0.0-Release.Candidate.app/Contents/Developer/Toolchains/XcodeDefault.xctoolchain/usr/bin/swiftc -parse-as-library -module-name SwiftletUtilities -Onone @/Users/admin/builder/spi-builder-workspace/.derivedData/Build/Intermediates.noindex/SwiftletUtilities.build/Debug-xros/SwiftletUtilities-t.build/Objects-normal/arm64/SwiftletUtilities.SwiftFileList -DSWIFT_PACKAGE -DDEBUG -DSWIFT_MODULE_RESOURCE_BUNDLE_AVAILABLE -DXcode -plugin-path /Applications/Xcode-27.0.0-Release.Candidate.app/Contents/Developer/Toolchains/XcodeDefault.xctoolchain/usr/lib/swift/host/plugins/testing -enable-experimental-feature DebugDescriptionMacro -sdk /Applications/Xcode-27.0.0-Release.Candidate.app/Contents/Developer/Platforms/XROS.platform/Developer/SDKs/XROS27.0.sdk -target arm64-apple-xros26.0 -g -module-cache-path /Users/admin/builder/spi-builder-workspace/.derivedData/ModuleCache.noindex -Xfrontend -serialize-debugging-options -profile-coverage-mapping -profile-generate -enable-testing -suppress-warnings -index-store-path /Users/admin/builder/spi-builder-workspace/.derivedData/Index.noindex/DataStore -Xcc -D_LIBCPP_HARDENING_MODE\=_LIBCPP_HARDENING_MODE_DEBUG -swift-version 6 -I /Users/admin/builder/spi-builder-workspace/.derivedData/Build/Products/Debug-xros -Isystem /Applications/Xcode-27.0.0-Release.Candidate.app/Contents/Developer/Platforms/XROS.platform/Developer/usr/lib -F /Users/admin/builder/spi-builder-workspace/.derivedData/Build/Products/Debug-xros/PackageFrameworks -F /Users/admin/builder/spi-builder-workspace/.derivedData/Build/Products/Debug-xros -F /Applications/Xcode-27.0.0-Release.Candidate.app/Contents/Developer/Platforms/XROS.platform/Developer/Library/Frameworks -F /Applications/Xcode-27.0.0-Release.Candidate.app/Contents/Developer/Platforms/XROS.platform/Developer/SDKs/XROS27.0.sdk/Developer/Library/Frameworks -c -j10 -enable-batch-mode -incremental -Xcc -ivfsstatcache -Xcc /Users/admin/builder/spi-builder-workspace/.derivedData/SDKStatCaches.noindex/xros27.0-24M361-e829b21a6f8c9b70876ba0858053c044735bd543db762f57723cac368afd1ce4.sdkstatcache -output-file-map /Users/admin/builder/spi-builder-workspace/.derivedData/Build/Intermediates.noindex/SwiftletUtilities.build/Debug-xros/SwiftletUtilities-t.build/Objects-normal/arm64/SwiftletUtilities-OutputFileMap.json -save-temps -no-color-diagnostics -explicit-module-build -module-cache-path /Users/admin/builder/spi-builder-workspace/.derivedData/Build/Intermediates.noindex/SwiftExplicitPrecompiledModules -clang-scanner-module-cache-path /Users/admin/builder/spi-builder-workspace/.derivedData/ModuleCache.noindex -sdk-module-cache-path /Users/admin/builder/spi-builder-workspace/.derivedData/SDKExplicitPrecompiledModules -emit-dependencies -emit-module -emit-module-path /Users/admin/builder/spi-builder-workspace/.derivedData/Build/Intermediates.noindex/SwiftletUtilities.build/Debug-xros/SwiftletUtilities-t.build/Objects-normal/arm64/SwiftletUtilities.swiftmodule -serialize-diagnostics -dependency-scan-serialize-diagnostics-path /Users/admin/builder/spi-builder-workspace/.derivedData/Build/Intermediates.noindex/SwiftletUtilities.build/Debug-xros/SwiftletUtilities-t.build/Objects-normal/arm64/SwiftletUtilities-dependency-scan.dia -user-module-version 2.1.4 -validate-clang-modules-once -clang-build-session-file /Users/admin/builder/spi-builder-workspace/.derivedData/ModuleCache.noindex/Session.modulevalidation -Xcc -fmodules-prune-interval\=86400 -Xcc -fmodules-prune-after\=345600 -package-name swiftletutilities -emit-const-values -const-gather-protocols-list /Users/admin/builder/spi-builder-workspace/.derivedData/Build/Intermediates.noindex/SwiftletUtilities.build/Debug-xros/SwiftletUtilities-t.build/Objects-normal/arm64/SwiftletUtilities_const_extract_protocols.json -Xcc -I/Users/admin/builder/spi-builder-workspace/.derivedData/Build/Products/Debug-xros/include -Xcc -I/Users/admin/builder/spi-builder-workspace/.derivedData/Build/Intermediates.noindex/SwiftletUtilities.build/Debug-xros/SwiftletUtilities-t.build/DerivedSources-normal/arm64 -Xcc -I/Users/admin/builder/spi-builder-workspace/.derivedData/Build/Intermediates.noindex/SwiftletUtilities.build/Debug-xros/SwiftletUtilities-t.build/DerivedSources/arm64 -Xcc -I/Users/admin/builder/spi-builder-workspace/.derivedData/Build/Intermediates.noindex/SwiftletUtilities.build/Debug-xros/SwiftletUtilities-t.build/DerivedSources -Xcc -DSWIFT_PACKAGE -Xcc -DDEBUG\=1 -emit-objc-header -emit-objc-header-path /Users/admin/builder/spi-builder-workspace/.derivedData/Build/Intermediates.noindex/SwiftletUtilities.build/Debug-xros/SwiftletUtilities-t.build/Objects-normal/arm64/SwiftletUtilities-Swift.h -working-directory /Users/admin/builder/spi-builder-workspace/.swiftpm/xcode -experimental-emit-module-separately -disable-cmo
/Users/admin/builder/spi-builder-workspace/.dependencies/checkouts/SwiftletUtilities/Sources/SwiftletUtilities/SharedCode/Extensions/ViewExtensions.swift:39:12: error: Unsupported platform (in target 'SwiftletUtilities' from project 'SwiftletUtilities')
SwiftDriver LogManager normal arm64 com.apple.xcode.tools.swift.compiler (in target 'LogManager' from project 'LogManager')
cd /Users/admin/builder/spi-builder-workspace/.swiftpm/xcode
builtin-SwiftDriver -- /Applications/Xcode-27.0.0-Release.Candidate.app/Contents/Developer/Toolchains/XcodeDefault.xctoolchain/usr/bin/swiftc -parse-as-library -module-name LogManager -Onone @/Users/admin/builder/spi-builder-workspace/.derivedData/Build/Intermediates.noindex/LogManager.build/Debug-xros/LogManager-t.build/Objects-normal/arm64/LogManager.SwiftFileList -DSWIFT_PACKAGE -DDEBUG -DSWIFT_MODULE_RESOURCE_BUNDLE_AVAILABLE -DXcode -plugin-path /Applications/Xcode-27.0.0-Release.Candidate.app/Contents/Developer/Toolchains/XcodeDefault.xctoolchain/usr/lib/swift/host/plugins/testing -enable-experimental-feature DebugDescriptionMacro -sdk /Applications/Xcode-27.0.0-Release.Candidate.app/Contents/Developer/Platforms/XROS.platform/Developer/SDKs/XROS27.0.sdk -target arm64-apple-xros26.0 -g -module-cache-path /Users/admin/builder/spi-builder-workspace/.derivedData/ModuleCache.noindex -Xfrontend -serialize-debugging-options -profile-coverage-mapping -profile-generate -enable-testing -suppress-warnings -index-store-path /Users/admin/builder/spi-builder-workspace/.derivedData/Index.noindex/DataStore -Xcc -D_LIBCPP_HARDENING_MODE\=_LIBCPP_HARDENING_MODE_DEBUG -swift-version 6 -I /Users/admin/builder/spi-builder-workspace/.derivedData/Build/Products/Debug-xros -Isystem /Applications/Xcode-27.0.0-Release.Candidate.app/Contents/Developer/Platforms/XROS.platform/Developer/usr/lib -F /Users/admin/builder/spi-builder-workspace/.derivedData/Build/Products/Debug-xros -F /Applications/Xcode-27.0.0-Release.Candidate.app/Contents/Developer/Platforms/XROS.platform/Developer/Library/Frameworks -F /Applications/Xcode-27.0.0-Release.Candidate.app/Contents/Developer/Platforms/XROS.platform/Developer/SDKs/XROS27.0.sdk/Developer/Library/Frameworks -c -j10 -enable-batch-mode -incremental -Xcc -ivfsstatcache -Xcc /Users/admin/builder/spi-builder-workspace/.derivedData/SDKStatCaches.noindex/xros27.0-24M361-e829b21a6f8c9b70876ba0858053c044735bd543db762f57723cac368afd1ce4.sdkstatcache -output-file-map /Users/admin/builder/spi-builder-workspace/.derivedData/Build/Intermediates.noindex/LogManager.build/Debug-xros/LogManager-t.build/Objects-normal/arm64/LogManager-OutputFileMap.json -save-temps -no-color-diagnostics -explicit-module-build -module-cache-path /Users/admin/builder/spi-builder-workspace/.derivedData/Build/Intermediates.noindex/SwiftExplicitPrecompiledModules -clang-scanner-module-cache-path /Users/admin/builder/spi-builder-workspace/.derivedData/ModuleCache.noindex -sdk-module-cache-path /Users/admin/builder/spi-builder-workspace/.derivedData/SDKExplicitPrecompiledModules -emit-dependencies -emit-module -emit-module-path /Users/admin/builder/spi-builder-workspace/.derivedData/Build/Intermediates.noindex/LogManager.build/Debug-xros/LogManager-t.build/Objects-normal/arm64/LogManager.swiftmodule -serialize-diagnostics -dependency-scan-serialize-diagnostics-path /Users/admin/builder/spi-builder-workspace/.derivedData/Build/Intermediates.noindex/LogManager.build/Debug-xros/LogManager-t.build/Objects-normal/arm64/LogManager-dependency-scan.dia -user-module-version 2.1.0 -validate-clang-modules-once -clang-build-session-file /Users/admin/builder/spi-builder-workspace/.derivedData/ModuleCache.noindex/Session.modulevalidation -Xcc -fmodules-prune-interval\=86400 -Xcc -fmodules-prune-after\=345600 -package-name logmanager -emit-const-values -const-gather-protocols-list /Users/admin/builder/spi-builder-workspace/.derivedData/Build/Intermediates.noindex/LogManager.build/Debug-xros/LogManager-t.build/Objects-normal/arm64/LogManager_const_extract_protocols.json -Xcc -I/Users/admin/builder/spi-builder-workspace/.derivedData/Build/Products/Debug-xros/include -Xcc -I/Users/admin/builder/spi-builder-workspace/.derivedData/Build/Intermediates.noindex/LogManager.build/Debug-xros/LogManager-t.build/DerivedSources-normal/arm64 -Xcc -I/Users/admin/builder/spi-builder-workspace/.derivedData/Build/Intermediates.noindex/LogManager.build/Debug-xros/LogManager-t.build/DerivedSources/arm64 -Xcc -I/Users/admin/builder/spi-builder-workspace/.derivedData/Build/Intermediates.noindex/LogManager.build/Debug-xros/LogManager-t.build/DerivedSources -Xcc -DSWIFT_PACKAGE -Xcc -DDEBUG\=1 -emit-objc-header -emit-objc-header-path /Users/admin/builder/spi-builder-workspace/.derivedData/Build/Intermediates.noindex/LogManager.build/Debug-xros/LogManager-t.build/Objects-normal/arm64/LogManager-Swift.h -working-directory /Users/admin/builder/spi-builder-workspace/.swiftpm/xcode -experimental-emit-module-separately -disable-cmo
SwiftCompile normal arm64 Compiling\ DebugLogger.swift /Users/admin/builder/spi-builder-workspace/.dependencies/checkouts/LogManager/Sources/LogManager/DebugLogger.swift (in target 'LogManager' from project 'LogManager')
SwiftCompile normal arm64 /Users/admin/builder/spi-builder-workspace/.dependencies/checkouts/LogManager/Sources/LogManager/DebugLogger.swift (in target 'LogManager' from project 'LogManager')
cd /Users/admin/builder/spi-builder-workspace/.swiftpm/xcode
builtin-SwiftPerFileCompile DebugLogger.swift
SwiftEmitModule normal arm64 Emitting\ module\ for\ LogManager (in target 'LogManager' from project 'LogManager')
SwiftCompile normal arm64 (in target 'LogManager' from project 'LogManager')
cd /Users/admin/builder/spi-builder-workspace/.swiftpm/xcode
SwiftCompile normal arm64 Compiling\ resource_bundle_accessor.swift /Users/admin/builder/spi-builder-workspace/.derivedData/Build/Intermediates.noindex/LogManager.build/Debug-xros/LogManager-t.build/DerivedSources/resource_bundle_accessor.swift (in target 'LogManager' from project 'LogManager')
SwiftCompile normal arm64 /Users/admin/builder/spi-builder-workspace/.derivedData/Build/Intermediates.noindex/LogManager.build/Debug-xros/LogManager-t.build/DerivedSources/resource_bundle_accessor.swift (in target 'LogManager' from project 'LogManager')
cd /Users/admin/builder/spi-builder-workspace/.swiftpm/xcode
builtin-SwiftPerFileCompile resource_bundle_accessor.swift
SwiftCompile normal arm64 Compiling\ ReleaseLogger.swift /Users/admin/builder/spi-builder-workspace/.dependencies/checkouts/LogManager/Sources/LogManager/ReleaseLogger.swift (in target 'LogManager' from project 'LogManager')
SwiftCompile normal arm64 /Users/admin/builder/spi-builder-workspace/.dependencies/checkouts/LogManager/Sources/LogManager/ReleaseLogger.swift (in target 'LogManager' from project 'LogManager')
cd /Users/admin/builder/spi-builder-workspace/.swiftpm/xcode
builtin-SwiftPerFileCompile ReleaseLogger.swift
PruneExplicitPrecompiledModules /Users/admin/builder/spi-builder-workspace/.derivedData/Build/Intermediates.noindex/ExplicitPrecompiledModules
PruneExplicitPrecompiledModules /Users/admin/builder/spi-builder-workspace/.derivedData/Build/Intermediates.noindex/SwiftExplicitPrecompiledModules
PruneExplicitPrecompiledModules /Users/admin/builder/spi-builder-workspace/.derivedData/SDKExplicitPrecompiledModules
2026-09-27 13:38:12.132 xcodebuild[800:4946] [MT] IDERunDestination: Supported platforms for the buildables in the current scheme is empty.
** BUILD FAILED **
The following build commands failed:
SwiftDriver SwiftletUtilities normal arm64 com.apple.xcode.tools.swift.compiler (in target 'SwiftletUtilities' from project 'SwiftletUtilities')
Building workspace SwiftletData with scheme SwiftletData
(2 failures)
BUILD FAILURE 6.4 visionOS